INSERT INTO `p_catatan` (`catatan_id`, `proyek_id`, `siswa_id`, `catatan_detail`) VALUES
(661, 29, 2055638000456, 'Ananda MELVIN SABHIRA AZALIA menunjukkan pribadi yang Sangat Berkembang dalam Berkeadaban (Ta’addub), Berkembang Sesuai Harapan dalam Keteladanan (Qudwah), Berkembang Sesuai Harapan Musyawarah (Syūra), Berkembang Sesuai Harapan Dinamis dan inovatif (Tathawwur wa Ibtikâr) , Keteladanan (Qudwah), dengan perwujudan sebagai seorang yang memiliki sikap Shaleh Sosial , Integritas, Tanggung Jawab, Kolaboratif, Percayadiri, Disiplin, Berjiwa kompetitif, Berkembang Sesuai Harapan Mandiri, Berkembang Sesuai Harapan Bernalar kritis serta Sangat Berkembang kreatifitas yang senantiasa perlu dibimbing dan dikembangkan untuk kesuksesannya di masa depan'),
(662, 29, 2055638000458, 'Ananda MUHAMMAD DANI PAMUNGKAS menunjukkan pribadi yang Sangat Berkembang dalam Berkeadaban (Ta’addub), Berkembang Sesuai Harapan dalam Keteladanan (Qudwah), Berkembang Sesuai Harapan Musyawarah (Syūra), Berkembang Sesuai Harapan Dinamis dan inovatif (Tathawwur wa Ibtikâr) , Keteladanan (Qudwah), dengan perwujudan sebagai seorang yang memiliki sikap Shaleh Sosial , Integritas, Tanggung Jawab, Kolaboratif, Percayadiri, Disiplin, Berjiwa kompetitif, Berkembang Sesuai Harapan Mandiri, Sedang Berkembang Bernalar kritis serta Sedang Berkembang kreatifitas yang senantiasa perlu dibimbing dan dikembangkan untuk kesuksesannya di masa depan'),
(663, 29, 2055638000729, 'Ananda NAAILAH PUTRI LESTARI menunjukkan pribadi yang Sangat Berkembang dalam Berkeadaban (Ta’addub), Berkembang Sesuai Harapan dalam Keteladanan (Qudwah), Berkembang Sesuai Harapan Musyawarah (Syūra), Berkembang Sesuai Harapan Dinamis dan inovatif (Tathawwur wa Ibtikâr) , Keteladanan (Qudwah), dengan perwujudan sebagai seorang yang memiliki sikap Shaleh Sosial , Integritas, Tanggung Jawab, Kolaboratif, Percayadiri, Disiplin, Berjiwa kompetitif, Berkembang Sesuai Harapan Mandiri, Berkembang Sesuai Harapan Bernalar kritis serta Berkembang Sesuai Harapan kreatifitas yang senantiasa perlu dibimbing dan dikembangkan untuk kesuksesannya di masa depan'),
(664, 29, 2055638000480, 'Ananda NABIHAN NIZAM FAUZAN menunjukkan pribadi yang Sangat Berkembang dalam Berkeadaban (Ta’addub), Berkembang Sesuai Harapan dalam Keteladanan (Qudwah), Berkembang Sesuai Harapan Musyawarah (Syūra), Berkembang Sesuai Harapan Dinamis dan inovatif (Tathawwur wa Ibtikâr) , Keteladanan (Qudwah), dengan perwujudan sebagai seorang yang memiliki sikap Shaleh Sosial , Integritas, Tanggung Jawab, Kolaboratif, Percayadiri, Disiplin, Berjiwa kompetitif, Berkembang Sesuai Harapan Mandiri, Berkembang Sesuai Harapan Bernalar kritis serta Berkembang Sesuai Harapan kreatifitas yang senantiasa perlu dibimbing dan dikembangkan untuk kesuksesannya di masa depan'),
(665, 29, 2055638000493, 'Ananda NAJWA MUTIARA MISYA menunjukkan pribadi yang Sangat Berkembang dalam Berkeadaban (Ta’addub), Berkembang Sesuai Harapan dalam Keteladanan (Qudwah), Berkembang Sesuai Harapan Musyawarah (Syūra), Berkembang Sesuai Harapan Dinamis dan inovatif (Tathawwur wa Ibtikâr) , Keteladanan (Qudwah), dengan perwujudan sebagai seorang yang memiliki sikap Shaleh Sosial , Integritas, Tanggung Jawab, Kolaboratif, Percayadiri, Disiplin, Berjiwa kompetitif, Berkembang Sesuai Harapan Mandiri, Berkembang Sesuai Harapan Bernalar kritis serta Berkembang Sesuai Harapan kreatifitas yang senantiasa perlu dibimbing dan dikembangkan untuk kesuksesannya di masa depan'),
(666, 29, 2055638000495, 'Ananda NAYLA PUTRI AZZAHRA menunjukkan pribadi yang Sangat Berkembang dalam Berkeadaban (Ta’addub), Berkembang Sesuai Harapan dalam Keteladanan (Qudwah), Berkembang Sesuai Harapan Musyawarah (Syūra), Berkembang Sesuai Harapan Dinamis dan inovatif (Tathawwur wa Ibtikâr) , Keteladanan (Qudwah), dengan perwujudan sebagai seorang yang memiliki sikap Shaleh Sosial , Integritas, Tanggung Jawab, Kolaboratif, Percayadiri, Disiplin, Berjiwa kompetitif, Berkembang Sesuai Harapan Mandiri, Berkembang Sesuai Harapan Bernalar kritis serta Berkembang Sesuai Harapan kreatifitas yang senantiasa perlu dibimbing dan dikembangkan untuk kesuksesannya di masa depan'),
(667, 29, 2055638000462, 'Ananda PUTU KENJI NARARYA HILMAN RAMAZAN MOTEKAR menunjukkan pribadi yang Sangat Berkembang dalam Berkeadaban (Ta’addub), Berkembang Sesuai Harapan dalam Keteladanan (Qudwah), Berkembang Sesuai Harapan Musyawarah (Syūra), Berkembang Sesuai Harapan Dinamis dan inovatif (Tathawwur wa Ibtikâr) , Keteladanan (Qudwah), dengan perwujudan sebagai seorang yang memiliki sikap Shaleh Sosial , Integritas, Tanggung Jawab, Kolaboratif, Percayadiri, Disiplin, Berjiwa kompetitif, Berkembang Sesuai Harapan Mandiri, Berkembang Sesuai Harapan Bernalar kritis serta Berkembang Sesuai Harapan kreatifitas yang senantiasa perlu dibimbing dan dikembangkan untuk kesuksesannya di masa depan'),
(668, 29, 2055638000463, 'Ananda RAFA ZHIDAN ALMAJI menunjukkan pribadi yang Sangat Berkembang dalam Berkeadaban (Ta’addub), Berkembang Sesuai Harapan dalam Keteladanan (Qudwah), Berkembang Sesuai Harapan Musyawarah (Syūra), Berkembang Sesuai Harapan Dinamis dan inovatif (Tathawwur wa Ibtikâr) , Keteladanan (Qudwah), dengan perwujudan sebagai seorang yang memiliki sikap Shaleh Sosial , Integritas, Tanggung Jawab, Kolaboratif, Percayadiri, Disiplin, Berjiwa kompetitif, Berkembang Sesuai Harapan Mandiri, Berkembang Sesuai Harapan Bernalar kritis serta Berkembang Sesuai Harapan kreatifitas yang senantiasa perlu dibimbing dan dikembangkan untuk kesuksesannya di masa depan'),
(669, 29, 2055638000466, 'Ananda RIFKI AL PRANAJA menunjukkan pribadi yang Sangat Berkembang dalam Berkeadaban (Ta’addub), Berkembang Sesuai Harapan dalam Keteladanan (Qudwah), Berkembang Sesuai Harapan Musyawarah (Syūra), Berkembang Sesuai Harapan Dinamis dan inovatif (Tathawwur wa Ibtikâr) , Keteladanan (Qudwah), dengan perwujudan sebagai seorang yang memiliki sikap Shaleh Sosial , Integritas, Tanggung Jawab, Kolaboratif, Percayadiri, Disiplin, Berjiwa kompetitif, Berkembang Sesuai Harapan Mandiri, Berkembang Sesuai Harapan Bernalar kritis serta Berkembang Sesuai Harapan kreatifitas yang senantiasa perlu dibimbing dan dikembangkan untuk kesuksesannya di masa depan'),
(670, 29, 2055638000467, 'Ananda RIZKY ALFIANSYAH menunjukkan pribadi yang Sangat Berkembang dalam Berkeadaban (Ta’addub), Berkembang Sesuai Harapan dalam Keteladanan (Qudwah), Berkembang Sesuai Harapan Musyawarah (Syūra), Berkembang Sesuai Harapan Dinamis dan inovatif (Tathawwur wa Ibtikâr) , Keteladanan (Qudwah), dengan perwujudan sebagai seorang yang memiliki sikap Shaleh Sosial , Integritas, Tanggung Jawab, Kolaboratif, Percayadiri, Disiplin, Berjiwa kompetitif, Berkembang Sesuai Harapan Mandiri, Berkembang Sesuai Harapan Bernalar kritis serta Berkembang Sesuai Harapan kreatifitas yang senantiasa perlu dibimbing dan dikembangkan untuk kesuksesannya di masa depan'),
(671, 29, 2055638000469, 'Ananda YASMINE NAJMISSYIVA ALMUMTAZA menunjukkan pribadi yang Sangat Berkembang dalam Berkeadaban (Ta’addub), Berkembang Sesuai Harapan dalam Keteladanan (Qudwah), Berkembang Sesuai Harapan Musyawarah (Syūra), Berkembang Sesuai Harapan Dinamis dan inovatif (Tathawwur wa Ibtikâr) , Keteladanan (Qudwah), dengan perwujudan sebagai seorang yang memiliki sikap Shaleh Sosial , Integritas, Tanggung Jawab, Kolaboratif, Percayadiri, Disiplin, Berjiwa kompetitif, Berkembang Sesuai Harapan Mandiri, Sangat Berkembang Bernalar kritis serta Sangat Berkembang kreatifitas yang senantiasa perlu dibimbing dan dikembangkan untuk kesuksesannya di masa depan'),
(672, 29, 2055638000470, 'Ananda ZAHWA YASMINA KHOIRUNNISA menunjukkan pribadi yang Sangat Berkembang dalam Berkeadaban (Ta’addub), Berkembang Sesuai Harapan dalam Keteladanan (Qudwah), Berkembang Sesuai Harapan Musyawarah (Syūra), Berkembang Sesuai Harapan Dinamis dan inovatif (Tathawwur wa Ibtikâr) , Keteladanan (Qudwah), dengan perwujudan sebagai seorang yang memiliki sikap Shaleh Sosial , Integritas, Tanggung Jawab, Kolaboratif, Percayadiri, Disiplin, Berjiwa kompetitif, Berkembang Sesuai Harapan Mandiri, Berkembang Sesuai Harapan Bernalar kritis serta Berkembang Sesuai Harapan kreatifitas yang senantiasa perlu dibimbing dan dikembangkan untuk kesuksesannya di masa depan'),
(673, 26, 2055638000067, 'Ananda ABIDA JINAN NATHAUDARA  menunjukkan pribadi yang Berkembang Sesuai Harapan dalam Berkeadaban (Ta’addub), Berkembang Sesuai Harapan dalam Keteladanan (Qudwah), Berkembang sesuai harapan Musyawarah (Syūra), Berkembang Sesuai Harapan Dinamis dan inovatif (Tathawwur wa Ibtikâr) , Keteladanan (Qudwah), dengan perwujudan sebagai seorang yang memiliki sikap Shaleh Sosial , Integritas, Tanggung Jawab, Kolaboratif, Percaya diri, Disiplin, Berjiwa kompetitif, Berkembang Sesuai Harapan Mandiri, Sangat berkembang Bernalar kritis serta Sangat berkembang kreatifitas yang senantiasa perlu dibimbing dan dikembangkan untuk kesuksesannya di masa depan.'),
(674, 26, 2055638000035, 'Ananda   AFFAN ARSALAN OZIL SAFAAT menunjukkan pribadi yang Berkembang Sesuai Harapan dalam Berkeadaban (Ta’addub), Berkembang Sesuai Harapan dalam Keteladanan (Qudwah), Berkembang sesuai harapan Musyawarah (Syūra), Berkembang Sesuai Harapan Dinamis dan inovatif (Tathawwur wa Ibtikâr) , Keteladanan (Qudwah), dengan perwujudan sebagai seorang yang memiliki sikap Shaleh Sosial , Integritas, Tanggung Jawab, Kolaboratif, Percaya diri, Disiplin, Berjiwa kompetitif, Berkembang Sesuai Harapan Mandiri, Sedang berkembang Bernalar kritis serta Sedang berkembang kreatifitas yang senantiasa perlu dibimbing dan dikembangkan untuk kesuksesannya di masa depan.'),
(675, 26, 2055638000037, 'Ananda AINAYA IZZATUL ULYA   menunjukkan pribadi yang Berkembang Sesuai Harapan dalam Berkeadaban (Ta’addub), Berkembang Sesuai Harapan dalam Keteladanan (Qudwah), Berkembang sesuai harapan Musyawarah (Syūra), Berkembang Sesuai Harapan Dinamis dan inovatif (Tathawwur wa Ibtikâr) , Keteladanan (Qudwah), dengan perwujudan sebagai seorang yang memiliki sikap Shaleh Sosial , Integritas, Tanggung Jawab, Kolaboratif, Percaya diri, Disiplin, Berjiwa kompetitif, Berkembang Sesuai Harapan Mandiri, Sedang berkembang Bernalar kritis serta Sedang berkembang kreatifitas yang senantiasa perlu dibimbing dan dikembangkan untuk kesuksesannya di masa depan.'),
(676, 26, 2055638000039, 'Ananda ALEXANDRA CALISTA  menunjukkan pribadi yang Berkembang Sesuai Harapan dalam Berkeadaban (Ta’addub), Berkembang Sesuai Harapan dalam Keteladanan (Qudwah), Berkembang sesuai harapan Musyawarah (Syūra), Berkembang Sesuai Harapan Dinamis dan inovatif (Tathawwur wa Ibtikâr) , Keteladanan (Qudwah), dengan perwujudan sebagai seorang yang memiliki sikap Shaleh Sosial , Integritas, Tanggung Jawab, Kolaboratif, Percaya diri, Disiplin, Berjiwa kompetitif, Berkembang Sesuai Harapan Mandiri, Berkembang Sesuai Harapan Bernalar kritis serta Berkembang Sesuai Harapan kreatifitas yang senantiasa perlu dibimbing dan dikembangkan untuk kesuksesannya di masa depan.'),
(677, 26, 2055638000745, 'Ananda ALVIAN RYEHAN ANANDA  menunjukkan pribadi yang Berkembang Sesuai Harapan dalam Berkeadaban (Ta’addub), Berkembang Sesuai Harapan dalam Keteladanan (Qudwah), Berkembang sesuai harapan Musyawarah (Syūra), Berkembang Sesuai Harapan Dinamis dan inovatif (Tathawwur wa Ibtikâr) , Keteladanan (Qudwah), dengan perwujudan sebagai seorang yang memiliki sikap Shaleh Sosial , Integritas, Tanggung Jawab, Kolaboratif, Percaya diri, Disiplin, Berjiwa kompetitif, Berkembang Sesuai Harapan Mandiri, Sedang berkembang Bernalar kritis serta Sedang berkembang kreatifitas yang senantiasa perlu dibimbing dan dikembangkan untuk kesuksesannya di masa depan.'),
(678, 26, 2055638000040, 'Ananda ANGGITA SARI DEVI  menunjukkan pribadi yang Berkembang Sesuai Harapan dalam Berkeadaban (Ta’addub), Berkembang Sesuai Harapan dalam Keteladanan (Qudwah), Berkembang sesuai harapan Musyawarah (Syūra), Berkembang Sesuai Harapan Dinamis dan inovatif (Tathawwur wa Ibtikâr) , Keteladanan (Qudwah), dengan perwujudan sebagai seorang yang memiliki sikap Shaleh Sosial , Integritas, Tanggung Jawab, Kolaboratif, Percaya diri, Disiplin, Berjiwa kompetitif, Berkembang Sesuai Harapan Mandiri, Sedang berkembang Bernalar kritis serta Sedang berkembang kreatifitas yang senantiasa perlu dibimbing dan dikembangkan untuk kesuksesannya di masa depan.'),
(679, 26, 2055638000041, 'Ananda  ANNISA SALSABHILA PUTRI menunjukkan pribadi yang Berkembang Sesuai Harapan dalam Berkeadaban (Ta’addub), Berkembang Sesuai Harapan dalam Keteladanan (Qudwah), Berkembang sesuai harapan Musyawarah (Syūra), Berkembang Sesuai Harapan Dinamis dan inovatif (Tathawwur wa Ibtikâr) , Keteladanan (Qudwah), dengan perwujudan sebagai seorang yang memiliki sikap Shaleh Sosial , Integritas, Tanggung Jawab, Kolaboratif, Percaya diri, Disiplin, Berjiwa kompetitif, Berkembang Sesuai Harapan Mandiri, Berkembang Sesuai Harapan Bernalar kritis serta Berkembang Sesuai Harapan kreatifitas yang senantiasa perlu dibimbing dan dikembangkan untuk kesuksesannya di masa depan.'),
(680, 26, 2055638000043, 'Ananda ARZIO AL GHIFFARY PUTRADILIA  menunjukkan pribadi yang Berkembang Sesuai Harapan dalam Berkeadaban (Ta’addub), Berkembang Sesuai Harapan dalam Keteladanan (Qudwah), Berkembang sesuai harapan Musyawarah (Syūra), Berkembang Sesuai Harapan Dinamis dan inovatif (Tathawwur wa Ibtikâr) , Keteladanan (Qudwah), dengan perwujudan sebagai seorang yang memiliki sikap Shaleh Sosial , Integritas, Tanggung Jawab, Kolaboratif, Percaya diri, Disiplin, Berjiwa kompetitif, Berkembang Sesuai Harapan Mandiri, Sedang berkembang Bernalar kritis serta Sedang berkembang kreatifitas yang senantiasa perlu dibimbing dan dikembangkan untuk kesuksesannya di masa depan.'),
(681, 26, 2055638000044, 'Ananda AZKA AL-GHAZALI AFANDY  menunjukkan pribadi yang Berkembang Sesuai Harapan dalam Berkeadaban (Ta’addub), Berkembang Sesuai Harapan dalam Keteladanan (Qudwah), Berkembang sesuai harapan Musyawarah (Syūra), Berkembang Sesuai Harapan Dinamis dan inovatif (Tathawwur wa Ibtikâr) , Keteladanan (Qudwah), dengan perwujudan sebagai seorang yang memiliki sikap Shaleh Sosial , Integritas, Tanggung Jawab, Kolaboratif, Percaya diri, Disiplin, Berjiwa kompetitif, Berkembang Sesuai Harapan Mandiri, Sedang berkembang Bernalar kritis serta Sedang berkembang kreatifitas yang senantiasa perlu dibimbing dan dikembangkan untuk kesuksesannya di masa depan.'),
(682, 26, 2055638000076, 'Ananda DIAS ANGGARA PUTRA  menunjukkan pribadi yang Berkembang Sesuai Harapan dalam Berkeadaban (Ta’addub), Berkembang Sesuai Harapan dalam Keteladanan (Qudwah), Berkembang sesuai harapan Musyawarah (Syūra), Berkembang Sesuai Harapan Dinamis dan inovatif (Tathawwur wa Ibtikâr) , Keteladanan (Qudwah), dengan perwujudan sebagai seorang yang memiliki sikap Shaleh Sosial , Integritas, Tanggung Jawab, Kolaboratif, Percaya diri, Disiplin, Berjiwa kompetitif, Berkembang Sesuai Harapan Mandiri, Sedang berkembang Bernalar kritis serta Sedang berkembang kreatifitas yang senantiasa perlu dibimbing dan dikembangkan untuk kesuksesannya di masa depan.'),
(683, 26, 2055638000049, 'Ananda ENY FAIZATUL FITRIYAH menunjukkan pribadi yang Berkembang Sesuai Harapan dalam Berkeadaban (Ta’addub), Berkembang Sesuai Harapan dalam Keteladanan (Qudwah), Berkembang sesuai harapan Musyawarah (Syūra), Berkembang Sesuai Harapan Dinamis dan inovatif (Tathawwur wa Ibtikâr) , Keteladanan (Qudwah), dengan perwujudan sebagai seorang yang memiliki sikap Shaleh Sosial , Integritas, Tanggung Jawab, Kolaboratif, Percaya diri, Disiplin, Berjiwa kompetitif, Berkembang Sesuai Harapan Mandiri, Sedang berkembang Bernalar kritis serta Sedang berkembang kreatifitas yang senantiasa perlu dibimbing dan dikembangkan untuk kesuksesannya di masa depan.'),
(684, 26, 2055638000737, 'Ananda  FABIAN MAULANA RIFA`I menunjukkan pribadi yang Berkembang Sesuai Harapan dalam Berkeadaban (Ta’addub), Berkembang Sesuai Harapan dalam Keteladanan (Qudwah), Berkembang sesuai harapan Musyawarah (Syūra), Berkembang Sesuai Harapan Dinamis dan inovatif (Tathawwur wa Ibtikâr) , Keteladanan (Qudwah), dengan perwujudan sebagai seorang yang memiliki sikap Shaleh Sosial , Integritas, Tanggung Jawab, Kolaboratif, Percaya diri, Disiplin, Berjiwa kompetitif, Berkembang Sesuai Harapan Mandiri, Sedang berkembang Bernalar kritis serta Sedang berkembang kreatifitas yang senantiasa perlu dibimbing dan dikembangkan untuk kesuksesannya di masa depan.'),
(685, 26, 2055638000078, 'Ananda GHISA NANDIKA menunjukkan pribadi yang Berkembang Sesuai Harapan dalam Berkeadaban (Ta’addub), Berkembang Sesuai Harapan dalam Keteladanan (Qudwah), Berkembang sesuai harapan Musyawarah (Syūra), Berkembang Sesuai Harapan Dinamis dan inovatif (Tathawwur wa Ibtikâr) , Keteladanan (Qudwah), dengan perwujudan sebagai seorang yang memiliki sikap Shaleh Sosial , Integritas, Tanggung Jawab, Kolaboratif, Percaya diri, Disiplin, Berjiwa kompetitif, Berkembang Sesuai Harapan Mandiri, Sedang berkembang Bernalar kritis serta Sedang berkembang kreatifitas yang senantiasa perlu dibimbing dan dikembangkan untuk kesuksesannya di masa depan.'),
(686, 26, 2055638000079, 'Ananda  HAFIZH UBAIDILLAH IBRAHIM menunjukkan pribadi yang Berkembang Sesuai Harapan dalam Berkeadaban (Ta’addub), Berkembang Sesuai Harapan dalam Keteladanan (Qudwah), Berkembang sesuai harapan Musyawarah (Syūra), Berkembang Sesuai Harapan Dinamis dan inovatif (Tathawwur wa Ibtikâr) , Keteladanan (Qudwah), dengan perwujudan sebagai seorang yang memiliki sikap Shaleh Sosial , Integritas, Tanggung Jawab, Kolaboratif, Percaya diri, Disiplin, Berjiwa kompetitif, Berkembang Sesuai Harapan Mandiri, Sedang berkembang Bernalar kritis serta Sedang berkembang kreatifitas yang senantiasa perlu dibimbing dan dikembangkan untuk kesuksesannya di masa depan.'),
(687, 26, 2055638000051, 'Ananda  JANNATAN ARMIA ZAVI menunjukkan pribadi yang Berkembang Sesuai Harapan dalam Berkeadaban (Ta’addub), Berkembang Sesuai Harapan dalam Keteladanan (Qudwah), Berkembang sesuai harapan Musyawarah (Syūra), Berkembang Sesuai Harapan Dinamis dan inovatif (Tathawwur wa Ibtikâr) , Keteladanan (Qudwah), dengan perwujudan sebagai seorang yang memiliki sikap Shaleh Sosial , Integritas, Tanggung Jawab, Kolaboratif, Percaya diri, Disiplin, Berjiwa kompetitif, Berkembang Sesuai Harapan Mandiri, Berkembang sesuai harapan Bernalar kritis serta Berkembang sesuai harapan kreatifitas yang senantiasa perlu dibimbing dan dikembangkan untuk kesuksesannya di masa depan.'),
(688, 26, 2055638000081, 'Ananda KATNISS ALESHA ZAHRA menunjukkan pribadi yang Berkembang Sesuai Harapan dalam Berkeadaban (Ta’addub), Berkembang Sesuai Harapan dalam Keteladanan (Qudwah), Berkembang sesuai harapan Musyawarah (Syūra), Berkembang Sesuai Harapan Dinamis dan inovatif (Tathawwur wa Ibtikâr) , Keteladanan (Qudwah), dengan perwujudan sebagai seorang yang memiliki sikap Shaleh Sosial , Integritas, Tanggung Jawab, Kolaboratif, Percaya diri, Disiplin, Berjiwa kompetitif, Berkembang Sesuai Harapan Mandiri, Sedang berkembang Bernalar kritis serta Sedang berkembang kreatifitas yang senantiasa perlu dibimbing dan dikembangkan untuk kesuksesannya di masa depan.'),
(689, 26, 2055638000630, 'Ananda KEANO ALTAMIS FIRDAUS  menunjukkan pribadi yang Berkembang Sesuai Harapan dalam Berkeadaban (Ta’addub), Berkembang Sesuai Harapan dalam Keteladanan (Qudwah), Berkembang sesuai harapan Musyawarah (Syūra), Berkembang Sesuai Harapan Dinamis dan inovatif (Tathawwur wa Ibtikâr) , Keteladanan (Qudwah), dengan perwujudan sebagai seorang yang memiliki sikap Shaleh Sosial , Integritas, Tanggung Jawab, Kolaboratif, Percaya diri, Disiplin, Berjiwa kompetitif, Berkembang Sesuai Harapan Mandiri, Sangat berkembang Bernalar kritis serta Sangat berkembang kreatifitas yang senantiasa perlu dibimbing dan dikembangkan untuk kesuksesannya di masa depan.'),
(690, 26, 2055638000052, 'Ananda KENZIE menunjukkan pribadi yang Berkembang Sesuai Harapan dalam Berkeadaban (Ta’addub), Berkembang Sesuai Harapan dalam Keteladanan (Qudwah), Berkembang sesuai harapan Musyawarah (Syūra), Berkembang Sesuai Harapan Dinamis dan inovatif (Tathawwur wa Ibtikâr) , Keteladanan (Qudwah), dengan perwujudan sebagai seorang yang memiliki sikap Shaleh Sosial , Integritas, Tanggung Jawab, Kolaboratif, Percaya diri, Disiplin, Berjiwa kompetitif, Berkembang Sesuai Harapan Mandiri, Sedang berkembang Bernalar kritis serta Sedang berkembang kreatifitas yang senantiasa perlu dibimbing dan dikembangkan untuk kesuksesannya di masa depan.'),
(691, 26, 2055638000053, 'Ananda KIRANA EKA SHOFIYAH SYAIFUDDIN  menunjukkan pribadi yang Berkembang Sesuai Harapan dalam Berkeadaban (Ta’addub), Berkembang Sesuai Harapan dalam Keteladanan (Qudwah), Berkembang sesuai harapan Musyawarah (Syūra), Berkembang Sesuai Harapan Dinamis dan inovatif (Tathawwur wa Ibtikâr) , Keteladanan (Qudwah), dengan perwujudan sebagai seorang yang memiliki sikap Shaleh Sosial , Integritas, Tanggung Jawab, Kolaboratif, Percaya diri, Disiplin, Berjiwa kompetitif, Berkembang Sesuai Harapan Mandiri, Berkembang Sesuai Harapan Bernalar kritis serta Berkembang Sesuai Harapan kreatifitas yang senantiasa perlu dibimbing dan dikembangkan untuk kesuksesannya di masa depan.'),
(692, 26, 2055638000086, 'Ananda M. ARRIZKY MUBAROK menunjukkan pribadi yang Berkembang Sesuai Harapan dalam Berkeadaban (Ta’addub), Berkembang Sesuai Harapan dalam Keteladanan (Qudwah), Berkembang sesuai harapan Musyawarah (Syūra), Berkembang Sesuai Harapan Dinamis dan inovatif (Tathawwur wa Ibtikâr) , Keteladanan (Qudwah), dengan perwujudan sebagai seorang yang memiliki sikap Shaleh Sosial , Integritas, Tanggung Jawab, Kolaboratif, Percaya diri, Disiplin, Berjiwa kompetitif, Berkembang Sesuai Harapan Mandiri, Sedang berkembang Bernalar kritis serta Sedang berkembang kreatifitas yang senantiasa perlu dibimbing dan dikembangkan untuk kesuksesannya di masa depan.'),
(693, 26, 2055638000738, 'Ananda MUHAMMAD JUAN ABIYA GATRA  menunjukkan pribadi yang Berkembang Sesuai Harapan dalam Berkeadaban (Ta’addub), Berkembang Sesuai Harapan dalam Keteladanan (Qudwah), Berkembang sesuai harapan Musyawarah (Syūra), Berkembang Sesuai Harapan Dinamis dan inovatif (Tathawwur wa Ibtikâr) , Keteladanan (Qudwah), dengan perwujudan sebagai seorang yang memiliki sikap Shaleh Sosial , Integritas, Tanggung Jawab, Kolaboratif, Percaya diri, Disiplin, Berjiwa kompetitif, Berkembang Sesuai Harapan Mandiri, Sedang berkembang Bernalar kritis serta Sedang berkembang kreatifitas yang senantiasa perlu dibimbing dan dikembangkan untuk kesuksesannya di masa depan.'),
(694, 26, 2055638000089, 'Ananda MUHAMMAD RAYHAN ALKHALIFI AFANDI  menunjukkan pribadi yang Berkembang Sesuai Harapan dalam Berkeadaban (Ta’addub), Berkembang Sesuai Harapan dalam Keteladanan (Qudwah), Berkembang sesuai harapan Musyawarah (Syūra), Berkembang Sesuai Harapan Dinamis dan inovatif (Tathawwur wa Ibtikâr) , Keteladanan (Qudwah), dengan perwujudan sebagai seorang yang memiliki sikap Shaleh Sosial , Integritas, Tanggung Jawab, Kolaboratif, Percaya diri, Disiplin, Berjiwa kompetitif, Berkembang Sesuai Harapan Mandiri, Sedang berkembang Bernalar kritis serta Sedang berkembang kreatifitas yang senantiasa perlu dibimbing dan dikembangkan untuk kesuksesannya di masa depan.'),
(695, 26, 2055638000091, 'Ananda NISASHINE KARIMAH menunjukkan pribadi yang Berkembang Sesuai Harapan dalam Berkeadaban (Ta’addub), Berkembang Sesuai Harapan dalam Keteladanan (Qudwah), Berkembang sesuai harapan Musyawarah (Syūra), Berkembang Sesuai Harapan Dinamis dan inovatif (Tathawwur wa Ibtikâr) , Keteladanan (Qudwah), dengan perwujudan sebagai seorang yang memiliki sikap Shaleh Sosial , Integritas, Tanggung Jawab, Kolaboratif, Percaya diri, Disiplin, Berjiwa kompetitif, Berkembang Sesuai Harapan Mandiri, Sangat berkembang Bernalar kritis serta Sangat berkembang kreatifitas yang senantiasa perlu dibimbing dan dikembangkan untuk kesuksesannya di masa depan.'),
(696, 26, 2055638000065, 'Ananda NUR SYIFA AULIA AZ-ZAHRA menunjukkan pribadi yang Berkembang Sesuai Harapan dalam Berkeadaban (Ta’addub), Berkembang Sesuai Harapan dalam Keteladanan (Qudwah), Berkembang sesuai harapan Musyawarah (Syūra), Berkembang Sesuai Harapan Dinamis dan inovatif (Tathawwur wa Ibtikâr) , Keteladanan (Qudwah), dengan perwujudan sebagai seorang yang memiliki sikap Shaleh Sosial , Integritas, Tanggung Jawab, Kolaboratif, Percaya diri, Disiplin, Berjiwa kompetitif, Berkembang Sesuai Harapan Mandiri, Sedang berkembang Bernalar kritis serta Sedang berkembang kreatifitas yang senantiasa perlu dibimbing dan dikembangkan untuk kesuksesannya di masa depan.'),
(697, 26, 2055638000092, 'Ananda RAHMA MUTIA ZAHRANI menunjukkan pribadi yang Berkembang Sesuai Harapan dalam Berkeadaban (Ta’addub), Berkembang Sesuai Harapan dalam Keteladanan (Qudwah), Berkembang sesuai harapan Musyawarah (Syūra), Berkembang Sesuai Harapan Dinamis dan inovatif (Tathawwur wa Ibtikâr) , Keteladanan (Qudwah), dengan perwujudan sebagai seorang yang memiliki sikap Shaleh Sosial , Integritas, Tanggung Jawab, Kolaboratif, Percaya diri, Disiplin, Berjiwa kompetitif, Berkembang Sesuai Harapan Mandiri, Berkembang Sesuai Harapan Bernalar kritis serta Berkembang Sesuai Harapan kreatifitas yang senantiasa perlu dibimbing dan dikembangkan untuk kesuksesannya di masa depan.'),
(698, 26, 2055638000093, 'Ananda RAISHA AURELIA ARFANI menunjukkan pribadi yang Berkembang Sesuai Harapan dalam Berkeadaban (Ta’addub), Berkembang Sesuai Harapan dalam Keteladanan (Qudwah), Berkembang sesuai harapan Musyawarah (Syūra), Berkembang Sesuai Harapan Dinamis dan inovatif (Tathawwur wa Ibtikâr) , Keteladanan (Qudwah), dengan perwujudan sebagai seorang yang memiliki sikap Shaleh Sosial , Integritas, Tanggung Jawab, Kolaboratif, Percaya diri, Disiplin, Berjiwa kompetitif, Berkembang Sesuai Harapan Mandiri, Berkembang Sesuai Harapan Bernalar kritis serta Berkembang Sesuai Harapan kreatifitas yang senantiasa perlu dibimbing dan dikembangkan untuk kesuksesannya di masa depan.'),
(699, 26, 2055638000094, 'Ananda RAISYA PANGESTU PUTRI menunjukkan pribadi yang Berkembang Sesuai Harapan dalam Berkeadaban (Ta’addub), Berkembang Sesuai Harapan dalam Keteladanan (Qudwah), Berkembang sesuai harapan Musyawarah (Syūra), Berkembang Sesuai Harapan Dinamis dan inovatif (Tathawwur wa Ibtikâr) , Keteladanan (Qudwah), dengan perwujudan sebagai seorang yang memiliki sikap Shaleh Sosial , Integritas, Tanggung Jawab, Kolaboratif, Percaya diri, Disiplin, Berjiwa kompetitif, Berkembang Sesuai Harapan Mandiri, Sedang berkembang Bernalar kritis serta Sedang berkembang kreatifitas yang senantiasa perlu dibimbing dan dikembangkan untuk kesuksesannya di masa depan.'),
(700, 26, 2055638000060, 'Ananda SATRIA ADHIRAJASA PRIBADI menunjukkan pribadi yang Berkembang Sesuai Harapan dalam Berkeadaban (Ta’addub), Berkembang Sesuai Harapan dalam Keteladanan (Qudwah), Berkembang sesuai harapan Musyawarah (Syūra), Berkembang Sesuai Harapan Dinamis dan inovatif (Tathawwur wa Ibtikâr) , Keteladanan (Qudwah), dengan perwujudan sebagai seorang yang memiliki sikap Shaleh Sosial , Integritas, Tanggung Jawab, Kolaboratif, Percaya diri, Disiplin, Berjiwa kompetitif, Berkembang Sesuai Harapan Mandiri, Sedang berkembang Bernalar kritis serta Sedang berkembang kreatifitas yang senantiasa perlu dibimbing dan dikembangkan untuk kesuksesannya di masa depan.'),
(701, 26, 2055638000096, 'Ananda SATRIA ERLANGGA ARDIYANSYAH menunjukkan pribadi yang Berkembang Sesuai Harapan dalam Berkeadaban (Ta’addub), Berkembang Sesuai Harapan dalam Keteladanan (Qudwah), Berkembang sesuai harapan Musyawarah (Syūra), Berkembang Sesuai Harapan Dinamis dan inovatif (Tathawwur wa Ibtikâr) , Keteladanan (Qudwah), dengan perwujudan sebagai seorang yang memiliki sikap Shaleh Sosial , Integritas, Tanggung Jawab, Kolaboratif, Percaya diri, Disiplin, Berjiwa kompetitif, Berkembang Sesuai Harapan Mandiri, Sedang berkembang Bernalar kritis serta Sedang berkembang kreatifitas yang senantiasa perlu dibimbing dan dikembangkan untuk kesuksesannya di masa depan.'),
(702, 26, 2055638000739, 'Ananda SYANALA ADITYA PUTRI  menunjukkan pribadi yang Berkembang Sesuai Harapan dalam Berkeadaban (Ta’addub), Berkembang Sesuai Harapan dalam Keteladanan (Qudwah), Berkembang sesuai harapan Musyawarah (Syūra), Berkembang Sesuai Harapan Dinamis dan inovatif (Tathawwur wa Ibtikâr) , Keteladanan (Qudwah), dengan perwujudan sebagai seorang yang memiliki sikap Shaleh Sosial , Integritas, Tanggung Jawab, Kolaboratif, Percaya diri, Disiplin, Berjiwa kompetitif, Berkembang Sesuai Harapan Mandiri, Berkembang sesuai harapan Bernalar kritis serta Berkembang sesuai harapan kreatifitas yang senantiasa perlu dibimbing dan dikembangkan untuk kesuksesannya di masa depan.'),
(703, 26, 2055638000062, 'Ananda VALERIA AISYAH AMELISKAI  menunjukkan pribadi yang Berkembang Sesuai Harapan dalam Berkeadaban (Ta’addub), Berkembang Sesuai Harapan dalam Keteladanan (Qudwah), Berkembang sesuai harapan Musyawarah (Syūra), Berkembang Sesuai Harapan Dinamis dan inovatif (Tathawwur wa Ibtikâr) , Keteladanan (Qudwah), dengan perwujudan sebagai seorang yang memiliki sikap Shaleh Sosial , Integritas, Tanggung Jawab, Kolaboratif, Percaya diri, Disiplin, Berjiwa kompetitif, Berkembang Sesuai Harapan Mandiri, Sedang berkembang Bernalar kritis serta Sedang berkembang kreatifitas yang senantiasa perlu dibimbing dan dikembangkan untuk kesuksesannya di masa depan.'),
(704, 31, 2055638000599, 'Ananda Adinda Nayla Tanvi LD menunjukkan pribadi yang Berkembang Sesuai Harapan dalam Berkeadaban (Ta’addub),Sedang Berkembang dalam Keteladanan (Qudwah), Berkembang sesuai harapan Musyawarah (Syūra), Sudah Berkembang Dinamis dan inovatif (Tathawwur wa Ibtikâr) , Keteladanan (Qudwah), dengan perwujudan sebagai seorang yang memiliki sikap Shaleha Sosial , Integritas, Tanggung Jawab, Kolaboratif, Percaya diri, Disiplin, Berjiwa kompetitif, Sedang Berkembang Mandiri, Mulai berkembang Bernalar kritis serta Berkembang Sesuai Harapan kreatifitas yang senantiasa perlu dibimbing dan dikembangkan untuk kesuksesannya di masa depan.nanda menunjukkan pribadi yang Berkembang Sesuai Harapan dalam Berkeadaban (Ta’addub),Sedang Berkembang dalam Keteladanan (Qudwah), Berkembang sesuai harapan Musyawarah (Syūra), Sudah Berkembang Dinamis dan inovatif (Tathawwur wa Ibtikâr) , Keteladanan (Qudwah), dengan perwujudan sebagai seorang yang memiliki sikap Shaleh Sosial , Integritas, Tanggung Jawab, Kolaboratif, Percaya diri, Disiplin, Berjiwa kompetitif, Sedang Berkembang Mandiri, Mulai berkembang Bernalar kritis serta Berkembang Sesuai Harapan kreatifitas yang senantiasa perlu dibimbing dan dikembangkan untuk kesuksesannya di masa depan.'),
(705, 31, 2055638000598, 'Ananda Abidah Syifa Rafani menunjukkan pribadi yang Berkembang Sesuai Harapan dalam Berkeadaban (Ta’addub),Sedang Berkembang dalam Keteladanan (Qudwah), Berkembang sesuai harapan Musyawarah (Syūra), Sudah Berkembang Dinamis dan inovatif (Tathawwur wa Ibtikâr) , Keteladanan (Qudwah), dengan perwujudan sebagai seorang yang memiliki sikap Shaleha aSosial , Integritas, Tanggung Jawab, Kolaboratif, Percaya diri, Disiplin, Berjiwa kompetitif, Sedang Berkembang Mandiri, Mulai berkembang Bernalar kritis serta Berkembang Sesuai Harapan kreatifitas yang senantiasa perlu dibimbing dan dikembangkan untuk kesuksesannya di masa depan.nanda menunjukkan pribadi yang Berkembang Sesuai Harapan dalam Berkeadaban (Ta’addub),Sedang Berkembang dalam Keteladanan (Qudwah), Berkembang sesuai harapan Musyawarah (Syūra), Sudah Berkembang Dinamis dan inovatif (Tathawwur wa Ibtikâr) , Keteladanan (Qudwah), dengan perwujudan sebagai seorang yang memiliki sikap Shaleh Sosial , Integritas, Tanggung Jawab, Kolaboratif, Percaya diri, Disiplin, Berjiwa kompetitif, Sedang Berkembang Mandiri, Mulai berkembang Bernalar kritis serta Berkembang Sesuai Harapan kreatifitas yang senantiasa perlu dibimbing dan dikembangkan untuk kesuksesannya di masa depan.'),
(706, 31, 2055638000600, 'Ananda ADZKA ABRISAM KUSNADI PUTRA menunjukkan pribadi yang sedang berkembang Sesuai Harapan dalam Berkeadaban (Ta’addub),Sedang Berkembang dalam Keteladanan (Qudwah), Berkembang sesuai harapan Musyawarah (Syūra), Sudah Berkembang Dinamis dan inovatif (Tathawwur wa Ibtikâr) , Keteladanan (Qudwah), dengan perwujudan sebagai seorang yang memiliki sikap Shaleh Sosial , Integritas, Tanggung Jawab, Kolaboratif, Percaya diri, Disiplin, Berjiwa kompetitif, Sedang Berkembang Mandiri, Mulai berkembang Bernalar kritis serta Berkembang Sesuai Harapan kreatifitas yang senantiasa perlu dibimbing dan dikembangkan untuk kesuksesannya di masa depan.nanda menunjukkan pribadi yang Berkembang Sesuai Harapan dalam Berkeadaban (Ta’addub),Sedang Berkembang dalam Keteladanan (Qudwah), Berkembang sesuai harapan Musyawarah (Syūra), Sudah Berkembang Dinamis dan inovatif (Tathawwur wa Ibtikâr) , Keteladanan (Qudwah), dengan perwujudan sebagai seorang yang memiliki sikap Shaleh Sosial , Integritas, Tanggung Jawab, Kolaboratif, Percaya diri, Disiplin, Berjiwa kompetitif, Sedang Berkembang Mandiri, Mulai berkembang Bernalar kritis serta Berkembang Sesuai Harapan kreatifitas yang senantiasa perlu dibimbing dan dikembangkan untuk kesuksesannya di masa depan.'),
(707, 31, 2055638000601, 'Ananda AHMAD SANDY BASUPATI menunjukkan pribadi yang Berkembang Sesuai Harapan dalam Berkeadaban (Ta’addub),Sedang Berkembang dalam Keteladanan (Qudwah), Berkembang sesuai harapan Musyawarah (Syūra), Sudah Berkembang Dinamis dan inovatif (Tathawwur wa Ibtikâr) , Keteladanan (Qudwah), dengan perwujudan sebagai seorang yang memiliki sikap Shaleh Sosial , Integritas, Tanggung Jawab, Kolaboratif, Percaya diri, Disiplin, Berjiwa kompetitif, Sedang Berkembang Mandiri, Mulai berkembang Bernalar kritis serta Berkembang Sesuai Harapan kreatifitas yang senantiasa perlu dibimbing dan dikembangkan untuk kesuksesannya di masa depan.'),
(708, 31, 2055638000602, 'AnandaALBILAL KENZIE PRADITHA menunjukkan pribadi yang Berkembang Sesuai Harapan dalam Berkeadaban (Ta’addub),Sedang Berkembang dalam Keteladanan (Qudwah), Berkembang sesuai harapan Musyawarah (Syūra), Sudah Berkembang Dinamis dan inovatif (Tathawwur wa Ibtikâr) , Keteladanan (Qudwah), dengan perwujudan sebagai seorang yang memiliki sikap Shaleh Sosial , Integritas, Tanggung Jawab, Kolaboratif, Percaya diri, Disiplin, Berjiwa kompetitif, Sedang Berkembang Mandiri, Mulai berkembang Bernalar kritis serta Berkembang Sesuai Harapan kreatifitas yang senantiasa perlu dibimbing dan dikembangkan untuk kesuksesannya di masa depan.'),
(709, 31, 2055638000603, 'AnandaAMEERA RAHMA HAKIKI menunjukkan pribadi yang Berkembang Sesuai Harapan dalam Berkeadaban (Ta’addub),Sedang Berkembang dalam Keteladanan (Qudwah), Berkembang sesuai harapan Musyawarah (Syūra), Sudah Berkembang Dinamis dan inovatif (Tathawwur wa Ibtikâr) , Keteladanan (Qudwah), dengan perwujudan sebagai seorang yang memiliki sikap Shaleha Sosial , Integritas, Tanggung Jawab, Kolaboratif, Percaya diri, Disiplin, Berjiwa kompetitif, Sedang Berkembang Mandiri, Mulai berkembang Bernalar kritis serta Berkembang Sesuai Harapan kreatifitas yang senantiasa perlu dibimbing dan dikembangkan untuk kesuksesannya di masa depan.'),
(710, 31, 2055638000604, 'Anand aANDALUS IDRIS SUBAGIYO menunjukkan pribadi yang Berkembang Sesuai Harapan dalam Berkeadaban (Ta’addub),Sedang Berkembang dalam Keteladanan (Qudwah), Berkembang sesuai harapan Musyawarah (Syūra), Sudah Berkembang Dinamis dan inovatif (Tathawwur wa Ibtikâr) , Keteladanan (Qudwah), dengan perwujudan sebagai seorang yang memiliki sikap Shaleh Sosial , Integritas, Tanggung Jawab, Kolaboratif, Percaya diri, Disiplin, Berjiwa kompetitif, Sedang Berkembang Mandiri, Mulai berkembang Bernalar kritis serta Berkembang Sesuai Harapan kreatifitas yang senantiasa perlu dibimbing dan dikembangkan untuk kesuksesannya di masa depan.'),
(711, 31, 2055638000605, 'AnandaASHEQA ZAREEN IBRAHIM menunjukkan pribadi yang Berkembang Sesuai Harapan dalam Berkeadaban (Ta’addub),Sedang Berkembang dalam Keteladanan (Qudwah), Berkembang sesuai harapan Musyawarah (Syūra), Sudah Berkembang Dinamis dan inovatif (Tathawwur wa Ibtikâr) , Keteladanan (Qudwah), dengan perwujudan sebagai seorang yang memiliki sikap Shaleha Sosial , Integritas, Tanggung Jawab, Kolaboratif, Percaya diri, Disiplin, Berjiwa kompetitif, Sedang Berkembang Mandiri, Mulai berkembang Bernalar kritis serta Berkembang Sesuai Harapan kreatifitas yang senantiasa perlu dibimbing dan dikembangkan untuk kesuksesannya di masa depan.'),
(712, 31, 2055638000633, 'Ananda DAFIAN ASLAM ELFAREL menunjukkan pribadi yang Berkembang Sesuai Harapan dalam Berkeadaban (Ta’addub),Sedang Berkembang dalam Keteladanan (Qudwah), Berkembang sesuai harapan Musyawarah (Syūra), Sudah Berkembang Dinamis dan inovatif (Tathawwur wa Ibtikâr) , Keteladanan (Qudwah), dengan perwujudan sebagai seorang yang memiliki sikap Shaleh Sosial , Integritas, Tanggung Jawab, Kolaboratif, Percaya diri, Disiplin, Berjiwa kompetitif, Sedang Berkembang Mandiri, Mulai berkembang Bernalar kritis serta Berkembang Sesuai Harapan kreatifitas yang senantiasa perlu dibimbing dan dikembangkan untuk kesuksesannya di masa depan.'),
(713, 31, 2055638000606, 'Ananda EGIS REYNALL ARIZKY menunjukkan pribadi yang Berkembang Sesuai Harapan dalam Berkeadaban (Ta’addub),Sedang Berkembang dalam Keteladanan (Qudwah), Berkembang sesuai harapan Musyawarah (Syūra), Sudah Berkembang Dinamis dan inovatif (Tathawwur wa Ibtikâr) , Keteladanan (Qudwah), dengan perwujudan sebagai seorang yang memiliki sikap Shaleh Sosial , Integritas, Tanggung Jawab, Kolaboratif, Percaya diri, Disiplin, Berjiwa kompetitif, Sedang Berkembang Mandiri, Mulai berkembang Bernalar kritis serta Berkembang Sesuai Harapan kreatifitas yang senantiasa perlu dibimbing dan dikembangkan untuk kesuksesannya di masa depan.'),
(714, 31, 2055638000607, 'Ananda FAIZUDDIN AZIZAN MUHAMMAD menunjukkan pribadi yang sedang Berkembang Sesuai Harapan dalam Berkeadaban (Ta’addub),Sedang Berkembang dalam Keteladanan (Qudwah), Berkembang sesuai harapan Musyawarah (Syūra), Sudah Berkembang Dinamis dan inovatif (Tathawwur wa Ibtikâr) , Keteladanan (Qudwah), dengan perwujudan sebagai seorang yang memiliki sikap Shaleh Sosial , Integritas, Tanggung Jawab, Kolaboratif, Percaya diri, Disiplin, Berjiwa kompetitif, Sedang Berkembang Mandiri, Mulai berkembang Bernalar kritis serta Berkembang Sesuai Harapan kreatifitas yang senantiasa perlu dibimbing dan dikembangkan untuk kesuksesannya di masa depan.'),
(715, 31, 2055638000608, 'Ananda M ARSYA AMRULLAH HARKITNA Smenunjukkan pribadi yang Berkembang Sesuai Harapan dalam Berkeadaban (Ta’addub),Sedang Berkembang dalam Keteladanan (Qudwah), Berkembang sesuai harapan Musyawarah (Syūra), Sudah Berkembang Dinamis dan inovatif (Tathawwur wa Ibtikâr) , Keteladanan (Qudwah), dengan perwujudan sebagai seorang yang memiliki sikap Shaleh Sosial , Integritas, Tanggung Jawab, Kolaboratif, Percaya diri, Disiplin, Berjiwa kompetitif, Sedang Berkembang Mandiri, Mulai berkembang Bernalar kritis serta Berkembang Sesuai Harapan kreatifitas yang senantiasa perlu dibimbing dan dikembangkan untuk kesuksesannya di masa depan.'),
(716, 31, 2055638000741, 'Ananda HAMIZAN RAFIF HARYONANDYA menunjukkan pribadi yang Berkembang Sesuai Harapan dalam Berkeadaban (Ta’addub),Sedang Berkembang dalam Keteladanan (Qudwah), Berkembang sesuai harapan Musyawarah (Syūra), Sudah Berkembang Dinamis dan inovatif (Tathawwur wa Ibtikâr) , Keteladanan (Qudwah), dengan perwujudan sebagai seorang yang memiliki sikap Shaleh Sosial , Integritas, Tanggung Jawab, Kolaboratif, Percaya diri, Disiplin, Berjiwa kompetitif, Sedang Berkembang Mandiri, Mulai berkembang Bernalar kritis serta Berkembang Sesuai Harapan kreatifitas yang senantiasa perlu dibimbing dan dikembangkan untuk kesuksesannya di masa depan.'),
(717, 31, 2055638000610, 'Ananda MOHAMAD HAFIZH AZKA PRATAMA menunjukkan pribadi yang sedang berkembang Sesuai Harapan dalam Berkeadaban (Ta’addub),Sedang Berkembang dalam Keteladanan (Qudwah), Berkembang sesuai harapan Musyawarah (Syūra), Sudah Berkembang Dinamis dan inovatif (Tathawwur wa Ibtikâr) , Keteladanan (Qudwah), dengan perwujudan sebagai seorang yang memiliki sikap Shaleh Sosial , Integritas, Tanggung Jawab, Kolaboratif, Percaya diri, Disiplin, Berjiwa kompetitif, Sedang Berkembang Mandiri, Mulai berkembang Bernalar kritis serta Berkembang Sesuai Harapan kreatifitas yang senantiasa perlu dibimbing dan dikembangkan untuk kesuksesannya di masa depan.'),
(718, 31, 2055638000619, 'Ananda MUHAMAD GILBY BRIAN OCONNER menunjukkan pribadi yang sedang Berkembang Sesuai Harapan dalam Berkeadaban (Ta’addub),Sedang Berkembang dalam Keteladanan (Qudwah), Berkembang sesuai harapan Musyawarah (Syūra), Sudah Berkembang Dinamis dan inovatif (Tathawwur wa Ibtikâr) , Keteladanan (Qudwah), dengan perwujudan sebagai seorang yang memiliki sikap Shaleh Sosial , Integritas, Tanggung Jawab, Kolaboratif, Percaya diri, Disiplin, Berjiwa kompetitif, Sedang Berkembang Mandiri, Mulai berkembang Bernalar kritis serta Berkembang Sesuai Harapan kreatifitas yang senantiasa perlu dibimbing dan dikembangkan untuk kesuksesannya di masa depan.'),
(719, 31, 2055638000611, 'Ananda MUHAMAD RAFIF MAULANA KURNIAWAN menunjukkan pribadi yang Berkembang Sesuai Harapan dalam Berkeadaban (Ta’addub),Sedang Berkembang dalam Keteladanan (Qudwah), Berkembang sesuai harapan Musyawarah (Syūra), Sudah Berkembang Dinamis dan inovatif (Tathawwur wa Ibtikâr) , Keteladanan (Qudwah), dengan perwujudan sebagai seorang yang memiliki sikap Shaleh Sosial , Integritas, Tanggung Jawab, Kolaboratif, Percaya diri, Disiplin, Berjiwa kompetitif, Sedang Berkembang Mandiri, Mulai berkembang Bernalar kritis serta Berkembang Sesuai Harapan kreatifitas yang senantiasa perlu dibimbing dan dikembangkan untuk kesuksesannya di masa depan.'),
(720, 31, 2055638000609, 'Ananda MUHAMMAD RAZKA AL FARABI menunjukkan pribadi yang Berkembang Sesuai Harapan dalam Berkeadaban (Ta’addub),Sedang Berkembang dalam Keteladanan (Qudwah), Berkembang sesuai harapan Musyawarah (Syūra), Sudah Berkembang Dinamis dan inovatif (Tathawwur wa Ibtikâr) , Keteladanan (Qudwah), dengan perwujudan sebagai seorang yang memiliki sikap Shaleh Sosial , Integritas, Tanggung Jawab, Kolaboratif, Percaya diri, Disiplin, Berjiwa kompetitif, Sedang Berkembang Mandiri, Mulai berkembang Bernalar kritis serta Berkembang Sesuai Harapan kreatifitas yang senantiasa perlu dibimbing dan dikembangkan untuk kesuksesannya di masa depan.'),
(721, 31, 2055638000613, 'Ananda NABILA NUR RABBANI JAUHARI menunjukkan pribadi yang Berkembang Sesuai Harapan dalam Berkeadaban (Ta’addub),Sedang Berkembang dalam Keteladanan (Qudwah), Berkembang sesuai harapan Musyawarah (Syūra), Sudah Berkembang Dinamis dan inovatif (Tathawwur wa Ibtikâr) , Keteladanan (Qudwah), dengan perwujudan sebagai seorang yang memiliki sikap Shaleha Sosial , Integritas, Tanggung Jawab, Kolaboratif, Percaya diri, Disiplin, Berjiwa kompetitif, Sedang Berkembang Mandiri, Mulai berkembang Bernalar kritis serta Berkembang Sesuai Harapan kreatifitas yang senantiasa perlu dibimbing dan dikembangkan untuk kesuksesannya di masa depan.'),
(722, 31, 2055638000586, 'Ananda NABILLA SHEIZAN KHAIRINA menunjukkan pribadi yang sedang Berkembang Sesuai Harapan dalam Berkeadaban (Ta’addub),Sedang Berkembang dalam Keteladanan (Qudwah), Berkembang sesuai harapan Musyawarah (Syūra), Sudah Berkembang Dinamis dan inovatif (Tathawwur wa Ibtikâr) , Keteladanan (Qudwah), dengan perwujudan sebagai seorang yang memiliki sikap Shaleha Sosial , Integritas, Tanggung Jawab, Kolaboratif, Percaya diri, Disiplin, Berjiwa kompetitif, Sedang Berkembang Mandiri, Mulai berkembang Bernalar kritis serta Berkembang Sesuai Harapan kreatifitas yang senantiasa perlu dibimbing dan dikembangkan untuk kesuksesannya di masa depan.'),
(723, 31, 2055638000620, 'Ananda NAUFAL AFLAHUL MU\'MININ menunjukkan pribadi yang sedang Berkembang Sesuai Harapan dalam Berkeadaban (Ta’addub),Sedang Berkembang dalam Keteladanan (Qudwah), Berkembang sesuai harapan Musyawarah (Syūra), Sudah Berkembang Dinamis dan inovatif (Tathawwur wa Ibtikâr) , Keteladanan (Qudwah), dengan perwujudan sebagai seorang yang memiliki sikap Shaleh Sosial , Integritas, Tanggung Jawab, Kolaboratif, Percaya diri, Disiplin, Berjiwa kompetitif, Sedang Berkembang Mandiri, Mulai berkembang Bernalar kritis serta Berkembang Sesuai Harapan kreatifitas yang senantiasa perlu dibimbing dan dikembangkan untuk kesuksesannya di masa depan.'),
(724, 31, 2055638000591, 'Ananda RAKA PUTRA VINDA menunjukkan pribadi yang sedang Berkembang Sesuai Harapan dalam Berkeadaban (Ta’addub),Sedang Berkembang dalam Keteladanan (Qudwah), Berkembang sesuai harapan Musyawarah (Syūra), Sudah Berkembang Dinamis dan inovatif (Tathawwur wa Ibtikâr) , Keteladanan (Qudwah), dengan perwujudan sebagai seorang yang memiliki sikap Shaleh Sosial , Integritas, Tanggung Jawab, Kolaboratif, Percaya diri, Disiplin, Berjiwa kompetitif, Sedang Berkembang Mandiri, Mulai berkembang Bernalar kritis serta Berkembang Sesuai Harapan kreatifitas yang senantiasa perlu dibimbing dan dikembangkan untuk kesuksesannya di masa depan.'),
(725, 31, 2055638000615, 'Ananda SAHLA SAIDA PUTRI ANANTA menunjukkan pribadi yang Berkembang Sesuai Harapan dalam Berkeadaban (Ta’addub),Sedang Berkembang dalam Keteladanan (Qudwah), Berkembang sesuai harapan Musyawarah (Syūra), Sudah Berkembang Dinamis dan inovatif (Tathawwur wa Ibtikâr) , Keteladanan (Qudwah), dengan perwujudan sebagai seorang yang memiliki sikap Shaleha Sosial , Integritas, Tanggung Jawab, Kolaboratif, Percaya diri, Disiplin, Berjiwa kompetitif, Sedang Berkembang Mandiri, Mulai berkembang Bernalar kritis serta Berkembang Sesuai Harapan kreatifitas yang senantiasa perlu dibimbing dan dikembangkan untuk kesuksesannya di masa depan.'),
(726, 31, 2055638000616, 'Ananda SALSABILA INTAN DIAS MAHMUDI menunjukkan pribadi yang Berkembang Sesuai Harapan dalam Berkeadaban (Ta’addub),Sedang Berkembang dalam Keteladanan (Qudwah), Berkembang sesuai harapan Musyawarah (Syūra), Sudah Berkembang Dinamis dan inovatif (Tathawwur wa Ibtikâr) , Keteladanan (Qudwah), dengan perwujudan sebagai seorang yang memiliki sikap Shaleha Sosial , Integritas, Tanggung Jawab, Kolaboratif, Percaya diri, Disiplin, Berjiwa kompetitif, Sedang Berkembang Mandiri, Mulai berkembang Bernalar kritis serta Berkembang Sesuai Harapan kreatifitas yang senantiasa perlu dibimbing dan dikembangkan untuk kesuksesannya di masa depan.'),
(727, 31, 2055638000617, 'Ananda SHAQUEENA KANZIA MEDINA HUMAIRA menunjukkan pribadi yang Berkembang Sesuai Harapan dalam Berkeadaban (Ta’addub),Sedang Berkembang dalam Keteladanan (Qudwah), Berkembang sesuai harapan Musyawarah (Syūra), Sudah Berkembang Dinamis dan inovatif (Tathawwur wa Ibtikâr) , Keteladanan (Qudwah), dengan perwujudan sebagai seorang yang memiliki sikap Shaleha Sosial , Integritas, Tanggung Jawab, Kolaboratif, Percaya diri, Disiplin, Berjiwa kompetitif, Sedang Berkembang Mandiri, Mulai berkembang Bernalar kritis serta Berkembang Sesuai Harapan kreatifitas yang senantiasa perlu dibimbing dan dikembangkan untuk kesuksesannya di masa depan.'),
(728, 31, 2055638000618, 'Ananda menunjukkan pribadi yang sedeang Berkembang Sesuai Harapan dalam Berkeadaban (Ta’addub),Sedang Berkembang dalam Keteladanan (Qudwah), Berkembang sesuai harapan Musyawarah (Syūra), Sudah Berkembang Dinamis dan inovatif (Tathawwur wa Ibtikâr) , Keteladanan (Qudwah), dengan perwujudan sebagai seorang yang memiliki sikap Shaleha Sosial , Integritas, Tanggung Jawab, Kolaboratif, Percaya diri, Disiplin, Berjiwa kompetitif, Sedang Berkembang Mandiri, Mulai berkembang Bernalar kritis serta Berkembang Sesuai Harapan kreatifitas yang senantiasa perlu dibimbing dan dikembangkan untuk kesuksesannya di masa depan.'),
(729, 31, 2055638000742, 'Ananda VIOLAN ARYA WIJAYA TASLIM menunjukkan pribadi yang sedang Berkembang Sesuai Harapan dalam Berkeadaban (Ta’addub),Sedang Berkembang dalam Keteladanan (Qudwah), Berkembang sesuai harapan Musyawarah (Syūra), Sudah Berkembang Dinamis dan inovatif (Tathawwur wa Ibtikâr) , Keteladanan (Qudwah), dengan perwujudan sebagai seorang yang memiliki sikap Shaleh Sosial , Integritas, Tanggung Jawab, Kolaboratif, Percaya diri, Disiplin, Berjiwa kompetitif, Sedang Berkembang Mandiri, Mulai berkembang Bernalar kritis serta Berkembang Sesuai Harapan kreatifitas yang senantiasa perlu dibimbing dan dikembangkan untuk kesuksesannya di masa depan.'),
(730, 33, 2055638000698, 'Ananda AGAM ABDILLAH menunjukkan pribadi yang Berkembang Sesuai Harapan dalam Berkeadaban (Ta’addub), Berkembang Sesuai Harapan dalam Keteladanan (Qudwah), Berkembang Sesuai Harapan dalam Musyawarah (Syura), Berkembang Sesuai Harapan Dinamis dan inovatif (Tathawwur wa Ibtikâr) dengan perwujudan sebagai seorang yang memiliki sikap Shaleh Sosial , Integritas, Tanggung Jawab, Kolaboratif, Percaya diri, Disiplin, Berjiwa kompetitif, Berkembang Sesuai Harapan Mandiri, Berkembang Sesuai Harapan Bernalar kritis serta Berkembang Sesuai Harapan kreatifitas yang senantiasa perlu dibimbing dan dikembangkan untuk kesuksesannya di masa depan.'),
(731, 33, 2055638000699, 'Ananda AGNARIZKA RAMADHANI menunjukkan pribadi yang Berkembang Sesuai Harapan dalam Berkeadaban (Ta’addub), Berkembang Sesuai Harapan dalam Keteladanan (Qudwah), Berkembang Sesuai Harapan dalam Musyawarah (Syura), Berkembang Sesuai Harapan Dinamis dan inovatif (Tathawwur wa Ibtikâr) dengan perwujudan sebagai seorang yang memiliki sikap Shaleh Sosial , Integritas, Tanggung Jawab, Kolaboratif, Percaya diri, Disiplin, Berjiwa kompetitif, Berkembang Sesuai Harapan Mandiri, Berkembang Sesuai Harapan Bernalar kritis serta Berkembang Sesuai Harapan kreatifitas yang senantiasa perlu dibimbing dan dikembangkan untuk kesuksesannya di masa depan.');
INSERT INTO `p_catatan` (`catatan_id`, `proyek_id`, `siswa_id`, `catatan_detail`) VALUES
(732, 33, 2055638000700, 'Ananda AHDA ALFIAN HUSEIN menunjukkan pribadi yang Berkembang Sesuai Harapan dalam Berkeadaban (Ta’addub), Berkembang Sesuai Harapan dalam Keteladanan (Qudwah), Berkembang Sesuai Harapan dalam Musyawarah (Syura), Berkembang Sesuai Harapan Dinamis dan inovatif (Tathawwur wa Ibtikâr) dengan perwujudan sebagai seorang yang memiliki sikap Shaleh Sosial , Integritas, Tanggung Jawab, Kolaboratif, Percaya diri, Disiplin, Berjiwa kompetitif, Berkembang Sesuai Harapan Mandiri, Berkembang Sesuai Harapan Bernalar kritis serta Berkembang Sesuai Harapan kreatifitas yang senantiasa perlu dibimbing dan dikembangkan untuk kesuksesannya di masa depan.'),
(733, 33, 2055638000701, 'Ananda AHMAD HABIBI menunjukkan pribadi yang Berkembang Sesuai Harapan dalam Berkeadaban (Ta’addub), Berkembang Sesuai Harapan dalam Keteladanan (Qudwah), Sedang Berkembang dalam Musyawarah (Syura), Sedang Berkembang Dinamis dan inovatif (Tathawwur wa Ibtikâr) dengan perwujudan sebagai seorang yang memiliki sikap Shaleh Sosial , Integritas, Tanggung Jawab, Kolaboratif, Percaya diri, Disiplin, Berjiwa kompetitif, Sedang Berkembang Mandiri, Sedang Berkembang Bernalar kritis serta Sedang Berkembang kreatifitas yang senantiasa perlu dibimbing dan dikembangkan untuk kesuksesannya di masa depan.'),
(734, 33, 2055638000702, 'Ananda ALISHA SABRINA IRAWAN menunjukkan pribadi yang Berkembang Sesuai Harapan dalam Berkeadaban (Ta’addub), Sangat Berkembang dalam Keteladanan (Qudwah), Sangat Berkembang dalam Musyawarah (Syura), Sangat Berkembang Dinamis dan inovatif (Tathawwur wa Ibtikâr) dengan perwujudan sebagai seorang yang memiliki sikap Shaleh Sosial , Integritas, Tanggung Jawab, Kolaboratif, Percaya diri, Disiplin, Berjiwa kompetitif, Sangat Berkembang Mandiri, Sangat Berkembang Bernalar kritis serta Sangat Berkembang kreatifitas yang senantiasa perlu dibimbing dan dikembangkan untuk kesuksesannya di masa depan.'),
(735, 33, 2055638000703, 'Ananda ANINDITA ZAHRA menunjukkan pribadi yang Berkembang Sesuai Harapan dalam Berkeadaban (Ta’addub), Berkembang Sesuai Harapan dalam Keteladanan (Qudwah), Berkembang Sesuai Harapan dalam Musyawarah (Syura), Berkembang Sesuai Harapan Dinamis dan inovatif (Tathawwur wa Ibtikâr) dengan perwujudan sebagai seorang yang memiliki sikap Shaleh Sosial , Integritas, Tanggung Jawab, Kolaboratif, Percaya diri, Disiplin, Berjiwa kompetitif, Berkembang Sesuai Harapan Mandiri, Berkembang Sesuai Harapan Bernalar kritis serta Berkembang Sesuai Harapan kreatifitas yang senantiasa perlu dibimbing dan dikembangkan untuk kesuksesannya di masa depan.'),
(736, 33, 2055638000704, 'Ananda ANNASYA SYAFAIRA RIZKI menunjukkan pribadi yang Berkembang Sesuai Harapan dalam Berkeadaban (Ta’addub), Sangat Berkembang dalam Keteladanan (Qudwah), Sangat Berkembang dalam Musyawarah (Syura), Sangat Berkembang Dinamis dan inovatif (Tathawwur wa Ibtikâr) dengan perwujudan sebagai seorang yang memiliki sikap Shaleh Sosial , Integritas, Tanggung Jawab, Kolaboratif, Percaya diri, Disiplin, Berjiwa kompetitif, Sangat Berkembang Mandiri, Sangat Berkembang Bernalar kritis serta Sangat Berkembang kreatifitas yang senantiasa perlu dibimbing dan dikembangkan untuk kesuksesannya di masa depan.'),
(737, 33, 2055638000705, 'Ananda ARDRIAN HARIS SALMAN FATURRAHMAN menunjukkan pribadi yang Berkembang Sesuai Harapan dalam Berkeadaban (Ta’addub), Berkembang Sesuai Harapan dalam Keteladanan (Qudwah), Berkembang Sesuai Harapan dalam Musyawarah (Syura), Berkembang Sesuai Harapan Dinamis dan inovatif (Tathawwur wa Ibtikâr) dengan perwujudan sebagai seorang yang memiliki sikap Shaleh Sosial , Integritas, Tanggung Jawab, Kolaboratif, Percaya diri, Disiplin, Berjiwa kompetitif, Berkembang Sesuai Harapan Mandiri, Berkembang Sesuai Harapan Bernalar kritis serta Berkembang Sesuai Harapan kreatifitas yang senantiasa perlu dibimbing dan dikembangkan untuk kesuksesannya di masa depan.'),
(738, 33, 2055638000706, 'Ananda ARSYA ALVARO PRAWIRO menunjukkan pribadi yang Berkembang Sesuai Harapan dalam Berkeadaban (Ta’addub), Berkembang Sesuai Harapan dalam Keteladanan (Qudwah), Berkembang Sesuai Harapan dalam Musyawarah (Syura), Berkembang Sesuai Harapan Dinamis dan inovatif (Tathawwur wa Ibtikâr) dengan perwujudan sebagai seorang yang memiliki sikap Shaleh Sosial , Integritas, Tanggung Jawab, Kolaboratif, Percaya diri, Disiplin, Berjiwa kompetitif, Berkembang Sesuai Harapan Mandiri, Berkembang Sesuai Harapan Bernalar kritis serta Berkembang Sesuai Harapan kreatifitas yang senantiasa perlu dibimbing dan dikembangkan untuk kesuksesannya di masa depan.'),
(739, 33, 2055638000707, 'Ananda ARSYILA PUTRI USMAN menunjukkan pribadi yang Berkembang Sesuai Harapan dalam Berkeadaban (Ta’addub), Berkembang Sesuai Harapan dalam Keteladanan (Qudwah), Berkembang Sesuai Harapan dalam Musyawarah (Syura), Berkembang Sesuai Harapan Dinamis dan inovatif (Tathawwur wa Ibtikâr) dengan perwujudan sebagai seorang yang memiliki sikap Shaleh Sosial , Integritas, Tanggung Jawab, Kolaboratif, Percaya diri, Disiplin, Berjiwa kompetitif, Berkembang Sesuai Harapan Mandiri, Berkembang Sesuai Harapan Bernalar kritis serta Berkembang Sesuai Harapan kreatifitas yang senantiasa perlu dibimbing dan dikembangkan untuk kesuksesannya di masa depan.'),
(740, 33, 2055638000708, 'Ananda AZKA BACHTIAN AHMAD menunjukkan pribadi yang Berkembang Sesuai Harapan dalam Berkeadaban (Ta’addub), Berkembang Sesuai Harapan dalam Keteladanan (Qudwah), Berkembang Sesuai Harapan dalam Musyawarah (Syura), Berkembang Sesuai Harapan Dinamis dan inovatif (Tathawwur wa Ibtikâr) dengan perwujudan sebagai seorang yang memiliki sikap Shaleh Sosial , Integritas, Tanggung Jawab, Kolaboratif, Percaya diri, Disiplin, Berjiwa kompetitif, Berkembang Sesuai Harapan Mandiri, Berkembang Sesuai Harapan Bernalar kritis serta Berkembang Sesuai Harapan kreatifitas yang senantiasa perlu dibimbing dan dikembangkan untuk kesuksesannya di masa depan.'),
(741, 33, 2055638000709, 'Ananda AZKIYA IFFAH AQILA menunjukkan pribadi yang Berkembang Sesuai Harapan dalam Berkeadaban (Ta’addub), Sangat Berkembang dalam Keteladanan (Qudwah), Sangat Berkembang dalam Musyawarah (Syura), Sangat Berkembang Dinamis dan inovatif (Tathawwur wa Ibtikâr) dengan perwujudan sebagai seorang yang memiliki sikap Shaleh Sosial , Integritas, Tanggung Jawab, Kolaboratif, Percaya diri, Disiplin, Berjiwa kompetitif, Sangat Berkembang Mandiri, Sangat Berkembang Bernalar kritis serta Sangat Berkembang kreatifitas yang senantiasa perlu dibimbing dan dikembangkan untuk kesuksesannya di masa depan.'),
(742, 33, 2055638000743, 'Ananda AZRIL NAUFAL ABQARY menunjukkan pribadi yang Berkembang Sesuai Harapan dalam Berkeadaban (Ta’addub), Berkembang Sesuai Harapan dalam Keteladanan (Qudwah), Berkembang Sesuai Harapan dalam Musyawarah (Syura), Berkembang Sesuai Harapan Dinamis dan inovatif (Tathawwur wa Ibtikâr) dengan perwujudan sebagai seorang yang memiliki sikap Shaleh Sosial , Integritas, Tanggung Jawab, Kolaboratif, Percaya diri, Disiplin, Berjiwa kompetitif, Berkembang Sesuai Harapan Mandiri, Sangat Berkembang Bernalar kritis serta Sangat Berkembang kreatifitas yang senantiasa perlu dibimbing dan dikembangkan untuk kesuksesannya di masa depan.'),
(743, 33, 2055638000710, 'Ananda CEISYA HILYA AZZAHRA menunjukkan pribadi yang Berkembang Sesuai Harapan dalam Berkeadaban (Ta’addub), Sangat Berkembang dalam Keteladanan (Qudwah), Sangat Berkembang dalam Musyawarah (Syura), Sangat Berkembang Dinamis dan inovatif (Tathawwur wa Ibtikâr) dengan perwujudan sebagai seorang yang memiliki sikap Shaleh Sosial , Integritas, Tanggung Jawab, Kolaboratif, Percaya diri, Disiplin, Berjiwa kompetitif, Sangat Berkembang Mandiri, Sangat Berkembang Bernalar kritis serta Sangat Berkembang kreatifitas yang senantiasa perlu dibimbing dan dikembangkan untuk kesuksesannya di masa depan.'),
(744, 33, 2055638000711, 'Ananda HADARA ARSYILLA HARYONANDYA menunjukkan pribadi yang Berkembang Sesuai Harapan dalam Berkeadaban (Ta’addub), Berkembang Sesuai Harapan dalam Keteladanan (Qudwah), Berkembang Sesuai Harapan dalam Musyawarah (Syura), Berkembang Sesuai Harapan Dinamis dan inovatif (Tathawwur wa Ibtikâr) dengan perwujudan sebagai seorang yang memiliki sikap Shaleh Sosial , Integritas, Tanggung Jawab, Kolaboratif, Percaya diri, Disiplin, Berjiwa kompetitif, Berkembang Sesuai Harapan Mandiri, Sangat Berkembang Bernalar kritis serta Sangat Berkembang kreatifitas yang senantiasa perlu dibimbing dan dikembangkan untuk kesuksesannya di masa depan.'),
(745, 33, 2055638000712, 'Ananda HAFIZ RAYI BUDIANSYAH menunjukkan pribadi yang Berkembang Sesuai Harapan dalam Berkeadaban (Ta’addub), Berkembang Sesuai Harapan dalam Keteladanan (Qudwah), Berkembang Sesuai Harapan dalam Musyawarah (Syura), Berkembang Sesuai Harapan Dinamis dan inovatif (Tathawwur wa Ibtikâr) dengan perwujudan sebagai seorang yang memiliki sikap Shaleh Sosial , Integritas, Tanggung Jawab, Kolaboratif, Percaya diri, Disiplin, Berjiwa kompetitif, Berkembang Sesuai Harapan Mandiri, Sangat Berkembang Bernalar kritis serta Sangat Berkembang kreatifitas yang senantiasa perlu dibimbing dan dikembangkan untuk kesuksesannya di masa depan.'),
(746, 33, 2055638000713, 'Ananda KEENAR HUMAIRAH NAFIZA menunjukkan pribadi yang Berkembang Sesuai Harapan dalam Berkeadaban (Ta’addub), Berkembang Sesuai Harapan dalam Keteladanan (Qudwah), Berkembang Sesuai Harapan dalam Musyawarah (Syura), Berkembang Sesuai Harapan Dinamis dan inovatif (Tathawwur wa Ibtikâr) dengan perwujudan sebagai seorang yang memiliki sikap Shaleh Sosial , Integritas, Tanggung Jawab, Kolaboratif, Percaya diri, Disiplin, Berjiwa kompetitif, Berkembang Sesuai Harapan Mandiri, Berkembang Sesuai Harapan Bernalar kritis serta Berkembang Sesuai Harapan kreatifitas yang senantiasa perlu dibimbing dan dikembangkan untuk kesuksesannya di masa depan.'),
(747, 33, 2055638000714, 'Ananda KRESNA REKA menunjukkan pribadi yang Berkembang Sesuai Harapan dalam Berkeadaban (Ta’addub), Berkembang Sesuai Harapan dalam Keteladanan (Qudwah), Berkembang Sesuai Harapan dalam Musyawarah (Syura), Berkembang Sesuai Harapan Dinamis dan inovatif (Tathawwur wa Ibtikâr) dengan perwujudan sebagai seorang yang memiliki sikap Shaleh Sosial , Integritas, Tanggung Jawab, Kolaboratif, Percaya diri, Disiplin, Berjiwa kompetitif, Berkembang Sesuai Harapan Mandiri, Berkembang Sesuai Harapan Bernalar kritis serta Berkembang Sesuai Harapan kreatifitas yang senantiasa perlu dibimbing dan dikembangkan untuk kesuksesannya di masa depan.'),
(748, 33, 2055638000715, 'Ananda MAHRUS ALI BAHRI menunjukkan pribadi yang Berkembang Sesuai Harapan dalam Berkeadaban (Ta’addub), Berkembang Sesuai Harapan dalam Keteladanan (Qudwah), Berkembang Sesuai Harapan dalam Musyawarah (Syura), Berkembang Sesuai Harapan Dinamis dan inovatif (Tathawwur wa Ibtikâr) dengan perwujudan sebagai seorang yang memiliki sikap Shaleh Sosial , Integritas, Tanggung Jawab, Kolaboratif, Percaya diri, Disiplin, Berjiwa kompetitif, Berkembang Sesuai Harapan Mandiri, Berkembang Sesuai Harapan Bernalar kritis serta Berkembang Sesuai Harapan kreatifitas yang senantiasa perlu dibimbing dan dikembangkan untuk kesuksesannya di masa depan.'),
(749, 33, 2055638000717, 'Ananda MUHAMMAD BISMA AL ARIF menunjukkan pribadi yang Berkembang Sesuai Harapan dalam Berkeadaban (Ta’addub), Berkembang Sesuai Harapan dalam Keteladanan (Qudwah), Berkembang Sesuai Harapan dalam Musyawarah (Syura), Berkembang Sesuai Harapan Dinamis dan inovatif (Tathawwur wa Ibtikâr) dengan perwujudan sebagai seorang yang memiliki sikap Shaleh Sosial , Integritas, Tanggung Jawab, Kolaboratif, Percaya diri, Disiplin, Berjiwa kompetitif, Berkembang Sesuai Harapan Mandiri, Sangat Berkembang Bernalar kritis serta Sangat Berkembang kreatifitas yang senantiasa perlu dibimbing dan dikembangkan untuk kesuksesannya di masa depan.'),
(750, 33, 2055638000718, 'Ananda MUHAMMAD NASRULLAH KASYAFANI menunjukkan pribadi yang Berkembang Sesuai Harapan dalam Berkeadaban (Ta’addub), Sangat Berkembang dalam Keteladanan (Qudwah), Sangat Berkembang dalam Musyawarah (Syura), Sangat Berkembang Dinamis dan inovatif (Tathawwur wa Ibtikâr) dengan perwujudan sebagai seorang yang memiliki sikap Shaleh Sosial , Integritas, Tanggung Jawab, Kolaboratif, Percaya diri, Disiplin, Berjiwa kompetitif, Sangat Berkembang Mandiri, Sangat Berkembang Bernalar kritis serta Sangat Berkembang kreatifitas yang senantiasa perlu dibimbing dan dikembangkan untuk kesuksesannya di masa depan.'),
(751, 33, 2055638000719, 'Ananda MUHAMMAD RAIHAN MAULANA menunjukkan pribadi yang Berkembang Sesuai Harapan dalam Berkeadaban (Ta’addub), Berkembang Sesuai Harapan dalam Keteladanan (Qudwah), Berkembang Sesuai Harapan dalam Musyawarah (Syura), Berkembang Sesuai Harapan Dinamis dan inovatif (Tathawwur wa Ibtikâr) dengan perwujudan sebagai seorang yang memiliki sikap Shaleh Sosial , Integritas, Tanggung Jawab, Kolaboratif, Percaya diri, Disiplin, Berjiwa kompetitif, Berkembang Sesuai Harapan Mandiri, Berkembang Sesuai Harapan Bernalar kritis serta Berkembang Sesuai Harapan kreatifitas yang senantiasa perlu dibimbing dan dikembangkan untuk kesuksesannya di masa depan.'),
(752, 33, 2055638000720, 'Ananda MUHAMMAD ZAIN PUTRA RAMADHAN menunjukkan pribadi yang Berkembang Sesuai Harapan dalam Berkeadaban (Ta’addub), Sangat Berkembang dalam Keteladanan (Qudwah), Sangat Berkembang dalam Musyawarah (Syura), Sangat Berkembang Dinamis dan inovatif (Tathawwur wa Ibtikâr) dengan perwujudan sebagai seorang yang memiliki sikap Shaleh Sosial , Integritas, Tanggung Jawab, Kolaboratif, Percaya diri, Disiplin, Berjiwa kompetitif, Sangat Berkembang Mandiri, Sangat Berkembang Bernalar kritis serta Sangat Berkembang kreatifitas yang senantiasa perlu dibimbing dan dikembangkan untuk kesuksesannya di masa depan.'),
(753, 33, 2055638000721, 'Ananda NABILA DINDA ZAHRANY menunjukkan pribadi yang Berkembang Sesuai Harapan dalam Berkeadaban (Ta’addub), Berkembang Sesuai Harapan dalam Keteladanan (Qudwah), Berkembang Sesuai Harapan dalam Musyawarah (Syura), Berkembang Sesuai Harapan Dinamis dan inovatif (Tathawwur wa Ibtikâr) dengan perwujudan sebagai seorang yang memiliki sikap Shaleh Sosial , Integritas, Tanggung Jawab, Kolaboratif, Percaya diri, Disiplin, Berjiwa kompetitif, Berkembang Sesuai Harapan Mandiri, Berkembang Sesuai Harapan Bernalar kritis serta Berkembang Sesuai Harapan kreatifitas yang senantiasa perlu dibimbing dan dikembangkan untuk kesuksesannya di masa depan.'),
(754, 33, 2055638000722, 'Ananda RAFIF ELFAHREZA ANDRIAN menunjukkan pribadi yang Berkembang Sesuai Harapan dalam Berkeadaban (Ta’addub), Berkembang Sesuai Harapan dalam Keteladanan (Qudwah), Berkembang Sesuai Harapan dalam Musyawarah (Syura), Berkembang Sesuai Harapan Dinamis dan inovatif (Tathawwur wa Ibtikâr) dengan perwujudan sebagai seorang yang memiliki sikap Shaleh Sosial , Integritas, Tanggung Jawab, Kolaboratif, Percaya diri, Disiplin, Berjiwa kompetitif, Berkembang Sesuai Harapan Mandiri, Berkembang Sesuai Harapan Bernalar kritis serta Berkembang Sesuai Harapan kreatifitas yang senantiasa perlu dibimbing dan dikembangkan untuk kesuksesannya di masa depan.'),
(755, 33, 2055638000723, 'Ananda RAISYAH MAKRIFAH KARIMAH menunjukkan pribadi yang Berkembang Sesuai Harapan dalam Berkeadaban (Ta’addub), Sangat Berkembang dalam Keteladanan (Qudwah), Sangat Berkembang dalam Musyawarah (Syura), Sangat Berkembang Dinamis dan inovatif (Tathawwur wa Ibtikâr) dengan perwujudan sebagai seorang yang memiliki sikap Shaleh Sosial , Integritas, Tanggung Jawab, Kolaboratif, Percaya diri, Disiplin, Berjiwa kompetitif, Sangat Berkembang Mandiri, Sangat Berkembang Bernalar kritis serta Sangat Berkembang kreatifitas yang senantiasa perlu dibimbing dan dikembangkan untuk kesuksesannya di masa depan.'),
(756, 33, 2055638000724, 'Ananda RASYA ATHAYA RAFIZQI menunjukkan pribadi yang Berkembang Sesuai Harapan dalam Berkeadaban (Ta’addub), Berkembang Sesuai Harapan dalam Keteladanan (Qudwah), Berkembang Sesuai Harapan dalam Musyawarah (Syura), Berkembang Sesuai Harapan Dinamis dan inovatif (Tathawwur wa Ibtikâr) dengan perwujudan sebagai seorang yang memiliki sikap Shaleh Sosial , Integritas, Tanggung Jawab, Kolaboratif, Percaya diri, Disiplin, Berjiwa kompetitif, Berkembang Sesuai Harapan Mandiri, Berkembang Sesuai Harapan Bernalar kritis serta Berkembang Sesuai Harapan kreatifitas yang senantiasa perlu dibimbing dan dikembangkan untuk kesuksesannya di masa depan.'),
(757, 33, 2055638000725, 'Ananda REYGAN RAFISQY ARFIAN menunjukkan pribadi yang Berkembang Sesuai Harapan dalam Berkeadaban (Ta’addub), Sangat Berkembang dalam Keteladanan (Qudwah), Sangat Berkembang dalam Musyawarah (Syura), Sangat Berkembang Dinamis dan inovatif (Tathawwur wa Ibtikâr) dengan perwujudan sebagai seorang yang memiliki sikap Shaleh Sosial , Integritas, Tanggung Jawab, Kolaboratif, Percaya diri, Disiplin, Berjiwa kompetitif, Sangat Berkembang Mandiri, Sangat Berkembang Bernalar kritis serta Sangat Berkembang kreatifitas yang senantiasa perlu dibimbing dan dikembangkan untuk kesuksesannya di masa depan.'),
(758, 33, 2055638000726, 'Ananda TALITA RAHMA PUTRI menunjukkan pribadi yang Berkembang Sesuai Harapan dalam Berkeadaban (Ta’addub), Berkembang Sesuai Harapan dalam Keteladanan (Qudwah), Berkembang Sesuai Harapan dalam Musyawarah (Syura), Berkembang Sesuai Harapan Dinamis dan inovatif (Tathawwur wa Ibtikâr) dengan perwujudan sebagai seorang yang memiliki sikap Shaleh Sosial , Integritas, Tanggung Jawab, Kolaboratif, Percaya diri, Disiplin, Berjiwa kompetitif, Berkembang Sesuai Harapan Mandiri, Berkembang Sesuai Harapan Bernalar kritis serta Berkembang Sesuai Harapan kreatifitas yang senantiasa perlu dibimbing dan dikembangkan untuk kesuksesannya di masa depan.'),
(759, 33, 2055638000716, 'Ananda MUHAMMAD GOFAR FIRDAUS menunjukkan pribadi yang Berkembang Sesuai Harapan dalam Berkeadaban (Ta’addub), Berkembang Sesuai Harapan dalam Keteladanan (Qudwah), Berkembang Sesuai Harapan dalam Musyawarah (Syura), Sedang Berkembang Dinamis dan inovatif (Tathawwur wa Ibtikâr) dengan perwujudan sebagai seorang yang memiliki sikap Shaleh Sosial , Integritas, Tanggung Jawab, Kolaboratif, Percaya diri, Disiplin, Berjiwa kompetitif, Berkembang Sesuai Harapan Mandiri, Sedang Berkembang Bernalar kritis serta Sedang Berkembang kreatifitas yang senantiasa perlu dibimbing dan dikembangkan untuk kesuksesannya di masa depan.'),
(760, 32, 2055638000563, 'Ananda ABDULLAH FAIZ. Menunjukkan pribadi yang Berkembang Sesuai Harapan dalam Berkeadaban (Ta’addub),Berkembang Sesuai Harapan dalam Keteladanan (Qudwah), Berkembang Sesuai Harapan Musyawarah (Syūra), Berkembang Sesuai Harapan Dinamis dan inovatif (Tathawwur wa Ibtikâr) , Keteladanan (Qudwah), dengan perwujudan sebagai seorang yang memiliki sikap Shaleh Sosial , Integritas, Tanggung Jawab, Kolaboratif, Percaya diri, Disiplin, Berjiwa kompetitif, Berkembang Sesuai Harapan Mandiri, Berkembang Sesuai Harapan Bernalar kritis serta Berkembang Sesuai Harapan kreatifitas yang senantiasa perlu dibimbing dan dikembangkan untuk kesuksesannya di masa depan'),
(761, 32, 2055638000564, 'Ananda AISHA FARHANA KIZ SUNDASAH. Menunjukkan pribadi yang Berkembang Sesuai Harapan dalam Berkeadaban (Ta’addub),Berkembang Sesuai Harapan dalam Keteladanan (Qudwah Berkembang Sesuai Harapan Musyawarah (Syūra), Berkembang Sesuai Harapan Dinamis dan inovatif (Tathawwur wa Ibtikâr) , Keteladanan (Qudwah), dengan perwujudan sebagai seorang yang memiliki sikap Shaleh Sosial , Integritas, Tanggung Jawab, Kolaboratif, Percaya diri, Disiplin, Berjiwa kompetitif, Berkembang Sesuai Harapan Mandiri, Sangat Berkembang Bernalar kritis serta Berkembang Sesuai Harapan kreatifitas yang senantiasa perlu dibimbing dan dikembangkan untuk kesuksesannya di masa depan'),
(762, 32, 2055638000565, 'Ananda ALFATHAN HAMIZAN SISWONO. Menunjukkan pribadi yang Berkembang Sesuai Harapan dalam Berkeadaban (Ta’addub),Berkembang Sesuai Harapan dalam Keteladanan (Qudwah), Berkembang Sesuai Harapan Musyawarah (Syūra), Berkembang Sesuai Harapan Dinamis dan inovatif (Tathawwur wa Ibtikâr) , Keteladanan (Qudwah), dengan perwujudan sebagai seorang yang memiliki sikap Shaleh Sosial , Integritas, Tanggung Jawab, Kolaboratif, Percaya diri, Disiplin, Berjiwa kompetitif, Berkembang Sesuai Harapan Mandiri, Berkembang Sesuai Harapan Bernalar kritis serta Berkembang Sesuai Harapan kreatifitas yang senantiasa perlu dibimbing dan dikembangkan untuk kesuksesannya di masa depan'),
(763, 32, 2055638000566, 'Ananda AMIR PRADITYA MUHAMMAD. Menunjukkan pribadi yang Berkembang Sesuai Harapan dalam Berkeadaban (Ta’addub),Berkembang Sesuai Harapan dalam Keteladanan (Qudwah), Berkembang Sesuai Harapan Musyawarah (Syūra), Berkembang Sesuai Harapan Dinamis dan inovatif (Tathawwur wa Ibtikâr) , Keteladanan (Qudwah), dengan perwujudan sebagai seorang yang memiliki sikap Shaleh Sosial , Integritas, Tanggung Jawab, Kolaboratif, Percaya diri, Disiplin, Berjiwa kompetitif, Berkembang Sesuai Harapan Mandiri, Berkembang Sesuai Harapan Bernalar kritis serta Berkembang Sesuai Harapan kreatifitas yang senantiasa perlu dibimbing dan dikembangkan untuk kesuksesannya di masa depan'),
(764, 32, 2055638000567, 'Ananda ANANDA NUR IFFAT SHOFIA. Menunjukkan pribadi yang Berkembang Sesuai Harapan dalam Berkeadaban (Ta’addub),Berkembang Sesuai Harapan dalam Keteladanan (Qudwah), Berkembang Sesuai Harapan Musyawarah (Syūra), Berkembang Sesuai Harapan Dinamis dan inovatif (Tathawwur wa Ibtikâr) , Keteladanan (Qudwah), dengan perwujudan sebagai seorang yang memiliki sikap Shaleh Sosial , Integritas, Tanggung Jawab, Kolaboratif, Percaya diri, Disiplin, Berjiwa kompetitif, Berkembang Sesuai Harapan Mandiri, Berkembang Sesuai Harapan Bernalar kritis serta Berkembang Sesuai Harapan kreatifitas yang senantiasa perlu dibimbing dan dikembangkan untuk kesuksesannya di masa depan'),
(765, 32, 2055638000568, 'Ananda ANINDYA FATHINA AZZAHRA. Menunjukkan pribadi yang Berkembang Sesuai Harapan dalam Berkeadaban (Ta’addub),Berkembang Sesuai Harapan dalam Keteladanan (Qudwah Berkembang Sesuai Harapan Musyawarah (Syūra), Sangat Berkembang Dinamis dan inovatif (Tathawwur wa Ibtikâr) , Keteladanan (Qudwah), dengan perwujudan sebagai seorang yang memiliki sikap Shaleh Sosial , Integritas, Tanggung Jawab, Kolaboratif, Percaya diri, Disiplin, Berjiwa kompetitif, Berkembang Sesuai Harapan Mandiri, Sangat Berkembang Bernalar kritis serta Sangat Berkembang kreatifitas yang senantiasa perlu dibimbing dan dikembangkan untuk kesuksesannya di masa depan'),
(766, 32, 2055638000569, 'Ananda ARSYLA RAHMADANIA NUR ABDULLAH. Menunjukkan pribadi yang Berkembang Sesuai Harapan dalam Berkeadaban (Ta’addub),Berkembang Sesuai Harapan dalam Keteladanan (Qudwah), Berkembang Sesuai Harapan Musyawarah (Syūra), Berkembang Sesuai Harapan Dinamis dan inovatif (Tathawwur wa Ibtikâr) , Keteladanan (Qudwah), dengan perwujudan sebagai seorang yang memiliki sikap Shaleh Sosial , Integritas, Tanggung Jawab, Kolaboratif, Percaya diri, Disiplin, Berjiwa kompetitif, Berkembang Sesuai Harapan Mandiri, Berkembang Sesuai Harapan Bernalar kritis serta Sangat Berkembang kreatifitas yang senantiasa perlu dibimbing dan dikembangkan untuk kesuksesannya di masa depan'),
(767, 32, 2055638000570, 'Ananda BEN TSANI QALIFA WIBAWA. Menunjukkan pribadi yang Berkembang Sesuai Harapan dalam Berkeadaban (Ta’addub),Berkembang Sesuai Harapan dalam Keteladanan (Qudwah), Berkembang Sesuai Harapan Musyawarah (Syūra), Berkembang Sesuai Harapan Dinamis dan inovatif (Tathawwur wa Ibtikâr) , Keteladanan (Qudwah), dengan perwujudan sebagai seorang yang memiliki sikap Shaleh Sosial , Integritas, Tanggung Jawab, Kolaboratif, Percaya diri, Disiplin, Berjiwa kompetitif, Berkembang Sesuai Harapan Mandiri, Berkembang Sesuai Harapan Bernalar kritis serta Berkembang Sesuai Harapan kreatifitas yang senantiasa perlu dibimbing dan dikembangkan untuk kesuksesannya di masa depan'),
(768, 32, 2055638000571, 'Ananda DAVID SULAIMAN. Menunjukkan pribadi yang Berkembang Sesuai Harapan dalam Berkeadaban (Ta’addub),Berkembang Sesuai Harapan dalam Keteladanan (Qudwah), Berkembang Sesuai Harapan Musyawarah (Syūra), Berkembang Sesuai Harapan Dinamis dan inovatif (Tathawwur wa Ibtikâr) , Keteladanan (Qudwah), dengan perwujudan sebagai seorang yang memiliki sikap Shaleh Sosial , Integritas, Tanggung Jawab, Kolaboratif, Percaya diri, Disiplin, Berjiwa kompetitif, Berkembang Sesuai Harapan Mandiri, Berkembang Sesuai Harapan Bernalar kritis serta Berkembang Sesuai Harapan kreatifitas yang senantiasa perlu dibimbing dan dikembangkan untuk kesuksesannya di masa depan'),
(769, 32, 2055638000572, 'Ananda DIMAS PUTRA PRATAMA. Menunjukkan pribadi yang Berkembang Sesuai Harapan dalam Berkeadaban (Ta’addub),Berkembang Sesuai Harapan dalam Keteladanan (Qudwah), Berkembang Sesuai Harapan Musyawarah (Syūra), Berkembang Sesuai Harapan Dinamis dan inovatif (Tathawwur wa Ibtikâr) , Keteladanan (Qudwah), dengan perwujudan sebagai seorang yang memiliki sikap Shaleh Sosial , Integritas, Tanggung Jawab, Kolaboratif, Percaya diri, Disiplin, Berjiwa kompetitif, Berkembang Sesuai Harapan Mandiri, Berkembang Sesuai Harapan Bernalar kritis serta Berkembang Sesuai Harapan kreatifitas yang senantiasa perlu dibimbing dan dikembangkan untuk kesuksesannya di masa depan'),
(770, 32, 2055638000573, 'Ananda FATIMAH AZ-ZAHRA. Menunjukkan pribadi yang Berkembang Sesuai Harapan dalam Berkeadaban (Ta’addub),Berkembang Sesuai Harapan dalam Keteladanan (Qudwah), Berkembang Sesuai Harapan Musyawarah (Syūra), Berkembang Sesuai Harapan Dinamis dan inovatif (Tathawwur wa Ibtikâr) , Keteladanan (Qudwah), dengan perwujudan sebagai seorang yang memiliki sikap Shaleh Sosial , Integritas, Tanggung Jawab, Kolaboratif, Percaya diri, Disiplin, Berjiwa kompetitif, Berkembang Sesuai Harapan Mandiri, Berkembang Sesuai Harapan Bernalar kritis serta Berkembang Sesuai Harapan kreatifitas yang senantiasa perlu dibimbing dan dikembangkan untuk kesuksesannya di masa depan'),
(771, 32, 2055638000574, 'Ananda FINN ABRIZAM NOLANDANA BUDI. Menunjukkan pribadi yang Berkembang Sesuai Harapan dalam Berkeadaban (Ta’addub),Berkembang Sesuai Harapan dalam Keteladanan (Qudwah Berkembang Sesuai Harapan Musyawarah (Syūra), Sangat Berkembang Dinamis dan inovatif (Tathawwur wa Ibtikâr) , Keteladanan (Qudwah), dengan perwujudan sebagai seorang yang memiliki sikap Shaleh Sosial , Integritas, Tanggung Jawab, Kolaboratif, Percaya diri, Disiplin, Berjiwa kompetitif, Berkembang Sesuai Harapan Mandiri, Sangat Berkembang Bernalar kritis serta Sangat Berkembang kreatifitas yang senantiasa perlu dibimbing dan dikembangkan untuk kesuksesannya di masa depan'),
(772, 32, 2055638000575, 'Ananda GIBRAN ARSA ATALLA HAKIM. Menunjukkan pribadi yang Berkembang Sesuai Harapan dalam Berkeadaban (Ta’addub),Berkembang Sesuai Harapan dalam Keteladanan (Qudwah Berkembang Sesuai Harapan Musyawarah (Syūra), Berkembang Sesuai Harapan Dinamis dan inovatif (Tathawwur wa Ibtikâr) , Keteladanan (Qudwah), dengan perwujudan sebagai seorang yang memiliki sikap Shaleh Sosial , Integritas, Tanggung Jawab, Kolaboratif, Percaya diri, Disiplin, Berjiwa kompetitif, Berkembang Sesuai Harapan Mandiri, Sangat Berkembang Bernalar kritis serta Berkembang Sesuai Harapan kreatifitas yang senantiasa perlu dibimbing dan dikembangkan untuk kesuksesannya di masa depan'),
(773, 32, 2055638000576, 'Ananda HIZAM AL GHAZALI ASHARI. Menunjukkan pribadi yang Berkembang Sesuai Harapan dalam Berkeadaban (Ta’addub),Berkembang Sesuai Harapan dalam Keteladanan (Qudwah Berkembang Sesuai Harapan Musyawarah (Syūra), Sangat Berkembang Dinamis dan inovatif (Tathawwur wa Ibtikâr) , Keteladanan (Qudwah), dengan perwujudan sebagai seorang yang memiliki sikap Shaleh Sosial , Integritas, Tanggung Jawab, Kolaboratif, Percaya diri, Disiplin, Berjiwa kompetitif, Berkembang Sesuai Harapan Mandiri, Sangat Berkembang Bernalar kritis serta Sangat Berkembang kreatifitas yang senantiasa perlu dibimbing dan dikembangkan untuk kesuksesannya di masa depan'),
(774, 32, 2055638000577, 'Ananda KENZIE ALMA RAMADHAN. Menunjukkan pribadi yang Berkembang Sesuai Harapan dalam Berkeadaban (Ta’addub),Berkembang Sesuai Harapan dalam Keteladanan (Qudwah Berkembang Sesuai Harapan Musyawarah (Syūra), Berkembang Sesuai Harapan Dinamis dan inovatif (Tathawwur wa Ibtikâr) , Keteladanan (Qudwah), dengan perwujudan sebagai seorang yang memiliki sikap Shaleh Sosial , Integritas, Tanggung Jawab, Kolaboratif, Percaya diri, Disiplin, Berjiwa kompetitif, Berkembang Sesuai Harapan Mandiri, Sangat Berkembang Bernalar kritis serta Berkembang Sesuai Harapan kreatifitas yang senantiasa perlu dibimbing dan dikembangkan untuk kesuksesannya di masa depan'),
(775, 32, 2055638000578, 'Ananda M. FIRAYZA FATHAN AL HAFIZI. Menunjukkan pribadi yang Berkembang Sesuai Harapan dalam Berkeadaban (Ta’addub),Berkembang Sesuai Harapan dalam Keteladanan (Qudwah Berkembang Sesuai Harapan Musyawarah (Syūra), Sangat Berkembang Dinamis dan inovatif (Tathawwur wa Ibtikâr) , Keteladanan (Qudwah), dengan perwujudan sebagai seorang yang memiliki sikap Shaleh Sosial , Integritas, Tanggung Jawab, Kolaboratif, Percaya diri, Disiplin, Berjiwa kompetitif, Berkembang Sesuai Harapan Mandiri, Sangat Berkembang Bernalar kritis serta Sangat Berkembang kreatifitas yang senantiasa perlu dibimbing dan dikembangkan untuk kesuksesannya di masa depan'),
(776, 32, 2055638000579, 'Ananda MOH. ABHIZAR AL FATIH.  Menunjukkan pribadi yang Berkembang Sesuai Harapan dalam Berkeadaban (Ta’addub),Berkembang Sesuai Harapan dalam Keteladanan (Qudwah), Berkembang Sesuai Harapan Musyawarah (Syūra), Berkembang Sesuai Harapan Dinamis dan inovatif (Tathawwur wa Ibtikâr) , Keteladanan (Qudwah), dengan perwujudan sebagai seorang yang memiliki sikap Shaleh Sosial , Integritas, Tanggung Jawab, Kolaboratif, Percaya diri, Disiplin, Berjiwa kompetitif, Berkembang Sesuai Harapan Mandiri, Berkembang Sesuai Harapan Bernalar kritis serta Berkembang Sesuai Harapan kreatifitas yang senantiasa perlu dibimbing dan dikembangkan untuk kesuksesannya di masa depan'),
(777, 32, 2055638000580, 'Ananda MUHAMMAD ALBI ALFARIZKY. Menunjukkan pribadi yang Berkembang Sesuai Harapan dalam Berkeadaban (Ta’addub),Berkembang Sesuai Harapan dalam Keteladanan (Qudwah), Berkembang Sesuai Harapan Musyawarah (Syūra), Berkembang Sesuai Harapan Dinamis dan inovatif (Tathawwur wa Ibtikâr) , Keteladanan (Qudwah), dengan perwujudan sebagai seorang yang memiliki sikap Shaleh Sosial , Integritas, Tanggung Jawab, Kolaboratif, Percaya diri, Disiplin, Berjiwa kompetitif, Berkembang Sesuai Harapan Mandiri, Berkembang Sesuai Harapan Bernalar kritis serta Berkembang Sesuai Harapan kreatifitas yang senantiasa perlu dibimbing dan dikembangkan untuk kesuksesannya di masa depan'),
(778, 32, 2055638000582, 'Ananda MUHAMMAD ALI FAKHRI. Menunjukkan pribadi yang Berkembang Sesuai Harapan dalam Berkeadaban (Ta’addub),Berkembang Sesuai Harapan dalam Keteladanan (Qudwah), Berkembang Sesuai Harapan Musyawarah (Syūra), Berkembang Sesuai Harapan Dinamis dan inovatif (Tathawwur wa Ibtikâr) , Keteladanan (Qudwah), dengan perwujudan sebagai seorang yang memiliki sikap Shaleh Sosial , Integritas, Tanggung Jawab, Kolaboratif, Percaya diri, Disiplin, Berjiwa kompetitif, Berkembang Sesuai Harapan Mandiri, Berkembang Sesuai Harapan Bernalar kritis serta Berkembang Sesuai Harapan kreatifitas yang senantiasa perlu dibimbing dan dikembangkan untuk kesuksesannya di masa depan'),
(779, 32, 2055638000584, 'Ananda MUHAMMAD PUTU LATIF AL-KAFI. Menunjukkan pribadi yang Berkembang Sesuai Harapan dalam Berkeadaban (Ta’addub),Berkembang Sesuai Harapan dalam Keteladanan (Qudwah), Berkembang Sesuai Harapan Musyawarah (Syūra), Berkembang Sesuai Harapan Dinamis dan inovatif (Tathawwur wa Ibtikâr) , Keteladanan (Qudwah), dengan perwujudan sebagai seorang yang memiliki sikap Shaleh Sosial , Integritas, Tanggung Jawab, Kolaboratif, Percaya diri, Disiplin, Berjiwa kompetitif, Berkembang Sesuai Harapan Mandiri, Berkembang Sesuai Harapan Bernalar kritis serta Berkembang Sesuai Harapan kreatifitas yang senantiasa perlu dibimbing dan dikembangkan untuk kesuksesannya di masa depan'),
(780, 32, 2055638000585, 'Ananda MUHAMMAD SULTAN NAZHIRUL ZAFRAN. Menunjukkan pribadi yang Berkembang Sesuai Harapan dalam Berkeadaban (Ta’addub),Berkembang Sesuai Harapan dalam Keteladanan (Qudwah), Berkembang Sesuai Harapan Musyawarah (Syūra), Berkembang Sesuai Harapan Dinamis dan inovatif (Tathawwur wa Ibtikâr) , Keteladanan (Qudwah), dengan perwujudan sebagai seorang yang memiliki sikap Shaleh Sosial , Integritas, Tanggung Jawab, Kolaboratif, Percaya diri, Disiplin, Berjiwa kompetitif, Berkembang Sesuai Harapan Mandiri, Sangat Berkembang Bernalar kritis serta Berkembang Sesuai Harapan kreatifitas yang senantiasa perlu dibimbing dan dikembangkan untuk kesuksesannya di masa depan'),
(781, 32, 2055638000587, 'Ananda NADIFA ANASTASYA PUTRI. Menunjukkan pribadi yang Berkembang Sesuai Harapan dalam Berkeadaban (Ta’addub),Berkembang Sesuai Harapan dalam Keteladanan (Qudwah), Berkembang Sesuai Harapan Musyawarah (Syūra), Berkembang Sesuai Harapan Dinamis dan inovatif (Tathawwur wa Ibtikâr) , Keteladanan (Qudwah), dengan perwujudan sebagai seorang yang memiliki sikap Shaleh Sosial , Integritas, Tanggung Jawab, Kolaboratif, Percaya diri, Disiplin, Berjiwa kompetitif, Berkembang Sesuai Harapan Mandiri, Berkembang Sesuai Harapan Bernalar kritis serta Berkembang Sesuai Harapan kreatifitas yang senantiasa perlu dibimbing dan dikembangkan untuk kesuksesannya di masa depan'),
(782, 32, 2055638000588, 'Ananda NAJWA ANISA MAULIDA. Menunjukkan pribadi yang Berkembang Sesuai Harapan dalam Berkeadaban (Ta’addub),Berkembang Sesuai Harapan dalam Keteladanan (Qudwah), Berkembang Sesuai Harapan Musyawarah (Syūra), Berkembang Sesuai Harapan Dinamis dan inovatif (Tathawwur wa Ibtikâr) , Keteladanan (Qudwah), dengan perwujudan sebagai seorang yang memiliki sikap Shaleh Sosial , Integritas, Tanggung Jawab, Kolaboratif, Percaya diri, Disiplin, Berjiwa kompetitif, Berkembang Sesuai Harapan Mandiri, Berkembang Sesuai Harapan Bernalar kritis serta Berkembang Sesuai Harapan kreatifitas yang senantiasa perlu dibimbing dan dikembangkan untuk kesuksesannya di masa depan'),
(783, 32, 2055638000589, 'Ananda QUEENSHA KIRANA PRALOVIDA. Menunjukkan pribadi yang Berkembang Sesuai Harapan dalam Berkeadaban (Ta’addub),Berkembang Sesuai Harapan dalam Keteladanan (Qudwah Berkembang Sesuai Harapan Musyawarah (Syūra), Berkembang Sesuai Harapan Dinamis dan inovatif (Tathawwur wa Ibtikâr) , Keteladanan (Qudwah), dengan perwujudan sebagai seorang yang memiliki sikap Shaleh Sosial , Integritas, Tanggung Jawab, Kolaboratif, Percaya diri, Disiplin, Berjiwa kompetitif, Berkembang Sesuai Harapan Mandiri, Sangat Berkembang Bernalar kritis serta Berkembang Sesuai Harapan kreatifitas yang senantiasa perlu dibimbing dan dikembangkan untuk kesuksesannya di masa depan'),
(784, 32, 2055638000590, 'Ananda RAHMA AULIA BASRI. Menunjukkan pribadi yang Berkembang Sesuai Harapan dalam Berkeadaban (Ta’addub),Berkembang Sesuai Harapan dalam Keteladanan (Qudwah), Berkembang Sesuai Harapan Musyawarah (Syūra), Berkembang Sesuai Harapan Dinamis dan inovatif (Tathawwur wa Ibtikâr) , Keteladanan (Qudwah), dengan perwujudan sebagai seorang yang memiliki sikap Shaleh Sosial , Integritas, Tanggung Jawab, Kolaboratif, Percaya diri, Disiplin, Berjiwa kompetitif, Berkembang Sesuai Harapan Mandiri, Berkembang Sesuai Harapan Bernalar kritis serta Berkembang Sesuai Harapan kreatifitas yang senantiasa perlu dibimbing dan dikembangkan untuk kesuksesannya di masa depan'),
(785, 32, 2055638000592, 'Ananda RAYA MUFIA. Menunjukkan pribadi yang Berkembang Sesuai Harapan dalam Berkeadaban (Ta’addub),Berkembang Sesuai Harapan dalam Keteladanan (Qudwah), Berkembang Sesuai Harapan Musyawarah (Syūra), Berkembang Sesuai Harapan Dinamis dan inovatif (Tathawwur wa Ibtikâr) , Keteladanan (Qudwah), dengan perwujudan sebagai seorang yang memiliki sikap Shaleh Sosial , Integritas, Tanggung Jawab, Kolaboratif, Percaya diri, Disiplin, Berjiwa kompetitif, Berkembang Sesuai Harapan Mandiri, Berkembang Sesuai Harapan Bernalar kritis serta Berkembang Sesuai Harapan kreatifitas yang senantiasa perlu dibimbing dan dikembangkan untuk kesuksesannya di masa depan'),
(786, 32, 2055638000593, 'Ananda RINJANI ALIKA NAYLALITHA. Menunjukkan pribadi yang Berkembang Sesuai Harapan dalam Berkeadaban (Ta’addub),Berkembang Sesuai Harapan dalam Keteladanan (Qudwah), Berkembang Sesuai Harapan Musyawarah (Syūra), Berkembang Sesuai Harapan Dinamis dan inovatif (Tathawwur wa Ibtikâr) , Keteladanan (Qudwah), dengan perwujudan sebagai seorang yang memiliki sikap Shaleh Sosial , Integritas, Tanggung Jawab, Kolaboratif, Percaya diri, Disiplin, Berjiwa kompetitif, Berkembang Sesuai Harapan Mandiri, Berkembang Sesuai Harapan Bernalar kritis serta Berkembang Sesuai Harapan kreatifitas yang senantiasa perlu dibimbing dan dikembangkan untuk kesuksesannya di masa depan'),
(787, 32, 2055638000594, 'Ananda SHANDI IRAWAN PERMANA. Menunjukkan pribadi yang Berkembang Sesuai Harapan dalam Berkeadaban (Ta’addub),Berkembang Sesuai Harapan dalam Keteladanan (Qudwah), Berkembang Sesuai Harapan Musyawarah (Syūra), Berkembang Sesuai Harapan Dinamis dan inovatif (Tathawwur wa Ibtikâr) , Keteladanan (Qudwah), dengan perwujudan sebagai seorang yang memiliki sikap Shaleh Sosial , Integritas, Tanggung Jawab, Kolaboratif, Percaya diri, Disiplin, Berjiwa kompetitif, Berkembang Sesuai Harapan Mandiri, Berkembang Sesuai Harapan Bernalar kritis serta Berkembang Sesuai Harapan kreatifitas yang senantiasa perlu dibimbing dan dikembangkan untuk kesuksesannya di masa depan'),
(788, 32, 2055638000595, 'Ananda SHAZIA MARITZA AFIQA. Menunjukkan pribadi yang Berkembang Sesuai Harapan dalam Berkeadaban (Ta’addub),Berkembang Sesuai Harapan dalam Keteladanan (Qudwah Berkembang Sesuai Harapan Musyawarah (Syūra), Sangat Berkembang Dinamis dan inovatif (Tathawwur wa Ibtikâr) , Keteladanan (Qudwah), dengan perwujudan sebagai seorang yang memiliki sikap Shaleh Sosial , Integritas, Tanggung Jawab, Kolaboratif, Percaya diri, Disiplin, Berjiwa kompetitif, Berkembang Sesuai Harapan Mandiri, Sangat Berkembang Bernalar kritis serta Sangat Berkembang kreatifitas yang senantiasa perlu dibimbing dan dikembangkan untuk kesuksesannya di masa depan'),
(789, 32, 2055638000596, 'Ananda SHIZA ALIYAH ASHARI. Menunjukkan pribadi yang Berkembang Sesuai Harapan dalam Berkeadaban (Ta’addub),Berkembang Sesuai Harapan dalam Keteladanan (Qudwah), Berkembang Sesuai Harapan Musyawarah (Syūra), Berkembang Sesuai Harapan Dinamis dan inovatif (Tathawwur wa Ibtikâr) , Keteladanan (Qudwah), dengan perwujudan sebagai seorang yang memiliki sikap Shaleh Sosial , Integritas, Tanggung Jawab, Kolaboratif, Percaya diri, Disiplin, Berjiwa kompetitif, Berkembang Sesuai Harapan Mandiri, Berkembang Sesuai Harapan Bernalar kritis serta Sangat Berkembang kreatifitas yang senantiasa perlu dibimbing dan dikembangkan untuk kesuksesannya di masa depan'),
(790, 32, 2055638000597, 'Ananda ZIYAN ALZAM MALIK WAHYUDI. Menunjukkan pribadi yang Berkembang Sesuai Harapan dalam Berkeadaban (Ta’addub),Berkembang Sesuai Harapan dalam Keteladanan (Qudwah), Berkembang Sesuai Harapan Musyawarah (Syūra), Berkembang Sesuai Harapan Dinamis dan inovatif (Tathawwur wa Ibtikâr) , Keteladanan (Qudwah), dengan perwujudan sebagai seorang yang memiliki sikap Shaleh Sosial , Integritas, Tanggung Jawab, Kolaboratif, Percaya diri, Disiplin, Berjiwa kompetitif, Berkembang Sesuai Harapan Mandiri, Berkembang Sesuai Harapan Bernalar kritis serta Berkembang Sesuai Harapan kreatifitas yang senantiasa perlu dibimbing dan dikembangkan untuk kesuksesannya di masa depan'),
(791, 30, 2055638000036, 'Ananda AHMAD ALMGHOZAL menunjukkan pribadi yang Sedang Berkembang dalam Berkeadaban (Ta’addub),Sedang Berkembang dalam Keteladanan (Qudwah), Berkembang sesuai harapan Musyawarah (Syūra), sedang Berkembang Dinamis dan inovatif (Tathawwur wa Ibtikâr) , Keteladanan (Qudwah), dengan perwujudan sebagai seorang yang memiliki sikap Shaleh Sosial , Integritas, Tanggung Jawab, Kolaboratif, Percaya diri, Disiplin, Berjiwa kompetitif, Sedang Berkembang Mandiri, Mulai berkembang Bernalar kritis serta sedang berkembang kreatifitas yang senantiasa perlu dibimbing dan dikembangkan untuk kesuksesannya di masa depan'),
(792, 30, 2055638000511, '\"Ananda AHMAD FAIZ MUBAROK  menunjukkan pribadi yang  sedang berkembang   dalam Berkeadaban (Ta’addub),Sedang Berkembang dalam Keteladanan (Qudwah), Berkembang sesuai harapan Musyawarah (Syūra), Sudah Berkembang Dinamis dan inovatif (Tathawwur wa Ibtikâr) , Keteladanan (Qudwah), dengan perwujudan sebagai seorang yang memiliki sikap Shaleh Sosial , Integritas, Tanggung Jawab, Kolaboratif, Percaya diri, Disiplin, Berjiwa kompetitif, Sedang Berkembang Mandiri, sedang berkembang sesuai harapan Bernalar kritis serta Berkembang Sesuai Harapan kreatifitas yang senantiasa perlu dibimbing dan dikembangkan untuk kesuksesannya di masa depan'),
(793, 30, 2055638000070, '\"Ananda AL FATIH RIZKY WIBOWA menunjukkan pribadi yang Berkembang Sesuai Harapan dalam Berkeadaban (Ta’addub),Sedang Berkembang dalam Keteladanan (Qudwah), Berkembang sesuai harapan Musyawarah (Syūra), Sudah Berkembang Dinamis dan inovatif (Tathawwur wa Ibtikâr) , Keteladanan (Qudwah), dengan perwujudan sebagai seorang yang memiliki sikap Shaleh Sosial , Integritas, Tanggung Jawab, Kolaboratif, Percaya diri, Disiplin, Berjiwa kompetitif, Sedang Berkembang Mandiri, sedang berkembang sesuai harapan Bernalar kritis serta Berkembang Sesuai Harapan kreatifitas yang senantiasa perlu dibimbing dan dikembangkan untuk kesuksesannya di masa depan'),
(794, 30, 2055638000071, '\"Ananda AL GHOZALI TSAQIB menunjukkan pribadi yang Berkembang Sesuai Harapan dalam Berkeadaban (Ta’addub),Sedang Berkembang dalam Keteladanan (Qudwah), Berkembang sesuai harapan Musyawarah (Syūra), Sudah Berkembang Dinamis dan inovatif (Tathawwur wa Ibtikâr) , Keteladanan (Qudwah), dengan perwujudan sebagai seorang yang memiliki sikap Shaleh Sosial , Integritas, Tanggung Jawab, Kolaboratif, Percaya diri, Disiplin, Berjiwa kompetitif, Sedang Berkembang Mandiri, sedang berkembang sesuai harapan Bernalar kritis serta Berkembang Sesuai Harapan kreatifitas yang senantiasa perlu dibimbing dan dikembangkan untuk kesuksesannya di masa depan \"'),
(795, 30, 2055638000528, '\"Ananda ALLYA RAFANIA RAISAPUTRI menunjukkan pribadi yang Berkembang Sesuai Harapan dalam Berkeadaban (Ta’addub), Berkembang Sesuai Harapan dalam Keteladanan (Qudwah), Berkembang sesuai harapan Musyawarah (Syūra), Sudah Berkembang Dinamis dan inovatif (Tathawwur wa Ibtikâr) , Keteladanan (Qudwah), dengan perwujudan sebagai seorang yang memiliki sikap Shaleh Sosial , Integritas, Tanggung Jawab, Kolaboratif, Percaya diri, Disiplin, Berjiwa kompetitif, Sedang Berkembang Mandiri, Sedang berkembang sesuai harapan Bernalar kritis serta Sedang Berkembang sesuai Harapan kreatifitas yang senantiasa perlu dibimbing dan dikembangkan untuk kesuksesannya di masa depan \"'),
(796, 30, 2055638000072, 'Ananda ALYA NASRUDIN menunjukkan pribadi yang Berkembang Sesuai Harapan dalam Berkeadaban (Ta’addub),Sedang Berkembang dalam Keteladanan (Qudwah), Berkembang sesuai harapan Musyawarah (Syūra), Sudah Berkembang Dinamis dan inovatif (Tathawwur wa Ibtikâr) , Keteladanan (Qudwah), dengan perwujudan sebagai seorang yang memiliki sikap Shaleh Sosial , Integritas, Tanggung Jawab, Kolaboratif, Percaya diri, Disiplin, Berjiwa kompetitif, Berkembang sesuai harapan sikap Mandiri, Berkembang sesuai harapan Bernalar kritis serta Berkembang Sesuai Harapan kreatifitas yang senantiasa perlu dibimbing dan dikembangkan untuk kesuksesannya di masa depan'),
(797, 30, 2055638000623, 'Ananda ARINA MAQSURO menunjukkan pribadi yang Sedang Berkembang dalam Berkeadaban (Ta’addub),Sedang Berkembang dalam Keteladanan (Qudwah), Berkembang sesuai harapan Musyawarah (Syūra), Sedang Berkembang Dinamis dan inovatif (Tathawwur wa Ibtikâr) , Keteladanan (Qudwah), dengan perwujudan sebagai seorang yang memiliki sikap Shaleh Sosial , Integritas, Tanggung Jawab, Kolaboratif, Percaya diri, Disiplin, Berjiwa kompetitif, Sedang Berkembang Mandiri, Mulai berkembang Bernalar kritis serta Sedang Berkembang kreatifitas yang senantiasa perlu dibimbing dan dikembangkan untuk kesuksesannya di masa depan'),
(798, 30, 2055638000073, 'Ananda ANINDA NAILA PRAMESTI menunjukkan pribadi yang Berkembang Sangat Amat Baik dalam Berkeadab an (Ta’addub), Berkembang Sesuai Harapan dalam Keteladanan (Qudwah), Berkembang sesuai harapan Musyawarah (Syūra), Sudah Berkembang Dinamis dan inovatif (Tathawwur wa Ibtikâr) , Keteladanan (Qudwah), dengan perwujudan sebagai seorang yang memiliki sikap Shaleh Sosial , Integritas, Tanggung Jawab, Kolaboratif, Percaya diri, Disiplin, Berjiwa kompetitif, Berkembang sesuai harapan sikap Mandiri, Berkembang Sesuai Harapan Bernalar kritis serta Berkembang Sesuai Harapan kreatifitas yang senantiasa perlu dibimbing dan dikembangkan untuk kesuksesannya di masa depan'),
(799, 30, 2055638000074, '\"Ananda BARIKO ELDRIAN REVAN MAULANA menunjukkan pribadi yang sedang Berkembang dalam Berkeadaban (Ta’addub),Sedang Berkembang dalam Keteladanan (Qudwah), Berkembang sesuai harapan Musyawarah (Syūra), Sudah Berkembang Dinamis dan inovatif (Tathawwur wa Ibtikâr) , Keteladanan (Qudwah), dengan perwujudan sebagai seorang yang memiliki sikap Shaleh Sosial , Integritas, Tanggung Jawab, Kolaboratif, Percaya diri, Disiplin, Berjiwa kompetitif, Sedang Berkembang Mandiri, Sedang berkembang Bernalar kritis serta Sedang Berkembang kreatifitas yang senantiasa perlu dibimbing dan dikembangkan untuk kesuksesannya di masa depan \"'),
(800, 30, 2055638000636, 'Ananda BINTANG PRANAJAYA menunjukkan pribadi yang sedang Berkembang dalam Berkeadaban (Ta’addub),Sedang Berkembang dalam Keteladanan (Qudwah), Berkembang sesuai harapan Musyawarah (Syūra), Sedang Berkembang Dinamis dan inovatif (Tathawwur wa Ibtikâr) , Keteladanan (Qudwah), dengan perwujudan sebagai seorang yang memiliki sikap Shaleh Sosial , Integritas, Tanggung Jawab, Kolaboratif, Percaya diri, Disiplin, Berjiwa kompetitif, Sedang Berkembang Mandiri, Sedang berkembang Bernalar kritis serta Sedang Berkembang kreatifitas yang senantiasa perlu dibimbing dan dikembangkan untuk kesuksesannya di masa depan'),
(801, 30, 2055638000047, 'nanda CHASA PUTRI HALIMAH MUHAMMAD menunjukkan pribadi yang Berkembang Sesuai Harapan dalam Berkeadab an (Ta’addub), Berkembang Sesuai Harapan dalam Keteladanan (Qudwah), Berkembang sesuai harapan Musyawarah (Syūra), Sudah Berkembang Dinamis dan inovatif (Tathawwur wa Ibtikâr) , Keteladanan (Qudwah), dengan perwujudan sebagai seorang yang memiliki sikap Shaleh Sosial , Integritas, Tanggung Jawab, Kolaboratif, Percaya diri, Disiplin, Berjiwa kompetitif, Berkembang Sangat Amat Baik Mandiri, Berkembang Sesuai Harapan Bernalar kritis serta Berkembang Sangat Amat Baik kreatifitas yang senantiasa perlu dibimbing dan dikembangkan untuk kesuksesannya di masa depan'),
(802, 30, 2055638000075, 'nanda DHEA RAFIFA ARTANTI PUTRI menunjukkan pribadi yang Berkembang Sesuai Harapan dalam Berkeadab an (Ta’addub), Berkembang Sesuai Harapan dalam Keteladanan (Qudwah), Berkembang sesuai harapan Musyawarah (Syūra), Sudah Berkembang Dinamis dan inovatif (Tathawwur wa Ibtikâr) , Keteladanan (Qudwah), dengan perwujudan sebagai seorang yang memiliki sikap Shaleh Sosial , Integritas, Tanggung Jawab, Kolaboratif, Percaya diri, Disiplin, Berjiwa kompetitif, Berkembang Sangat Amat Baik Mandiri, Berkembang Sesuai Harapan Bernalar kritis serta Berkembang Sangat Amat Baik kreatifitas yang senantiasa perlu dibimbing dan dikembangkan untuk kesuksesannya di masa depan'),
(803, 30, 2055638000048, 'Ananda DIO NOVANTO HERYADI menunjukkan pribadi yang Berkembang Sesuai Harapan dalam Berkeadaban (Ta’addub),Sedang Berkembang dalam Keteladanan (Qudwah), Berkembang sesuai harapan Musyawarah (Syūra), Sudah Berkembang Dinamis dan inovatif (Tathawwur wa Ibtikâr) , Keteladanan (Qudwah), dengan perwujudan sebagai seorang yang memiliki sikap Shaleh Sosial , Integritas, Tanggung Jawab, Kolaboratif, Percaya diri, Disiplin, Berjiwa kompetitif, Berkembang sesuai harapan sikap Mandiri, Berkembang sesuai harapan Bernalar kritis serta Berkembang Sesuai Harapan kreatifitas yang senantiasa perlu dibimbing dan dikembangkan untuk kesuksesannya di masa depan'),
(804, 30, 2055638000077, 'Ananda FARIS ADLI AAFI SYAFIQ menunjukkan pribadi yang Berkembang Sesuai Harapan dalam Berkeadaban (Ta’addub),Sedang Berkembang dalam Keteladanan (Qudwah), Berkembang sesuai harapan Musyawarah (Syūra), sedang Berkembang Dinamis dan inovatif (Tathawwur wa Ibtikâr) , Keteladanan (Qudwah), dengan perwujudan sebagai seorang yang memiliki sikap Shaleh Sosial , Integritas, Tanggung Jawab, Kolaboratif, Percaya diri, Disiplin, Berjiwa kompetitif, Sedang Berkembang Mandiri, Mulai berkembang Bernalar kritis serta sedang berkembang kreatifitas yang senantiasa perlu dibimbing dan dikembangkan untuk kesuksesannya di masa depan'),
(805, 30, 2055638000045, '\"Ananda BARIKO ELDRIAN REVAN MAULANA menunjukkan pribadi yang sedang Berkembang dalam Berkeadaban (Ta’addub),Sedang Berkembang dalam Keteladanan (Qudwah), Berkembang sesuai harapan Musyawarah (Syūra), Sudah Berkembang Dinamis dan inovatif (Tathawwur wa Ibtikâr) , Keteladanan (Qudwah), dengan perwujudan sebagai seorang yang memiliki sikap Shaleh Sosial , Integritas, Tanggung Jawab, Kolaboratif, Percaya diri, Disiplin, Berjiwa kompetitif, Sedang Berkembang Mandiri, Sedang berkembang Bernalar kritis serta Sedang Berkembang kreatifitas yang senantiasa perlu dibimbing dan dikembangkan untuk kesuksesannya di masa depan \"');
INSERT INTO `p_catatan` (`catatan_id`, `proyek_id`, `siswa_id`, `catatan_detail`) VALUES
(806, 30, 2055638000050, 'Ananda GHAILAN AZHIMA menunjukkan pribadi yang Berkembang Sesuai Harapan dalam Berkeadaban (Ta’addub),Sedang Berkembang dalam Keteladanan (Qudwah), Berkembang sesuai harapan Musyawarah (Syūra), Berkembang Sesuai Harapan Dinamis dan inovatif (Tathawwur wa Ibtikâr) , Keteladanan (Qudwah), dengan perwujudan sebagai seorang yang memiliki sikap Shaleh Sosial , Integritas, Tanggung Jawab, Kolaboratif, Percaya diri, Disiplin, Berjiwa kompetitif, Berkembang sesuai harapan sikap Mandiri, Berkembang sesuai harapan Bernalar kritis serta Berkembang Sesuai Harapan kreatifitas yang senantiasa perlu dibimbing dan dikembangkan untuk kesuksesannya di masa depan'),
(807, 30, 2055638000082, 'Ananda KAYNA ADIVA SAPUTRA menunjukkan pribadi yang Berkembang Sesuai Harapan dalam Berkeadab an (Ta’addub), Berkembang Sesuai Harapan dalam Keteladanan (Qudwah), Berkembang sesuai harapan Musyawarah (Syūra), Sudah Berkembang Dinamis dan inovatif (Tathawwur wa Ibtikâr) , Keteladanan (Qudwah), dengan perwujudan sebagai seorang yang memiliki sikap Shaleh Sosial , Integritas, Tanggung Jawab, Kolaboratif, Percaya diri, Disiplin, Berjiwa kompetitif, Berkembang Sangat Amat Baik Mandiri, Berkembang Sesuai Harapan Bernalar kritis serta Berkembang Sangat Amat Baik kreatifitas yang senantiasa perlu dibimbing dan dikembangkan untuk kesuksesannya di masa depan'),
(808, 30, 2055638000084, 'Ananda KHANZA SHAFIYAH ABIDAH menunjukkan pribadi yang Berkembang Sesuai Harapan dalam Berkeadaban (Ta’addub), Berkembang Sesuai Harapan dalam Keteladanan (Qudwah), Berkembang sesuai harapan Musyawarah (Syūra), Sudah Berkembang Dinamis dan inovatif (Tathawwur wa Ibtikâr) , Keteladanan (Qudwah), dengan perwujudan sebagai seorang yang memiliki sikap Shaleh Sosial , Integritas, Tanggung Jawab, Kolaboratif, Percaya diri, Disiplin, Berjiwa kompetitif, Sedang Berkembang Mandiri, Sedang berkembang s Bernalar kritis serta Sedang Berkembang kreatifitas yang senantiasa perlu dibimbing dan dikembangkan untuk kesuksesannya di masa depan \"'),
(809, 30, 2055638000085, '\"Ananda LOVELYA FLORIZQI DHARIYANTO menunjukkan pribadi yang Berkembang Sesuai Harapan dalam Berkeadaban (Ta’addub), Berkembang Sesuai Harapan dalam Keteladanan (Qudwah), Berkembang sesuai harapan Musyawarah (Syūra), Sudah Berkembang Dinamis dan inovatif (Tathawwur wa Ibtikâr) , Keteladanan (Qudwah), dengan perwujudan sebagai seorang yang memiliki sikap Shaleh Sosial , Integritas, Tanggung Jawab, Kolaboratif, Percaya diri, Disiplin, Berjiwa kompetitif, Sudah Berkembang Mandiri, Sudah berkembang sesuai harapan Bernalar kritis serta Sudah Berkembang sesuai Harapan kreatifitas yang senantiasa perlu dibimbing dan dikembangkan untuk kesuksesannya di masa depan \"'),
(810, 30, 2055638000637, 'Ananda MUAMAR ALI HUSNI menunjukkan pribadi yang Berkembang Sesuai Harapan dalam Berkeadaban (Ta’addub),Sedang Berkembang dalam Keteladanan (Qudwah), Berkembang sesuai harapan Musyawarah (Syūra), Sudah Berkembang Dinamis dan inovatif (Tathawwur wa Ibtikâr) , Keteladanan (Qudwah), dengan perwujudan sebagai seorang yang memiliki sikap Shaleh Sosial , Integritas, Tanggung Jawab, Kolaboratif, Percaya diri, Disiplin, Berjiwa kompetitif, Berkembang sesuai harapan sikap Mandiri, Berkembang Sesuai Harapan Bernalar kritis serta Berkembang Sesuai Harapan kreatifitas yang senantiasa perlu dibimbing dan dikembangkan untuk kesuksesannya di masa depan'),
(811, 30, 2055638000635, 'Ananda NAJWA AQILA KHOIRUNNISA menunjukkan pribadi yang Berkembang Sesuai Harapan dalam Berkeadab an (Ta’addub), Berkembang Sesuai Harapan dalam Keteladanan (Qudwah), Berkembang sesuai harapan Musyawarah (Syūra), Sudah Berkembang Dinamis dan inovatif (Tathawwur wa Ibtikâr) , Keteladanan (Qudwah), dengan perwujudan sebagai seorang yang memiliki sikap Shaleh Sosial , Integritas, Tanggung Jawab, Kolaboratif, Percaya diri, Disiplin, Berjiwa kompetitif, Berkembang Sangat Amat Baik Mandiri, Berkembang Sesuai Harapan Bernalar kritis serta Berkembang Sesuai Harapan kreatifitas yang senantiasa perlu dibimbing dan dikembangkan untuk kesuksesannya di masa depan'),
(812, 30, 2055638000090, 'Ananda NAJWA ELENA SALSABILA menunjukkan pribadi yang sedang berkembang Berkembang dalam Berkeadaban (Ta’addub),Sedang Berkembang dalam Keteladanan (Qudwah), Berkembang sesuai harapan Musyawarah (Syūra), sedang Berkembang Dinamis dan inovatif (Tathawwur wa Ibtikâr) , Keteladanan (Qudwah), dengan perwujudan sebagai seorang yang memiliki sikap Shaleh Sosial , Integritas, Tanggung Jawab, Kolaboratif, Percaya diri, Disiplin, Berjiwa kompetitif, Sedang Berkembang Mandiri, Mulai berkembang Bernalar kritis serta sedang berkembang kreatifitas yang senantiasa perlu dibimbing dan dikembangkan untuk kesuksesannya di masa depan'),
(813, 30, 2055638000055, '\"Ananda NAUFAL AVICENA SHIDIQ Berkembang dalam Keteladanan (Qudwah), Berkembang sesuai harapan Musyawarah (Syūra), Sudah Berkembang Dinamis dan inovatif (Tathawwur wa Ibtikâr) , Keteladanan (Qudwah), dengan perwujudan sebagai seorang yang memiliki sikap Shaleh Sosial , Integritas, Tanggung Jawab, Kolaboratif, Percaya diri, Disiplin, Berjiwa kompetitif, Sedang Berkembang Mandiri, Sedang berkembang sesuai harapan Bernalar kritis serta Sedang Berkembang menunjukkan pribadi yang Berkembang Sesuai Harapan dalam Berkeadaban (Ta’addub), Sedang Berkembang Kreatifitas yang senantiasa perlu dibimbing dan dikembangkan untuk kesuksesannya di masa depan'),
(814, 30, 2055638000058, 'Ananda RATU NAJWA ALIYAH HERLAMBANG menunjukkan pribadi yang Berkembang Sesuai Harapan dalam Berkeadaban (Ta’addub),Sedang Berkembang dalam Keteladanan (Qudwah), Berkembang sesuai harapan Musyawarah (Syūra), Sudah Berkembang Sesuai Harapan Dinamis dan inovatif (Tathawwur wa Ibtikâr) , Keteladanan (Qudwah), dengan perwujudan sebagai seorang yang memiliki sikap Shaleh Sosial , Integritas, Tanggung Jawab, Kolaboratif, Percaya diri, Disiplin, Berjiwa kompetitif, Berkembang sesuai harapan sikap Mandiri, Sudah Berkembang sesuai harapan Bernalar kritis serta Berkembang Sesuai Harapan kreatifitas yang senantiasa perlu dibimbing dan dikembangkan untuk kesuksesannya di masa depan'),
(815, 30, 2055638000066, 'Ananda PINASCO ALHAFIDZ PRIATNA menunjukkan pribadi yang Berkembang Sangat Amat Baik dalam Berkeadab an (Ta’addub), Berkembang Sesuai Harapan dalam Keteladanan (Qudwah), Berkembang sesuai harapan Musyawarah (Syūra), Sudah Berkembang Dinamis dan inovatif (Tathawwur wa Ibtikâr) , Keteladanan (Qudwah), dengan perwujudan sebagai seorang yang memiliki sikap Shaleh Sosial , Integritas, Tanggung Jawab, Kolaboratif, Percaya diri, Disiplin, Berjiwa kompetitif, Berkembang sesuai harapan sikap Mandiri, Sudah Berkembang Bernalar kritis serta Sudah Berkembang kreatifitas yang senantiasa perlu dibimbing dan dikembangkan untuk kesuksesannya di masa depan'),
(816, 30, 2055638000095, 'Ananda REFA PUTRI ISMA menunjukkan pribadi yang Berkembang Sesuai Harapan dalam Berkeadaban (Ta’addub), Berkembang Sesuai Harapan menunjukkan pribadi yang Berkembang Sesuai Harapan dalam Berkeadaban (Ta’addub),Sedang Berkembang dalam Keteladanan (Qudwah), Berkembang sesuai harapan Musyawarah (Syūra), Sudah Berkembang Dinamis dan inovatif (Tathawwur wa Ibtikâr) , Keteladanan (Qudwah), dengan perwujudan sebagai seorang yang memiliki sikap Shaleh Sosial , Integritas, Tanggung Jawab, Kolaboratif, Percaya diri, Disiplin, Berjiwa kompetitif, Berkembang sesuai harapan sikap Mandiri, Berkembang sesuai harapan Bernalar kritis serta Berkembang Sesuai Harapan kreatifitas yang senantiasa perlu dibimbing dan dikembangkan untuk kesuksesannya di masa depan'),
(817, 30, 2055638000059, '\"Ananda SANG ARJUNA PUTRA WIWAHA menunjukkan pribadi yang Berkembang Sesuai Harapan dalam Berkeadaban (Ta’addub), Berkembang Sesuai Harapan dalam Keteladanan (Qudwah), Berkembang sesuai harapan Musyawarah (Syūra), Sudah Berkembang Dinamis dan inovatif (Tathawwur wa Ibtikâr) , Keteladanan (Qudwah), dengan perwujudan sebagai seorang yang memiliki sikap Shaleh Sosial , Integritas, Tanggung Jawab, Kolaboratif, Percaya diri, Disiplin, Berjiwa kompetitif, Sedang Berkembang Mandiri, Sudah Berkembang Sesuai Harapan Bernalar kritis serta Sudah Berkembang Sesuai Harapan kreatifitas yang senantiasa perlu dibimbing dan dikembangkan untuk kesuksesannya di masa depan \"'),
(818, 30, 2055638000061, 'Ananda SYALIA BELVA ADIBA menunjukkan pribadi yang Berkembang Sangat Amat Baik dalam Berkeadab an (Ta’addub), Berkembang Sesuai Harapan dalam Keteladanan (Qudwah), Berkembang sesuai harapan Musyawarah (Syūra), Sudah Berkembang Dinamis dan inovatif (Tathawwur wa Ibtikâr) , Keteladanan (Qudwah), dengan perwujudan sebagai seorang yang memiliki sikap Shaleh Sosial , Integritas, Tanggung Jawab, Kolaboratif, Percaya diri, Disiplin, Berjiwa kompetitif, Berkembang Sangat Amat Baik Mandiri, Berkembang Sesuai Harapan Bernalar kritis serta Berkembang Sangat Amat Baik kreatifitas yang senantiasa perlu dibimbing dan dikembangkan untuk kesuksesannya di masa depan'),
(819, 30, 2055638000097, '\"Ananda TIFANNY ASSABIYA RUSLAN menunjukkan pribadi yang Berkembang Sesuai Harapan dalam Berkeadaban (Ta’addub), Sedang Berkembang Sesuai Harapan dalam Keteladanan (Qudwah), Berkembang Sesuai Harapan Musyawarah (Syūra), Sudah Berkembang Sesuaii Harapan Dinamis dan inovatif (Tathawwur wa Ibtikâr) , Keteladanan (Qudwah), dengan perwujudan sebagai seorang yang memiliki sikap Shaleh Sosial , Integritas, Tanggung Jawab, Kolaboratif, Percaya diri, Disiplin, Berjiwa kompetitif, Sudah Berkembang Sesuai Harapan Mandiri, Sudah berkembang sesuai harapan Bernalar kritis serta Sudah Berkembang sesuai Harapan kreatifitas yang senantiasa perlu dibimbing dan dikembangkan untuk kesuksesannya di masa depan \"'),
(820, 30, 2055638000628, 'Ananda TIARA NUR SALSABILA menunjukkan pribadi yang Sedang Berkembang Berkembang dalam Berkeadaban (Ta’addub),Sedang Berkembang dalam Keteladanan (Qudwah), Sedang Berkembang Musyawarah (Syūra), Sedang Berkembang Dinamis dan inovatif (Tathawwur wa Ibtikâr) , Keteladanan (Qudwah), dengan perwujudan sebagai seorang yang memiliki sikap Shaleh Sosial , Integritas, Tanggung Jawab, Kolaboratif, Percaya diri, Disiplin, Berjiwa kompetitif, Sedang Berkembang Mandiri, Sedang berkembang Bernalar kritis serta Sedang berkembang kreatifitas yang senantiasa perlu dibimbing dan dikembangkan untuk kesuksesannya di masa depan'),
(821, 30, 2055638000063, '\"Ananda VERINA KHANZA AZZALIA menunjukkan pribadi yang Berkembang Sesuai Harapan dalam Berkeadaban (Ta’addub), Berkembang Sesuai Harapan dalam Keteladanan (Qudwah), Berkembang sesuai harapan Musyawarah (Syūra), Sudah Berkembang Dinamis dan inovatif (Tathawwur wa Ibtikâr) , Keteladanan (Qudwah), dengan perwujudan sebagai seorang yang memiliki sikap Shaleh Sosial , Integritas, Tanggung Jawab, Kolaboratif, Percaya diri, Disiplin, Berjiwa kompetitif, Sedang Berkembang Mandiri, Sedang berkembang Bernalar kritis serta Sedang Berkembang kreatifitas yang senantiasa perlu dibimbing dan dikembangkan untuk kesuksesannya di masa depan \"'),
(822, 30, 2055638000064, '\"Ananda ZIDNI IRDINA MIKAILA PUTRI menunjukkan pribadi yang Berkembang Sesuai Harapan dalam Berkeadaban (Ta’addub), Berkembang Sesuai Harapan dalam Keteladanan (Qudwah), Berkembang sesuai harapan Musyawarah (Syūra), Sudah Berkembang Dinamis dan inovatif (Tathawwur wa Ibtikâr) , Keteladanan (Qudwah), dengan perwujudan sebagai seorang yang memiliki sikap Shaleh Sosial , Integritas, Tanggung Jawab, Kolaboratif, Percaya diri, Disiplin, Berjiwa kompetitif, Berkembang Sesuai Harapan Mandiri, Berkembang Sesuai Harapan Bernalar kritis serta Berkembang sesuai Harapan kreatifitas yang senantiasa perlu dibimbing dan dikembangkan untuk kesuksesannya di masa depan \"'),
(823, 30, 2055638000088, 'nanda MUHAMMAD IRGI SYAFRIL FATURRAHMAN menunjukkan pribadi yang sedang Berkembang dalam Berkeadaban (Ta’addub),Sedang Berkembang dalam Keteladanan (Qudwah), Berkembang sesuai harapan Musyawarah (Syūra), Sudah Berkembang Dinamis dan inovatif (Tathawwur wa Ibtikâr) , Keteladanan (Qudwah), dengan perwujudan sebagai seorang yang memiliki sikap Shaleh Sosial , Integritas, Tanggung Jawab, Kolaboratif, Percaya diri, Disiplin, Berjiwa kompetitif, Sedang Berkembang Mandiri, Sedang Berkembang Bernalar kritis serta Sedang Berkembang Sesuai Harapan kreatifitas yang senantiasa perlu dibimbing dan dikembangkan untuk kesuksesannya di masa depan \"');

-- --------------------------------------------------------

--
-- Table structure for table `p_dimensi`
--

CREATE TABLE `p_dimensi` (
  `dimensi_id` int(11) NOT NULL,
  `dimensi_nama` varchar(255) DEFAULT NULL
) ENGINE=InnoDB DEFAULT CHARSET=utf8mb4 COLLATE=utf8mb4_general_ci;

--
-- Dumping data for table `p_dimensi`
--

INSERT INTO `p_dimensi` (`dimensi_id`, `dimensi_nama`) VALUES
(1, 'Beriman, Bertakwa Kepada Tuhan Yang Maha Esa, dan Berakhlak Mulia'),
(2, 'Berkebinekaan Global'),
(3, 'Gotong Royong'),
(4, 'Mandiri'),
(5, 'Bernalar Kritis'),
(6, 'Kreatif');

-- --------------------------------------------------------

--
-- Table structure for table `p_elemen`
--

CREATE TABLE `p_elemen` (
  `elemen_id` int(11) NOT NULL,
  `dimensi_id` int(11) NOT NULL,
  `elemen_nama` text DEFAULT NULL
) ENGINE=InnoDB DEFAULT CHARSET=utf8mb4 COLLATE=utf8mb4_general_ci;

--
-- Dumping data for table `p_elemen`
--

INSERT INTO `p_elemen` (`elemen_id`, `dimensi_id`, `elemen_nama`) VALUES
(1, 1, 'Akhlak Beragama'),
(2, 1, 'Akhlak Pribadi'),
(3, 1, 'Akhlak Kepada Manusia'),
(4, 1, 'Akhlak Kepada Alam'),
(5, 1, 'Akhlak Bernegara'),
(6, 2, 'Mengenal dan menghargai budaya'),
(7, 2, 'Komunikasi dan interaksi antar budaya'),
(8, 2, 'Refleksi dan bertanggung jawab terhadap pengalaman kebinekaan'),
(9, 2, 'Berkeadilan Sosial'),
(10, 3, 'Kolaborasi'),
(11, 3, 'Kepedulian'),
(12, 3, 'Berbagi'),
(13, 4, 'Pemahaman diri dan situasi yang dihadapi'),
(14, 4, 'Regulasi Diri'),
(15, 5, 'Memperoleh dan memproses informasi dan gagasan'),
(16, 5, 'Menganalisis dan mengevaluasi penalaran dan prosedurnya'),
(17, 5, 'Refleksi pemikiran dan proses berpikir'),
(18, 6, 'Menghasilkan gagasan yang orisinal'),
(19, 6, 'Menghasilkan karya dan tindakan yang orisinal'),
(20, 6, 'Memiliki keluwesan berpikir dalam mencari alternatif solusi permasalahan'),
(21, 1, 'Komunikasi Dan Interaksi Antar Budaya'),
(23, 1, 'Refleksi Dan Bertanggung Jawab Terhadap Pengalaman Kebinekaan'),
(24, 1, 'Berkeadilan Sosial');

-- --------------------------------------------------------

--
-- Table structure for table `p_nilai`
--

CREATE TABLE `p_nilai` (
  `nilai_id` int(11) NOT NULL,
  `target_id` int(11) NOT NULL,
  `siswa_id` bigint(13) DEFAULT NULL,
  `nilai_data` int(11) DEFAULT NULL
) ENGINE=InnoDB DEFAULT CHARSET=utf8mb4 COLLATE=utf8mb4_general_ci;

--
-- Dumping data for table `p_nilai`
--

INSERT INTO `p_nilai` (`nilai_id`, `target_id`, `siswa_id`, `nilai_data`) VALUES
(1, 1, 2055638000408, 3),
(2, 1, 2055638000409, 3),
(3, 1, 2055638000411, 3),
(4, 1, 2055638000102, 3),
(5, 1, 2055638000412, 3),
(6, 1, 2055638000413, 3),
(7, 1, 2055638000418, 3),
(8, 1, 2055638000106, 3),
(9, 1, 2055638000419, 3),
(10, 1, 2055638000110, 3),
(11, 1, 2055638000420, 3),
(12, 1, 2055638000115, 3),
(13, 1, 2055638000116, 3),
(14, 1, 2055638000423, 3),
(15, 1, 2055638000424, 3),
(16, 1, 2055638000425, 3),
(17, 1, 2055638000428, 3),
(18, 1, 2055638000429, 3),
(19, 1, 2055638000430, 3),
(20, 1, 2055638000099, 3),
(21, 1, 2055638000634, 3),
(22, 1, 2055638000121, 3),
(23, 1, 2055638000407, 3),
(24, 2, 2055638000408, 2),
(25, 2, 2055638000409, 3),
(26, 2, 2055638000411, 2),
(27, 2, 2055638000102, 3),
(28, 2, 2055638000412, 2),
(29, 2, 2055638000413, 2),
(30, 2, 2055638000418, 3),
(31, 2, 2055638000106, 2),
(32, 2, 2055638000419, 3),
(33, 2, 2055638000110, 3),
(34, 2, 2055638000420, 2),
(35, 2, 2055638000115, 3),
(36, 2, 2055638000116, 3),
(37, 2, 2055638000423, 1),
(38, 2, 2055638000424, 2),
(39, 2, 2055638000425, 3),
(40, 2, 2055638000428, 2),
(41, 2, 2055638000429, 2),
(42, 2, 2055638000430, 1),
(43, 2, 2055638000099, 4),
(44, 2, 2055638000634, 3),
(45, 2, 2055638000121, 3),
(46, 2, 2055638000407, 2),
(47, 4, 2055638000408, 3),
(48, 4, 2055638000409, 3),
(49, 4, 2055638000411, 2),
(50, 4, 2055638000102, 3),
(51, 4, 2055638000412, 3),
(52, 4, 2055638000413, 2),
(53, 4, 2055638000418, 3),
(54, 4, 2055638000106, 2),
(55, 4, 2055638000419, 2),
(56, 4, 2055638000110, 3),
(57, 4, 2055638000420, 2),
(58, 4, 2055638000115, 3),
(59, 4, 2055638000116, 3),
(60, 4, 2055638000423, 1),
(61, 4, 2055638000424, 2),
(62, 4, 2055638000425, 3),
(63, 4, 2055638000428, 2),
(64, 4, 2055638000429, 3),
(65, 4, 2055638000430, 1),
(66, 4, 2055638000099, 4),
(67, 4, 2055638000634, 3),
(68, 4, 2055638000121, 3),
(69, 4, 2055638000407, 2),
(70, 5, 2055638000408, 2),
(71, 5, 2055638000409, 3),
(72, 5, 2055638000411, 2),
(73, 5, 2055638000102, 2),
(74, 5, 2055638000412, 2),
(75, 5, 2055638000413, 2),
(76, 5, 2055638000418, 3),
(77, 5, 2055638000106, 1),
(78, 5, 2055638000419, 2),
(79, 5, 2055638000110, 2),
(80, 5, 2055638000420, 2),
(81, 5, 2055638000115, 2),
(82, 5, 2055638000116, 2),
(83, 5, 2055638000423, 1),
(84, 5, 2055638000424, 2),
(85, 5, 2055638000425, 3),
(86, 5, 2055638000428, 2),
(87, 5, 2055638000429, 1),
(88, 5, 2055638000430, 1),
(89, 5, 2055638000099, 3),
(90, 5, 2055638000634, 3),
(91, 5, 2055638000121, 2),
(92, 5, 2055638000407, 2),
(93, 6, 2055638000408, 2),
(94, 6, 2055638000409, 3),
(95, 6, 2055638000411, 2),
(96, 6, 2055638000102, 2),
(97, 6, 2055638000412, 2),
(98, 6, 2055638000413, 2),
(99, 6, 2055638000418, 3),
(100, 6, 2055638000106, 1),
(101, 6, 2055638000419, 2),
(102, 6, 2055638000110, 2),
(103, 6, 2055638000420, 2),
(104, 6, 2055638000115, 2),
(105, 6, 2055638000116, 2),
(106, 6, 2055638000423, 1),
(107, 6, 2055638000424, 2),
(108, 6, 2055638000425, 3),
(109, 6, 2055638000428, 2),
(110, 6, 2055638000429, 1),
(111, 6, 2055638000430, 1),
(112, 6, 2055638000099, 3),
(113, 6, 2055638000634, 3),
(114, 6, 2055638000121, 2),
(115, 6, 2055638000407, 2),
(116, 7, 2055638000408, 3),
(117, 7, 2055638000409, 3),
(118, 7, 2055638000411, 3),
(119, 7, 2055638000102, 3),
(120, 7, 2055638000412, 2),
(121, 7, 2055638000413, 2),
(122, 7, 2055638000418, 3),
(123, 7, 2055638000106, 2),
(124, 7, 2055638000419, 2),
(125, 7, 2055638000110, 2),
(126, 7, 2055638000420, 3),
(127, 7, 2055638000115, 2),
(128, 7, 2055638000116, 2),
(129, 7, 2055638000423, 2),
(130, 7, 2055638000424, 2),
(131, 7, 2055638000425, 2),
(132, 7, 2055638000428, 2),
(133, 7, 2055638000429, 2),
(134, 7, 2055638000430, 2),
(135, 7, 2055638000099, 3),
(136, 7, 2055638000634, 3),
(137, 7, 2055638000121, 2),
(138, 7, 2055638000407, 2),
(229, 11, 2055638000667, 1),
(230, 11, 2055638000668, 2),
(231, 11, 2055638000669, 2),
(232, 11, 2055638000670, 3),
(233, 11, 2055638000671, 2),
(234, 11, 2055638000672, 2),
(235, 11, 2055638000673, 3),
(236, 11, 2055638000674, 2),
(237, 11, 2055638000675, 3),
(238, 11, 2055638000676, 2),
(239, 11, 2055638000677, 3),
(240, 11, 2055638000678, 3),
(241, 11, 2055638000679, 2),
(242, 11, 2055638000680, 3),
(243, 11, 2055638000681, 3),
(244, 11, 2055638000682, 3),
(245, 11, 2055638000683, 3),
(246, 11, 2055638000684, 2),
(247, 11, 2055638000685, 2),
(248, 11, 2055638000686, 3),
(249, 11, 2055638000687, 3),
(250, 11, 2055638000688, 2),
(251, 11, 2055638000689, 4),
(252, 11, 2055638000690, 2),
(253, 11, 2055638000691, 3),
(254, 11, 2055638000692, 3),
(255, 11, 2055638000693, 2),
(256, 11, 2055638000694, 2),
(257, 11, 2055638000695, 3),
(258, 11, 2055638000696, 4),
(259, 12, 2055638000667, 1),
(260, 12, 2055638000668, 1),
(261, 12, 2055638000669, 1),
(262, 12, 2055638000670, 3),
(263, 12, 2055638000671, 2),
(264, 12, 2055638000672, 2),
(265, 12, 2055638000673, 4),
(266, 12, 2055638000674, 2),
(267, 12, 2055638000675, 3),
(268, 12, 2055638000676, 4),
(269, 12, 2055638000677, 3),
(270, 12, 2055638000678, 3),
(271, 12, 2055638000679, 1),
(272, 12, 2055638000680, 4),
(273, 12, 2055638000681, 2),
(274, 12, 2055638000682, 3),
(275, 12, 2055638000683, 3),
(276, 12, 2055638000684, 3),
(277, 12, 2055638000685, 2),
(278, 12, 2055638000686, 3),
(279, 12, 2055638000687, 3),
(280, 12, 2055638000688, 2),
(281, 12, 2055638000689, 3),
(282, 12, 2055638000690, 2),
(283, 12, 2055638000691, 3),
(284, 12, 2055638000692, 3),
(285, 12, 2055638000693, 2),
(286, 12, 2055638000694, 3),
(287, 12, 2055638000695, 3),
(288, 12, 2055638000696, 3),
(289, 13, 2055638000667, 1),
(290, 13, 2055638000668, 2),
(291, 13, 2055638000669, 1),
(292, 13, 2055638000670, 2),
(293, 13, 2055638000671, 2),
(294, 13, 2055638000672, 1),
(295, 13, 2055638000673, 3),
(296, 13, 2055638000674, 1),
(297, 13, 2055638000675, 3),
(298, 13, 2055638000676, 2),
(299, 13, 2055638000677, 4),
(300, 13, 2055638000678, 3),
(301, 13, 2055638000679, 1),
(302, 13, 2055638000680, 2),
(303, 13, 2055638000681, 2),
(304, 13, 2055638000682, 1),
(305, 13, 2055638000683, 2),
(306, 13, 2055638000684, 1),
(307, 13, 2055638000685, 1),
(308, 13, 2055638000686, 2),
(309, 13, 2055638000687, 3),
(310, 13, 2055638000688, 2),
(311, 13, 2055638000689, 3),
(312, 13, 2055638000690, 2),
(313, 13, 2055638000691, 3),
(314, 13, 2055638000692, 2),
(315, 13, 2055638000693, 2),
(316, 13, 2055638000694, 2),
(317, 13, 2055638000695, 3),
(318, 13, 2055638000696, 4),
(319, 1, 2055638000736, 3),
(320, 2, 2055638000736, 3),
(321, 4, 2055638000736, 3),
(322, 5, 2055638000736, 2),
(323, 6, 2055638000736, 2),
(324, 7, 2055638000736, 3),
(325, 14, 2055638000408, 2),
(326, 14, 2055638000736, 2),
(327, 14, 2055638000411, 2),
(328, 14, 2055638000102, 3),
(329, 14, 2055638000412, 2),
(330, 14, 2055638000413, 3),
(331, 14, 2055638000418, 3),
(332, 14, 2055638000106, 2),
(333, 14, 2055638000419, 3),
(334, 14, 2055638000110, 3),
(335, 14, 2055638000420, 3),
(336, 14, 2055638000115, 3),
(337, 14, 2055638000116, 3),
(338, 14, 2055638000423, 2),
(339, 14, 2055638000424, 2),
(340, 14, 2055638000425, 3),
(341, 14, 2055638000428, 3),
(342, 14, 2055638000429, 3),
(343, 14, 2055638000430, 1),
(344, 14, 2055638000099, 3),
(345, 14, 2055638000634, 3),
(346, 14, 2055638000121, 3),
(347, 14, 2055638000407, 2),
(348, 28, 2055638000520, 3),
(349, 28, 2055638000125, 4),
(350, 28, 2055638000127, 4),
(351, 28, 2055638000128, 3),
(352, 28, 2055638000129, 3),
(353, 28, 2055638000733, 3),
(354, 28, 2055638000181, 4),
(355, 28, 2055638000130, 4),
(356, 28, 2055638000159, 3),
(357, 28, 2055638000133, 2),
(358, 28, 2055638000182, 2),
(359, 28, 2055638000185, 4),
(360, 28, 2055638000136, 3),
(361, 28, 2055638000137, 3),
(362, 28, 2055638000187, 3),
(363, 28, 2055638000441, 4),
(364, 28, 2055638000194, 3),
(365, 28, 2055638000197, 4),
(366, 28, 2055638000169, 2),
(367, 28, 2055638000732, 3),
(368, 28, 2055638000144, 4),
(369, 28, 2055638000199, 3),
(370, 28, 2055638000147, 4),
(371, 28, 2055638000176, 4),
(372, 29, 2055638000667, 1),
(373, 29, 2055638000668, 1),
(374, 29, 2055638000669, 1),
(375, 29, 2055638000670, 2),
(376, 29, 2055638000671, 1),
(377, 29, 2055638000672, 1),
(378, 29, 2055638000673, 2),
(379, 29, 2055638000674, 1),
(380, 29, 2055638000675, 2),
(381, 29, 2055638000676, 2),
(382, 29, 2055638000677, 2),
(383, 29, 2055638000678, 2),
(384, 29, 2055638000679, 1),
(385, 29, 2055638000680, 3),
(386, 29, 2055638000681, 2),
(387, 29, 2055638000682, 2),
(388, 29, 2055638000683, 2),
(389, 29, 2055638000684, 1),
(390, 29, 2055638000685, 1),
(391, 29, 2055638000686, 2),
(392, 29, 2055638000687, 2),
(393, 29, 2055638000688, 1),
(394, 29, 2055638000689, 2),
(395, 29, 2055638000690, 2),
(396, 29, 2055638000691, 2),
(397, 29, 2055638000692, 2),
(398, 29, 2055638000693, 1),
(399, 29, 2055638000694, 2),
(400, 29, 2055638000695, 2),
(401, 29, 2055638000696, 3),
(509, 48, 2055638000153, 3),
(510, 48, 2055638000156, 3),
(511, 48, 2055638000524, 3),
(512, 48, 2055638000183, 3),
(513, 48, 2055638000186, 3),
(514, 48, 2055638000135, 3),
(515, 48, 2055638000160, 3),
(516, 48, 2055638000188, 3),
(517, 48, 2055638000189, 3),
(518, 48, 2055638000190, 3),
(519, 48, 2055638000442, 3),
(520, 48, 2055638000192, 3),
(521, 48, 2055638000193, 3),
(522, 48, 2055638000140, 3),
(523, 48, 2055638000195, 3),
(524, 48, 2055638000168, 3),
(525, 48, 2055638000170, 3),
(526, 48, 2055638000142, 3),
(527, 48, 2055638000173, 3),
(528, 48, 2055638000146, 3),
(529, 48, 2055638000175, 3),
(530, 48, 2055638000727, 3),
(531, 48, 2055638000148, 3),
(532, 48, 2055638000151, 3),
(558, 55, 2055638000153, 3),
(559, 55, 2055638000156, 3),
(560, 55, 2055638000524, 3),
(561, 55, 2055638000183, 3),
(562, 55, 2055638000186, 3),
(563, 55, 2055638000135, 3),
(564, 55, 2055638000160, 3),
(565, 55, 2055638000188, 3),
(566, 55, 2055638000189, 3),
(567, 55, 2055638000190, 3),
(568, 55, 2055638000442, 3),
(569, 55, 2055638000192, 3),
(570, 55, 2055638000193, 3),
(571, 55, 2055638000140, 3),
(572, 55, 2055638000195, 3),
(573, 55, 2055638000168, 3),
(574, 55, 2055638000170, 3),
(575, 55, 2055638000142, 3),
(576, 55, 2055638000173, 3),
(577, 55, 2055638000146, 3),
(578, 55, 2055638000175, 3),
(579, 55, 2055638000727, 3),
(580, 55, 2055638000148, 3),
(581, 55, 2055638000151, 3),
(582, 45, 2055638000598, 4),
(583, 45, 2055638000599, 3),
(584, 45, 2055638000600, 3),
(585, 45, 2055638000601, 4),
(586, 45, 2055638000602, 4),
(587, 45, 2055638000603, 3),
(588, 45, 2055638000604, 3),
(589, 45, 2055638000605, 4),
(590, 45, 2055638000633, 4),
(591, 45, 2055638000606, 4),
(592, 45, 2055638000607, 3),
(593, 45, 2055638000741, 3),
(594, 45, 2055638000608, 3),
(595, 45, 2055638000610, 3),
(596, 45, 2055638000619, 3),
(597, 45, 2055638000611, 3),
(598, 45, 2055638000609, 4),
(599, 45, 2055638000613, 4),
(600, 45, 2055638000586, 3),
(601, 45, 2055638000620, 3),
(602, 45, 2055638000591, 4),
(603, 45, 2055638000615, 4),
(604, 45, 2055638000616, 4),
(605, 45, 2055638000617, 4),
(606, 45, 2055638000618, 4),
(607, 45, 2055638000742, 3),
(608, 57, 2055638000153, 3),
(609, 57, 2055638000156, 3),
(610, 57, 2055638000524, 3),
(611, 57, 2055638000183, 3),
(612, 57, 2055638000186, 3),
(613, 57, 2055638000135, 3),
(614, 57, 2055638000160, 3),
(615, 57, 2055638000188, 3),
(616, 57, 2055638000189, 3),
(617, 57, 2055638000190, 3),
(618, 57, 2055638000442, 3),
(619, 57, 2055638000192, 3),
(620, 57, 2055638000193, 3),
(621, 57, 2055638000140, 3),
(622, 57, 2055638000195, 3),
(623, 57, 2055638000168, 3),
(624, 57, 2055638000170, 3),
(625, 57, 2055638000142, 3),
(626, 57, 2055638000173, 3),
(627, 57, 2055638000146, 3),
(628, 57, 2055638000175, 3),
(629, 57, 2055638000727, 3),
(630, 57, 2055638000148, 3),
(631, 57, 2055638000151, 3),
(632, 49, 0, 3),
(633, 49, 2055638000443, 3),
(634, 49, 2055638000444, 3),
(635, 49, 2055638000473, 3),
(636, 49, 2055638000474, 3),
(637, 49, 2055638000475, 3),
(638, 49, 2055638000477, 3),
(639, 49, 2055638000471, 3),
(640, 49, 2055638000449, 3),
(641, 49, 2055638000483, 3),
(642, 49, 2055638000453, 3),
(643, 49, 2055638000486, 3),
(644, 49, 2055638000730, 3),
(645, 49, 2055638000455, 3),
(646, 49, 2055638000457, 3),
(647, 49, 2055638000621, 3),
(648, 49, 2055638000731, 3),
(649, 49, 2055638000500, 3),
(650, 49, 2055638000490, 3),
(651, 49, 2055638000459, 3),
(652, 49, 2055638000491, 3),
(653, 49, 2055638000492, 3),
(654, 49, 2055638000460, 3),
(655, 49, 2055638000494, 3),
(656, 49, 2055638000517, 3),
(657, 49, 2055638000461, 3),
(658, 49, 2055638000496, 3),
(659, 49, 2055638000464, 3),
(660, 49, 2055638000497, 3),
(661, 49, 2055638000498, 3),
(662, 49, 2055638000499, 3),
(693, 53, 0, 3),
(694, 53, 2055638000443, 3),
(695, 53, 2055638000444, 3),
(696, 53, 2055638000473, 3),
(697, 53, 2055638000474, 3),
(698, 53, 2055638000475, 3),
(699, 53, 2055638000477, 3),
(700, 53, 2055638000471, 3),
(701, 53, 2055638000449, 3),
(702, 53, 2055638000483, 3),
(703, 53, 2055638000453, 3),
(704, 53, 2055638000486, 3),
(705, 53, 2055638000730, 3),
(706, 53, 2055638000455, 3),
(707, 53, 2055638000457, 3),
(708, 53, 2055638000621, 3),
(709, 53, 2055638000731, 3),
(710, 53, 2055638000500, 3),
(711, 53, 2055638000490, 3),
(712, 53, 2055638000459, 3),
(713, 53, 2055638000491, 3),
(714, 53, 2055638000492, 3),
(715, 53, 2055638000460, 3),
(716, 53, 2055638000494, 3),
(717, 53, 2055638000517, 3),
(718, 53, 2055638000461, 3),
(719, 53, 2055638000496, 3),
(720, 53, 2055638000464, 3),
(721, 53, 2055638000497, 3),
(722, 53, 2055638000498, 3),
(723, 53, 2055638000499, 3),
(750, 63, 2055638000100, 3),
(751, 63, 2055638000101, 3),
(752, 63, 2055638000103, 3),
(753, 63, 2055638000104, 3),
(754, 63, 2055638000416, 3),
(755, 63, 2055638000503, 3),
(756, 63, 2055638000417, 3),
(757, 63, 2055638000105, 3),
(758, 63, 2055638000107, 3),
(759, 63, 2055638000108, 3),
(760, 63, 2055638000109, 3),
(761, 63, 2055638000421, 3),
(762, 63, 2055638000112, 3),
(763, 63, 2055638000113, 3),
(764, 63, 2055638000114, 3),
(765, 63, 2055638000504, 3),
(766, 63, 2055638000526, 3),
(767, 63, 2055638000118, 3),
(768, 63, 2055638000440, 3),
(769, 63, 2055638000740, 3),
(770, 63, 2055638000507, 3),
(771, 63, 2055638000120, 3),
(772, 63, 2055638000122, 3),
(773, 63, 2055638000431, 3),
(774, 63, 2055638000519, 3),
(775, 61, 2055638000667, 2),
(776, 61, 2055638000668, 2),
(777, 61, 2055638000669, 2),
(778, 61, 2055638000670, 3),
(779, 61, 2055638000671, 3),
(780, 61, 2055638000672, 3),
(781, 61, 2055638000673, 3),
(782, 61, 2055638000674, 2),
(783, 61, 2055638000675, 3),
(784, 61, 2055638000676, 3),
(785, 61, 2055638000677, 3),
(786, 61, 2055638000678, 3),
(787, 61, 2055638000679, 3),
(788, 61, 2055638000680, 3),
(789, 61, 2055638000681, 3),
(790, 61, 2055638000682, 3),
(791, 61, 2055638000683, 3),
(792, 61, 2055638000684, 3),
(793, 61, 2055638000685, 3),
(794, 61, 2055638000686, 3),
(795, 61, 2055638000687, 3),
(796, 61, 2055638000688, 3),
(797, 61, 2055638000689, 3),
(798, 61, 2055638000690, 3),
(799, 61, 2055638000691, 3),
(800, 61, 2055638000692, 3),
(801, 61, 2055638000693, 3),
(802, 61, 2055638000694, 3),
(803, 61, 2055638000695, 3),
(804, 61, 2055638000696, 4),
(805, 60, 2055638000153, 3),
(806, 60, 2055638000156, 2),
(807, 60, 2055638000524, 2),
(808, 60, 2055638000183, 2),
(809, 60, 2055638000186, 2),
(810, 60, 2055638000135, 3),
(811, 60, 2055638000160, 3),
(812, 60, 2055638000188, 2),
(813, 60, 2055638000189, 3),
(814, 60, 2055638000190, 2),
(815, 60, 2055638000442, 3),
(816, 60, 2055638000192, 3),
(817, 60, 2055638000193, 3),
(818, 60, 2055638000140, 2),
(819, 60, 2055638000195, 4),
(820, 60, 2055638000168, 4),
(821, 60, 2055638000170, 4),
(822, 60, 2055638000142, 4),
(823, 60, 2055638000173, 2),
(824, 60, 2055638000146, 4),
(825, 60, 2055638000175, 2),
(826, 60, 2055638000727, 2),
(827, 60, 2055638000148, 2),
(828, 60, 2055638000151, 3),
(829, 56, 2055638000667, 3),
(830, 56, 2055638000668, 3),
(831, 56, 2055638000669, 3),
(832, 56, 2055638000670, 3),
(833, 56, 2055638000671, 3),
(834, 56, 2055638000672, 3),
(835, 56, 2055638000673, 4),
(836, 56, 2055638000674, 3),
(837, 56, 2055638000675, 3),
(838, 56, 2055638000676, 3),
(839, 56, 2055638000677, 3),
(840, 56, 2055638000678, 3),
(841, 56, 2055638000679, 3),
(842, 56, 2055638000680, 4),
(843, 56, 2055638000681, 3),
(844, 56, 2055638000682, 3),
(845, 56, 2055638000683, 3),
(846, 56, 2055638000684, 3),
(847, 56, 2055638000685, 3),
(848, 56, 2055638000686, 3),
(849, 56, 2055638000687, 3),
(850, 56, 2055638000688, 3),
(851, 56, 2055638000689, 4),
(852, 56, 2055638000690, 3),
(853, 56, 2055638000691, 4),
(854, 56, 2055638000692, 3),
(855, 56, 2055638000693, 3),
(856, 56, 2055638000694, 3),
(857, 56, 2055638000695, 3),
(858, 56, 2055638000696, 4),
(859, 65, 2055638000100, 3),
(860, 65, 2055638000101, 3),
(861, 65, 2055638000103, 3),
(862, 65, 2055638000104, 3),
(863, 65, 2055638000416, 3),
(864, 65, 2055638000503, 3),
(865, 65, 2055638000417, 3),
(866, 65, 2055638000105, 3),
(867, 65, 2055638000107, 3),
(868, 65, 2055638000108, 3),
(869, 65, 2055638000109, 3),
(870, 65, 2055638000421, 3),
(871, 65, 2055638000112, 3),
(872, 65, 2055638000113, 3),
(873, 65, 2055638000114, 3),
(874, 65, 2055638000504, 3),
(875, 65, 2055638000526, 3),
(876, 65, 2055638000118, 3),
(877, 65, 2055638000440, 3),
(878, 65, 2055638000740, 3),
(879, 65, 2055638000507, 3),
(880, 65, 2055638000120, 3),
(881, 65, 2055638000122, 3),
(882, 65, 2055638000431, 3),
(883, 65, 2055638000519, 3),
(884, 64, 2055638000598, 3),
(885, 64, 2055638000599, 3),
(886, 64, 2055638000600, 2),
(887, 64, 2055638000601, 3),
(888, 64, 2055638000602, 3),
(889, 64, 2055638000603, 2),
(890, 64, 2055638000604, 3),
(891, 64, 2055638000605, 3),
(892, 64, 2055638000633, 3),
(893, 64, 2055638000606, 3),
(894, 64, 2055638000607, 2),
(895, 64, 2055638000741, 3),
(896, 64, 2055638000608, 3),
(897, 64, 2055638000610, 2),
(898, 64, 2055638000619, 2),
(899, 64, 2055638000611, 2),
(900, 64, 2055638000609, 3),
(901, 64, 2055638000613, 3),
(902, 64, 2055638000586, 3),
(903, 64, 2055638000620, 3),
(904, 64, 2055638000591, 3),
(905, 64, 2055638000615, 3),
(906, 64, 2055638000616, 3),
(907, 64, 2055638000617, 3),
(908, 64, 2055638000618, 3),
(909, 64, 2055638000742, 2),
(910, 66, 2055638000153, 3),
(911, 66, 2055638000156, 1),
(912, 66, 2055638000524, 2),
(913, 66, 2055638000183, 4),
(914, 66, 2055638000186, 3),
(915, 66, 2055638000135, 3),
(916, 66, 2055638000160, 3),
(917, 66, 2055638000188, 2),
(918, 66, 2055638000189, 4),
(919, 66, 2055638000190, 2),
(920, 66, 2055638000442, 3),
(921, 66, 2055638000192, 3),
(922, 66, 2055638000193, 2),
(923, 66, 2055638000140, 1),
(924, 66, 2055638000195, 4),
(925, 66, 2055638000168, 4),
(926, 66, 2055638000170, 4),
(927, 66, 2055638000142, 3),
(928, 66, 2055638000173, 3),
(929, 66, 2055638000146, 4),
(930, 66, 2055638000175, 3),
(931, 66, 2055638000727, 3),
(932, 66, 2055638000148, 1),
(933, 66, 2055638000151, 3),
(934, 67, 2055638000153, 3),
(935, 67, 2055638000156, 3),
(936, 67, 2055638000524, 2),
(937, 67, 2055638000183, 3),
(938, 67, 2055638000186, 3),
(939, 67, 2055638000135, 3),
(940, 67, 2055638000160, 3),
(941, 67, 2055638000188, 2),
(942, 67, 2055638000189, 2),
(943, 67, 2055638000190, 2),
(944, 67, 2055638000442, 3),
(945, 67, 2055638000192, 2),
(946, 67, 2055638000193, 3),
(947, 67, 2055638000140, 3),
(948, 67, 2055638000195, 3),
(949, 67, 2055638000168, 3),
(950, 67, 2055638000170, 3),
(951, 67, 2055638000142, 3),
(952, 67, 2055638000173, 2),
(953, 67, 2055638000146, 4),
(954, 67, 2055638000175, 2),
(955, 67, 2055638000727, 3),
(956, 67, 2055638000148, 4),
(957, 67, 2055638000151, 3),
(958, 72, 2055638000667, 1),
(959, 72, 2055638000668, 1),
(960, 72, 2055638000669, 2),
(961, 72, 2055638000670, 3),
(962, 72, 2055638000671, 2),
(963, 72, 2055638000672, 2),
(964, 72, 2055638000673, 3),
(965, 72, 2055638000674, 2),
(966, 72, 2055638000675, 3),
(967, 72, 2055638000676, 3),
(968, 72, 2055638000677, 4),
(969, 72, 2055638000678, 3),
(970, 72, 2055638000679, 2),
(971, 72, 2055638000680, 4),
(972, 72, 2055638000681, 3),
(973, 72, 2055638000682, 3),
(974, 72, 2055638000683, 3),
(975, 72, 2055638000684, 2),
(976, 72, 2055638000685, 3),
(977, 72, 2055638000686, 4),
(978, 72, 2055638000687, 4),
(979, 72, 2055638000688, 3),
(980, 72, 2055638000689, 4),
(981, 72, 2055638000690, 3),
(982, 72, 2055638000691, 3),
(983, 72, 2055638000692, 3),
(984, 72, 2055638000693, 3),
(985, 72, 2055638000694, 3),
(986, 72, 2055638000695, 4),
(987, 72, 2055638000696, 4),
(988, 70, 2055638000698, 3),
(989, 70, 2055638000699, 3),
(990, 70, 2055638000700, 3),
(991, 70, 2055638000701, 3),
(992, 70, 2055638000702, 3),
(993, 70, 2055638000703, 3),
(994, 70, 2055638000704, 3),
(995, 70, 2055638000705, 3),
(996, 70, 2055638000706, 3),
(997, 70, 2055638000707, 3),
(998, 70, 2055638000708, 3),
(999, 70, 2055638000709, 3),
(1000, 70, 2055638000710, 3),
(1001, 70, 2055638000711, 3),
(1002, 70, 2055638000712, 3),
(1003, 70, 2055638000713, 3),
(1004, 70, 2055638000714, 3),
(1005, 70, 2055638000715, 3),
(1006, 70, 2055638000716, 3),
(1007, 70, 2055638000717, 3),
(1008, 70, 2055638000718, 3),
(1009, 70, 2055638000719, 3),
(1010, 70, 2055638000720, 3),
(1011, 70, 2055638000721, 3),
(1012, 70, 2055638000722, 3),
(1013, 70, 2055638000723, 3),
(1014, 70, 2055638000724, 3),
(1015, 70, 2055638000725, 3),
(1016, 70, 2055638000726, 3),
(1017, 71, 2055638000698, 3),
(1018, 71, 2055638000699, 3),
(1019, 71, 2055638000700, 3),
(1020, 71, 2055638000701, 3),
(1021, 71, 2055638000702, 3),
(1022, 71, 2055638000703, 3),
(1023, 71, 2055638000704, 3),
(1024, 71, 2055638000705, 3),
(1025, 71, 2055638000706, 3),
(1026, 71, 2055638000707, 3),
(1027, 71, 2055638000708, 3),
(1028, 71, 2055638000709, 3),
(1029, 71, 2055638000710, 3),
(1030, 71, 2055638000711, 3),
(1031, 71, 2055638000712, 3),
(1032, 71, 2055638000713, 3),
(1033, 71, 2055638000714, 3),
(1034, 71, 2055638000715, 3),
(1035, 71, 2055638000716, 3),
(1036, 71, 2055638000717, 3),
(1037, 71, 2055638000718, 3),
(1038, 71, 2055638000719, 3),
(1039, 71, 2055638000720, 3),
(1040, 71, 2055638000721, 3),
(1041, 71, 2055638000722, 3),
(1042, 71, 2055638000723, 3),
(1043, 71, 2055638000724, 3),
(1044, 71, 2055638000725, 3),
(1045, 71, 2055638000726, 3),
(1075, 16, 0, 4),
(1076, 16, 2055638000443, 4),
(1077, 16, 2055638000444, 4),
(1078, 16, 2055638000473, 4),
(1079, 16, 2055638000474, 2),
(1080, 16, 2055638000475, 3),
(1081, 16, 2055638000477, 3),
(1082, 16, 2055638000471, 3),
(1083, 16, 2055638000449, 3),
(1084, 16, 2055638000483, 3),
(1085, 16, 2055638000453, 2),
(1086, 16, 2055638000486, 3),
(1087, 16, 2055638000730, 3),
(1088, 16, 2055638000455, 4),
(1089, 16, 2055638000457, 3),
(1090, 16, 2055638000621, 2),
(1091, 16, 2055638000731, 4),
(1092, 16, 2055638000500, 3),
(1093, 16, 2055638000490, 3),
(1094, 16, 2055638000459, 1),
(1095, 16, 2055638000491, 3),
(1096, 16, 2055638000492, 3),
(1097, 16, 2055638000460, 3),
(1098, 16, 2055638000494, 4),
(1099, 16, 2055638000517, 3),
(1100, 16, 2055638000461, 3),
(1101, 16, 2055638000496, 4),
(1102, 16, 2055638000464, 3),
(1103, 16, 2055638000497, 3),
(1104, 16, 2055638000498, 2),
(1105, 16, 2055638000499, 3),
(1135, 17, 0, 3),
(1136, 17, 2055638000443, 3),
(1137, 17, 2055638000444, 3),
(1138, 17, 2055638000473, 3),
(1139, 17, 2055638000474, 3),
(1140, 17, 2055638000475, 3),
(1141, 17, 2055638000477, 3),
(1142, 17, 2055638000471, 3),
(1143, 17, 2055638000449, 3),
(1144, 17, 2055638000483, 3),
(1145, 17, 2055638000453, 3),
(1146, 17, 2055638000486, 3),
(1147, 17, 2055638000730, 3),
(1148, 17, 2055638000455, 3),
(1149, 17, 2055638000457, 3),
(1150, 17, 2055638000621, 3),
(1151, 17, 2055638000731, 3),
(1152, 17, 2055638000500, 3),
(1153, 17, 2055638000490, 3),
(1154, 17, 2055638000459, 3),
(1155, 17, 2055638000491, 3),
(1156, 17, 2055638000492, 3),
(1157, 17, 2055638000460, 3),
(1158, 17, 2055638000494, 3),
(1159, 17, 2055638000517, 3),
(1160, 17, 2055638000461, 3),
(1161, 17, 2055638000496, 3),
(1162, 17, 2055638000464, 3),
(1163, 17, 2055638000497, 3),
(1164, 17, 2055638000498, 3),
(1165, 17, 2055638000499, 3),
(1166, 18, 0, 3),
(1167, 18, 2055638000443, 3),
(1168, 18, 2055638000444, 3),
(1169, 18, 2055638000473, 3),
(1170, 18, 2055638000474, 2),
(1171, 18, 2055638000475, 3),
(1172, 18, 2055638000477, 3),
(1173, 18, 2055638000471, 3),
(1174, 18, 2055638000449, 3),
(1175, 18, 2055638000483, 3),
(1176, 18, 2055638000453, 3),
(1177, 18, 2055638000486, 3),
(1178, 18, 2055638000730, 3),
(1179, 18, 2055638000455, 3),
(1180, 18, 2055638000457, 3),
(1181, 18, 2055638000621, 2),
(1182, 18, 2055638000731, 3),
(1183, 18, 2055638000500, 3),
(1184, 18, 2055638000490, 3),
(1185, 18, 2055638000459, 2),
(1186, 18, 2055638000491, 3),
(1187, 18, 2055638000492, 3),
(1188, 18, 2055638000460, 3),
(1189, 18, 2055638000494, 3),
(1190, 18, 2055638000517, 3),
(1191, 18, 2055638000461, 3),
(1192, 18, 2055638000496, 3),
(1193, 18, 2055638000464, 3),
(1194, 18, 2055638000497, 3),
(1195, 18, 2055638000498, 2),
(1196, 18, 2055638000499, 3),
(1197, 78, 2055638000698, 3),
(1198, 78, 2055638000699, 3),
(1199, 78, 2055638000700, 3),
(1200, 78, 2055638000701, 1),
(1201, 78, 2055638000702, 3),
(1202, 78, 2055638000703, 2),
(1203, 78, 2055638000704, 3),
(1204, 78, 2055638000705, 3),
(1205, 78, 2055638000706, 3),
(1206, 78, 2055638000707, 3),
(1207, 78, 2055638000708, 3),
(1208, 78, 2055638000709, 3),
(1209, 51, 2055638000036, 2),
(1210, 78, 2055638000710, 3),
(1211, 51, 2055638000511, 2),
(1212, 78, 2055638000711, 3),
(1213, 51, 2055638000070, 3),
(1214, 78, 2055638000712, 3),
(1215, 51, 2055638000071, 3),
(1216, 78, 2055638000713, 3),
(1217, 51, 2055638000528, 3),
(1218, 78, 2055638000714, 3),
(1219, 51, 2055638000072, 3),
(1220, 51, 2055638000073, 4),
(1221, 78, 2055638000715, 3),
(1222, 51, 2055638000623, 2),
(1223, 78, 2055638000716, 2),
(1224, 51, 2055638000074, 2),
(1225, 78, 2055638000717, 3),
(1226, 51, 2055638000045, 2),
(1227, 78, 2055638000718, 3),
(1228, 51, 2055638000636, 2),
(1229, 78, 2055638000719, 2),
(1230, 51, 2055638000047, 3),
(1231, 78, 2055638000720, 3),
(1232, 51, 2055638000075, 3),
(1233, 78, 2055638000721, 3),
(1234, 51, 2055638000048, 3),
(1235, 78, 2055638000722, 3),
(1236, 51, 2055638000077, 2),
(1237, 78, 2055638000723, 3),
(1238, 51, 2055638000050, 3),
(1239, 78, 2055638000724, 3),
(1240, 51, 2055638000082, 3),
(1241, 78, 2055638000725, 3),
(1242, 51, 2055638000084, 3),
(1243, 78, 2055638000726, 3),
(1244, 51, 2055638000085, 3),
(1245, 51, 2055638000637, 3),
(1246, 51, 2055638000088, 2),
(1247, 51, 2055638000635, 3),
(1248, 51, 2055638000090, 2),
(1249, 51, 2055638000055, 3),
(1250, 51, 2055638000066, 3),
(1251, 51, 2055638000058, 3),
(1252, 51, 2055638000095, 3),
(1253, 51, 2055638000059, 3),
(1254, 51, 2055638000061, 4),
(1255, 51, 2055638000628, 3),
(1256, 51, 2055638000097, 3),
(1257, 51, 2055638000063, 3),
(1258, 51, 2055638000064, 3),
(1259, 75, 2055638000698, 3),
(1260, 75, 2055638000699, 3),
(1261, 75, 2055638000700, 3),
(1262, 75, 2055638000701, 1),
(1263, 75, 2055638000702, 3),
(1264, 75, 2055638000703, 2),
(1265, 75, 2055638000704, 4),
(1266, 75, 2055638000705, 3),
(1267, 75, 2055638000706, 3),
(1268, 75, 2055638000707, 3),
(1269, 75, 2055638000708, 3),
(1270, 75, 2055638000709, 3),
(1271, 75, 2055638000710, 3),
(1272, 75, 2055638000711, 3),
(1273, 75, 2055638000712, 3),
(1274, 75, 2055638000713, 3),
(1275, 75, 2055638000714, 3),
(1276, 75, 2055638000715, 3),
(1277, 75, 2055638000716, 2),
(1278, 75, 2055638000717, 4),
(1279, 75, 2055638000718, 4),
(1280, 75, 2055638000719, 2),
(1281, 75, 2055638000720, 3),
(1282, 75, 2055638000721, 3),
(1283, 75, 2055638000722, 3),
(1284, 75, 2055638000723, 4),
(1285, 75, 2055638000724, 3),
(1286, 75, 2055638000725, 4),
(1287, 75, 2055638000726, 3),
(1288, 33, 2055638000036, 2),
(1289, 33, 2055638000511, 2),
(1290, 33, 2055638000070, 2),
(1291, 33, 2055638000071, 2),
(1292, 33, 2055638000528, 3),
(1293, 33, 2055638000072, 3),
(1294, 33, 2055638000073, 3),
(1295, 33, 2055638000623, 1),
(1296, 33, 2055638000074, 2),
(1297, 33, 2055638000045, 1),
(1298, 33, 2055638000636, 2),
(1299, 33, 2055638000047, 3),
(1300, 33, 2055638000075, 3),
(1301, 33, 2055638000048, 3),
(1302, 33, 2055638000077, 2),
(1303, 33, 2055638000050, 3),
(1304, 33, 2055638000082, 3),
(1305, 33, 2055638000084, 2),
(1306, 33, 2055638000085, 3),
(1307, 33, 2055638000637, 3),
(1308, 33, 2055638000088, 2),
(1309, 33, 2055638000635, 3),
(1310, 33, 2055638000090, 2),
(1311, 33, 2055638000055, 2),
(1312, 33, 2055638000066, 3),
(1313, 33, 2055638000058, 3),
(1314, 33, 2055638000095, 2),
(1315, 33, 2055638000059, 2),
(1316, 33, 2055638000061, 3),
(1317, 33, 2055638000628, 2),
(1318, 33, 2055638000097, 3),
(1319, 33, 2055638000063, 3),
(1320, 33, 2055638000064, 3),
(1321, 76, 2055638000698, 3),
(1322, 76, 2055638000699, 3),
(1323, 76, 2055638000700, 3),
(1324, 76, 2055638000701, 1),
(1325, 76, 2055638000702, 3),
(1326, 76, 2055638000703, 2),
(1327, 76, 2055638000704, 3),
(1328, 76, 2055638000705, 3),
(1329, 76, 2055638000706, 3),
(1330, 76, 2055638000707, 3),
(1331, 76, 2055638000708, 3),
(1332, 76, 2055638000709, 3),
(1333, 76, 2055638000710, 3),
(1334, 76, 2055638000711, 3),
(1335, 76, 2055638000712, 3),
(1336, 76, 2055638000713, 3),
(1337, 76, 2055638000714, 3),
(1338, 76, 2055638000715, 3),
(1339, 76, 2055638000716, 2),
(1340, 76, 2055638000717, 3),
(1341, 76, 2055638000718, 3),
(1342, 76, 2055638000719, 2),
(1343, 76, 2055638000720, 3),
(1344, 76, 2055638000721, 3),
(1345, 76, 2055638000722, 3),
(1346, 76, 2055638000723, 3),
(1347, 76, 2055638000724, 3),
(1348, 76, 2055638000725, 3),
(1349, 76, 2055638000726, 3),
(1379, 85, 2055638000734, 3),
(1380, 85, 2055638000532, 3),
(1381, 85, 2055638000533, 3),
(1382, 85, 2055638000534, 3),
(1383, 85, 2055638000631, 3),
(1384, 85, 2055638000535, 3),
(1385, 85, 2055638000537, 3),
(1386, 85, 2055638000538, 3),
(1387, 85, 2055638000539, 3),
(1388, 85, 2055638000541, 3),
(1389, 85, 2055638000632, 3),
(1390, 85, 2055638000542, 3),
(1391, 85, 2055638000543, 3),
(1392, 85, 2055638000544, 3),
(1393, 85, 2055638000545, 3),
(1394, 85, 2055638000546, 3),
(1395, 85, 2055638000735, 3),
(1396, 85, 2055638000547, 3),
(1397, 85, 2055638000548, 3),
(1398, 85, 2055638000549, 3),
(1399, 85, 2055638000550, 3),
(1400, 85, 2055638000551, 3),
(1401, 85, 2055638000552, 3),
(1402, 85, 2055638000553, 3),
(1403, 85, 2055638000554, 3),
(1404, 85, 2055638000555, 3),
(1405, 85, 2055638000556, 3),
(1406, 85, 2055638000558, 3),
(1407, 85, 2055638000559, 3),
(1408, 85, 2055638000560, 3),
(1409, 85, 2055638000561, 3),
(1410, 19, 0, 3),
(1411, 19, 2055638000443, 3),
(1412, 19, 2055638000444, 3),
(1413, 19, 2055638000473, 3),
(1414, 19, 2055638000474, 2),
(1415, 19, 2055638000475, 3),
(1416, 19, 2055638000477, 2),
(1417, 19, 2055638000471, 3),
(1418, 19, 2055638000449, 3),
(1419, 19, 2055638000483, 3),
(1420, 19, 2055638000453, 2),
(1421, 19, 2055638000486, 2),
(1422, 19, 2055638000730, 2),
(1423, 19, 2055638000455, 3),
(1424, 19, 2055638000457, 3),
(1425, 19, 2055638000621, 2),
(1426, 19, 2055638000731, 3),
(1427, 19, 2055638000500, 3),
(1428, 19, 2055638000490, 3),
(1429, 19, 2055638000459, 2),
(1430, 19, 2055638000491, 3),
(1431, 19, 2055638000492, 3),
(1432, 19, 2055638000460, 3),
(1433, 19, 2055638000494, 3),
(1434, 19, 2055638000517, 2),
(1435, 19, 2055638000461, 2),
(1436, 19, 2055638000496, 3),
(1437, 19, 2055638000464, 3),
(1438, 19, 2055638000497, 2),
(1439, 19, 2055638000498, 2),
(1440, 19, 2055638000499, 3),
(1441, 69, 2055638000036, 2),
(1442, 69, 2055638000511, 2),
(1443, 69, 2055638000070, 2),
(1444, 69, 2055638000071, 2),
(1445, 69, 2055638000528, 3),
(1446, 69, 2055638000072, 3),
(1447, 69, 2055638000073, 3),
(1448, 69, 2055638000623, 2),
(1449, 69, 2055638000074, 3),
(1450, 69, 2055638000045, 2),
(1451, 69, 2055638000636, 2),
(1452, 69, 2055638000047, 4),
(1453, 69, 2055638000075, 4),
(1454, 69, 2055638000048, 2),
(1455, 69, 2055638000077, 2),
(1456, 69, 2055638000050, 3),
(1457, 69, 2055638000082, 3),
(1458, 69, 2055638000084, 3),
(1459, 69, 2055638000085, 2),
(1460, 69, 2055638000637, 3),
(1461, 69, 2055638000088, 2),
(1462, 69, 2055638000635, 3),
(1463, 69, 2055638000090, 2),
(1464, 69, 2055638000055, 2),
(1465, 69, 2055638000066, 3),
(1466, 69, 2055638000058, 3),
(1467, 69, 2055638000095, 3),
(1468, 69, 2055638000059, 2),
(1469, 69, 2055638000061, 3),
(1470, 69, 2055638000628, 2),
(1471, 69, 2055638000097, 3),
(1472, 69, 2055638000063, 3),
(1473, 69, 2055638000064, 3),
(1474, 20, 0, 4),
(1475, 20, 2055638000443, 4),
(1476, 20, 2055638000444, 4),
(1477, 20, 2055638000473, 4),
(1478, 20, 2055638000474, 3),
(1479, 20, 2055638000475, 4),
(1480, 20, 2055638000477, 3),
(1481, 20, 2055638000471, 4),
(1482, 20, 2055638000449, 3),
(1483, 20, 2055638000483, 4),
(1484, 20, 2055638000453, 3),
(1485, 20, 2055638000486, 3),
(1486, 20, 2055638000730, 3),
(1487, 20, 2055638000455, 4),
(1488, 20, 2055638000457, 4),
(1489, 20, 2055638000621, 2),
(1490, 20, 2055638000731, 4),
(1491, 20, 2055638000500, 4),
(1492, 20, 2055638000490, 4),
(1493, 20, 2055638000459, 2),
(1494, 20, 2055638000491, 4),
(1495, 20, 2055638000492, 4),
(1496, 20, 2055638000460, 3),
(1497, 20, 2055638000494, 4),
(1498, 20, 2055638000517, 3),
(1499, 20, 2055638000461, 4),
(1500, 20, 2055638000496, 4),
(1501, 20, 2055638000464, 4),
(1502, 20, 2055638000497, 3),
(1503, 20, 2055638000498, 3),
(1504, 20, 2055638000499, 3),
(1553, 38, 2055638000036, 2),
(1554, 38, 2055638000511, 2),
(1555, 38, 2055638000070, 2),
(1556, 38, 2055638000071, 2),
(1557, 38, 2055638000528, 3),
(1558, 38, 2055638000072, 3),
(1559, 38, 2055638000073, 4),
(1560, 38, 2055638000623, 2),
(1561, 38, 2055638000074, 2),
(1562, 38, 2055638000045, 2),
(1563, 38, 2055638000636, 2),
(1564, 38, 2055638000047, 3),
(1565, 38, 2055638000075, 4),
(1566, 38, 2055638000048, 3),
(1567, 38, 2055638000077, 2),
(1568, 38, 2055638000050, 3),
(1569, 38, 2055638000082, 3),
(1570, 38, 2055638000084, 2),
(1571, 38, 2055638000085, 2),
(1572, 38, 2055638000637, 3),
(1573, 38, 2055638000088, 2),
(1574, 38, 2055638000635, 3),
(1575, 38, 2055638000090, 2),
(1576, 38, 2055638000055, 2),
(1577, 38, 2055638000066, 2),
(1578, 38, 2055638000058, 3),
(1579, 38, 2055638000095, 2),
(1580, 38, 2055638000059, 3),
(1581, 38, 2055638000061, 3),
(1582, 38, 2055638000628, 3),
(1583, 38, 2055638000097, 3),
(1584, 38, 2055638000063, 3),
(1585, 38, 2055638000064, 3),
(1682, 41, 2055638000036, 1),
(1683, 41, 2055638000511, 1),
(1684, 41, 2055638000070, 1),
(1685, 41, 2055638000071, 2),
(1686, 41, 2055638000528, 2),
(1687, 41, 2055638000072, 3),
(1688, 41, 2055638000073, 3),
(1689, 41, 2055638000623, 1),
(1690, 41, 2055638000074, 2),
(1691, 41, 2055638000045, 1),
(1692, 41, 2055638000636, 2),
(1693, 41, 2055638000047, 3),
(1694, 41, 2055638000075, 3),
(1695, 41, 2055638000048, 3),
(1696, 41, 2055638000077, 2),
(1697, 41, 2055638000050, 3),
(1698, 41, 2055638000082, 3),
(1699, 41, 2055638000084, 2),
(1700, 41, 2055638000085, 2),
(1701, 41, 2055638000637, 3),
(1702, 41, 2055638000088, 2),
(1703, 41, 2055638000635, 3),
(1704, 41, 2055638000090, 1),
(1705, 41, 2055638000055, 2),
(1706, 41, 2055638000066, 3),
(1707, 41, 2055638000058, 2),
(1708, 41, 2055638000095, 2),
(1709, 41, 2055638000059, 3),
(1710, 41, 2055638000061, 3),
(1711, 41, 2055638000628, 2),
(1712, 41, 2055638000097, 2),
(1713, 41, 2055638000063, 2),
(1714, 41, 2055638000064, 3),
(1715, 92, 2055638000598, 4),
(1716, 92, 2055638000599, 4),
(1717, 92, 2055638000600, 3),
(1718, 92, 2055638000601, 4),
(1719, 92, 2055638000602, 4),
(1720, 92, 2055638000603, 3),
(1721, 92, 2055638000604, 3),
(1722, 92, 2055638000605, 4),
(1723, 92, 2055638000633, 4),
(1724, 92, 2055638000606, 4),
(1725, 92, 2055638000607, 3),
(1726, 92, 2055638000741, 3),
(1727, 92, 2055638000608, 4),
(1728, 92, 2055638000610, 3),
(1729, 92, 2055638000619, 3),
(1730, 92, 2055638000611, 3),
(1731, 92, 2055638000609, 4),
(1732, 92, 2055638000613, 4),
(1733, 92, 2055638000586, 3),
(1734, 92, 2055638000620, 3),
(1735, 92, 2055638000591, 3),
(1736, 92, 2055638000615, 4),
(1737, 92, 2055638000616, 4),
(1738, 92, 2055638000617, 4),
(1739, 92, 2055638000618, 4),
(1740, 92, 2055638000742, 3),
(1741, 39, 2055638000036, 2),
(1742, 39, 2055638000511, 2),
(1743, 39, 2055638000070, 3),
(1744, 39, 2055638000071, 3),
(1745, 39, 2055638000528, 3),
(1746, 39, 2055638000072, 3),
(1747, 39, 2055638000073, 3),
(1748, 39, 2055638000623, 2),
(1749, 39, 2055638000074, 3),
(1750, 39, 2055638000045, 2),
(1751, 39, 2055638000636, 2),
(1752, 39, 2055638000047, 3),
(1753, 39, 2055638000075, 3),
(1754, 39, 2055638000048, 3),
(1755, 39, 2055638000077, 3),
(1756, 39, 2055638000050, 3),
(1757, 39, 2055638000082, 3),
(1758, 39, 2055638000084, 3),
(1759, 39, 2055638000085, 3),
(1760, 39, 2055638000637, 3),
(1761, 39, 2055638000088, 2),
(1762, 39, 2055638000635, 3),
(1763, 39, 2055638000090, 2),
(1764, 39, 2055638000055, 3),
(1765, 39, 2055638000066, 3),
(1766, 39, 2055638000058, 3),
(1767, 39, 2055638000095, 3),
(1768, 39, 2055638000059, 3),
(1769, 39, 2055638000061, 3),
(1770, 39, 2055638000628, 3),
(1771, 39, 2055638000097, 3),
(1772, 39, 2055638000063, 3),
(1773, 39, 2055638000064, 3),
(1774, 95, 2055638000598, 3),
(1775, 95, 2055638000599, 2),
(1776, 95, 2055638000600, 2),
(1777, 95, 2055638000601, 3),
(1778, 95, 2055638000602, 3),
(1779, 95, 2055638000603, 2),
(1780, 95, 2055638000604, 3),
(1781, 95, 2055638000605, 3),
(1782, 95, 2055638000633, 3),
(1783, 95, 2055638000606, 4),
(1784, 95, 2055638000607, 2),
(1785, 95, 2055638000741, 3),
(1786, 95, 2055638000608, 4),
(1787, 95, 2055638000610, 2),
(1788, 95, 2055638000619, 2),
(1789, 95, 2055638000611, 3),
(1790, 95, 2055638000609, 3),
(1791, 95, 2055638000613, 4),
(1792, 95, 2055638000586, 2),
(1793, 95, 2055638000620, 2),
(1794, 95, 2055638000591, 3),
(1795, 95, 2055638000615, 4),
(1796, 95, 2055638000616, 4),
(1797, 95, 2055638000617, 4),
(1798, 95, 2055638000618, 2),
(1799, 95, 2055638000742, 2),
(1800, 113, 2055638000067, 3),
(1801, 113, 2055638000035, 3),
(1802, 113, 2055638000037, 3),
(1803, 113, 2055638000039, 3),
(1804, 113, 2055638000040, 3),
(1805, 113, 2055638000041, 3),
(1806, 113, 2055638000043, 3),
(1807, 113, 2055638000044, 3),
(1808, 113, 2055638000076, 3),
(1809, 113, 2055638000049, 3),
(1810, 113, 2055638000737, 3),
(1811, 113, 2055638000078, 3),
(1812, 113, 2055638000079, 3),
(1813, 113, 2055638000051, 3),
(1814, 113, 2055638000081, 3),
(1815, 113, 2055638000630, 3),
(1816, 113, 2055638000052, 3),
(1817, 113, 2055638000053, 3),
(1818, 113, 2055638000086, 3),
(1819, 113, 2055638000738, 3),
(1820, 113, 2055638000089, 3),
(1821, 113, 2055638000091, 3),
(1822, 113, 2055638000065, 3),
(1823, 113, 2055638000057, 3),
(1824, 113, 2055638000092, 3),
(1825, 113, 2055638000093, 3),
(1826, 113, 2055638000094, 3),
(1827, 113, 2055638000060, 3),
(1828, 113, 2055638000096, 3),
(1829, 113, 2055638000739, 3),
(1830, 113, 2055638000436, 3),
(1831, 113, 2055638000062, 3),
(1832, 114, 2055638000067, 3),
(1833, 114, 2055638000035, 2),
(1834, 114, 2055638000037, 2),
(1835, 114, 2055638000039, 3),
(1836, 114, 2055638000040, 2),
(1837, 114, 2055638000041, 3),
(1838, 114, 2055638000043, 2),
(1839, 114, 2055638000044, 2),
(1840, 114, 2055638000076, 2),
(1841, 114, 2055638000049, 2),
(1842, 114, 2055638000737, 2),
(1843, 114, 2055638000078, 2),
(1844, 114, 2055638000079, 2),
(1845, 114, 2055638000051, 3),
(1846, 114, 2055638000081, 2),
(1847, 114, 2055638000630, 3),
(1848, 114, 2055638000052, 2),
(1849, 114, 2055638000053, 3),
(1850, 114, 2055638000086, 2),
(1851, 114, 2055638000738, 2),
(1852, 114, 2055638000089, 2),
(1853, 114, 2055638000091, 3),
(1854, 114, 2055638000065, 2),
(1855, 114, 2055638000057, 3),
(1856, 114, 2055638000092, 3),
(1857, 114, 2055638000093, 3),
(1858, 114, 2055638000094, 2),
(1859, 114, 2055638000060, 2),
(1860, 114, 2055638000096, 2),
(1861, 114, 2055638000739, 2),
(1862, 114, 2055638000436, 2),
(1863, 114, 2055638000062, 3),
(1864, 115, 2055638000067, 3),
(1865, 115, 2055638000035, 2),
(1866, 115, 2055638000037, 2),
(1867, 115, 2055638000039, 3),
(1868, 115, 2055638000040, 2),
(1869, 115, 2055638000041, 3),
(1870, 115, 2055638000043, 2),
(1871, 115, 2055638000044, 2),
(1872, 115, 2055638000076, 2),
(1873, 115, 2055638000049, 2),
(1874, 115, 2055638000737, 2),
(1875, 115, 2055638000078, 2),
(1876, 115, 2055638000079, 2),
(1877, 115, 2055638000051, 3),
(1878, 115, 2055638000081, 2),
(1879, 115, 2055638000630, 3),
(1880, 115, 2055638000052, 2),
(1881, 115, 2055638000053, 3),
(1882, 115, 2055638000086, 2),
(1883, 115, 2055638000738, 2),
(1884, 115, 2055638000089, 2),
(1885, 115, 2055638000091, 3),
(1886, 115, 2055638000065, 2),
(1887, 115, 2055638000057, 2),
(1888, 115, 2055638000092, 3),
(1889, 115, 2055638000093, 3),
(1890, 115, 2055638000094, 2),
(1891, 115, 2055638000060, 2),
(1892, 115, 2055638000096, 2),
(1893, 115, 2055638000739, 2),
(1894, 115, 2055638000436, 2),
(1895, 115, 2055638000062, 3),
(1896, 116, 2055638000067, 3),
(1897, 116, 2055638000035, 2),
(1898, 116, 2055638000037, 2),
(1899, 116, 2055638000039, 3),
(1900, 116, 2055638000040, 2),
(1901, 116, 2055638000041, 3),
(1902, 116, 2055638000043, 2),
(1903, 116, 2055638000044, 2),
(1904, 116, 2055638000076, 2),
(1905, 116, 2055638000049, 2),
(1906, 116, 2055638000737, 2),
(1907, 116, 2055638000078, 2),
(1908, 116, 2055638000079, 2),
(1909, 116, 2055638000051, 3),
(1910, 116, 2055638000081, 2),
(1911, 116, 2055638000630, 3),
(1912, 116, 2055638000052, 2),
(1913, 116, 2055638000053, 3),
(1914, 116, 2055638000086, 2),
(1915, 116, 2055638000738, 2),
(1916, 116, 2055638000089, 2),
(1917, 116, 2055638000091, 3),
(1918, 116, 2055638000065, 2),
(1919, 116, 2055638000057, 2),
(1920, 116, 2055638000092, 3),
(1921, 116, 2055638000093, 3),
(1922, 116, 2055638000094, 2),
(1923, 116, 2055638000060, 2),
(1924, 116, 2055638000096, 2),
(1925, 116, 2055638000739, 2),
(1926, 116, 2055638000436, 2),
(1927, 116, 2055638000062, 2),
(1928, 119, 2055638000728, 3),
(1929, 119, 2055638000445, 3),
(1930, 119, 2055638000472, 3),
(1931, 119, 2055638000446, 3),
(1932, 119, 2055638000447, 3),
(1933, 119, 2055638000527, 3),
(1934, 119, 2055638000476, 3),
(1935, 119, 2055638000478, 3),
(1936, 119, 2055638000626, 3),
(1937, 119, 2055638000501, 3),
(1938, 119, 2055638000481, 3),
(1939, 119, 2055638000450, 3),
(1940, 119, 2055638000451, 3),
(1941, 119, 2055638000484, 3),
(1942, 119, 2055638000485, 3),
(1943, 119, 2055638000452, 3),
(1944, 119, 2055638000454, 3),
(1945, 119, 2055638000488, 3),
(1946, 119, 2055638000625, 3),
(1947, 119, 2055638000456, 3),
(1948, 119, 2055638000458, 3),
(1949, 119, 2055638000729, 3),
(1950, 119, 2055638000480, 3),
(1951, 119, 2055638000493, 3),
(1952, 119, 2055638000495, 3),
(1953, 119, 2055638000462, 3),
(1954, 119, 2055638000463, 3),
(1955, 119, 2055638000466, 3),
(1956, 119, 2055638000467, 3),
(1957, 119, 2055638000469, 3),
(1958, 119, 2055638000470, 3),
(1959, 117, 2055638000067, 4),
(1960, 117, 2055638000035, 1),
(1961, 117, 2055638000037, 1),
(1962, 117, 2055638000039, 3),
(1963, 117, 2055638000040, 1),
(1964, 117, 2055638000041, 3),
(1965, 117, 2055638000043, 2),
(1966, 117, 2055638000044, 1),
(1967, 117, 2055638000076, 1),
(1968, 117, 2055638000049, 1),
(1969, 117, 2055638000737, 2),
(1970, 117, 2055638000078, 1),
(1971, 117, 2055638000079, 1),
(1972, 117, 2055638000051, 3),
(1973, 117, 2055638000081, 2),
(1974, 117, 2055638000630, 4),
(1975, 117, 2055638000052, 1),
(1976, 117, 2055638000053, 3),
(1977, 117, 2055638000086, 1),
(1978, 117, 2055638000738, 2),
(1979, 117, 2055638000089, 1),
(1980, 117, 2055638000091, 4),
(1981, 117, 2055638000065, 1),
(1982, 117, 2055638000057, 2),
(1983, 117, 2055638000092, 3),
(1984, 117, 2055638000093, 3),
(1985, 117, 2055638000094, 2),
(1986, 117, 2055638000060, 1),
(1987, 117, 2055638000096, 2),
(1988, 117, 2055638000739, 2),
(1989, 117, 2055638000436, 2),
(1990, 117, 2055638000062, 2),
(1991, 120, 2055638000728, 3),
(1992, 120, 2055638000445, 3),
(1993, 120, 2055638000472, 3),
(1994, 120, 2055638000446, 3),
(1995, 120, 2055638000447, 3),
(1996, 120, 2055638000527, 3),
(1997, 120, 2055638000476, 3),
(1998, 120, 2055638000478, 3),
(1999, 120, 2055638000626, 3),
(2000, 120, 2055638000501, 3),
(2001, 120, 2055638000481, 3),
(2002, 120, 2055638000450, 3),
(2003, 120, 2055638000451, 3),
(2004, 120, 2055638000484, 3),
(2005, 120, 2055638000485, 3),
(2006, 120, 2055638000452, 3),
(2007, 120, 2055638000454, 3),
(2008, 120, 2055638000488, 3),
(2009, 120, 2055638000625, 3),
(2010, 120, 2055638000456, 3),
(2011, 120, 2055638000458, 3),
(2012, 120, 2055638000729, 3),
(2013, 120, 2055638000480, 3),
(2014, 120, 2055638000493, 3),
(2015, 120, 2055638000495, 3),
(2016, 120, 2055638000462, 3),
(2017, 120, 2055638000463, 3),
(2018, 120, 2055638000466, 3),
(2019, 120, 2055638000467, 3),
(2020, 120, 2055638000469, 3),
(2021, 120, 2055638000470, 3),
(2022, 118, 2055638000067, 4),
(2023, 118, 2055638000035, 1),
(2024, 118, 2055638000037, 2),
(2025, 118, 2055638000039, 3),
(2026, 118, 2055638000040, 2),
(2027, 118, 2055638000041, 3),
(2028, 118, 2055638000043, 2),
(2029, 118, 2055638000044, 2),
(2030, 118, 2055638000076, 1),
(2031, 118, 2055638000049, 1),
(2032, 118, 2055638000737, 2),
(2033, 118, 2055638000078, 1),
(2034, 118, 2055638000079, 1),
(2035, 118, 2055638000051, 3),
(2036, 118, 2055638000081, 2),
(2037, 118, 2055638000630, 4),
(2038, 118, 2055638000052, 1),
(2039, 118, 2055638000053, 3),
(2040, 118, 2055638000086, 1),
(2041, 118, 2055638000738, 2),
(2042, 118, 2055638000089, 1),
(2043, 118, 2055638000091, 4),
(2044, 118, 2055638000065, 1),
(2045, 118, 2055638000057, 2),
(2046, 118, 2055638000092, 3),
(2047, 118, 2055638000093, 3),
(2048, 118, 2055638000094, 2),
(2049, 118, 2055638000060, 1),
(2050, 118, 2055638000096, 2),
(2051, 118, 2055638000739, 2),
(2052, 118, 2055638000436, 2),
(2053, 118, 2055638000062, 2),
(2054, 23, 2055638000728, 3),
(2055, 23, 2055638000445, 2),
(2056, 23, 2055638000472, 3),
(2057, 23, 2055638000446, 2),
(2058, 23, 2055638000447, 2),
(2059, 23, 2055638000527, 3),
(2060, 23, 2055638000476, 3),
(2061, 23, 2055638000478, 3),
(2062, 23, 2055638000626, 3),
(2063, 23, 2055638000501, 3),
(2064, 23, 2055638000481, 3),
(2065, 23, 2055638000450, 3),
(2066, 23, 2055638000451, 3),
(2067, 23, 2055638000484, 3),
(2068, 23, 2055638000485, 3),
(2069, 23, 2055638000452, 2),
(2070, 23, 2055638000454, 2),
(2071, 23, 2055638000488, 3),
(2072, 23, 2055638000625, 3),
(2073, 23, 2055638000456, 2),
(2074, 23, 2055638000458, 2),
(2075, 23, 2055638000729, 3),
(2076, 23, 2055638000480, 2),
(2077, 23, 2055638000493, 3),
(2078, 23, 2055638000495, 3),
(2079, 23, 2055638000462, 3),
(2080, 23, 2055638000463, 3),
(2081, 23, 2055638000466, 2),
(2082, 23, 2055638000467, 2),
(2083, 23, 2055638000469, 3),
(2084, 23, 2055638000470, 2),
(2085, 24, 2055638000728, 3),
(2086, 24, 2055638000445, 3),
(2087, 24, 2055638000472, 3),
(2088, 24, 2055638000446, 3),
(2089, 24, 2055638000447, 3),
(2090, 24, 2055638000527, 3),
(2091, 24, 2055638000476, 3),
(2092, 24, 2055638000478, 3),
(2093, 24, 2055638000626, 3),
(2094, 24, 2055638000501, 3),
(2095, 24, 2055638000481, 3),
(2096, 24, 2055638000450, 3),
(2097, 24, 2055638000451, 3),
(2098, 24, 2055638000484, 3),
(2099, 24, 2055638000485, 3),
(2100, 24, 2055638000452, 3),
(2101, 24, 2055638000454, 3),
(2102, 24, 2055638000488, 3),
(2103, 24, 2055638000625, 3),
(2104, 24, 2055638000456, 3),
(2105, 24, 2055638000458, 3),
(2106, 24, 2055638000729, 3),
(2107, 24, 2055638000480, 3),
(2108, 24, 2055638000493, 3),
(2109, 24, 2055638000495, 3),
(2110, 24, 2055638000462, 3),
(2111, 24, 2055638000463, 3),
(2112, 24, 2055638000466, 3),
(2113, 24, 2055638000467, 3),
(2114, 24, 2055638000469, 3),
(2115, 24, 2055638000470, 3),
(2116, 25, 2055638000728, 3),
(2117, 25, 2055638000445, 3),
(2118, 25, 2055638000472, 3),
(2119, 25, 2055638000446, 3),
(2120, 25, 2055638000447, 3),
(2121, 25, 2055638000527, 3),
(2122, 25, 2055638000476, 3),
(2123, 25, 2055638000478, 3),
(2124, 25, 2055638000626, 3),
(2125, 25, 2055638000501, 3),
(2126, 25, 2055638000481, 3),
(2127, 25, 2055638000450, 3),
(2128, 25, 2055638000451, 3),
(2129, 25, 2055638000484, 3),
(2130, 25, 2055638000485, 3),
(2131, 25, 2055638000452, 3),
(2132, 25, 2055638000454, 3),
(2133, 25, 2055638000488, 3),
(2134, 25, 2055638000625, 3),
(2135, 25, 2055638000456, 3),
(2136, 25, 2055638000458, 3),
(2137, 25, 2055638000729, 3),
(2138, 25, 2055638000480, 3),
(2139, 25, 2055638000493, 3),
(2140, 25, 2055638000495, 3),
(2141, 25, 2055638000462, 3),
(2142, 25, 2055638000463, 3),
(2143, 25, 2055638000466, 3),
(2144, 25, 2055638000467, 3),
(2145, 25, 2055638000469, 3),
(2146, 25, 2055638000470, 3),
(2147, 26, 2055638000728, 2),
(2148, 26, 2055638000445, 2),
(2149, 26, 2055638000472, 2),
(2150, 26, 2055638000446, 2),
(2151, 26, 2055638000447, 2),
(2152, 26, 2055638000527, 2),
(2153, 26, 2055638000476, 2),
(2154, 26, 2055638000478, 2),
(2155, 26, 2055638000626, 2),
(2156, 26, 2055638000501, 3),
(2157, 26, 2055638000481, 2),
(2158, 26, 2055638000450, 2),
(2159, 26, 2055638000451, 2),
(2160, 26, 2055638000484, 2),
(2161, 26, 2055638000485, 2),
(2162, 26, 2055638000452, 2),
(2163, 26, 2055638000454, 2),
(2164, 26, 2055638000488, 3),
(2165, 26, 2055638000625, 3),
(2166, 26, 2055638000456, 2),
(2167, 26, 2055638000458, 2),
(2168, 26, 2055638000729, 2),
(2169, 26, 2055638000480, 2),
(2170, 26, 2055638000493, 2),
(2171, 26, 2055638000495, 2),
(2172, 26, 2055638000462, 2),
(2173, 26, 2055638000463, 2),
(2174, 26, 2055638000466, 2),
(2175, 26, 2055638000467, 2),
(2176, 26, 2055638000469, 2),
(2177, 26, 2055638000470, 2),
(2178, 27, 2055638000728, 3),
(2179, 27, 2055638000445, 3),
(2180, 27, 2055638000472, 3),
(2181, 27, 2055638000446, 3),
(2182, 27, 2055638000447, 3),
(2183, 27, 2055638000527, 3),
(2184, 27, 2055638000476, 3),
(2185, 27, 2055638000478, 3),
(2186, 27, 2055638000626, 3),
(2187, 27, 2055638000501, 3),
(2188, 27, 2055638000481, 3),
(2189, 27, 2055638000450, 3),
(2190, 27, 2055638000451, 4),
(2191, 27, 2055638000484, 3),
(2192, 27, 2055638000485, 3),
(2193, 27, 2055638000452, 3),
(2194, 27, 2055638000454, 3),
(2195, 27, 2055638000488, 4),
(2196, 27, 2055638000625, 3),
(2197, 27, 2055638000456, 3),
(2198, 27, 2055638000458, 3),
(2199, 27, 2055638000729, 3),
(2200, 27, 2055638000480, 3),
(2201, 27, 2055638000493, 3),
(2202, 27, 2055638000495, 3),
(2203, 27, 2055638000462, 3),
(2204, 27, 2055638000463, 3),
(2205, 27, 2055638000466, 3),
(2206, 27, 2055638000467, 3),
(2207, 27, 2055638000469, 4),
(2208, 27, 2055638000470, 3),
(2209, 121, 2055638000520, 3),
(2210, 121, 2055638000125, 3),
(2211, 121, 2055638000127, 3),
(2212, 121, 2055638000128, 3),
(2213, 121, 2055638000129, 2),
(2214, 121, 2055638000733, 3),
(2215, 121, 2055638000181, 3),
(2216, 121, 2055638000130, 3),
(2217, 121, 2055638000159, 3),
(2218, 121, 2055638000133, 2),
(2219, 121, 2055638000182, 2),
(2220, 121, 2055638000185, 3),
(2221, 121, 2055638000136, 3),
(2222, 121, 2055638000137, 2),
(2223, 121, 2055638000187, 3),
(2224, 121, 2055638000441, 3),
(2225, 121, 2055638000194, 3),
(2226, 121, 2055638000197, 3),
(2227, 121, 2055638000169, 2),
(2228, 121, 2055638000732, 3),
(2229, 121, 2055638000144, 3),
(2230, 121, 2055638000199, 2),
(2231, 121, 2055638000147, 3),
(2232, 121, 2055638000176, 3),
(2233, 123, 2055638000520, 3),
(2234, 123, 2055638000125, 4),
(2235, 123, 2055638000127, 4),
(2236, 123, 2055638000128, 3),
(2237, 123, 2055638000129, 2),
(2238, 123, 2055638000733, 3),
(2239, 123, 2055638000181, 3),
(2240, 123, 2055638000130, 4),
(2241, 123, 2055638000159, 3),
(2242, 123, 2055638000133, 2),
(2243, 123, 2055638000182, 2),
(2244, 123, 2055638000185, 4),
(2245, 123, 2055638000136, 3),
(2246, 123, 2055638000137, 2),
(2247, 123, 2055638000187, 3),
(2248, 123, 2055638000441, 4),
(2249, 123, 2055638000194, 3),
(2250, 123, 2055638000197, 3),
(2251, 123, 2055638000169, 2),
(2252, 123, 2055638000732, 3),
(2253, 123, 2055638000144, 3),
(2254, 123, 2055638000199, 2),
(2255, 123, 2055638000147, 3),
(2256, 123, 2055638000176, 4),
(2257, 124, 2055638000520, 3),
(2258, 124, 2055638000125, 4),
(2259, 124, 2055638000127, 4),
(2260, 124, 2055638000128, 3),
(2261, 124, 2055638000129, 2),
(2262, 124, 2055638000733, 4),
(2263, 124, 2055638000181, 4),
(2264, 124, 2055638000130, 3),
(2265, 124, 2055638000159, 3),
(2266, 124, 2055638000133, 2),
(2267, 124, 2055638000182, 2),
(2268, 124, 2055638000185, 4),
(2269, 124, 2055638000136, 3),
(2270, 124, 2055638000137, 3),
(2271, 124, 2055638000187, 3),
(2272, 124, 2055638000441, 4),
(2273, 124, 2055638000194, 3),
(2274, 124, 2055638000197, 4),
(2275, 124, 2055638000169, 2),
(2276, 124, 2055638000732, 4),
(2277, 124, 2055638000144, 4),
(2278, 124, 2055638000199, 3),
(2279, 124, 2055638000147, 4),
(2280, 124, 2055638000176, 4),
(2281, 125, 2055638000520, 2),
(2282, 125, 2055638000125, 3),
(2283, 125, 2055638000127, 3),
(2284, 125, 2055638000128, 2),
(2285, 125, 2055638000129, 2),
(2286, 125, 2055638000733, 3),
(2287, 125, 2055638000181, 4),
(2288, 125, 2055638000130, 2),
(2289, 125, 2055638000159, 2),
(2290, 125, 2055638000133, 2),
(2291, 125, 2055638000182, 2),
(2292, 125, 2055638000185, 4),
(2293, 125, 2055638000136, 3),
(2294, 125, 2055638000137, 2),
(2295, 125, 2055638000187, 3),
(2296, 125, 2055638000441, 4),
(2297, 125, 2055638000194, 3),
(2298, 125, 2055638000197, 4),
(2299, 125, 2055638000169, 2),
(2300, 125, 2055638000732, 3),
(2301, 125, 2055638000144, 3),
(2302, 125, 2055638000199, 2),
(2303, 125, 2055638000147, 3),
(2304, 125, 2055638000176, 3),
(2305, 87, 2055638000734, 3),
(2306, 87, 2055638000532, 3),
(2307, 87, 2055638000533, 3),
(2308, 87, 2055638000534, 3),
(2309, 87, 2055638000631, 3),
(2310, 87, 2055638000535, 3),
(2311, 87, 2055638000537, 3),
(2312, 87, 2055638000538, 2),
(2313, 87, 2055638000539, 3),
(2314, 87, 2055638000541, 3),
(2315, 87, 2055638000632, 3),
(2316, 87, 2055638000542, 3),
(2317, 87, 2055638000543, 3);
INSERT INTO `p_nilai` (`nilai_id`, `target_id`, `siswa_id`, `nilai_data`) VALUES
(2318, 87, 2055638000544, 3),
(2319, 87, 2055638000545, 3),
(2320, 87, 2055638000546, 3),
(2321, 87, 2055638000735, 2),
(2322, 87, 2055638000547, 2),
(2323, 87, 2055638000548, 3),
(2324, 87, 2055638000549, 3),
(2325, 87, 2055638000550, 3),
(2326, 87, 2055638000551, 3),
(2327, 87, 2055638000552, 3),
(2328, 87, 2055638000553, 3),
(2329, 87, 2055638000554, 2),
(2330, 87, 2055638000555, 3),
(2331, 87, 2055638000556, 3),
(2332, 87, 2055638000558, 2),
(2333, 87, 2055638000559, 3),
(2334, 87, 2055638000560, 3),
(2335, 87, 2055638000561, 2),
(2336, 93, 2055638000734, 3),
(2337, 93, 2055638000532, 2),
(2338, 93, 2055638000533, 3),
(2339, 93, 2055638000534, 3),
(2340, 93, 2055638000631, 3),
(2341, 93, 2055638000535, 3),
(2342, 93, 2055638000537, 2),
(2343, 93, 2055638000538, 3),
(2344, 93, 2055638000539, 3),
(2345, 93, 2055638000541, 3),
(2346, 93, 2055638000632, 3),
(2347, 93, 2055638000542, 3),
(2348, 93, 2055638000543, 3),
(2349, 93, 2055638000544, 3),
(2350, 93, 2055638000545, 3),
(2351, 93, 2055638000546, 3),
(2352, 93, 2055638000735, 2),
(2353, 93, 2055638000547, 3),
(2354, 93, 2055638000548, 3),
(2355, 93, 2055638000549, 3),
(2356, 93, 2055638000550, 3),
(2357, 93, 2055638000551, 3),
(2358, 93, 2055638000552, 2),
(2359, 93, 2055638000553, 3),
(2360, 93, 2055638000554, 2),
(2361, 93, 2055638000555, 3),
(2362, 93, 2055638000556, 3),
(2363, 93, 2055638000558, 2),
(2364, 93, 2055638000559, 3),
(2365, 93, 2055638000560, 3),
(2366, 93, 2055638000561, 2),
(2367, 96, 2055638000734, 2),
(2368, 96, 2055638000532, 2),
(2369, 96, 2055638000533, 3),
(2370, 96, 2055638000534, 3),
(2371, 96, 2055638000631, 3),
(2372, 96, 2055638000535, 3),
(2373, 96, 2055638000537, 2),
(2374, 96, 2055638000538, 3),
(2375, 96, 2055638000539, 2),
(2376, 96, 2055638000541, 3),
(2377, 96, 2055638000632, 3),
(2378, 96, 2055638000542, 3),
(2379, 96, 2055638000543, 3),
(2380, 96, 2055638000544, 2),
(2381, 96, 2055638000545, 3),
(2382, 96, 2055638000546, 3),
(2383, 96, 2055638000735, 3),
(2384, 96, 2055638000547, 2),
(2385, 96, 2055638000548, 3),
(2386, 96, 2055638000549, 3),
(2387, 96, 2055638000550, 3),
(2388, 96, 2055638000551, 3),
(2389, 96, 2055638000552, 3),
(2390, 96, 2055638000553, 3),
(2391, 96, 2055638000554, 2),
(2392, 96, 2055638000555, 3),
(2393, 96, 2055638000556, 3),
(2394, 96, 2055638000558, 3),
(2395, 96, 2055638000559, 3),
(2396, 96, 2055638000560, 3),
(2397, 96, 2055638000561, 2),
(2398, 112, 2055638000734, 3),
(2399, 112, 2055638000532, 2),
(2400, 112, 2055638000533, 3),
(2401, 112, 2055638000534, 3),
(2402, 112, 2055638000631, 3),
(2403, 112, 2055638000535, 3),
(2404, 112, 2055638000537, 3),
(2405, 112, 2055638000538, 3),
(2406, 112, 2055638000539, 3),
(2407, 112, 2055638000541, 3),
(2408, 112, 2055638000632, 2),
(2409, 112, 2055638000542, 3),
(2410, 112, 2055638000543, 3),
(2411, 112, 2055638000544, 2),
(2412, 112, 2055638000545, 2),
(2413, 112, 2055638000546, 3),
(2414, 112, 2055638000735, 2),
(2415, 112, 2055638000547, 3),
(2416, 112, 2055638000548, 3),
(2417, 112, 2055638000549, 3),
(2418, 112, 2055638000550, 3),
(2419, 112, 2055638000551, 3),
(2420, 112, 2055638000552, 2),
(2421, 112, 2055638000553, 3),
(2422, 112, 2055638000554, 3),
(2423, 112, 2055638000555, 3),
(2424, 112, 2055638000556, 3),
(2425, 112, 2055638000558, 3),
(2426, 112, 2055638000559, 3),
(2427, 112, 2055638000560, 3),
(2428, 112, 2055638000561, 2),
(2429, 102, 2055638000734, 2),
(2430, 102, 2055638000532, 2),
(2431, 102, 2055638000533, 2),
(2432, 102, 2055638000534, 2),
(2433, 102, 2055638000631, 3),
(2434, 102, 2055638000535, 3),
(2435, 102, 2055638000537, 3),
(2436, 102, 2055638000538, 2),
(2437, 102, 2055638000539, 2),
(2438, 102, 2055638000541, 3),
(2439, 102, 2055638000632, 3),
(2440, 102, 2055638000542, 2),
(2441, 102, 2055638000543, 2),
(2442, 102, 2055638000544, 3),
(2443, 102, 2055638000545, 2),
(2444, 102, 2055638000546, 2),
(2445, 102, 2055638000735, 2),
(2446, 102, 2055638000547, 3),
(2447, 102, 2055638000548, 3),
(2448, 102, 2055638000549, 2),
(2449, 102, 2055638000550, 3),
(2450, 102, 2055638000551, 3),
(2451, 102, 2055638000552, 2),
(2452, 102, 2055638000553, 2),
(2453, 102, 2055638000554, 2),
(2454, 102, 2055638000555, 2),
(2455, 102, 2055638000556, 2),
(2456, 102, 2055638000558, 2),
(2457, 102, 2055638000559, 2),
(2458, 102, 2055638000560, 2),
(2459, 102, 2055638000561, 2),
(2460, 107, 2055638000734, 2),
(2461, 107, 2055638000532, 2),
(2462, 107, 2055638000533, 3),
(2463, 107, 2055638000534, 3),
(2464, 107, 2055638000631, 3),
(2465, 107, 2055638000535, 3),
(2466, 107, 2055638000537, 2),
(2467, 107, 2055638000538, 2),
(2468, 107, 2055638000539, 2),
(2469, 107, 2055638000541, 3),
(2470, 107, 2055638000632, 2),
(2471, 107, 2055638000542, 2),
(2472, 107, 2055638000543, 3),
(2473, 107, 2055638000544, 2),
(2474, 107, 2055638000545, 3),
(2475, 107, 2055638000546, 2),
(2476, 107, 2055638000735, 2),
(2477, 107, 2055638000547, 2),
(2478, 107, 2055638000548, 2),
(2479, 107, 2055638000549, 2),
(2480, 107, 2055638000550, 2),
(2481, 107, 2055638000551, 2),
(2482, 107, 2055638000552, 2),
(2483, 107, 2055638000553, 3),
(2484, 107, 2055638000554, 2),
(2485, 107, 2055638000555, 3),
(2486, 107, 2055638000556, 3),
(2487, 107, 2055638000558, 2),
(2488, 107, 2055638000559, 2),
(2489, 107, 2055638000560, 2),
(2490, 107, 2055638000561, 2),
(2491, 126, 2055638000698, 3),
(2492, 126, 2055638000699, 3),
(2493, 126, 2055638000700, 3),
(2494, 126, 2055638000701, 1),
(2495, 126, 2055638000702, 3),
(2496, 126, 2055638000703, 2),
(2497, 126, 2055638000704, 3),
(2498, 126, 2055638000705, 3),
(2499, 126, 2055638000706, 3),
(2500, 126, 2055638000707, 3),
(2501, 126, 2055638000708, 3),
(2502, 126, 2055638000709, 3),
(2503, 126, 2055638000710, 3),
(2504, 126, 2055638000711, 3),
(2505, 126, 2055638000712, 3),
(2506, 126, 2055638000713, 3),
(2507, 126, 2055638000714, 3),
(2508, 126, 2055638000715, 3),
(2509, 126, 2055638000716, 2),
(2510, 126, 2055638000717, 3),
(2511, 126, 2055638000718, 3),
(2512, 126, 2055638000719, 2),
(2513, 126, 2055638000720, 3),
(2514, 126, 2055638000721, 3),
(2515, 126, 2055638000722, 3),
(2516, 126, 2055638000723, 3),
(2517, 126, 2055638000724, 3),
(2518, 126, 2055638000725, 3),
(2519, 126, 2055638000726, 3),
(2520, 90, 2055638000563, 3),
(2521, 90, 2055638000564, 3),
(2522, 90, 2055638000565, 3),
(2523, 90, 2055638000566, 3),
(2524, 90, 2055638000567, 3),
(2525, 90, 2055638000568, 3),
(2526, 90, 2055638000569, 3),
(2527, 90, 2055638000570, 3),
(2528, 90, 2055638000571, 3),
(2529, 90, 2055638000572, 3),
(2530, 90, 2055638000573, 3),
(2531, 90, 2055638000574, 3),
(2532, 90, 2055638000575, 3),
(2533, 90, 2055638000576, 3),
(2534, 90, 2055638000577, 3),
(2535, 90, 2055638000578, 3),
(2536, 90, 2055638000579, 3),
(2537, 90, 2055638000580, 3),
(2538, 90, 2055638000582, 3),
(2539, 90, 2055638000584, 3),
(2540, 90, 2055638000585, 3),
(2541, 90, 2055638000587, 3),
(2542, 90, 2055638000588, 3),
(2543, 90, 2055638000589, 3),
(2544, 90, 2055638000590, 3),
(2545, 90, 2055638000592, 3),
(2546, 90, 2055638000593, 3),
(2547, 90, 2055638000594, 3),
(2548, 90, 2055638000595, 3),
(2549, 90, 2055638000596, 3),
(2550, 90, 2055638000597, 3),
(2551, 91, 2055638000563, 3),
(2552, 91, 2055638000564, 3),
(2553, 91, 2055638000565, 3),
(2554, 91, 2055638000566, 3),
(2555, 91, 2055638000567, 3),
(2556, 91, 2055638000568, 3),
(2557, 91, 2055638000569, 3),
(2558, 91, 2055638000570, 2),
(2559, 91, 2055638000571, 2),
(2560, 91, 2055638000572, 3),
(2561, 91, 2055638000573, 3),
(2562, 91, 2055638000574, 3),
(2563, 91, 2055638000575, 3),
(2564, 91, 2055638000576, 3),
(2565, 91, 2055638000577, 3),
(2566, 91, 2055638000578, 3),
(2567, 91, 2055638000579, 2),
(2568, 91, 2055638000580, 3),
(2569, 91, 2055638000582, 2),
(2570, 91, 2055638000584, 3),
(2571, 91, 2055638000585, 2),
(2572, 91, 2055638000587, 3),
(2573, 91, 2055638000588, 3),
(2574, 91, 2055638000589, 3),
(2575, 91, 2055638000590, 3),
(2576, 91, 2055638000592, 3),
(2577, 91, 2055638000593, 3),
(2578, 91, 2055638000594, 3),
(2579, 91, 2055638000595, 3),
(2580, 91, 2055638000596, 3),
(2581, 91, 2055638000597, 3),
(2582, 94, 2055638000563, 3),
(2583, 94, 2055638000564, 3),
(2584, 94, 2055638000565, 2),
(2585, 94, 2055638000566, 2),
(2586, 94, 2055638000567, 2),
(2587, 94, 2055638000568, 3),
(2588, 94, 2055638000569, 3),
(2589, 94, 2055638000570, 3),
(2590, 94, 2055638000571, 2),
(2591, 94, 2055638000572, 2),
(2592, 94, 2055638000573, 2),
(2593, 94, 2055638000574, 3),
(2594, 94, 2055638000575, 3),
(2595, 94, 2055638000576, 3),
(2596, 94, 2055638000577, 3),
(2597, 94, 2055638000578, 3),
(2598, 94, 2055638000579, 3),
(2599, 94, 2055638000580, 2),
(2600, 94, 2055638000582, 2),
(2601, 94, 2055638000584, 3),
(2602, 94, 2055638000585, 3),
(2603, 94, 2055638000587, 3),
(2604, 94, 2055638000588, 3),
(2605, 94, 2055638000589, 3),
(2606, 94, 2055638000590, 2),
(2607, 94, 2055638000592, 3),
(2608, 94, 2055638000593, 2),
(2609, 94, 2055638000594, 3),
(2610, 94, 2055638000595, 3),
(2611, 94, 2055638000596, 2),
(2612, 94, 2055638000597, 3),
(2613, 103, 2055638000563, 3),
(2614, 103, 2055638000564, 3),
(2615, 103, 2055638000565, 2),
(2616, 103, 2055638000566, 2),
(2617, 103, 2055638000567, 3),
(2618, 103, 2055638000568, 4),
(2619, 103, 2055638000569, 3),
(2620, 103, 2055638000570, 3),
(2621, 103, 2055638000571, 3),
(2622, 103, 2055638000572, 2),
(2623, 103, 2055638000573, 3),
(2624, 103, 2055638000574, 4),
(2625, 103, 2055638000575, 3),
(2626, 103, 2055638000576, 3),
(2627, 103, 2055638000577, 3),
(2628, 103, 2055638000578, 4),
(2629, 103, 2055638000579, 3),
(2630, 103, 2055638000580, 3),
(2631, 103, 2055638000582, 3),
(2632, 103, 2055638000584, 3),
(2633, 103, 2055638000585, 3),
(2634, 103, 2055638000587, 3),
(2635, 103, 2055638000588, 3),
(2636, 103, 2055638000589, 3),
(2637, 103, 2055638000590, 3),
(2638, 103, 2055638000592, 3),
(2639, 103, 2055638000593, 2),
(2640, 103, 2055638000594, 3),
(2641, 103, 2055638000595, 3),
(2642, 103, 2055638000596, 3),
(2643, 103, 2055638000597, 3),
(2644, 97, 2055638000563, 3),
(2645, 97, 2055638000564, 3),
(2646, 97, 2055638000565, 2),
(2647, 97, 2055638000566, 2),
(2648, 97, 2055638000567, 3),
(2649, 97, 2055638000568, 3),
(2650, 97, 2055638000569, 3),
(2651, 97, 2055638000570, 3),
(2652, 97, 2055638000571, 3),
(2653, 97, 2055638000572, 3),
(2654, 97, 2055638000573, 3),
(2655, 97, 2055638000574, 3),
(2656, 97, 2055638000575, 3),
(2657, 97, 2055638000576, 3),
(2658, 97, 2055638000577, 3),
(2659, 97, 2055638000578, 3),
(2660, 97, 2055638000579, 3),
(2661, 97, 2055638000580, 3),
(2662, 97, 2055638000582, 3),
(2663, 97, 2055638000584, 3),
(2664, 97, 2055638000585, 3),
(2665, 97, 2055638000587, 3),
(2666, 97, 2055638000588, 3),
(2667, 97, 2055638000589, 3),
(2668, 97, 2055638000590, 3),
(2669, 97, 2055638000592, 3),
(2670, 97, 2055638000593, 2),
(2671, 97, 2055638000594, 3),
(2672, 97, 2055638000595, 3),
(2673, 97, 2055638000596, 3),
(2674, 97, 2055638000597, 3),
(2675, 109, 2055638000563, 3),
(2676, 109, 2055638000564, 3),
(2677, 109, 2055638000565, 3),
(2678, 109, 2055638000566, 3),
(2679, 109, 2055638000567, 3),
(2680, 109, 2055638000568, 3),
(2681, 109, 2055638000569, 3),
(2682, 109, 2055638000570, 3),
(2683, 109, 2055638000571, 3),
(2684, 109, 2055638000572, 3),
(2685, 109, 2055638000573, 3),
(2686, 109, 2055638000574, 3),
(2687, 109, 2055638000575, 3),
(2688, 109, 2055638000576, 3),
(2689, 109, 2055638000577, 3),
(2690, 109, 2055638000578, 3),
(2691, 109, 2055638000579, 3),
(2692, 109, 2055638000580, 3),
(2693, 109, 2055638000582, 3),
(2694, 109, 2055638000584, 3),
(2695, 109, 2055638000585, 3),
(2696, 109, 2055638000587, 3),
(2697, 109, 2055638000588, 3),
(2698, 109, 2055638000589, 3),
(2699, 109, 2055638000590, 2),
(2700, 109, 2055638000592, 3),
(2701, 109, 2055638000593, 3),
(2702, 109, 2055638000594, 3),
(2703, 109, 2055638000595, 3),
(2704, 109, 2055638000596, 3),
(2705, 109, 2055638000597, 3),
(2706, 100, 2055638000563, 3),
(2707, 100, 2055638000564, 3),
(2708, 100, 2055638000565, 2),
(2709, 100, 2055638000566, 2),
(2710, 100, 2055638000567, 3),
(2711, 100, 2055638000568, 3),
(2712, 100, 2055638000569, 3),
(2713, 100, 2055638000570, 3),
(2714, 100, 2055638000571, 3),
(2715, 100, 2055638000572, 3),
(2716, 100, 2055638000573, 3),
(2717, 100, 2055638000574, 3),
(2718, 100, 2055638000575, 3),
(2719, 100, 2055638000576, 3),
(2720, 100, 2055638000577, 3),
(2721, 100, 2055638000578, 3),
(2722, 100, 2055638000579, 3),
(2723, 100, 2055638000580, 3),
(2724, 100, 2055638000582, 3),
(2725, 100, 2055638000584, 3),
(2726, 100, 2055638000585, 3),
(2727, 100, 2055638000587, 3),
(2728, 100, 2055638000588, 3),
(2729, 100, 2055638000589, 3),
(2730, 100, 2055638000590, 3),
(2731, 100, 2055638000592, 3),
(2732, 100, 2055638000593, 2),
(2733, 100, 2055638000594, 3),
(2734, 100, 2055638000595, 3),
(2735, 100, 2055638000596, 3),
(2736, 100, 2055638000597, 3),
(2737, 101, 2055638000598, 4),
(2738, 101, 2055638000599, 4),
(2739, 101, 2055638000600, 2),
(2740, 101, 2055638000601, 4),
(2741, 101, 2055638000602, 4),
(2742, 101, 2055638000603, 3),
(2743, 101, 2055638000604, 4),
(2744, 101, 2055638000605, 4),
(2745, 101, 2055638000633, 4),
(2746, 101, 2055638000606, 4),
(2747, 101, 2055638000607, 2),
(2748, 101, 2055638000741, 3),
(2749, 101, 2055638000608, 4),
(2750, 101, 2055638000610, 2),
(2751, 101, 2055638000619, 3),
(2752, 101, 2055638000611, 3),
(2753, 101, 2055638000609, 3),
(2754, 101, 2055638000613, 4),
(2755, 101, 2055638000586, 3),
(2756, 101, 2055638000620, 2),
(2757, 101, 2055638000591, 3),
(2758, 101, 2055638000615, 4),
(2759, 101, 2055638000616, 4),
(2760, 101, 2055638000617, 4),
(2761, 101, 2055638000618, 2),
(2762, 101, 2055638000742, 2),
(2763, 104, 2055638000598, 4),
(2764, 104, 2055638000599, 4),
(2765, 104, 2055638000600, 3),
(2766, 104, 2055638000601, 4),
(2767, 104, 2055638000602, 4),
(2768, 104, 2055638000603, 3),
(2769, 104, 2055638000604, 4),
(2770, 104, 2055638000605, 4),
(2771, 104, 2055638000633, 4),
(2772, 104, 2055638000606, 4),
(2773, 104, 2055638000607, 3),
(2774, 104, 2055638000741, 4),
(2775, 104, 2055638000608, 4),
(2776, 104, 2055638000610, 3),
(2777, 104, 2055638000619, 3),
(2778, 104, 2055638000611, 3),
(2779, 104, 2055638000609, 4),
(2780, 104, 2055638000613, 4),
(2781, 104, 2055638000586, 3),
(2782, 104, 2055638000620, 3),
(2783, 104, 2055638000591, 3),
(2784, 104, 2055638000615, 4),
(2785, 104, 2055638000616, 4),
(2786, 104, 2055638000617, 4),
(2787, 104, 2055638000618, 3),
(2788, 104, 2055638000742, 3),
(2789, 108, 2055638000598, 4),
(2790, 108, 2055638000599, 4),
(2791, 108, 2055638000600, 3),
(2792, 108, 2055638000601, 4),
(2793, 108, 2055638000602, 4),
(2794, 108, 2055638000603, 3),
(2795, 108, 2055638000604, 4),
(2796, 108, 2055638000605, 4),
(2797, 108, 2055638000633, 4),
(2798, 108, 2055638000606, 4),
(2799, 108, 2055638000607, 3),
(2800, 108, 2055638000741, 4),
(2801, 108, 2055638000608, 4),
(2802, 108, 2055638000610, 3),
(2803, 108, 2055638000619, 4),
(2804, 108, 2055638000611, 4),
(2805, 108, 2055638000609, 4),
(2806, 108, 2055638000613, 4),
(2807, 108, 2055638000586, 3),
(2808, 108, 2055638000620, 3),
(2809, 108, 2055638000591, 4),
(2810, 108, 2055638000615, 4),
(2811, 108, 2055638000616, 4),
(2812, 108, 2055638000617, 4),
(2813, 108, 2055638000618, 3),
(2814, 108, 2055638000742, 3),
(2815, 127, 2055638000698, 2),
(2816, 127, 2055638000699, 2),
(2817, 127, 2055638000700, 2),
(2818, 127, 2055638000701, 2),
(2819, 127, 2055638000702, 2),
(2820, 127, 2055638000703, 2),
(2821, 127, 2055638000704, 2),
(2822, 127, 2055638000705, 2),
(2823, 127, 2055638000706, 2),
(2824, 127, 2055638000707, 2),
(2825, 127, 2055638000708, 2),
(2826, 127, 2055638000709, 2),
(2827, 127, 2055638000710, 2),
(2828, 127, 2055638000711, 2),
(2829, 127, 2055638000712, 2),
(2830, 127, 2055638000713, 2),
(2831, 127, 2055638000714, 2),
(2832, 127, 2055638000715, 2),
(2833, 127, 2055638000716, 2),
(2834, 127, 2055638000717, 2),
(2835, 127, 2055638000718, 2),
(2836, 127, 2055638000719, 2),
(2837, 127, 2055638000720, 2),
(2838, 127, 2055638000721, 2),
(2839, 127, 2055638000722, 2),
(2840, 127, 2055638000723, 2),
(2841, 127, 2055638000724, 2),
(2842, 127, 2055638000725, 2),
(2843, 127, 2055638000726, 2),
(2844, 88, 2055638000100, 3),
(2845, 88, 2055638000101, 3),
(2846, 88, 2055638000103, 2),
(2847, 88, 2055638000104, 3),
(2848, 88, 2055638000416, 2),
(2849, 88, 2055638000503, 4),
(2850, 88, 2055638000417, 3),
(2851, 88, 2055638000105, 3),
(2852, 88, 2055638000107, 3),
(2853, 88, 2055638000108, 3),
(2854, 88, 2055638000109, 3),
(2855, 88, 2055638000421, 2),
(2856, 88, 2055638000112, 3),
(2857, 88, 2055638000113, 3),
(2858, 88, 2055638000114, 3),
(2859, 88, 2055638000504, 2),
(2860, 88, 2055638000526, 2),
(2861, 88, 2055638000118, 2),
(2862, 88, 2055638000440, 2),
(2863, 88, 2055638000740, 2),
(2864, 88, 2055638000507, 2),
(2865, 88, 2055638000120, 4),
(2866, 88, 2055638000122, 4),
(2867, 88, 2055638000431, 4),
(2868, 88, 2055638000519, 2),
(2869, 82, 2055638000100, 3),
(2870, 82, 2055638000101, 3),
(2871, 82, 2055638000103, 2),
(2872, 82, 2055638000104, 3),
(2873, 82, 2055638000416, 2),
(2874, 82, 2055638000503, 4),
(2875, 82, 2055638000417, 3),
(2876, 82, 2055638000105, 3),
(2877, 82, 2055638000107, 4),
(2878, 82, 2055638000108, 3),
(2879, 82, 2055638000109, 3),
(2880, 82, 2055638000421, 2),
(2881, 82, 2055638000112, 3),
(2882, 82, 2055638000113, 3),
(2883, 82, 2055638000114, 3),
(2884, 82, 2055638000504, 3),
(2885, 82, 2055638000526, 2),
(2886, 82, 2055638000118, 3),
(2887, 82, 2055638000440, 2),
(2888, 82, 2055638000740, 3),
(2889, 82, 2055638000507, 3),
(2890, 82, 2055638000120, 3),
(2891, 82, 2055638000122, 3),
(2892, 82, 2055638000431, 4),
(2893, 82, 2055638000519, 3),
(2894, 83, 2055638000100, 3),
(2895, 83, 2055638000101, 3),
(2896, 83, 2055638000103, 2),
(2897, 83, 2055638000104, 3),
(2898, 83, 2055638000416, 2),
(2899, 83, 2055638000503, 4),
(2900, 83, 2055638000417, 3),
(2901, 83, 2055638000105, 3),
(2902, 83, 2055638000107, 4),
(2903, 83, 2055638000108, 2),
(2904, 83, 2055638000109, 3),
(2905, 83, 2055638000421, 2),
(2906, 83, 2055638000112, 3),
(2907, 83, 2055638000113, 3),
(2908, 83, 2055638000114, 3),
(2909, 83, 2055638000504, 3),
(2910, 83, 2055638000526, 3),
(2911, 83, 2055638000118, 2),
(2912, 83, 2055638000440, 2),
(2913, 83, 2055638000740, 2),
(2914, 83, 2055638000507, 3),
(2915, 83, 2055638000120, 3),
(2916, 83, 2055638000122, 3),
(2917, 83, 2055638000431, 4),
(2918, 83, 2055638000519, 2),
(2919, 81, 2055638000100, 3),
(2920, 81, 2055638000101, 3),
(2921, 81, 2055638000103, 3),
(2922, 81, 2055638000104, 3),
(2923, 81, 2055638000416, 3),
(2924, 81, 2055638000503, 3),
(2925, 81, 2055638000417, 3),
(2926, 81, 2055638000105, 3),
(2927, 81, 2055638000107, 3),
(2928, 81, 2055638000108, 3),
(2929, 81, 2055638000109, 3),
(2930, 81, 2055638000421, 2),
(2931, 81, 2055638000112, 3),
(2932, 81, 2055638000113, 3),
(2933, 81, 2055638000114, 3),
(2934, 81, 2055638000504, 3),
(2935, 81, 2055638000526, 3),
(2936, 81, 2055638000118, 3),
(2937, 81, 2055638000440, 3),
(2938, 81, 2055638000740, 3),
(2939, 81, 2055638000507, 3),
(2940, 81, 2055638000120, 3),
(2941, 81, 2055638000122, 3),
(2942, 81, 2055638000431, 3),
(2943, 81, 2055638000519, 3),
(2944, 80, 2055638000100, 3),
(2945, 80, 2055638000101, 3),
(2946, 80, 2055638000103, 3),
(2947, 80, 2055638000104, 3),
(2948, 80, 2055638000416, 2),
(2949, 80, 2055638000503, 3),
(2950, 80, 2055638000417, 3),
(2951, 80, 2055638000105, 3),
(2952, 80, 2055638000107, 3),
(2953, 80, 2055638000108, 3),
(2954, 80, 2055638000109, 3),
(2955, 80, 2055638000421, 2),
(2956, 80, 2055638000112, 3),
(2957, 80, 2055638000113, 3),
(2958, 80, 2055638000114, 3),
(2959, 80, 2055638000504, 3),
(2960, 80, 2055638000526, 3),
(2961, 80, 2055638000118, 2),
(2962, 80, 2055638000440, 2),
(2963, 80, 2055638000740, 3),
(2964, 80, 2055638000507, 3),
(2965, 80, 2055638000120, 3),
(2966, 80, 2055638000122, 3),
(2967, 80, 2055638000431, 3),
(2968, 80, 2055638000519, 3),
(2969, 128, 2055638000152, 3),
(2970, 128, 2055638000204, 3),
(2971, 128, 2055638000154, 3),
(2972, 128, 2055638000522, 3),
(2973, 128, 2055638000126, 3),
(2974, 128, 2055638000179, 3),
(2975, 128, 2055638000180, 3),
(2976, 128, 2055638000131, 3),
(2977, 128, 2055638000132, 3),
(2978, 128, 2055638000163, 3),
(2979, 128, 2055638000191, 3),
(2980, 128, 2055638000139, 3),
(2981, 128, 2055638000165, 3),
(2982, 128, 2055638000166, 3),
(2983, 128, 2055638000167, 3),
(2984, 128, 2055638000196, 3),
(2985, 128, 2055638000141, 3),
(2986, 128, 2055638000143, 3),
(2987, 128, 2055638000198, 3),
(2988, 128, 2055638000174, 3),
(2989, 128, 2055638000200, 3),
(2990, 128, 2055638000529, 3),
(2991, 128, 2055638000203, 3),
(2992, 128, 2055638000178, 3),
(2993, 129, 2055638000152, 2),
(2994, 129, 2055638000204, 3),
(2995, 129, 2055638000154, 3),
(2996, 129, 2055638000522, 1),
(2997, 129, 2055638000126, 2),
(2998, 129, 2055638000179, 1),
(2999, 129, 2055638000180, 3),
(3000, 129, 2055638000131, 3),
(3001, 129, 2055638000132, 2),
(3002, 129, 2055638000163, 2),
(3003, 129, 2055638000191, 2),
(3004, 129, 2055638000139, 1),
(3005, 129, 2055638000165, 2),
(3006, 129, 2055638000166, 1),
(3007, 129, 2055638000167, 2),
(3008, 129, 2055638000196, 3),
(3009, 129, 2055638000141, 1),
(3010, 129, 2055638000143, 3),
(3011, 129, 2055638000198, 2),
(3012, 129, 2055638000174, 3),
(3013, 129, 2055638000200, 2),
(3014, 129, 2055638000529, 2),
(3015, 129, 2055638000203, 2),
(3016, 129, 2055638000178, 1),
(3017, 130, 2055638000152, 2),
(3018, 130, 2055638000204, 2),
(3019, 130, 2055638000154, 3),
(3020, 130, 2055638000522, 2),
(3021, 130, 2055638000126, 3),
(3022, 130, 2055638000179, 3),
(3023, 130, 2055638000180, 2),
(3024, 130, 2055638000131, 2),
(3025, 130, 2055638000132, 2),
(3026, 130, 2055638000163, 2),
(3027, 130, 2055638000191, 2),
(3028, 130, 2055638000139, 1),
(3029, 130, 2055638000165, 1),
(3030, 130, 2055638000166, 2),
(3031, 130, 2055638000167, 2),
(3032, 130, 2055638000196, 3),
(3033, 130, 2055638000141, 1),
(3034, 130, 2055638000143, 3),
(3035, 130, 2055638000198, 2),
(3036, 130, 2055638000174, 3),
(3037, 130, 2055638000200, 2),
(3038, 130, 2055638000529, 2),
(3039, 130, 2055638000203, 3),
(3040, 130, 2055638000178, 1),
(3041, 131, 2055638000152, 1),
(3042, 131, 2055638000204, 2),
(3043, 131, 2055638000154, 3),
(3044, 131, 2055638000522, 2),
(3045, 131, 2055638000126, 3),
(3046, 131, 2055638000179, 2),
(3047, 131, 2055638000180, 3),
(3048, 131, 2055638000131, 3),
(3049, 131, 2055638000132, 3),
(3050, 131, 2055638000163, 2),
(3051, 131, 2055638000191, 2),
(3052, 131, 2055638000139, 1),
(3053, 131, 2055638000165, 3),
(3054, 131, 2055638000166, 2),
(3055, 131, 2055638000167, 3),
(3056, 131, 2055638000196, 3),
(3057, 131, 2055638000141, 1),
(3058, 131, 2055638000143, 3),
(3059, 131, 2055638000198, 2),
(3060, 131, 2055638000174, 3),
(3061, 131, 2055638000200, 2),
(3062, 131, 2055638000529, 2),
(3063, 131, 2055638000203, 3),
(3064, 131, 2055638000178, 1),
(3065, 132, 2055638000152, 1),
(3066, 132, 2055638000204, 1),
(3067, 132, 2055638000154, 3),
(3068, 132, 2055638000522, 1),
(3069, 132, 2055638000126, 2),
(3070, 132, 2055638000179, 2),
(3071, 132, 2055638000180, 3),
(3072, 132, 2055638000131, 2),
(3073, 132, 2055638000132, 2),
(3074, 132, 2055638000163, 2),
(3075, 132, 2055638000191, 2),
(3076, 132, 2055638000139, 2),
(3077, 132, 2055638000165, 1),
(3078, 132, 2055638000166, 1),
(3079, 132, 2055638000167, 2),
(3080, 132, 2055638000196, 3),
(3081, 132, 2055638000141, 1),
(3082, 132, 2055638000143, 3),
(3083, 132, 2055638000198, 1),
(3084, 132, 2055638000174, 3),
(3085, 132, 2055638000200, 2),
(3086, 132, 2055638000529, 2),
(3087, 132, 2055638000203, 2),
(3088, 132, 2055638000178, 1),
(3089, 133, 2055638000152, 1),
(3090, 133, 2055638000204, 3),
(3091, 133, 2055638000154, 3),
(3092, 133, 2055638000522, 2),
(3093, 133, 2055638000126, 3),
(3094, 133, 2055638000179, 2),
(3095, 133, 2055638000180, 2),
(3096, 133, 2055638000131, 2),
(3097, 133, 2055638000132, 3),
(3098, 133, 2055638000163, 3),
(3099, 133, 2055638000191, 3),
(3100, 133, 2055638000139, 1),
(3101, 133, 2055638000165, 2),
(3102, 133, 2055638000166, 2),
(3103, 133, 2055638000167, 3),
(3104, 133, 2055638000196, 3),
(3105, 133, 2055638000141, 1),
(3106, 133, 2055638000143, 3),
(3107, 133, 2055638000198, 2),
(3108, 133, 2055638000174, 3),
(3109, 133, 2055638000200, 2),
(3110, 133, 2055638000529, 2),
(3111, 133, 2055638000203, 3),
(3112, 133, 2055638000178, 1),
(3113, 140, 2055638000153, 3),
(3114, 140, 2055638000156, 3),
(3115, 140, 2055638000524, 3),
(3116, 140, 2055638000183, 3),
(3117, 140, 2055638000186, 3),
(3118, 140, 2055638000135, 3),
(3119, 140, 2055638000160, 3),
(3120, 140, 2055638000188, 3),
(3121, 140, 2055638000189, 3),
(3122, 140, 2055638000190, 3),
(3123, 140, 2055638000442, 3),
(3124, 140, 2055638000192, 3),
(3125, 140, 2055638000193, 3),
(3126, 140, 2055638000140, 3),
(3127, 140, 2055638000195, 3),
(3128, 140, 2055638000168, 3),
(3129, 140, 2055638000170, 3),
(3130, 140, 2055638000142, 3),
(3131, 140, 2055638000173, 3),
(3132, 140, 2055638000146, 3),
(3133, 140, 2055638000175, 3),
(3134, 140, 2055638000727, 3),
(3135, 140, 2055638000148, 3),
(3136, 140, 2055638000151, 3),
(3137, 141, 2055638000152, 3),
(3138, 141, 2055638000204, 3),
(3139, 141, 2055638000154, 3),
(3140, 141, 2055638000522, 3),
(3141, 141, 2055638000126, 3),
(3142, 141, 2055638000179, 3),
(3143, 141, 2055638000180, 3),
(3144, 141, 2055638000131, 3),
(3145, 141, 2055638000132, 3),
(3146, 141, 2055638000163, 3),
(3147, 141, 2055638000191, 3),
(3148, 141, 2055638000139, 3),
(3149, 141, 2055638000165, 3),
(3150, 141, 2055638000166, 3),
(3151, 141, 2055638000167, 3),
(3152, 141, 2055638000196, 3),
(3153, 141, 2055638000141, 3),
(3154, 141, 2055638000143, 3),
(3155, 141, 2055638000198, 3),
(3156, 141, 2055638000174, 3),
(3157, 141, 2055638000200, 3),
(3158, 141, 2055638000529, 3),
(3159, 141, 2055638000203, 3),
(3160, 141, 2055638000178, 3),
(3161, 142, 2055638000153, 3),
(3162, 142, 2055638000156, 3),
(3163, 142, 2055638000524, 3),
(3164, 142, 2055638000183, 3),
(3165, 142, 2055638000186, 3),
(3166, 142, 2055638000135, 3),
(3167, 142, 2055638000160, 3),
(3168, 142, 2055638000188, 3),
(3169, 142, 2055638000189, 3),
(3170, 142, 2055638000190, 3),
(3171, 142, 2055638000442, 3),
(3172, 142, 2055638000192, 3),
(3173, 142, 2055638000193, 3),
(3174, 142, 2055638000140, 3),
(3175, 142, 2055638000195, 3),
(3176, 142, 2055638000168, 3),
(3177, 142, 2055638000170, 3),
(3178, 142, 2055638000142, 3),
(3179, 142, 2055638000173, 3),
(3180, 142, 2055638000146, 3),
(3181, 142, 2055638000175, 3),
(3182, 142, 2055638000727, 3),
(3183, 142, 2055638000148, 3),
(3184, 142, 2055638000151, 3),
(3185, 143, 2055638000152, 3),
(3186, 143, 2055638000204, 3),
(3187, 143, 2055638000154, 3),
(3188, 143, 2055638000522, 3),
(3189, 143, 2055638000126, 3),
(3190, 143, 2055638000179, 3),
(3191, 143, 2055638000180, 3),
(3192, 143, 2055638000131, 3),
(3193, 143, 2055638000132, 3),
(3194, 143, 2055638000163, 3),
(3195, 143, 2055638000191, 3),
(3196, 143, 2055638000139, 3),
(3197, 143, 2055638000165, 3),
(3198, 143, 2055638000166, 3),
(3199, 143, 2055638000167, 3),
(3200, 143, 2055638000196, 3),
(3201, 143, 2055638000141, 3),
(3202, 143, 2055638000143, 3),
(3203, 143, 2055638000198, 3),
(3204, 143, 2055638000174, 3),
(3205, 143, 2055638000200, 3),
(3206, 143, 2055638000529, 3),
(3207, 143, 2055638000203, 3),
(3208, 143, 2055638000178, 3),
(3209, 144, 2055638000153, 3),
(3210, 144, 2055638000156, 3),
(3211, 144, 2055638000524, 3),
(3212, 144, 2055638000183, 3),
(3213, 144, 2055638000186, 3),
(3214, 144, 2055638000135, 3),
(3215, 144, 2055638000160, 3),
(3216, 144, 2055638000188, 3),
(3217, 144, 2055638000189, 3),
(3218, 144, 2055638000190, 3),
(3219, 144, 2055638000442, 3),
(3220, 144, 2055638000192, 3),
(3221, 144, 2055638000193, 3),
(3222, 144, 2055638000140, 3),
(3223, 144, 2055638000195, 3),
(3224, 144, 2055638000168, 3),
(3225, 144, 2055638000170, 3),
(3226, 144, 2055638000142, 3),
(3227, 144, 2055638000173, 3),
(3228, 144, 2055638000146, 3),
(3229, 144, 2055638000175, 3),
(3230, 144, 2055638000727, 3),
(3231, 144, 2055638000148, 3),
(3232, 144, 2055638000151, 3),
(3233, 145, 2055638000152, 3),
(3234, 145, 2055638000204, 3),
(3235, 145, 2055638000154, 3),
(3236, 145, 2055638000522, 3),
(3237, 145, 2055638000126, 3),
(3238, 145, 2055638000179, 3),
(3239, 145, 2055638000180, 3),
(3240, 145, 2055638000131, 3),
(3241, 145, 2055638000132, 3),
(3242, 145, 2055638000163, 3),
(3243, 145, 2055638000191, 3),
(3244, 145, 2055638000139, 3),
(3245, 145, 2055638000165, 3),
(3246, 145, 2055638000166, 3),
(3247, 145, 2055638000167, 3),
(3248, 145, 2055638000196, 3),
(3249, 145, 2055638000141, 3),
(3250, 145, 2055638000143, 3),
(3251, 145, 2055638000198, 3),
(3252, 145, 2055638000174, 3),
(3253, 145, 2055638000200, 3),
(3254, 145, 2055638000529, 3),
(3255, 145, 2055638000203, 3),
(3256, 145, 2055638000178, 3),
(3257, 135, 2055638000153, 3),
(3258, 135, 2055638000156, 3),
(3259, 135, 2055638000524, 3),
(3260, 135, 2055638000183, 3),
(3261, 135, 2055638000186, 3),
(3262, 135, 2055638000135, 3),
(3263, 135, 2055638000160, 3),
(3264, 135, 2055638000188, 3),
(3265, 135, 2055638000189, 3),
(3266, 135, 2055638000190, 3),
(3267, 135, 2055638000442, 3),
(3268, 135, 2055638000192, 3),
(3269, 135, 2055638000193, 3),
(3270, 135, 2055638000140, 3),
(3271, 135, 2055638000195, 4),
(3272, 135, 2055638000168, 4),
(3273, 135, 2055638000170, 4),
(3274, 135, 2055638000142, 4),
(3275, 135, 2055638000173, 3),
(3276, 135, 2055638000146, 4),
(3277, 135, 2055638000175, 3),
(3278, 135, 2055638000727, 3),
(3279, 135, 2055638000148, 3),
(3280, 135, 2055638000151, 3),
(3281, 134, 2055638000152, 3),
(3282, 134, 2055638000204, 3),
(3283, 134, 2055638000154, 3),
(3284, 134, 2055638000522, 3),
(3285, 134, 2055638000126, 3),
(3286, 134, 2055638000179, 3),
(3287, 134, 2055638000180, 3),
(3288, 134, 2055638000131, 3),
(3289, 134, 2055638000132, 3),
(3290, 134, 2055638000163, 3),
(3291, 134, 2055638000191, 3),
(3292, 134, 2055638000139, 3),
(3293, 134, 2055638000165, 3),
(3294, 134, 2055638000166, 3),
(3295, 134, 2055638000167, 3),
(3296, 134, 2055638000196, 3),
(3297, 134, 2055638000141, 3),
(3298, 136, 2055638000153, 3),
(3299, 134, 2055638000143, 3),
(3300, 136, 2055638000156, 3),
(3301, 134, 2055638000198, 3),
(3302, 136, 2055638000524, 3),
(3303, 134, 2055638000174, 3),
(3304, 136, 2055638000183, 4),
(3305, 134, 2055638000200, 3),
(3306, 136, 2055638000186, 3),
(3307, 136, 2055638000135, 4),
(3308, 134, 2055638000529, 3),
(3309, 136, 2055638000160, 3),
(3310, 134, 2055638000203, 3),
(3311, 136, 2055638000188, 3),
(3312, 134, 2055638000178, 3),
(3313, 136, 2055638000189, 4),
(3314, 136, 2055638000190, 3),
(3315, 136, 2055638000442, 3),
(3316, 136, 2055638000192, 3),
(3317, 136, 2055638000193, 3),
(3318, 136, 2055638000140, 3),
(3319, 136, 2055638000195, 4),
(3320, 136, 2055638000168, 4),
(3321, 136, 2055638000170, 4),
(3322, 136, 2055638000142, 4),
(3323, 136, 2055638000173, 4),
(3324, 136, 2055638000146, 4),
(3325, 136, 2055638000175, 3),
(3326, 136, 2055638000727, 3),
(3327, 136, 2055638000148, 3),
(3328, 136, 2055638000151, 4),
(3329, 138, 2055638000153, 3),
(3330, 138, 2055638000156, 3),
(3331, 138, 2055638000524, 3),
(3332, 138, 2055638000183, 3),
(3333, 138, 2055638000186, 3),
(3334, 138, 2055638000135, 3),
(3335, 138, 2055638000160, 3),
(3336, 138, 2055638000188, 3),
(3337, 138, 2055638000189, 3),
(3338, 138, 2055638000190, 3),
(3339, 138, 2055638000442, 3),
(3340, 138, 2055638000192, 3),
(3341, 138, 2055638000193, 3),
(3342, 138, 2055638000140, 3),
(3343, 138, 2055638000195, 3),
(3344, 138, 2055638000168, 3),
(3345, 138, 2055638000170, 3),
(3346, 138, 2055638000142, 3),
(3347, 138, 2055638000173, 3),
(3348, 138, 2055638000146, 4),
(3349, 138, 2055638000175, 3),
(3350, 138, 2055638000727, 3),
(3351, 138, 2055638000148, 4),
(3352, 138, 2055638000151, 3),
(3353, 139, 2055638000152, 3),
(3354, 139, 2055638000204, 3),
(3355, 139, 2055638000154, 3),
(3356, 139, 2055638000522, 3),
(3357, 139, 2055638000126, 3),
(3358, 139, 2055638000179, 3),
(3359, 139, 2055638000180, 3),
(3360, 139, 2055638000131, 3),
(3361, 139, 2055638000132, 3),
(3362, 139, 2055638000163, 3),
(3363, 139, 2055638000191, 3),
(3364, 139, 2055638000139, 3),
(3365, 139, 2055638000165, 3),
(3366, 139, 2055638000166, 3),
(3367, 139, 2055638000167, 3),
(3368, 139, 2055638000196, 3),
(3369, 139, 2055638000141, 3),
(3370, 139, 2055638000143, 3),
(3371, 139, 2055638000198, 3),
(3372, 139, 2055638000174, 3),
(3373, 139, 2055638000200, 3),
(3374, 139, 2055638000529, 3),
(3375, 139, 2055638000203, 3),
(3376, 139, 2055638000178, 3),
(3377, 137, 2055638000152, 3),
(3378, 137, 2055638000204, 3),
(3379, 137, 2055638000154, 4),
(3380, 137, 2055638000522, 3),
(3381, 137, 2055638000126, 3),
(3382, 137, 2055638000179, 3),
(3383, 137, 2055638000180, 4),
(3384, 137, 2055638000131, 4),
(3385, 137, 2055638000132, 3),
(3386, 137, 2055638000163, 3),
(3387, 137, 2055638000191, 3),
(3388, 137, 2055638000139, 3),
(3389, 137, 2055638000165, 3),
(3390, 137, 2055638000166, 3),
(3391, 137, 2055638000167, 3),
(3392, 137, 2055638000196, 3),
(3393, 137, 2055638000141, 3),
(3394, 137, 2055638000143, 4),
(3395, 137, 2055638000198, 3),
(3396, 137, 2055638000174, 4),
(3397, 137, 2055638000200, 3),
(3398, 137, 2055638000529, 3),
(3399, 137, 2055638000203, 3),
(3400, 137, 2055638000178, 3),
(3401, 146, 2055638000520, 3),
(3402, 146, 2055638000125, 3),
(3403, 146, 2055638000127, 3),
(3404, 146, 2055638000128, 3),
(3405, 146, 2055638000129, 3),
(3406, 146, 2055638000733, 3),
(3407, 146, 2055638000181, 3),
(3408, 146, 2055638000130, 3),
(3409, 146, 2055638000159, 3),
(3410, 146, 2055638000133, 3),
(3411, 146, 2055638000182, 3),
(3412, 146, 2055638000185, 3),
(3413, 146, 2055638000136, 3),
(3414, 146, 2055638000137, 3),
(3415, 146, 2055638000187, 3),
(3416, 146, 2055638000441, 3),
(3417, 146, 2055638000194, 3),
(3418, 146, 2055638000197, 3),
(3419, 146, 2055638000169, 3),
(3420, 146, 2055638000732, 3),
(3421, 146, 2055638000144, 3),
(3422, 146, 2055638000199, 3),
(3423, 146, 2055638000147, 3),
(3424, 146, 2055638000176, 3),
(3425, 147, 2055638000520, 3),
(3426, 147, 2055638000125, 3),
(3427, 147, 2055638000127, 3),
(3428, 147, 2055638000128, 3),
(3429, 147, 2055638000129, 3),
(3430, 147, 2055638000733, 3),
(3431, 147, 2055638000181, 3),
(3432, 147, 2055638000130, 3),
(3433, 147, 2055638000159, 3),
(3434, 147, 2055638000133, 3),
(3435, 147, 2055638000182, 3),
(3436, 147, 2055638000185, 3),
(3437, 147, 2055638000136, 3),
(3438, 147, 2055638000137, 3),
(3439, 147, 2055638000187, 3),
(3440, 147, 2055638000441, 3),
(3441, 147, 2055638000194, 3),
(3442, 147, 2055638000197, 3),
(3443, 147, 2055638000169, 3),
(3444, 147, 2055638000732, 3),
(3445, 147, 2055638000144, 3),
(3446, 147, 2055638000199, 3),
(3447, 147, 2055638000147, 3),
(3448, 147, 2055638000176, 3),
(3449, 148, 2055638000520, 3),
(3450, 148, 2055638000125, 3),
(3451, 148, 2055638000127, 3),
(3452, 148, 2055638000128, 3),
(3453, 148, 2055638000129, 3),
(3454, 148, 2055638000733, 3),
(3455, 148, 2055638000181, 3),
(3456, 148, 2055638000130, 3),
(3457, 148, 2055638000159, 3),
(3458, 148, 2055638000133, 3),
(3459, 148, 2055638000182, 3),
(3460, 148, 2055638000185, 3),
(3461, 148, 2055638000136, 3),
(3462, 148, 2055638000137, 3),
(3463, 148, 2055638000187, 3),
(3464, 148, 2055638000441, 3),
(3465, 148, 2055638000194, 3),
(3466, 148, 2055638000197, 3),
(3467, 148, 2055638000169, 3),
(3468, 148, 2055638000732, 3),
(3469, 148, 2055638000144, 3),
(3470, 148, 2055638000199, 3),
(3471, 148, 2055638000147, 3),
(3472, 148, 2055638000176, 3),
(3473, 149, 2055638000520, 3),
(3474, 149, 2055638000125, 3),
(3475, 149, 2055638000127, 3),
(3476, 149, 2055638000128, 3),
(3477, 149, 2055638000129, 3),
(3478, 149, 2055638000733, 3),
(3479, 149, 2055638000181, 3),
(3480, 149, 2055638000130, 3),
(3481, 149, 2055638000159, 3),
(3482, 149, 2055638000133, 3),
(3483, 149, 2055638000182, 3),
(3484, 149, 2055638000185, 3),
(3485, 149, 2055638000136, 3),
(3486, 149, 2055638000137, 3),
(3487, 149, 2055638000187, 3),
(3488, 149, 2055638000441, 3),
(3489, 149, 2055638000194, 3),
(3490, 149, 2055638000197, 3),
(3491, 149, 2055638000169, 3),
(3492, 149, 2055638000732, 3),
(3493, 149, 2055638000144, 3),
(3494, 149, 2055638000199, 3),
(3495, 149, 2055638000147, 3),
(3496, 149, 2055638000176, 3),
(3497, 150, 2055638000520, 3),
(3498, 150, 2055638000125, 3),
(3499, 150, 2055638000127, 4),
(3500, 150, 2055638000128, 3),
(3501, 150, 2055638000129, 3),
(3502, 150, 2055638000733, 4),
(3503, 150, 2055638000181, 4),
(3504, 150, 2055638000130, 3),
(3505, 150, 2055638000159, 3),
(3506, 150, 2055638000133, 3),
(3507, 150, 2055638000182, 3),
(3508, 150, 2055638000185, 4),
(3509, 150, 2055638000136, 3),
(3510, 150, 2055638000137, 3),
(3511, 150, 2055638000187, 3),
(3512, 150, 2055638000441, 4),
(3513, 150, 2055638000194, 3),
(3514, 150, 2055638000197, 4),
(3515, 150, 2055638000169, 3),
(3516, 150, 2055638000732, 3),
(3517, 150, 2055638000144, 3),
(3518, 150, 2055638000199, 3),
(3519, 150, 2055638000147, 3),
(3520, 150, 2055638000176, 3),
(3521, 151, 2055638000520, 3),
(3522, 151, 2055638000125, 3),
(3523, 151, 2055638000127, 3),
(3524, 151, 2055638000128, 3),
(3525, 151, 2055638000129, 3),
(3526, 151, 2055638000733, 3),
(3527, 151, 2055638000181, 3),
(3528, 151, 2055638000130, 3),
(3529, 151, 2055638000159, 3),
(3530, 151, 2055638000133, 3),
(3531, 151, 2055638000182, 3),
(3532, 151, 2055638000185, 3),
(3533, 151, 2055638000136, 3),
(3534, 151, 2055638000137, 3),
(3535, 151, 2055638000187, 3),
(3536, 151, 2055638000441, 3),
(3537, 151, 2055638000194, 3),
(3538, 151, 2055638000197, 3),
(3539, 151, 2055638000169, 3),
(3540, 151, 2055638000732, 3),
(3541, 151, 2055638000144, 3),
(3542, 151, 2055638000199, 3),
(3543, 151, 2055638000147, 3),
(3544, 151, 2055638000176, 3),
(3545, 169, 2055638000667, 2),
(3546, 169, 2055638000668, 2),
(3547, 169, 2055638000669, 3),
(3548, 169, 2055638000670, 3),
(3549, 169, 2055638000671, 3),
(3550, 169, 2055638000672, 3),
(3551, 169, 2055638000673, 3),
(3552, 169, 2055638000674, 2),
(3553, 169, 2055638000675, 4),
(3554, 169, 2055638000676, 3),
(3555, 169, 2055638000677, 3),
(3556, 169, 2055638000678, 3),
(3557, 169, 2055638000679, 2),
(3558, 169, 2055638000680, 4),
(3559, 169, 2055638000681, 3),
(3560, 169, 2055638000682, 4),
(3561, 169, 2055638000683, 3),
(3562, 169, 2055638000684, 3),
(3563, 169, 2055638000685, 4),
(3564, 169, 2055638000686, 4),
(3565, 169, 2055638000687, 3),
(3566, 169, 2055638000688, 3),
(3567, 169, 2055638000689, 4),
(3568, 169, 2055638000690, 3),
(3569, 169, 2055638000691, 3),
(3570, 169, 2055638000692, 4),
(3571, 169, 2055638000693, 3),
(3572, 169, 2055638000694, 3),
(3573, 169, 2055638000695, 3),
(3574, 169, 2055638000696, 4),
(3575, 168, 2055638000667, 2),
(3576, 168, 2055638000668, 2),
(3577, 168, 2055638000669, 3),
(3578, 168, 2055638000670, 3),
(3579, 168, 2055638000671, 3),
(3580, 168, 2055638000672, 3),
(3581, 168, 2055638000673, 3),
(3582, 168, 2055638000674, 2),
(3583, 168, 2055638000675, 3),
(3584, 168, 2055638000676, 3),
(3585, 168, 2055638000677, 3),
(3586, 168, 2055638000678, 3),
(3587, 168, 2055638000679, 2),
(3588, 168, 2055638000680, 4),
(3589, 168, 2055638000681, 4),
(3590, 168, 2055638000682, 3),
(3591, 168, 2055638000683, 3),
(3592, 168, 2055638000684, 3),
(3593, 168, 2055638000685, 3),
(3594, 168, 2055638000686, 3),
(3595, 168, 2055638000687, 3),
(3596, 168, 2055638000688, 3),
(3597, 168, 2055638000689, 4),
(3598, 168, 2055638000690, 3),
(3599, 168, 2055638000691, 4),
(3600, 168, 2055638000692, 3),
(3601, 168, 2055638000693, 3),
(3602, 168, 2055638000694, 3),
(3603, 168, 2055638000695, 3),
(3604, 168, 2055638000696, 4),
(3605, 170, 2055638000667, 1),
(3606, 170, 2055638000668, 1),
(3607, 170, 2055638000669, 2),
(3608, 170, 2055638000670, 2),
(3609, 170, 2055638000671, 2),
(3610, 170, 2055638000672, 2),
(3611, 170, 2055638000673, 3),
(3612, 170, 2055638000674, 2),
(3613, 170, 2055638000675, 3),
(3614, 170, 2055638000676, 3),
(3615, 170, 2055638000677, 3),
(3616, 170, 2055638000678, 3),
(3617, 170, 2055638000679, 2),
(3618, 170, 2055638000680, 3),
(3619, 170, 2055638000681, 3),
(3620, 170, 2055638000682, 3),
(3621, 170, 2055638000683, 3),
(3622, 170, 2055638000684, 2),
(3623, 170, 2055638000685, 3),
(3624, 170, 2055638000686, 4),
(3625, 170, 2055638000687, 4),
(3626, 170, 2055638000688, 2),
(3627, 170, 2055638000689, 3),
(3628, 170, 2055638000690, 2),
(3629, 170, 2055638000691, 3),
(3630, 170, 2055638000692, 2),
(3631, 170, 2055638000693, 2),
(3632, 170, 2055638000694, 2),
(3633, 170, 2055638000695, 3),
(3634, 170, 2055638000696, 3),
(3635, 171, 2055638000667, 1),
(3636, 171, 2055638000668, 1),
(3637, 171, 2055638000669, 2),
(3638, 171, 2055638000670, 3),
(3639, 171, 2055638000671, 2),
(3640, 171, 2055638000672, 2),
(3641, 171, 2055638000673, 4),
(3642, 171, 2055638000674, 2),
(3643, 171, 2055638000675, 3),
(3644, 171, 2055638000676, 4),
(3645, 171, 2055638000677, 2),
(3646, 171, 2055638000678, 3),
(3647, 171, 2055638000679, 2),
(3648, 171, 2055638000680, 4),
(3649, 171, 2055638000681, 2),
(3650, 171, 2055638000682, 3),
(3651, 171, 2055638000683, 3),
(3652, 171, 2055638000684, 2),
(3653, 171, 2055638000685, 3),
(3654, 171, 2055638000686, 4),
(3655, 171, 2055638000687, 4),
(3656, 171, 2055638000688, 2),
(3657, 171, 2055638000689, 3),
(3658, 171, 2055638000690, 2),
(3659, 171, 2055638000691, 4),
(3660, 171, 2055638000692, 3),
(3661, 171, 2055638000693, 2),
(3662, 171, 2055638000694, 3),
(3663, 171, 2055638000695, 3),
(3664, 171, 2055638000696, 4),
(3665, 172, 2055638000667, 1),
(3666, 172, 2055638000668, 1),
(3667, 172, 2055638000669, 2),
(3668, 172, 2055638000670, 3),
(3669, 172, 2055638000671, 2),
(3670, 172, 2055638000672, 2),
(3671, 172, 2055638000673, 3),
(3672, 172, 2055638000674, 1),
(3673, 172, 2055638000675, 2),
(3674, 172, 2055638000676, 3),
(3675, 172, 2055638000677, 2),
(3676, 172, 2055638000678, 3),
(3677, 172, 2055638000679, 2),
(3678, 172, 2055638000680, 3),
(3679, 172, 2055638000681, 2),
(3680, 172, 2055638000682, 3),
(3681, 172, 2055638000683, 3),
(3682, 172, 2055638000684, 2),
(3683, 172, 2055638000685, 3),
(3684, 172, 2055638000686, 3),
(3685, 172, 2055638000687, 3),
(3686, 172, 2055638000688, 2),
(3687, 172, 2055638000689, 3),
(3688, 172, 2055638000690, 2),
(3689, 172, 2055638000691, 3),
(3690, 172, 2055638000692, 2),
(3691, 172, 2055638000693, 2),
(3692, 172, 2055638000694, 2),
(3693, 172, 2055638000695, 3),
(3694, 172, 2055638000696, 3),
(3695, 173, 2055638000667, 1),
(3696, 173, 2055638000668, 1),
(3697, 173, 2055638000669, 1),
(3698, 173, 2055638000670, 3),
(3699, 173, 2055638000671, 2),
(3700, 173, 2055638000672, 2),
(3701, 173, 2055638000673, 4),
(3702, 173, 2055638000674, 1),
(3703, 173, 2055638000675, 3),
(3704, 173, 2055638000676, 4),
(3705, 173, 2055638000677, 2),
(3706, 173, 2055638000678, 3),
(3707, 173, 2055638000679, 2),
(3708, 173, 2055638000680, 4),
(3709, 173, 2055638000681, 2),
(3710, 173, 2055638000682, 3),
(3711, 173, 2055638000683, 3),
(3712, 173, 2055638000684, 2),
(3713, 173, 2055638000685, 2),
(3714, 173, 2055638000686, 4),
(3715, 173, 2055638000687, 4),
(3716, 173, 2055638000688, 2),
(3717, 173, 2055638000689, 4),
(3718, 173, 2055638000690, 3),
(3719, 173, 2055638000691, 4),
(3720, 173, 2055638000692, 3),
(3721, 173, 2055638000693, 2),
(3722, 173, 2055638000694, 3),
(3723, 173, 2055638000695, 3),
(3724, 173, 2055638000696, 4),
(3725, 174, 2055638000667, 1),
(3726, 174, 2055638000668, 1),
(3727, 174, 2055638000669, 1),
(3728, 174, 2055638000670, 3),
(3729, 174, 2055638000671, 2),
(3730, 174, 2055638000672, 2),
(3731, 174, 2055638000673, 4),
(3732, 174, 2055638000674, 2),
(3733, 174, 2055638000675, 3),
(3734, 174, 2055638000676, 4),
(3735, 174, 2055638000677, 3),
(3736, 174, 2055638000678, 3),
(3737, 174, 2055638000679, 2),
(3738, 174, 2055638000680, 4),
(3739, 174, 2055638000681, 3),
(3740, 174, 2055638000682, 3),
(3741, 174, 2055638000683, 3),
(3742, 174, 2055638000684, 2),
(3743, 174, 2055638000685, 3),
(3744, 174, 2055638000686, 4),
(3745, 174, 2055638000687, 4),
(3746, 174, 2055638000688, 2),
(3747, 174, 2055638000689, 3),
(3748, 174, 2055638000690, 2),
(3749, 174, 2055638000691, 3),
(3750, 174, 2055638000692, 3),
(3751, 174, 2055638000693, 2),
(3752, 174, 2055638000694, 2),
(3753, 174, 2055638000695, 3),
(3754, 174, 2055638000696, 4),
(3755, 153, 2055638000408, 3),
(3756, 153, 2055638000736, 4),
(3757, 153, 2055638000411, 3),
(3758, 153, 2055638000102, 4),
(3759, 153, 2055638000412, 3),
(3760, 153, 2055638000413, 3),
(3761, 153, 2055638000418, 4),
(3762, 153, 2055638000106, 3),
(3763, 153, 2055638000419, 3),
(3764, 153, 2055638000110, 3),
(3765, 153, 2055638000420, 3),
(3766, 153, 2055638000115, 4),
(3767, 153, 2055638000116, 4),
(3768, 153, 2055638000423, 3),
(3769, 153, 2055638000424, 3),
(3770, 153, 2055638000425, 3),
(3771, 153, 2055638000428, 3),
(3772, 153, 2055638000429, 3),
(3773, 153, 2055638000430, 3),
(3774, 153, 2055638000099, 4),
(3775, 153, 2055638000634, 4),
(3776, 153, 2055638000121, 3),
(3777, 153, 2055638000407, 3),
(3778, 154, 2055638000408, 3),
(3779, 154, 2055638000736, 4),
(3780, 154, 2055638000411, 3),
(3781, 154, 2055638000102, 4),
(3782, 154, 2055638000412, 3),
(3783, 154, 2055638000413, 3),
(3784, 154, 2055638000418, 4),
(3785, 154, 2055638000106, 3),
(3786, 154, 2055638000419, 3),
(3787, 154, 2055638000110, 3),
(3788, 154, 2055638000420, 3),
(3789, 154, 2055638000115, 3),
(3790, 154, 2055638000116, 3),
(3791, 154, 2055638000423, 3),
(3792, 154, 2055638000424, 3),
(3793, 154, 2055638000425, 3),
(3794, 154, 2055638000428, 3),
(3795, 154, 2055638000429, 3),
(3796, 154, 2055638000430, 3),
(3797, 154, 2055638000099, 4),
(3798, 154, 2055638000634, 4),
(3799, 154, 2055638000121, 3),
(3800, 154, 2055638000407, 3),
(3801, 155, 2055638000408, 3),
(3802, 155, 2055638000736, 4),
(3803, 155, 2055638000411, 4),
(3804, 155, 2055638000102, 4),
(3805, 155, 2055638000412, 4),
(3806, 155, 2055638000413, 4),
(3807, 155, 2055638000418, 4),
(3808, 155, 2055638000106, 4),
(3809, 155, 2055638000419, 4),
(3810, 155, 2055638000110, 4),
(3811, 155, 2055638000420, 4),
(3812, 155, 2055638000115, 4),
(3813, 155, 2055638000116, 4),
(3814, 155, 2055638000423, 3),
(3815, 155, 2055638000424, 3),
(3816, 155, 2055638000425, 3),
(3817, 155, 2055638000428, 3),
(3818, 155, 2055638000429, 3),
(3819, 155, 2055638000430, 2),
(3820, 155, 2055638000099, 4),
(3821, 155, 2055638000634, 4),
(3822, 155, 2055638000121, 3),
(3823, 155, 2055638000407, 3),
(3824, 156, 2055638000408, 3),
(3825, 156, 2055638000736, 3),
(3826, 156, 2055638000411, 2),
(3827, 156, 2055638000102, 3),
(3828, 156, 2055638000412, 3),
(3829, 156, 2055638000413, 3),
(3830, 156, 2055638000418, 4),
(3831, 156, 2055638000106, 3),
(3832, 156, 2055638000419, 2),
(3833, 156, 2055638000110, 3),
(3834, 156, 2055638000420, 3),
(3835, 156, 2055638000115, 4),
(3836, 156, 2055638000116, 3),
(3837, 156, 2055638000423, 2),
(3838, 156, 2055638000424, 2),
(3839, 156, 2055638000425, 3),
(3840, 156, 2055638000428, 3),
(3841, 156, 2055638000429, 3),
(3842, 156, 2055638000430, 2),
(3843, 156, 2055638000099, 4),
(3844, 156, 2055638000634, 3),
(3845, 156, 2055638000121, 3),
(3846, 156, 2055638000407, 3),
(3847, 157, 2055638000408, 2),
(3848, 157, 2055638000736, 3),
(3849, 157, 2055638000411, 2),
(3850, 157, 2055638000102, 3),
(3851, 157, 2055638000412, 2),
(3852, 157, 2055638000413, 2),
(3853, 157, 2055638000418, 3),
(3854, 157, 2055638000106, 3),
(3855, 157, 2055638000419, 3),
(3856, 157, 2055638000110, 3),
(3857, 157, 2055638000420, 3),
(3858, 157, 2055638000115, 3),
(3859, 157, 2055638000116, 3),
(3860, 157, 2055638000423, 2),
(3861, 157, 2055638000424, 2),
(3862, 157, 2055638000425, 3),
(3863, 157, 2055638000428, 3),
(3864, 157, 2055638000429, 3),
(3865, 157, 2055638000430, 2),
(3866, 157, 2055638000099, 3),
(3867, 157, 2055638000634, 3),
(3868, 157, 2055638000121, 3),
(3869, 157, 2055638000407, 3),
(3870, 158, 2055638000408, 2),
(3871, 158, 2055638000736, 3),
(3872, 158, 2055638000411, 2),
(3873, 158, 2055638000102, 2),
(3874, 158, 2055638000412, 2),
(3875, 158, 2055638000413, 2),
(3876, 158, 2055638000418, 3),
(3877, 158, 2055638000106, 2),
(3878, 158, 2055638000419, 3),
(3879, 158, 2055638000110, 3),
(3880, 158, 2055638000420, 2),
(3881, 158, 2055638000115, 2),
(3882, 158, 2055638000116, 2),
(3883, 158, 2055638000423, 2),
(3884, 158, 2055638000424, 2),
(3885, 158, 2055638000425, 3),
(3886, 158, 2055638000428, 2),
(3887, 158, 2055638000429, 2),
(3888, 158, 2055638000430, 2),
(3889, 158, 2055638000099, 4),
(3890, 158, 2055638000634, 3),
(3891, 158, 2055638000121, 3),
(3892, 158, 2055638000407, 2),
(3893, 159, 2055638000408, 3),
(3894, 159, 2055638000736, 3),
(3895, 159, 2055638000411, 3),
(3896, 159, 2055638000102, 3),
(3897, 159, 2055638000412, 2),
(3898, 159, 2055638000413, 2),
(3899, 159, 2055638000418, 3),
(3900, 159, 2055638000106, 2),
(3901, 159, 2055638000419, 2),
(3902, 159, 2055638000110, 3),
(3903, 159, 2055638000420, 3),
(3904, 159, 2055638000115, 3),
(3905, 159, 2055638000116, 3),
(3906, 159, 2055638000423, 2),
(3907, 159, 2055638000424, 2),
(3908, 159, 2055638000425, 3),
(3909, 159, 2055638000428, 2),
(3910, 159, 2055638000429, 2),
(3911, 159, 2055638000430, 2),
(3912, 159, 2055638000099, 4),
(3913, 159, 2055638000634, 3),
(3914, 159, 2055638000121, 2),
(3915, 159, 2055638000407, 2),
(3916, 183, 2055638000100, 3),
(3917, 183, 2055638000101, 3),
(3918, 183, 2055638000103, 3),
(3919, 183, 2055638000104, 3),
(3920, 183, 2055638000416, 3),
(3921, 183, 2055638000503, 3),
(3922, 183, 2055638000417, 3),
(3923, 183, 2055638000105, 3),
(3924, 183, 2055638000107, 3),
(3925, 183, 2055638000108, 3),
(3926, 183, 2055638000109, 3),
(3927, 183, 2055638000421, 3),
(3928, 183, 2055638000112, 3),
(3929, 183, 2055638000113, 3),
(3930, 183, 2055638000114, 3),
(3931, 183, 2055638000504, 3),
(3932, 183, 2055638000526, 3),
(3933, 183, 2055638000118, 3),
(3934, 183, 2055638000440, 3),
(3935, 183, 2055638000740, 3),
(3936, 183, 2055638000120, 3),
(3937, 183, 2055638000122, 3),
(3938, 183, 2055638000431, 3),
(3939, 183, 2055638000519, 2),
(3964, 176, 2055638000067, 3),
(3965, 176, 2055638000035, 3),
(3966, 176, 2055638000037, 3),
(3967, 176, 2055638000039, 3),
(3968, 176, 2055638000745, 3),
(3969, 176, 2055638000040, 3),
(3970, 176, 2055638000041, 3),
(3971, 176, 2055638000043, 3),
(3972, 176, 2055638000044, 3),
(3973, 176, 2055638000076, 3),
(3974, 176, 2055638000049, 3),
(3975, 176, 2055638000737, 3),
(3976, 176, 2055638000078, 3),
(3977, 176, 2055638000079, 3),
(3978, 176, 2055638000051, 3),
(3979, 176, 2055638000081, 3),
(3980, 176, 2055638000630, 3),
(3981, 176, 2055638000052, 3),
(3982, 176, 2055638000053, 3),
(3983, 176, 2055638000086, 3),
(3984, 176, 2055638000738, 3),
(3985, 176, 2055638000089, 3),
(3986, 176, 2055638000091, 3),
(3987, 176, 2055638000065, 3),
(3988, 176, 2055638000092, 3),
(3989, 176, 2055638000093, 3),
(3990, 176, 2055638000094, 3),
(3991, 176, 2055638000060, 3),
(3992, 176, 2055638000096, 3),
(3993, 176, 2055638000739, 3),
(3994, 176, 2055638000062, 3),
(3995, 177, 2055638000067, 3),
(3996, 177, 2055638000035, 3),
(3997, 177, 2055638000037, 3),
(3998, 177, 2055638000039, 3),
(3999, 177, 2055638000745, 3),
(4000, 177, 2055638000040, 3),
(4001, 177, 2055638000041, 3),
(4002, 177, 2055638000043, 3),
(4003, 177, 2055638000044, 3),
(4004, 177, 2055638000076, 3),
(4005, 177, 2055638000049, 3),
(4006, 177, 2055638000737, 3),
(4007, 177, 2055638000078, 3),
(4008, 177, 2055638000079, 3),
(4009, 177, 2055638000051, 3),
(4010, 177, 2055638000081, 3),
(4011, 177, 2055638000630, 3),
(4012, 177, 2055638000052, 3),
(4013, 177, 2055638000053, 3),
(4014, 177, 2055638000086, 3),
(4015, 177, 2055638000738, 3),
(4016, 177, 2055638000089, 3),
(4017, 177, 2055638000091, 3),
(4018, 177, 2055638000065, 3),
(4019, 177, 2055638000092, 3),
(4020, 177, 2055638000093, 3),
(4021, 177, 2055638000094, 3),
(4022, 177, 2055638000060, 3),
(4023, 177, 2055638000096, 3),
(4024, 177, 2055638000739, 3),
(4025, 177, 2055638000062, 3),
(4026, 178, 2055638000067, 3),
(4027, 178, 2055638000035, 3),
(4028, 178, 2055638000037, 3),
(4029, 178, 2055638000039, 3),
(4030, 178, 2055638000745, 3),
(4031, 178, 2055638000040, 3),
(4032, 178, 2055638000041, 3),
(4033, 178, 2055638000043, 3),
(4034, 178, 2055638000044, 3),
(4035, 178, 2055638000076, 3),
(4036, 178, 2055638000049, 3),
(4037, 178, 2055638000737, 3),
(4038, 178, 2055638000078, 3),
(4039, 178, 2055638000079, 3),
(4040, 178, 2055638000051, 3),
(4041, 178, 2055638000081, 3),
(4042, 178, 2055638000630, 3),
(4043, 178, 2055638000052, 3),
(4044, 178, 2055638000053, 3),
(4045, 178, 2055638000086, 3),
(4046, 178, 2055638000738, 3),
(4047, 178, 2055638000089, 3),
(4048, 178, 2055638000091, 3),
(4049, 178, 2055638000065, 3),
(4050, 178, 2055638000092, 3),
(4051, 178, 2055638000093, 3),
(4052, 178, 2055638000094, 3),
(4053, 178, 2055638000060, 3),
(4054, 178, 2055638000096, 3),
(4055, 178, 2055638000739, 3),
(4056, 178, 2055638000062, 3),
(4057, 180, 2055638000067, 3),
(4058, 180, 2055638000035, 3),
(4059, 180, 2055638000037, 3),
(4060, 180, 2055638000039, 3),
(4061, 180, 2055638000745, 3),
(4062, 180, 2055638000040, 3),
(4063, 180, 2055638000041, 3),
(4064, 180, 2055638000043, 3),
(4065, 180, 2055638000044, 3),
(4066, 180, 2055638000076, 3),
(4067, 180, 2055638000049, 3),
(4068, 180, 2055638000737, 3),
(4069, 180, 2055638000078, 3),
(4070, 180, 2055638000079, 3),
(4071, 180, 2055638000051, 3),
(4072, 180, 2055638000081, 3),
(4073, 180, 2055638000630, 3);
INSERT INTO `p_nilai` (`nilai_id`, `target_id`, `siswa_id`, `nilai_data`) VALUES
(4074, 180, 2055638000052, 3),
(4075, 180, 2055638000053, 3),
(4076, 180, 2055638000086, 3),
(4077, 180, 2055638000738, 3),
(4078, 180, 2055638000089, 3),
(4079, 180, 2055638000091, 3),
(4080, 180, 2055638000065, 3),
(4081, 180, 2055638000092, 3),
(4082, 180, 2055638000093, 3),
(4083, 180, 2055638000094, 3),
(4084, 180, 2055638000060, 3),
(4085, 180, 2055638000096, 3),
(4086, 180, 2055638000739, 3),
(4087, 180, 2055638000062, 3),
(4088, 179, 2055638000067, 3),
(4089, 179, 2055638000035, 3),
(4090, 179, 2055638000037, 3),
(4091, 179, 2055638000039, 3),
(4092, 179, 2055638000745, 3),
(4093, 179, 2055638000040, 3),
(4094, 179, 2055638000041, 3),
(4095, 179, 2055638000043, 3),
(4096, 179, 2055638000044, 3),
(4097, 179, 2055638000076, 3),
(4098, 179, 2055638000049, 3),
(4099, 179, 2055638000737, 3),
(4100, 179, 2055638000078, 3),
(4101, 179, 2055638000079, 3),
(4102, 179, 2055638000051, 3),
(4103, 179, 2055638000081, 3),
(4104, 179, 2055638000630, 3),
(4105, 179, 2055638000052, 3),
(4106, 179, 2055638000053, 3),
(4107, 179, 2055638000086, 3),
(4108, 179, 2055638000738, 3),
(4109, 179, 2055638000089, 3),
(4110, 179, 2055638000091, 3),
(4111, 179, 2055638000065, 3),
(4112, 179, 2055638000092, 3),
(4113, 179, 2055638000093, 3),
(4114, 179, 2055638000094, 3),
(4115, 179, 2055638000060, 3),
(4116, 179, 2055638000096, 3),
(4117, 179, 2055638000739, 3),
(4118, 179, 2055638000062, 3),
(4119, 181, 2055638000067, 4),
(4120, 181, 2055638000035, 2),
(4121, 181, 2055638000037, 2),
(4122, 181, 2055638000039, 3),
(4123, 181, 2055638000745, 2),
(4124, 181, 2055638000040, 2),
(4125, 181, 2055638000041, 3),
(4126, 181, 2055638000043, 2),
(4127, 181, 2055638000044, 2),
(4128, 181, 2055638000076, 2),
(4129, 181, 2055638000049, 2),
(4130, 181, 2055638000737, 2),
(4131, 181, 2055638000078, 2),
(4132, 181, 2055638000079, 2),
(4133, 181, 2055638000051, 3),
(4134, 181, 2055638000081, 2),
(4135, 181, 2055638000630, 4),
(4136, 181, 2055638000052, 2),
(4137, 181, 2055638000053, 3),
(4138, 181, 2055638000086, 2),
(4139, 181, 2055638000738, 2),
(4140, 181, 2055638000089, 2),
(4141, 181, 2055638000091, 4),
(4142, 181, 2055638000065, 2),
(4143, 181, 2055638000092, 3),
(4144, 181, 2055638000093, 3),
(4145, 181, 2055638000094, 2),
(4146, 181, 2055638000060, 2),
(4147, 181, 2055638000096, 2),
(4148, 181, 2055638000739, 3),
(4149, 181, 2055638000062, 2),
(4150, 182, 2055638000067, 4),
(4151, 182, 2055638000035, 2),
(4152, 182, 2055638000037, 2),
(4153, 182, 2055638000039, 3),
(4154, 182, 2055638000745, 2),
(4155, 182, 2055638000040, 2),
(4156, 182, 2055638000041, 3),
(4157, 182, 2055638000043, 2),
(4158, 182, 2055638000044, 2),
(4159, 182, 2055638000076, 2),
(4160, 182, 2055638000049, 2),
(4161, 182, 2055638000737, 2),
(4162, 182, 2055638000078, 2),
(4163, 182, 2055638000079, 2),
(4164, 182, 2055638000051, 3),
(4165, 182, 2055638000081, 2),
(4166, 182, 2055638000630, 4),
(4167, 182, 2055638000052, 2),
(4168, 182, 2055638000053, 3),
(4169, 182, 2055638000086, 2),
(4170, 182, 2055638000738, 2),
(4171, 182, 2055638000089, 2),
(4172, 182, 2055638000091, 4),
(4173, 182, 2055638000065, 2),
(4174, 182, 2055638000092, 3),
(4175, 182, 2055638000093, 3),
(4176, 182, 2055638000094, 2),
(4177, 182, 2055638000060, 2),
(4178, 182, 2055638000096, 2),
(4179, 182, 2055638000739, 3),
(4180, 182, 2055638000062, 2),
(4181, 161, 0, 4),
(4182, 161, 2055638000443, 4),
(4183, 161, 2055638000444, 4),
(4184, 161, 2055638000473, 4),
(4185, 161, 2055638000475, 4),
(4186, 161, 2055638000477, 4),
(4187, 161, 2055638000471, 4),
(4188, 161, 2055638000449, 4),
(4189, 161, 2055638000483, 4),
(4190, 161, 2055638000453, 4),
(4191, 161, 2055638000486, 4),
(4192, 161, 2055638000730, 4),
(4193, 161, 2055638000455, 4),
(4194, 161, 2055638000457, 4),
(4195, 161, 2055638000621, 4),
(4196, 161, 2055638000731, 4),
(4197, 161, 2055638000500, 4),
(4198, 161, 2055638000490, 4),
(4199, 161, 2055638000459, 4),
(4200, 161, 2055638000491, 4),
(4201, 161, 2055638000492, 4),
(4202, 161, 2055638000460, 4),
(4203, 161, 2055638000494, 4),
(4204, 161, 2055638000517, 4),
(4205, 161, 2055638000461, 4),
(4206, 161, 2055638000496, 4),
(4207, 161, 2055638000744, 4),
(4208, 161, 2055638000464, 4),
(4209, 161, 2055638000497, 4),
(4210, 161, 2055638000498, 4),
(4211, 161, 2055638000499, 4),
(4212, 160, 0, 3),
(4213, 160, 2055638000443, 3),
(4214, 160, 2055638000444, 3),
(4215, 160, 2055638000473, 3),
(4216, 160, 2055638000475, 3),
(4217, 160, 2055638000477, 3),
(4218, 160, 2055638000471, 3),
(4219, 160, 2055638000449, 3),
(4220, 160, 2055638000483, 3),
(4221, 160, 2055638000453, 3),
(4222, 160, 2055638000486, 3),
(4223, 160, 2055638000730, 3),
(4224, 160, 2055638000455, 3),
(4225, 160, 2055638000457, 3),
(4226, 160, 2055638000621, 3),
(4227, 160, 2055638000731, 3),
(4228, 160, 2055638000500, 3),
(4229, 160, 2055638000490, 3),
(4230, 160, 2055638000459, 3),
(4231, 160, 2055638000491, 3),
(4232, 160, 2055638000492, 3),
(4233, 160, 2055638000460, 3),
(4234, 160, 2055638000494, 3),
(4235, 160, 2055638000517, 3),
(4236, 160, 2055638000461, 3),
(4237, 160, 2055638000496, 3),
(4238, 160, 2055638000744, 3),
(4239, 160, 2055638000464, 3),
(4240, 160, 2055638000497, 3),
(4241, 160, 2055638000498, 3),
(4242, 160, 2055638000499, 3),
(4243, 164, 0, 3),
(4244, 164, 2055638000443, 3),
(4245, 164, 2055638000444, 3),
(4246, 164, 2055638000473, 3),
(4247, 164, 2055638000475, 3),
(4248, 164, 2055638000477, 3),
(4249, 164, 2055638000471, 3),
(4250, 164, 2055638000449, 3),
(4251, 164, 2055638000483, 3),
(4252, 164, 2055638000453, 3),
(4253, 164, 2055638000486, 3),
(4254, 164, 2055638000730, 3),
(4255, 164, 2055638000455, 3),
(4256, 164, 2055638000457, 3),
(4257, 164, 2055638000621, 3),
(4258, 164, 2055638000731, 3),
(4259, 164, 2055638000500, 3),
(4260, 164, 2055638000490, 3),
(4261, 164, 2055638000459, 3),
(4262, 164, 2055638000491, 3),
(4263, 164, 2055638000492, 3),
(4264, 164, 2055638000460, 3),
(4265, 164, 2055638000494, 3),
(4266, 164, 2055638000517, 3),
(4267, 164, 2055638000461, 3),
(4268, 164, 2055638000496, 3),
(4269, 164, 2055638000744, 3),
(4270, 164, 2055638000464, 3),
(4271, 164, 2055638000497, 3),
(4272, 164, 2055638000498, 3),
(4273, 164, 2055638000499, 3),
(4274, 162, 0, 4),
(4275, 162, 2055638000443, 4),
(4276, 162, 2055638000444, 4),
(4277, 162, 2055638000473, 4),
(4278, 162, 2055638000475, 4),
(4279, 162, 2055638000477, 4),
(4280, 162, 2055638000471, 4),
(4281, 162, 2055638000449, 4),
(4282, 162, 2055638000483, 4),
(4283, 162, 2055638000453, 4),
(4284, 162, 2055638000486, 4),
(4285, 162, 2055638000730, 4),
(4286, 162, 2055638000455, 4),
(4287, 162, 2055638000457, 4),
(4288, 162, 2055638000621, 3),
(4289, 162, 2055638000731, 4),
(4290, 162, 2055638000500, 4),
(4291, 162, 2055638000490, 4),
(4292, 162, 2055638000459, 3),
(4293, 162, 2055638000491, 4),
(4294, 162, 2055638000492, 4),
(4295, 162, 2055638000460, 4),
(4296, 162, 2055638000494, 4),
(4297, 162, 2055638000517, 4),
(4298, 162, 2055638000461, 4),
(4299, 162, 2055638000496, 4),
(4300, 162, 2055638000744, 4),
(4301, 162, 2055638000464, 4),
(4302, 162, 2055638000497, 4),
(4303, 162, 2055638000498, 4),
(4304, 162, 2055638000499, 4),
(4305, 165, 0, 4),
(4306, 165, 2055638000443, 4),
(4307, 165, 2055638000444, 4),
(4308, 165, 2055638000473, 4),
(4309, 165, 2055638000475, 4),
(4310, 165, 2055638000477, 4),
(4311, 165, 2055638000471, 4),
(4312, 165, 2055638000449, 4),
(4313, 165, 2055638000483, 4),
(4314, 165, 2055638000453, 4),
(4315, 165, 2055638000486, 4),
(4316, 165, 2055638000730, 4),
(4317, 165, 2055638000455, 4),
(4318, 165, 2055638000457, 4),
(4319, 165, 2055638000621, 3),
(4320, 165, 2055638000731, 4),
(4321, 165, 2055638000500, 4),
(4322, 165, 2055638000490, 4),
(4323, 165, 2055638000459, 3),
(4324, 165, 2055638000491, 4),
(4325, 165, 2055638000492, 4),
(4326, 165, 2055638000460, 4),
(4327, 165, 2055638000494, 4),
(4328, 165, 2055638000517, 4),
(4329, 165, 2055638000461, 4),
(4330, 165, 2055638000496, 4),
(4331, 165, 2055638000744, 4),
(4332, 165, 2055638000464, 4),
(4333, 165, 2055638000497, 3),
(4334, 165, 2055638000498, 3),
(4335, 165, 2055638000499, 4),
(4336, 166, 0, 4),
(4337, 166, 2055638000443, 4),
(4338, 166, 2055638000444, 4),
(4339, 166, 2055638000473, 4),
(4340, 166, 2055638000475, 4),
(4341, 166, 2055638000477, 4),
(4342, 166, 2055638000471, 4),
(4343, 166, 2055638000449, 4),
(4344, 166, 2055638000483, 4),
(4345, 166, 2055638000453, 4),
(4346, 166, 2055638000486, 4),
(4347, 166, 2055638000730, 4),
(4348, 166, 2055638000455, 4),
(4349, 166, 2055638000457, 4),
(4350, 166, 2055638000621, 3),
(4351, 166, 2055638000731, 4),
(4352, 166, 2055638000500, 4),
(4353, 166, 2055638000490, 4),
(4354, 166, 2055638000459, 3),
(4355, 166, 2055638000491, 4),
(4356, 166, 2055638000492, 4),
(4357, 166, 2055638000460, 4),
(4358, 166, 2055638000494, 4),
(4359, 166, 2055638000517, 4),
(4360, 166, 2055638000461, 4),
(4361, 166, 2055638000496, 4),
(4362, 166, 2055638000744, 4),
(4363, 166, 2055638000464, 4),
(4364, 166, 2055638000497, 3),
(4365, 166, 2055638000498, 3),
(4366, 166, 2055638000499, 4),
(4367, 163, 0, 4),
(4368, 163, 2055638000443, 4),
(4369, 163, 2055638000444, 4),
(4370, 163, 2055638000473, 4),
(4371, 163, 2055638000475, 4),
(4372, 163, 2055638000477, 4),
(4373, 163, 2055638000471, 4),
(4374, 163, 2055638000449, 4),
(4375, 163, 2055638000483, 4),
(4376, 163, 2055638000453, 4),
(4377, 163, 2055638000486, 4),
(4378, 163, 2055638000730, 4),
(4379, 163, 2055638000455, 4),
(4380, 163, 2055638000457, 4),
(4381, 163, 2055638000621, 3),
(4382, 163, 2055638000731, 4),
(4383, 163, 2055638000500, 4),
(4384, 163, 2055638000490, 4),
(4385, 163, 2055638000459, 3),
(4386, 163, 2055638000491, 4),
(4387, 163, 2055638000492, 4),
(4388, 163, 2055638000460, 4),
(4389, 163, 2055638000494, 4),
(4390, 163, 2055638000517, 4),
(4391, 163, 2055638000461, 4),
(4392, 163, 2055638000496, 4),
(4393, 163, 2055638000744, 4),
(4394, 163, 2055638000464, 4),
(4395, 163, 2055638000497, 3),
(4396, 163, 2055638000498, 3),
(4397, 163, 2055638000499, 4),
(4398, 184, 2055638000100, 3),
(4399, 184, 2055638000101, 3),
(4400, 184, 2055638000103, 3),
(4401, 184, 2055638000104, 3),
(4402, 184, 2055638000416, 2),
(4403, 184, 2055638000503, 3),
(4404, 184, 2055638000417, 3),
(4405, 184, 2055638000105, 3),
(4406, 184, 2055638000107, 3),
(4407, 184, 2055638000108, 3),
(4408, 184, 2055638000109, 3),
(4409, 184, 2055638000421, 3),
(4410, 184, 2055638000112, 3),
(4411, 184, 2055638000113, 3),
(4412, 184, 2055638000114, 3),
(4413, 184, 2055638000504, 3),
(4414, 184, 2055638000526, 3),
(4415, 184, 2055638000118, 3),
(4416, 184, 2055638000440, 3),
(4417, 184, 2055638000740, 3),
(4418, 184, 2055638000120, 3),
(4419, 184, 2055638000122, 3),
(4420, 184, 2055638000431, 3),
(4421, 184, 2055638000519, 3),
(4422, 188, 2055638000100, 3),
(4423, 188, 2055638000101, 4),
(4424, 188, 2055638000103, 3),
(4425, 188, 2055638000104, 3),
(4426, 188, 2055638000416, 2),
(4427, 188, 2055638000503, 4),
(4428, 188, 2055638000417, 4),
(4429, 188, 2055638000105, 3),
(4430, 188, 2055638000107, 3),
(4431, 188, 2055638000108, 3),
(4432, 188, 2055638000109, 3),
(4433, 188, 2055638000421, 3),
(4434, 188, 2055638000112, 3),
(4435, 188, 2055638000113, 3),
(4436, 188, 2055638000114, 3),
(4437, 188, 2055638000504, 3),
(4438, 188, 2055638000526, 3),
(4439, 188, 2055638000118, 3),
(4440, 188, 2055638000440, 2),
(4441, 188, 2055638000740, 3),
(4442, 188, 2055638000120, 4),
(4443, 188, 2055638000122, 4),
(4444, 188, 2055638000431, 4),
(4445, 188, 2055638000519, 3),
(4446, 187, 2055638000100, 3),
(4447, 187, 2055638000101, 3),
(4448, 187, 2055638000103, 3),
(4449, 187, 2055638000104, 3),
(4450, 187, 2055638000416, 3),
(4451, 187, 2055638000503, 4),
(4452, 187, 2055638000417, 4),
(4453, 187, 2055638000105, 3),
(4454, 187, 2055638000107, 3),
(4455, 187, 2055638000108, 3),
(4456, 187, 2055638000109, 3),
(4457, 187, 2055638000421, 3),
(4458, 187, 2055638000112, 3),
(4459, 187, 2055638000113, 4),
(4460, 187, 2055638000114, 3),
(4461, 187, 2055638000504, 3),
(4462, 187, 2055638000526, 3),
(4463, 187, 2055638000118, 3),
(4464, 187, 2055638000440, 3),
(4465, 187, 2055638000740, 3),
(4466, 187, 2055638000120, 4),
(4467, 187, 2055638000122, 4),
(4468, 187, 2055638000431, 4),
(4469, 187, 2055638000519, 3),
(4470, 186, 2055638000100, 3),
(4471, 186, 2055638000101, 3),
(4472, 186, 2055638000103, 2),
(4473, 186, 2055638000104, 3),
(4474, 186, 2055638000416, 2),
(4475, 186, 2055638000503, 4),
(4476, 186, 2055638000417, 4),
(4477, 186, 2055638000105, 3),
(4478, 186, 2055638000107, 3),
(4479, 186, 2055638000108, 3),
(4480, 186, 2055638000109, 3),
(4481, 186, 2055638000421, 2),
(4482, 186, 2055638000112, 3),
(4483, 186, 2055638000113, 3),
(4484, 186, 2055638000114, 3),
(4485, 186, 2055638000504, 3),
(4486, 186, 2055638000526, 3),
(4487, 186, 2055638000118, 3),
(4488, 186, 2055638000440, 2),
(4489, 186, 2055638000740, 3),
(4490, 186, 2055638000120, 4),
(4491, 186, 2055638000122, 4),
(4492, 186, 2055638000431, 4),
(4493, 186, 2055638000519, 3),
(4518, 185, 2055638000100, 3),
(4519, 185, 2055638000101, 3),
(4520, 185, 2055638000103, 3),
(4521, 185, 2055638000104, 3),
(4522, 185, 2055638000416, 3),
(4523, 185, 2055638000503, 4),
(4524, 185, 2055638000417, 3),
(4525, 185, 2055638000105, 3),
(4526, 185, 2055638000107, 3),
(4527, 185, 2055638000108, 3),
(4528, 185, 2055638000109, 3),
(4529, 185, 2055638000421, 3),
(4530, 185, 2055638000112, 3),
(4531, 185, 2055638000113, 4),
(4532, 185, 2055638000114, 4),
(4533, 185, 2055638000504, 3),
(4534, 185, 2055638000526, 3),
(4535, 185, 2055638000118, 3),
(4536, 185, 2055638000440, 3),
(4537, 185, 2055638000740, 3),
(4538, 185, 2055638000120, 4),
(4539, 185, 2055638000122, 3),
(4540, 185, 2055638000431, 4),
(4541, 185, 2055638000519, 3),
(4542, 191, 2055638000734, 3),
(4543, 191, 2055638000532, 3),
(4544, 191, 2055638000533, 3),
(4545, 191, 2055638000534, 3),
(4546, 191, 2055638000631, 3),
(4547, 191, 2055638000535, 3),
(4548, 191, 2055638000537, 3),
(4549, 191, 2055638000538, 3),
(4550, 191, 2055638000539, 3),
(4551, 191, 2055638000541, 3),
(4552, 191, 2055638000632, 3),
(4553, 191, 2055638000542, 3),
(4554, 191, 2055638000543, 3),
(4555, 191, 2055638000544, 3),
(4556, 191, 2055638000545, 3),
(4557, 191, 2055638000546, 3),
(4558, 191, 2055638000735, 3),
(4559, 191, 2055638000547, 3),
(4560, 191, 2055638000548, 3),
(4561, 191, 2055638000549, 3),
(4562, 191, 2055638000550, 3),
(4563, 191, 2055638000551, 3),
(4564, 191, 2055638000552, 3),
(4565, 191, 2055638000553, 3),
(4566, 191, 2055638000554, 3),
(4567, 191, 2055638000555, 3),
(4568, 191, 2055638000556, 3),
(4569, 191, 2055638000558, 3),
(4570, 191, 2055638000559, 3),
(4571, 191, 2055638000560, 3),
(4572, 191, 2055638000561, 3),
(4573, 192, 2055638000734, 3),
(4574, 192, 2055638000532, 3),
(4575, 192, 2055638000533, 3),
(4576, 192, 2055638000534, 3),
(4577, 192, 2055638000631, 3),
(4578, 192, 2055638000535, 3),
(4579, 192, 2055638000537, 3),
(4580, 192, 2055638000538, 3),
(4581, 192, 2055638000539, 3),
(4582, 192, 2055638000541, 3),
(4583, 192, 2055638000632, 3),
(4584, 192, 2055638000542, 3),
(4585, 192, 2055638000543, 3),
(4586, 192, 2055638000544, 3),
(4587, 192, 2055638000545, 3),
(4588, 192, 2055638000546, 3),
(4589, 192, 2055638000735, 3),
(4590, 192, 2055638000547, 2),
(4591, 192, 2055638000548, 3),
(4592, 192, 2055638000549, 3),
(4593, 192, 2055638000550, 3),
(4594, 192, 2055638000551, 3),
(4595, 192, 2055638000552, 3),
(4596, 192, 2055638000553, 3),
(4597, 192, 2055638000554, 2),
(4598, 192, 2055638000555, 3),
(4599, 192, 2055638000556, 3),
(4600, 192, 2055638000558, 2),
(4601, 192, 2055638000559, 3),
(4602, 192, 2055638000560, 3),
(4603, 192, 2055638000561, 2),
(4604, 194, 2055638000734, 3),
(4605, 194, 2055638000532, 2),
(4606, 194, 2055638000533, 3),
(4607, 194, 2055638000534, 3),
(4608, 194, 2055638000631, 3),
(4609, 194, 2055638000535, 3),
(4610, 194, 2055638000537, 3),
(4611, 194, 2055638000538, 3),
(4612, 194, 2055638000539, 3),
(4613, 194, 2055638000541, 3),
(4614, 194, 2055638000632, 3),
(4615, 194, 2055638000542, 2),
(4616, 194, 2055638000543, 3),
(4617, 194, 2055638000544, 3),
(4618, 194, 2055638000545, 3),
(4619, 194, 2055638000546, 3),
(4620, 194, 2055638000735, 3),
(4621, 194, 2055638000547, 3),
(4622, 194, 2055638000548, 3),
(4623, 194, 2055638000549, 3),
(4624, 194, 2055638000550, 3),
(4625, 194, 2055638000551, 3),
(4626, 194, 2055638000552, 3),
(4627, 194, 2055638000553, 3),
(4628, 194, 2055638000554, 3),
(4629, 194, 2055638000555, 3),
(4630, 194, 2055638000556, 3),
(4631, 194, 2055638000558, 2),
(4632, 194, 2055638000559, 3),
(4633, 194, 2055638000560, 3),
(4634, 194, 2055638000561, 2),
(4635, 195, 2055638000734, 2),
(4636, 195, 2055638000532, 2),
(4637, 195, 2055638000533, 2),
(4638, 195, 2055638000534, 2),
(4639, 195, 2055638000631, 3),
(4640, 195, 2055638000535, 2),
(4641, 195, 2055638000537, 2),
(4642, 195, 2055638000538, 2),
(4643, 195, 2055638000539, 2),
(4644, 195, 2055638000541, 2),
(4645, 195, 2055638000632, 2),
(4646, 195, 2055638000542, 2),
(4647, 195, 2055638000543, 2),
(4648, 195, 2055638000544, 2),
(4649, 195, 2055638000545, 2),
(4650, 195, 2055638000546, 3),
(4651, 195, 2055638000735, 2),
(4652, 195, 2055638000547, 2),
(4653, 195, 2055638000548, 2),
(4654, 195, 2055638000549, 2),
(4655, 195, 2055638000550, 2),
(4656, 195, 2055638000551, 3),
(4657, 195, 2055638000552, 2),
(4658, 195, 2055638000553, 3),
(4659, 195, 2055638000554, 2),
(4660, 195, 2055638000555, 2),
(4661, 195, 2055638000556, 3),
(4662, 195, 2055638000558, 2),
(4663, 195, 2055638000559, 2),
(4664, 195, 2055638000560, 3),
(4665, 195, 2055638000561, 2),
(4666, 193, 2055638000734, 3),
(4667, 193, 2055638000532, 3),
(4668, 193, 2055638000533, 3),
(4669, 193, 2055638000534, 3),
(4670, 193, 2055638000631, 3),
(4671, 193, 2055638000535, 3),
(4672, 193, 2055638000537, 3),
(4673, 193, 2055638000538, 3),
(4674, 193, 2055638000539, 3),
(4675, 193, 2055638000541, 3),
(4676, 193, 2055638000632, 3),
(4677, 193, 2055638000542, 3),
(4678, 193, 2055638000543, 3),
(4679, 193, 2055638000544, 3),
(4680, 193, 2055638000545, 3),
(4681, 193, 2055638000546, 3),
(4682, 193, 2055638000735, 3),
(4683, 193, 2055638000547, 3),
(4684, 193, 2055638000548, 3),
(4685, 193, 2055638000549, 3),
(4686, 193, 2055638000550, 3),
(4687, 193, 2055638000551, 3),
(4688, 193, 2055638000552, 3),
(4689, 193, 2055638000553, 3),
(4690, 193, 2055638000554, 3),
(4691, 193, 2055638000555, 3),
(4692, 193, 2055638000556, 3),
(4693, 193, 2055638000558, 3),
(4694, 193, 2055638000559, 3),
(4695, 193, 2055638000560, 3),
(4696, 193, 2055638000561, 3),
(4697, 196, 2055638000734, 3),
(4698, 196, 2055638000532, 3),
(4699, 196, 2055638000533, 3),
(4700, 196, 2055638000534, 2),
(4701, 196, 2055638000631, 3),
(4702, 196, 2055638000535, 2),
(4703, 196, 2055638000537, 3),
(4704, 196, 2055638000538, 3),
(4705, 196, 2055638000539, 2),
(4706, 196, 2055638000541, 3),
(4707, 196, 2055638000632, 2),
(4708, 196, 2055638000542, 3),
(4709, 196, 2055638000543, 3),
(4710, 196, 2055638000544, 2),
(4711, 196, 2055638000545, 2),
(4712, 196, 2055638000546, 3),
(4713, 196, 2055638000735, 2),
(4714, 196, 2055638000547, 2),
(4715, 196, 2055638000548, 3),
(4716, 196, 2055638000549, 3),
(4717, 196, 2055638000550, 2),
(4718, 196, 2055638000551, 3),
(4719, 196, 2055638000552, 3),
(4720, 196, 2055638000553, 3),
(4721, 196, 2055638000554, 3),
(4722, 196, 2055638000555, 3),
(4723, 196, 2055638000556, 3),
(4724, 196, 2055638000558, 3),
(4725, 196, 2055638000559, 3),
(4726, 196, 2055638000560, 3),
(4727, 196, 2055638000561, 3),
(4728, 197, 2055638000728, 4),
(4729, 197, 2055638000445, 4),
(4730, 197, 2055638000472, 4),
(4731, 197, 2055638000446, 4),
(4732, 197, 2055638000447, 4),
(4733, 197, 2055638000527, 4),
(4734, 197, 2055638000476, 4),
(4735, 197, 2055638000478, 4),
(4736, 197, 2055638000626, 4),
(4737, 197, 2055638000501, 4),
(4738, 197, 2055638000481, 4),
(4739, 197, 2055638000450, 4),
(4740, 197, 2055638000451, 4),
(4741, 197, 2055638000484, 4),
(4742, 197, 2055638000485, 4),
(4743, 197, 2055638000452, 4),
(4744, 197, 2055638000454, 4),
(4745, 197, 2055638000488, 4),
(4746, 197, 2055638000625, 4),
(4747, 197, 2055638000456, 4),
(4748, 197, 2055638000458, 4),
(4749, 197, 2055638000729, 4),
(4750, 197, 2055638000480, 4),
(4751, 197, 2055638000493, 4),
(4752, 197, 2055638000495, 4),
(4753, 197, 2055638000462, 4),
(4754, 197, 2055638000463, 4),
(4755, 197, 2055638000466, 4),
(4756, 197, 2055638000467, 4),
(4757, 197, 2055638000469, 4),
(4758, 197, 2055638000470, 4),
(4759, 198, 2055638000728, 3),
(4760, 198, 2055638000445, 3),
(4761, 198, 2055638000472, 3),
(4762, 198, 2055638000446, 3),
(4763, 198, 2055638000447, 3),
(4764, 198, 2055638000527, 3),
(4765, 198, 2055638000476, 3),
(4766, 198, 2055638000478, 3),
(4767, 198, 2055638000626, 3),
(4768, 198, 2055638000501, 3),
(4769, 198, 2055638000481, 3),
(4770, 198, 2055638000450, 3),
(4771, 198, 2055638000451, 3),
(4772, 198, 2055638000484, 3),
(4773, 198, 2055638000485, 3),
(4774, 198, 2055638000452, 3),
(4775, 198, 2055638000454, 3),
(4776, 198, 2055638000488, 3),
(4777, 198, 2055638000625, 3),
(4778, 198, 2055638000456, 3),
(4779, 198, 2055638000458, 3),
(4780, 198, 2055638000729, 3),
(4781, 198, 2055638000480, 3),
(4782, 198, 2055638000493, 3),
(4783, 198, 2055638000495, 3),
(4784, 198, 2055638000462, 3),
(4785, 198, 2055638000463, 3),
(4786, 198, 2055638000466, 3),
(4787, 198, 2055638000467, 3),
(4788, 198, 2055638000469, 3),
(4789, 198, 2055638000470, 3),
(4790, 199, 2055638000728, 3),
(4791, 199, 2055638000445, 3),
(4792, 199, 2055638000472, 3),
(4793, 199, 2055638000446, 3),
(4794, 199, 2055638000447, 3),
(4795, 199, 2055638000527, 3),
(4796, 199, 2055638000476, 3),
(4797, 199, 2055638000478, 3),
(4798, 199, 2055638000626, 3),
(4799, 199, 2055638000501, 3),
(4800, 199, 2055638000481, 3),
(4801, 199, 2055638000450, 3),
(4802, 199, 2055638000451, 3),
(4803, 199, 2055638000484, 3),
(4804, 199, 2055638000485, 3),
(4805, 199, 2055638000452, 3),
(4806, 199, 2055638000454, 3),
(4807, 199, 2055638000488, 3),
(4808, 199, 2055638000625, 3),
(4809, 199, 2055638000456, 3),
(4810, 199, 2055638000458, 3),
(4811, 199, 2055638000729, 3),
(4812, 199, 2055638000480, 3),
(4813, 199, 2055638000493, 3),
(4814, 199, 2055638000495, 3),
(4815, 199, 2055638000462, 3),
(4816, 199, 2055638000463, 3),
(4817, 199, 2055638000466, 3),
(4818, 199, 2055638000467, 3),
(4819, 199, 2055638000469, 3),
(4820, 199, 2055638000470, 3),
(4821, 200, 2055638000728, 4),
(4822, 200, 2055638000445, 4),
(4823, 200, 2055638000472, 4),
(4824, 200, 2055638000446, 4),
(4825, 200, 2055638000447, 3),
(4826, 200, 2055638000527, 4),
(4827, 200, 2055638000476, 4),
(4828, 200, 2055638000478, 4),
(4829, 200, 2055638000626, 4),
(4830, 200, 2055638000501, 4),
(4831, 200, 2055638000481, 4),
(4832, 200, 2055638000450, 4),
(4833, 200, 2055638000451, 4),
(4834, 200, 2055638000484, 4),
(4835, 200, 2055638000485, 4),
(4836, 200, 2055638000452, 4),
(4837, 200, 2055638000454, 3),
(4838, 200, 2055638000488, 4),
(4839, 200, 2055638000625, 4),
(4840, 200, 2055638000456, 4),
(4841, 200, 2055638000458, 3),
(4842, 200, 2055638000729, 4),
(4843, 200, 2055638000480, 4),
(4844, 200, 2055638000493, 4),
(4845, 200, 2055638000495, 4),
(4846, 200, 2055638000462, 4),
(4847, 200, 2055638000463, 4),
(4848, 200, 2055638000466, 4),
(4849, 200, 2055638000467, 4),
(4850, 200, 2055638000469, 4),
(4851, 200, 2055638000470, 4),
(4852, 201, 2055638000728, 4),
(4853, 201, 2055638000445, 4),
(4854, 201, 2055638000472, 4),
(4855, 201, 2055638000446, 4),
(4856, 201, 2055638000447, 3),
(4857, 201, 2055638000527, 4),
(4858, 201, 2055638000476, 4),
(4859, 201, 2055638000478, 4),
(4860, 201, 2055638000626, 4),
(4861, 201, 2055638000501, 4),
(4862, 201, 2055638000481, 4),
(4863, 201, 2055638000450, 4),
(4864, 201, 2055638000451, 4),
(4865, 201, 2055638000484, 4),
(4866, 201, 2055638000485, 4),
(4867, 201, 2055638000452, 4),
(4868, 201, 2055638000454, 3),
(4869, 201, 2055638000488, 4),
(4870, 201, 2055638000625, 4),
(4871, 201, 2055638000456, 4),
(4872, 201, 2055638000458, 3),
(4873, 201, 2055638000729, 4),
(4874, 201, 2055638000480, 4),
(4875, 201, 2055638000493, 4),
(4876, 201, 2055638000495, 4),
(4877, 201, 2055638000462, 4),
(4878, 201, 2055638000463, 4),
(4879, 201, 2055638000466, 4),
(4880, 201, 2055638000467, 4),
(4881, 201, 2055638000469, 4),
(4882, 201, 2055638000470, 4),
(4883, 202, 2055638000728, 3),
(4884, 202, 2055638000445, 3),
(4885, 202, 2055638000472, 3),
(4886, 202, 2055638000446, 3),
(4887, 202, 2055638000447, 2),
(4888, 202, 2055638000527, 3),
(4889, 202, 2055638000476, 3),
(4890, 202, 2055638000478, 3),
(4891, 202, 2055638000626, 3),
(4892, 202, 2055638000501, 4),
(4893, 202, 2055638000481, 3),
(4894, 202, 2055638000450, 3),
(4895, 202, 2055638000451, 3),
(4896, 202, 2055638000484, 3),
(4897, 202, 2055638000485, 3),
(4898, 202, 2055638000452, 3),
(4899, 202, 2055638000454, 2),
(4900, 202, 2055638000488, 3),
(4901, 202, 2055638000625, 4),
(4902, 202, 2055638000456, 3),
(4903, 202, 2055638000458, 2),
(4904, 202, 2055638000729, 3),
(4905, 202, 2055638000480, 3),
(4906, 202, 2055638000493, 3),
(4907, 202, 2055638000495, 3),
(4908, 202, 2055638000462, 3),
(4909, 202, 2055638000463, 3),
(4910, 202, 2055638000466, 3),
(4911, 202, 2055638000467, 3),
(4912, 202, 2055638000469, 4),
(4913, 202, 2055638000470, 3),
(4914, 203, 2055638000728, 3),
(4915, 203, 2055638000445, 3),
(4916, 203, 2055638000472, 3),
(4917, 203, 2055638000446, 3),
(4918, 203, 2055638000447, 2),
(4919, 203, 2055638000527, 3),
(4920, 203, 2055638000476, 3),
(4921, 203, 2055638000478, 3),
(4922, 203, 2055638000626, 3),
(4923, 203, 2055638000501, 3),
(4924, 203, 2055638000481, 3),
(4925, 203, 2055638000450, 3),
(4926, 203, 2055638000451, 3),
(4927, 203, 2055638000484, 3),
(4928, 203, 2055638000485, 3),
(4929, 203, 2055638000452, 3),
(4930, 203, 2055638000454, 2),
(4931, 203, 2055638000488, 3),
(4932, 203, 2055638000625, 4),
(4933, 203, 2055638000456, 4),
(4934, 203, 2055638000458, 2),
(4935, 203, 2055638000729, 3),
(4936, 203, 2055638000480, 3),
(4937, 203, 2055638000493, 3),
(4938, 203, 2055638000495, 3),
(4939, 203, 2055638000462, 3),
(4940, 203, 2055638000463, 3),
(4941, 203, 2055638000466, 3),
(4942, 203, 2055638000467, 3),
(4943, 203, 2055638000469, 4),
(4944, 203, 2055638000470, 3),
(4997, 214, 2055638000598, 3),
(4998, 214, 2055638000599, 3),
(4999, 214, 2055638000600, 2),
(5000, 214, 2055638000601, 3),
(5001, 214, 2055638000602, 3),
(5002, 214, 2055638000603, 3),
(5003, 214, 2055638000604, 3),
(5004, 214, 2055638000605, 3),
(5005, 214, 2055638000633, 3),
(5006, 214, 2055638000606, 3),
(5007, 214, 2055638000607, 2),
(5008, 214, 2055638000741, 3),
(5009, 214, 2055638000608, 3),
(5010, 214, 2055638000610, 1),
(5011, 214, 2055638000619, 2),
(5012, 214, 2055638000611, 2),
(5013, 214, 2055638000609, 3),
(5014, 214, 2055638000613, 3),
(5015, 214, 2055638000586, 2),
(5016, 214, 2055638000620, 2),
(5017, 214, 2055638000591, 2),
(5018, 214, 2055638000615, 3),
(5019, 214, 2055638000616, 3),
(5020, 214, 2055638000617, 3),
(5021, 214, 2055638000618, 2),
(5022, 214, 2055638000742, 1),
(5023, 215, 2055638000598, 3),
(5024, 215, 2055638000599, 3),
(5025, 215, 2055638000600, 2),
(5026, 215, 2055638000601, 3),
(5027, 215, 2055638000602, 3),
(5028, 215, 2055638000603, 3),
(5029, 215, 2055638000604, 3),
(5030, 215, 2055638000605, 3),
(5031, 215, 2055638000633, 3),
(5032, 215, 2055638000606, 3),
(5033, 215, 2055638000607, 2),
(5034, 215, 2055638000741, 3),
(5035, 215, 2055638000608, 3),
(5036, 215, 2055638000610, 1),
(5037, 215, 2055638000619, 2),
(5038, 215, 2055638000611, 2),
(5039, 215, 2055638000609, 3),
(5040, 215, 2055638000613, 3),
(5041, 215, 2055638000586, 2),
(5042, 215, 2055638000620, 3),
(5043, 215, 2055638000591, 2),
(5044, 215, 2055638000615, 3),
(5045, 215, 2055638000616, 3),
(5046, 215, 2055638000617, 2),
(5047, 215, 2055638000618, 2),
(5048, 215, 2055638000742, 2),
(5049, 216, 2055638000598, 3),
(5050, 216, 2055638000599, 3),
(5051, 216, 2055638000600, 2),
(5052, 216, 2055638000601, 3),
(5053, 216, 2055638000602, 3),
(5054, 216, 2055638000603, 3),
(5055, 216, 2055638000604, 3),
(5056, 216, 2055638000605, 3),
(5057, 216, 2055638000633, 2),
(5058, 216, 2055638000606, 3),
(5059, 216, 2055638000607, 1),
(5060, 216, 2055638000741, 3),
(5061, 216, 2055638000608, 3),
(5062, 216, 2055638000610, 1),
(5063, 216, 2055638000619, 1),
(5064, 216, 2055638000611, 2),
(5065, 216, 2055638000609, 3),
(5066, 216, 2055638000613, 3),
(5067, 216, 2055638000586, 2),
(5068, 216, 2055638000620, 2),
(5069, 216, 2055638000591, 2),
(5070, 216, 2055638000615, 3),
(5071, 216, 2055638000616, 3),
(5072, 216, 2055638000617, 3),
(5073, 216, 2055638000618, 2),
(5074, 216, 2055638000742, 1),
(5101, 219, 2055638000698, 3),
(5102, 219, 2055638000699, 3),
(5103, 219, 2055638000700, 3),
(5104, 219, 2055638000701, 3),
(5105, 219, 2055638000702, 3),
(5106, 219, 2055638000703, 3),
(5107, 219, 2055638000704, 3),
(5108, 219, 2055638000705, 3),
(5109, 219, 2055638000706, 3),
(5110, 219, 2055638000707, 3),
(5111, 219, 2055638000708, 3),
(5112, 219, 2055638000709, 3),
(5113, 219, 2055638000743, 3),
(5114, 219, 2055638000710, 3),
(5115, 219, 2055638000711, 3),
(5116, 219, 2055638000712, 3),
(5117, 219, 2055638000713, 3),
(5118, 219, 2055638000714, 3),
(5119, 219, 2055638000715, 3),
(5120, 219, 2055638000716, 3),
(5121, 219, 2055638000717, 3),
(5122, 219, 2055638000718, 3),
(5123, 219, 2055638000719, 3),
(5124, 219, 2055638000720, 3),
(5125, 219, 2055638000721, 3),
(5126, 219, 2055638000722, 3),
(5127, 219, 2055638000723, 3),
(5128, 219, 2055638000724, 3),
(5129, 219, 2055638000725, 3),
(5130, 219, 2055638000726, 3),
(5131, 218, 2055638000698, 3),
(5132, 218, 2055638000699, 3),
(5133, 218, 2055638000700, 3),
(5134, 218, 2055638000701, 3),
(5135, 218, 2055638000702, 3),
(5136, 218, 2055638000703, 3),
(5137, 218, 2055638000704, 3),
(5138, 218, 2055638000705, 3),
(5139, 218, 2055638000706, 3),
(5140, 218, 2055638000707, 3),
(5141, 218, 2055638000708, 3),
(5142, 218, 2055638000709, 3),
(5143, 218, 2055638000743, 3),
(5144, 218, 2055638000710, 3),
(5145, 218, 2055638000711, 3),
(5146, 218, 2055638000712, 3),
(5147, 218, 2055638000713, 3),
(5148, 218, 2055638000714, 3),
(5149, 218, 2055638000715, 3),
(5150, 218, 2055638000716, 3),
(5151, 218, 2055638000717, 3),
(5152, 218, 2055638000718, 3),
(5153, 218, 2055638000719, 3),
(5154, 218, 2055638000720, 3),
(5155, 218, 2055638000721, 3),
(5156, 218, 2055638000722, 3),
(5157, 218, 2055638000723, 3),
(5158, 218, 2055638000724, 3),
(5159, 218, 2055638000725, 3),
(5160, 218, 2055638000726, 3),
(5161, 220, 2055638000698, 3),
(5162, 220, 2055638000699, 3),
(5163, 220, 2055638000700, 3),
(5164, 220, 2055638000701, 3),
(5165, 220, 2055638000702, 3),
(5166, 220, 2055638000703, 3),
(5167, 220, 2055638000704, 3),
(5168, 220, 2055638000705, 3),
(5169, 220, 2055638000706, 3),
(5170, 220, 2055638000707, 3),
(5171, 220, 2055638000708, 3),
(5172, 220, 2055638000709, 3),
(5173, 220, 2055638000743, 3),
(5174, 220, 2055638000710, 3),
(5175, 220, 2055638000711, 3),
(5176, 220, 2055638000712, 3),
(5177, 220, 2055638000713, 3),
(5178, 220, 2055638000714, 3),
(5179, 220, 2055638000715, 3),
(5180, 220, 2055638000716, 3),
(5181, 220, 2055638000717, 3),
(5182, 220, 2055638000718, 3),
(5183, 220, 2055638000719, 3),
(5184, 220, 2055638000720, 3),
(5185, 220, 2055638000721, 3),
(5186, 220, 2055638000722, 3),
(5187, 220, 2055638000723, 3),
(5188, 220, 2055638000724, 3),
(5189, 220, 2055638000725, 3),
(5190, 220, 2055638000726, 3),
(5191, 222, 2055638000698, 3),
(5192, 222, 2055638000699, 3),
(5193, 222, 2055638000700, 3),
(5194, 222, 2055638000701, 2),
(5195, 222, 2055638000702, 4),
(5196, 222, 2055638000703, 3),
(5197, 222, 2055638000704, 4),
(5198, 222, 2055638000705, 3),
(5199, 222, 2055638000706, 3),
(5200, 222, 2055638000707, 3),
(5201, 222, 2055638000708, 3),
(5202, 222, 2055638000709, 4),
(5203, 222, 2055638000743, 3),
(5204, 222, 2055638000710, 4),
(5205, 222, 2055638000711, 3),
(5206, 222, 2055638000712, 3),
(5207, 222, 2055638000713, 3),
(5208, 222, 2055638000714, 3),
(5209, 222, 2055638000715, 3),
(5210, 222, 2055638000716, 3),
(5211, 222, 2055638000717, 3),
(5212, 222, 2055638000718, 4),
(5213, 222, 2055638000719, 3),
(5214, 222, 2055638000720, 4),
(5215, 222, 2055638000721, 3),
(5216, 222, 2055638000722, 3),
(5217, 222, 2055638000723, 4),
(5218, 222, 2055638000724, 3),
(5219, 222, 2055638000725, 4),
(5220, 222, 2055638000726, 3),
(5221, 223, 2055638000698, 3),
(5222, 223, 2055638000699, 3),
(5223, 223, 2055638000700, 3),
(5224, 223, 2055638000701, 2),
(5225, 223, 2055638000702, 4),
(5226, 223, 2055638000703, 3),
(5227, 223, 2055638000704, 4),
(5228, 223, 2055638000705, 3),
(5229, 223, 2055638000706, 3),
(5230, 223, 2055638000707, 3),
(5231, 223, 2055638000708, 3),
(5232, 223, 2055638000709, 4),
(5233, 223, 2055638000743, 3),
(5234, 223, 2055638000710, 4),
(5235, 223, 2055638000711, 4),
(5236, 223, 2055638000712, 3),
(5237, 223, 2055638000713, 3),
(5238, 223, 2055638000714, 3),
(5239, 223, 2055638000715, 3),
(5240, 223, 2055638000716, 3),
(5241, 223, 2055638000717, 3),
(5242, 223, 2055638000718, 4),
(5243, 223, 2055638000719, 3),
(5244, 223, 2055638000720, 4),
(5245, 223, 2055638000721, 3),
(5246, 223, 2055638000722, 3),
(5247, 223, 2055638000723, 4),
(5248, 223, 2055638000724, 3),
(5249, 223, 2055638000725, 4),
(5250, 223, 2055638000726, 3),
(5251, 224, 2055638000698, 3),
(5252, 224, 2055638000699, 3),
(5253, 224, 2055638000700, 3),
(5254, 224, 2055638000701, 2),
(5255, 224, 2055638000702, 4),
(5256, 224, 2055638000703, 3),
(5257, 224, 2055638000704, 4),
(5258, 224, 2055638000705, 3),
(5259, 224, 2055638000706, 3),
(5260, 224, 2055638000707, 3),
(5261, 224, 2055638000708, 3),
(5262, 224, 2055638000709, 4),
(5263, 224, 2055638000743, 4),
(5264, 224, 2055638000710, 4),
(5265, 224, 2055638000711, 4),
(5266, 224, 2055638000712, 4),
(5267, 224, 2055638000713, 3),
(5268, 224, 2055638000714, 3),
(5269, 224, 2055638000715, 3),
(5270, 224, 2055638000716, 2),
(5271, 224, 2055638000717, 4),
(5272, 224, 2055638000718, 4),
(5273, 224, 2055638000719, 3),
(5274, 224, 2055638000720, 4),
(5275, 224, 2055638000721, 3),
(5276, 224, 2055638000722, 3),
(5277, 224, 2055638000723, 4),
(5278, 224, 2055638000724, 3),
(5279, 224, 2055638000725, 4),
(5280, 224, 2055638000726, 3),
(5281, 228, 2055638000698, 3),
(5282, 228, 2055638000699, 3),
(5283, 228, 2055638000700, 3),
(5284, 228, 2055638000701, 2),
(5285, 228, 2055638000702, 4),
(5286, 228, 2055638000703, 3),
(5287, 228, 2055638000704, 4),
(5288, 228, 2055638000705, 3),
(5289, 228, 2055638000706, 3),
(5290, 228, 2055638000707, 3),
(5291, 228, 2055638000708, 3),
(5292, 228, 2055638000709, 4),
(5293, 228, 2055638000743, 4),
(5294, 228, 2055638000710, 4),
(5295, 228, 2055638000711, 4),
(5296, 228, 2055638000712, 4),
(5297, 228, 2055638000713, 3),
(5298, 228, 2055638000714, 3),
(5299, 228, 2055638000715, 3),
(5300, 228, 2055638000716, 2),
(5301, 228, 2055638000717, 4),
(5302, 228, 2055638000718, 4),
(5303, 228, 2055638000719, 3),
(5304, 228, 2055638000720, 4),
(5305, 228, 2055638000721, 3),
(5306, 228, 2055638000722, 3),
(5307, 228, 2055638000723, 4),
(5308, 228, 2055638000724, 3),
(5309, 228, 2055638000725, 4),
(5310, 228, 2055638000726, 3),
(5311, 221, 2055638000563, 3),
(5312, 221, 2055638000564, 3),
(5313, 221, 2055638000565, 3),
(5314, 221, 2055638000566, 3),
(5315, 221, 2055638000567, 3),
(5316, 221, 2055638000568, 3),
(5317, 221, 2055638000569, 3),
(5318, 221, 2055638000570, 3),
(5319, 221, 2055638000571, 3),
(5320, 221, 2055638000572, 3),
(5321, 221, 2055638000573, 3),
(5322, 221, 2055638000574, 3),
(5323, 221, 2055638000575, 3),
(5324, 221, 2055638000576, 3),
(5325, 221, 2055638000577, 3),
(5326, 221, 2055638000578, 3),
(5327, 221, 2055638000579, 3),
(5328, 221, 2055638000580, 3),
(5329, 221, 2055638000582, 3),
(5330, 221, 2055638000584, 3),
(5331, 221, 2055638000585, 3),
(5332, 221, 2055638000587, 3),
(5333, 221, 2055638000588, 3),
(5334, 221, 2055638000589, 3),
(5335, 221, 2055638000590, 3),
(5336, 221, 2055638000592, 3),
(5337, 221, 2055638000593, 3),
(5338, 221, 2055638000594, 3),
(5339, 221, 2055638000595, 3),
(5340, 221, 2055638000596, 3),
(5341, 221, 2055638000597, 3),
(5342, 226, 2055638000563, 3),
(5343, 226, 2055638000564, 3),
(5344, 226, 2055638000565, 3),
(5345, 226, 2055638000566, 3),
(5346, 226, 2055638000567, 3),
(5347, 226, 2055638000568, 3),
(5348, 226, 2055638000569, 3),
(5349, 226, 2055638000570, 3),
(5350, 226, 2055638000571, 3),
(5351, 226, 2055638000572, 3),
(5352, 226, 2055638000573, 3),
(5353, 226, 2055638000574, 3),
(5354, 226, 2055638000575, 3),
(5355, 226, 2055638000576, 3),
(5356, 226, 2055638000577, 3),
(5357, 226, 2055638000578, 3),
(5358, 226, 2055638000579, 3),
(5359, 226, 2055638000580, 3),
(5360, 226, 2055638000582, 3),
(5361, 226, 2055638000584, 3),
(5362, 226, 2055638000585, 3),
(5363, 226, 2055638000587, 3),
(5364, 226, 2055638000588, 3),
(5365, 226, 2055638000589, 3),
(5366, 226, 2055638000590, 3),
(5367, 226, 2055638000592, 3),
(5368, 226, 2055638000593, 3),
(5369, 226, 2055638000594, 3),
(5370, 226, 2055638000595, 3),
(5371, 226, 2055638000596, 3),
(5372, 226, 2055638000597, 3),
(5373, 227, 2055638000563, 3),
(5374, 227, 2055638000564, 3),
(5375, 227, 2055638000565, 3),
(5376, 227, 2055638000566, 3),
(5377, 227, 2055638000567, 3),
(5378, 227, 2055638000568, 4),
(5379, 227, 2055638000569, 3),
(5380, 227, 2055638000570, 3),
(5381, 227, 2055638000571, 3),
(5382, 227, 2055638000572, 3),
(5383, 227, 2055638000573, 3),
(5384, 227, 2055638000574, 4),
(5385, 227, 2055638000575, 3),
(5386, 227, 2055638000576, 4),
(5387, 227, 2055638000577, 3),
(5388, 227, 2055638000578, 4),
(5389, 227, 2055638000579, 3),
(5390, 227, 2055638000580, 3),
(5391, 227, 2055638000582, 3),
(5392, 227, 2055638000584, 3),
(5393, 227, 2055638000585, 3),
(5394, 227, 2055638000587, 3),
(5395, 227, 2055638000588, 3),
(5396, 227, 2055638000589, 3),
(5397, 227, 2055638000590, 3),
(5398, 227, 2055638000592, 3),
(5399, 227, 2055638000593, 3),
(5400, 227, 2055638000594, 3),
(5401, 227, 2055638000595, 4),
(5402, 227, 2055638000596, 3),
(5403, 227, 2055638000597, 3),
(5404, 229, 2055638000563, 3),
(5405, 229, 2055638000564, 3),
(5406, 229, 2055638000565, 3),
(5407, 229, 2055638000566, 3),
(5408, 229, 2055638000567, 3),
(5409, 229, 2055638000568, 3),
(5410, 229, 2055638000569, 3),
(5411, 229, 2055638000570, 3),
(5412, 229, 2055638000571, 3),
(5413, 229, 2055638000572, 3),
(5414, 229, 2055638000573, 3),
(5415, 229, 2055638000574, 3),
(5416, 229, 2055638000575, 3),
(5417, 229, 2055638000576, 3),
(5418, 229, 2055638000577, 3),
(5419, 229, 2055638000578, 3),
(5420, 229, 2055638000579, 3),
(5421, 229, 2055638000580, 3),
(5422, 229, 2055638000582, 3),
(5423, 229, 2055638000584, 3),
(5424, 229, 2055638000585, 3),
(5425, 229, 2055638000587, 3),
(5426, 229, 2055638000588, 3),
(5427, 229, 2055638000589, 3),
(5428, 229, 2055638000590, 3),
(5429, 229, 2055638000592, 3),
(5430, 229, 2055638000593, 3),
(5431, 229, 2055638000594, 3),
(5432, 229, 2055638000595, 3),
(5433, 229, 2055638000596, 3),
(5434, 229, 2055638000597, 3),
(5435, 230, 2055638000563, 3),
(5436, 230, 2055638000564, 4),
(5437, 230, 2055638000565, 3),
(5438, 230, 2055638000566, 3),
(5439, 230, 2055638000567, 3),
(5440, 230, 2055638000568, 4),
(5441, 230, 2055638000569, 3),
(5442, 230, 2055638000570, 3),
(5443, 230, 2055638000571, 3),
(5444, 230, 2055638000572, 3),
(5445, 230, 2055638000573, 3),
(5446, 230, 2055638000574, 4),
(5447, 230, 2055638000575, 4),
(5448, 230, 2055638000576, 4),
(5449, 230, 2055638000577, 4),
(5450, 230, 2055638000578, 4),
(5451, 230, 2055638000579, 3),
(5452, 230, 2055638000580, 3),
(5453, 230, 2055638000582, 3),
(5454, 230, 2055638000584, 3),
(5455, 230, 2055638000585, 4),
(5456, 230, 2055638000587, 3),
(5457, 230, 2055638000588, 3),
(5458, 230, 2055638000589, 4),
(5459, 230, 2055638000590, 3),
(5460, 230, 2055638000592, 3),
(5461, 230, 2055638000593, 3),
(5462, 230, 2055638000594, 3),
(5463, 230, 2055638000595, 4),
(5464, 230, 2055638000596, 3),
(5465, 230, 2055638000597, 3),
(5466, 233, 2055638000563, 3),
(5467, 233, 2055638000564, 3),
(5468, 233, 2055638000565, 3),
(5469, 233, 2055638000566, 3),
(5470, 233, 2055638000567, 3),
(5471, 233, 2055638000568, 4),
(5472, 233, 2055638000569, 4),
(5473, 233, 2055638000570, 3),
(5474, 233, 2055638000571, 3),
(5475, 233, 2055638000572, 3),
(5476, 233, 2055638000573, 3),
(5477, 233, 2055638000574, 4),
(5478, 233, 2055638000575, 3),
(5479, 233, 2055638000576, 4),
(5480, 233, 2055638000577, 3),
(5481, 233, 2055638000578, 4),
(5482, 233, 2055638000579, 3),
(5483, 233, 2055638000580, 3),
(5484, 233, 2055638000582, 3),
(5485, 233, 2055638000584, 3),
(5486, 233, 2055638000585, 3),
(5487, 233, 2055638000587, 3),
(5488, 233, 2055638000588, 3),
(5489, 233, 2055638000589, 3),
(5490, 233, 2055638000590, 3),
(5491, 233, 2055638000592, 3),
(5492, 233, 2055638000593, 3),
(5493, 233, 2055638000594, 3),
(5494, 233, 2055638000595, 4),
(5495, 233, 2055638000596, 4),
(5496, 233, 2055638000597, 3),
(5497, 236, 2055638000563, 3),
(5498, 236, 2055638000564, 3),
(5499, 236, 2055638000565, 3),
(5500, 236, 2055638000566, 3),
(5501, 236, 2055638000567, 3),
(5502, 236, 2055638000568, 3),
(5503, 236, 2055638000569, 3),
(5504, 236, 2055638000570, 3),
(5505, 236, 2055638000571, 3),
(5506, 236, 2055638000572, 3),
(5507, 236, 2055638000573, 3),
(5508, 236, 2055638000574, 3),
(5509, 236, 2055638000575, 3),
(5510, 236, 2055638000576, 3),
(5511, 236, 2055638000577, 3),
(5512, 236, 2055638000578, 3),
(5513, 236, 2055638000579, 3),
(5514, 236, 2055638000580, 3),
(5515, 236, 2055638000582, 3),
(5516, 236, 2055638000584, 3),
(5517, 236, 2055638000585, 3),
(5518, 236, 2055638000587, 3),
(5519, 236, 2055638000588, 3),
(5520, 236, 2055638000589, 3),
(5521, 236, 2055638000590, 3),
(5522, 236, 2055638000592, 3),
(5523, 236, 2055638000593, 3),
(5524, 236, 2055638000594, 3),
(5525, 236, 2055638000595, 3),
(5526, 236, 2055638000596, 3),
(5527, 236, 2055638000597, 3),
(5528, 237, 2055638000598, 3),
(5529, 237, 2055638000599, 3),
(5530, 237, 2055638000600, 3),
(5531, 237, 2055638000601, 3),
(5532, 237, 2055638000602, 3),
(5533, 237, 2055638000603, 3),
(5534, 237, 2055638000604, 3),
(5535, 237, 2055638000605, 3),
(5536, 237, 2055638000633, 3),
(5537, 237, 2055638000606, 3),
(5538, 237, 2055638000607, 3),
(5539, 237, 2055638000741, 3),
(5540, 237, 2055638000608, 3),
(5541, 237, 2055638000610, 2),
(5542, 237, 2055638000619, 3),
(5543, 237, 2055638000611, 3),
(5544, 237, 2055638000609, 3),
(5545, 237, 2055638000613, 3),
(5546, 237, 2055638000586, 3),
(5547, 237, 2055638000620, 3),
(5548, 237, 2055638000591, 3),
(5549, 237, 2055638000615, 3),
(5550, 237, 2055638000616, 3),
(5551, 237, 2055638000617, 3),
(5552, 237, 2055638000618, 3),
(5553, 237, 2055638000742, 3),
(5554, 232, 2055638000598, 3),
(5555, 232, 2055638000599, 3),
(5556, 232, 2055638000600, 2),
(5557, 232, 2055638000601, 3),
(5558, 232, 2055638000602, 3),
(5559, 232, 2055638000603, 2),
(5560, 232, 2055638000604, 3),
(5561, 232, 2055638000605, 3),
(5562, 232, 2055638000633, 3),
(5563, 232, 2055638000606, 3),
(5564, 232, 2055638000607, 2),
(5565, 232, 2055638000741, 3),
(5566, 232, 2055638000608, 3),
(5567, 232, 2055638000610, 2),
(5568, 232, 2055638000619, 2),
(5569, 232, 2055638000611, 2),
(5570, 232, 2055638000609, 3),
(5571, 232, 2055638000613, 3),
(5572, 232, 2055638000586, 2),
(5573, 232, 2055638000620, 3),
(5574, 232, 2055638000591, 2),
(5575, 232, 2055638000615, 3),
(5576, 232, 2055638000616, 3),
(5577, 232, 2055638000617, 3),
(5578, 232, 2055638000618, 2),
(5579, 232, 2055638000742, 2),
(5580, 235, 2055638000598, 3),
(5581, 235, 2055638000599, 3),
(5582, 235, 2055638000600, 2),
(5583, 235, 2055638000601, 3),
(5584, 235, 2055638000602, 2),
(5585, 235, 2055638000603, 3),
(5586, 235, 2055638000604, 3),
(5587, 235, 2055638000605, 3),
(5588, 235, 2055638000633, 3),
(5589, 235, 2055638000606, 3),
(5590, 235, 2055638000607, 2),
(5591, 235, 2055638000741, 3),
(5592, 235, 2055638000608, 3),
(5593, 235, 2055638000610, 1),
(5594, 235, 2055638000619, 2),
(5595, 235, 2055638000611, 2),
(5596, 235, 2055638000609, 3),
(5597, 235, 2055638000613, 3),
(5598, 235, 2055638000586, 2),
(5599, 235, 2055638000620, 3),
(5600, 235, 2055638000591, 2),
(5601, 235, 2055638000615, 3),
(5602, 235, 2055638000616, 3),
(5603, 235, 2055638000617, 3),
(5604, 235, 2055638000618, 2),
(5605, 235, 2055638000742, 2),
(5606, 234, 2055638000598, 4),
(5607, 234, 2055638000599, 4),
(5608, 234, 2055638000600, 2),
(5609, 234, 2055638000601, 4),
(5610, 234, 2055638000602, 3),
(5611, 234, 2055638000603, 2),
(5612, 234, 2055638000604, 3),
(5613, 234, 2055638000605, 3),
(5614, 234, 2055638000633, 3),
(5615, 234, 2055638000606, 3),
(5616, 234, 2055638000607, 2),
(5617, 234, 2055638000741, 3),
(5618, 234, 2055638000608, 3),
(5619, 234, 2055638000610, 1),
(5620, 234, 2055638000619, 2),
(5621, 234, 2055638000611, 2),
(5622, 234, 2055638000609, 3),
(5623, 234, 2055638000613, 4),
(5624, 234, 2055638000586, 2),
(5625, 234, 2055638000620, 3),
(5626, 234, 2055638000591, 2),
(5627, 234, 2055638000615, 4),
(5628, 234, 2055638000616, 4),
(5629, 234, 2055638000617, 4),
(5630, 234, 2055638000618, 2),
(5631, 234, 2055638000742, 2),
(5632, 204, 2055638000036, 3),
(5633, 204, 2055638000511, 3),
(5634, 204, 2055638000070, 3),
(5635, 204, 2055638000071, 3),
(5636, 204, 2055638000528, 3),
(5637, 204, 2055638000072, 3),
(5638, 204, 2055638000073, 3),
(5639, 204, 2055638000623, 2),
(5640, 204, 2055638000074, 2),
(5641, 204, 2055638000045, 2),
(5642, 204, 2055638000636, 3),
(5643, 204, 2055638000047, 3),
(5644, 204, 2055638000075, 3),
(5645, 204, 2055638000048, 3),
(5646, 204, 2055638000077, 3),
(5647, 204, 2055638000050, 3),
(5648, 204, 2055638000082, 4),
(5649, 204, 2055638000084, 3),
(5650, 204, 2055638000085, 3),
(5651, 204, 2055638000637, 3),
(5652, 204, 2055638000088, 3),
(5653, 204, 2055638000635, 3),
(5654, 204, 2055638000090, 3),
(5655, 204, 2055638000055, 3),
(5656, 204, 2055638000066, 3),
(5657, 204, 2055638000058, 3),
(5658, 204, 2055638000095, 3),
(5659, 204, 2055638000059, 4),
(5660, 204, 2055638000061, 4),
(5661, 204, 2055638000628, 3),
(5662, 204, 2055638000097, 3),
(5663, 204, 2055638000063, 3),
(5664, 204, 2055638000064, 3),
(5665, 206, 2055638000036, 2),
(5666, 206, 2055638000511, 2),
(5667, 206, 2055638000070, 3),
(5668, 206, 2055638000071, 2),
(5669, 206, 2055638000528, 3),
(5670, 206, 2055638000072, 3),
(5671, 206, 2055638000073, 4),
(5672, 206, 2055638000623, 2),
(5673, 206, 2055638000074, 2),
(5674, 206, 2055638000045, 2),
(5675, 206, 2055638000636, 2),
(5676, 206, 2055638000047, 3),
(5677, 206, 2055638000075, 3),
(5678, 206, 2055638000048, 3),
(5679, 206, 2055638000077, 3),
(5680, 206, 2055638000050, 4),
(5681, 206, 2055638000082, 4),
(5682, 206, 2055638000084, 3),
(5683, 206, 2055638000085, 3),
(5684, 206, 2055638000637, 3),
(5685, 206, 2055638000088, 3),
(5686, 206, 2055638000635, 4),
(5687, 206, 2055638000090, 3),
(5688, 206, 2055638000055, 3),
(5689, 206, 2055638000066, 4),
(5690, 206, 2055638000058, 3),
(5691, 206, 2055638000095, 3),
(5692, 206, 2055638000059, 3),
(5693, 206, 2055638000061, 3),
(5694, 206, 2055638000628, 3),
(5695, 206, 2055638000097, 3),
(5696, 206, 2055638000063, 3),
(5697, 206, 2055638000064, 3),
(5698, 207, 2055638000036, 3),
(5699, 207, 2055638000511, 3),
(5700, 207, 2055638000070, 3),
(5701, 207, 2055638000071, 3),
(5702, 207, 2055638000528, 3),
(5703, 207, 2055638000072, 3),
(5704, 207, 2055638000073, 3),
(5705, 207, 2055638000623, 3),
(5706, 207, 2055638000074, 3),
(5707, 207, 2055638000045, 3),
(5708, 207, 2055638000636, 3),
(5709, 207, 2055638000047, 3),
(5710, 207, 2055638000075, 3),
(5711, 207, 2055638000048, 3),
(5712, 207, 2055638000077, 2),
(5713, 207, 2055638000050, 3),
(5714, 207, 2055638000082, 3),
(5715, 207, 2055638000084, 3),
(5716, 207, 2055638000085, 3),
(5717, 207, 2055638000637, 3),
(5718, 207, 2055638000088, 3),
(5719, 207, 2055638000635, 3),
(5720, 207, 2055638000090, 3),
(5721, 207, 2055638000055, 3),
(5722, 207, 2055638000066, 3),
(5723, 207, 2055638000058, 3),
(5724, 207, 2055638000095, 3),
(5725, 207, 2055638000059, 3),
(5726, 207, 2055638000061, 3),
(5727, 207, 2055638000628, 3),
(5728, 207, 2055638000097, 3),
(5729, 207, 2055638000063, 3),
(5730, 207, 2055638000064, 3),
(5731, 208, 2055638000036, 3),
(5732, 208, 2055638000511, 3),
(5733, 208, 2055638000070, 3),
(5734, 208, 2055638000071, 3),
(5735, 208, 2055638000528, 3),
(5736, 208, 2055638000072, 3),
(5737, 208, 2055638000073, 4),
(5738, 208, 2055638000623, 3),
(5739, 208, 2055638000074, 3),
(5740, 208, 2055638000045, 3),
(5741, 208, 2055638000636, 3),
(5742, 208, 2055638000047, 4),
(5743, 208, 2055638000075, 4),
(5744, 208, 2055638000048, 3),
(5745, 208, 2055638000077, 3),
(5746, 208, 2055638000050, 3),
(5747, 208, 2055638000082, 3),
(5748, 208, 2055638000084, 3),
(5749, 208, 2055638000085, 3),
(5750, 208, 2055638000637, 3),
(5751, 208, 2055638000088, 3),
(5752, 208, 2055638000635, 3),
(5753, 208, 2055638000090, 3),
(5754, 208, 2055638000055, 3),
(5755, 208, 2055638000066, 4),
(5756, 208, 2055638000058, 4),
(5757, 208, 2055638000095, 3),
(5758, 208, 2055638000059, 4),
(5759, 208, 2055638000061, 4),
(5760, 208, 2055638000628, 3),
(5761, 208, 2055638000097, 3),
(5762, 208, 2055638000063, 4),
(5763, 208, 2055638000064, 4),
(5764, 209, 2055638000036, 3),
(5765, 209, 2055638000511, 3),
(5766, 209, 2055638000070, 3),
(5767, 209, 2055638000071, 3),
(5768, 209, 2055638000528, 3),
(5769, 209, 2055638000072, 3),
(5770, 209, 2055638000073, 4),
(5771, 209, 2055638000623, 2),
(5772, 209, 2055638000074, 3),
(5773, 209, 2055638000045, 2),
(5774, 209, 2055638000636, 3),
(5775, 209, 2055638000047, 3),
(5776, 209, 2055638000075, 3),
(5777, 209, 2055638000048, 3),
(5778, 209, 2055638000077, 3),
(5779, 209, 2055638000050, 4),
(5780, 209, 2055638000082, 4),
(5781, 209, 2055638000084, 3),
(5782, 209, 2055638000085, 3),
(5783, 209, 2055638000637, 4),
(5784, 209, 2055638000088, 3),
(5785, 209, 2055638000635, 3),
(5786, 209, 2055638000090, 3),
(5787, 209, 2055638000055, 3),
(5788, 209, 2055638000066, 4),
(5789, 209, 2055638000058, 3),
(5790, 209, 2055638000095, 3),
(5791, 209, 2055638000059, 3),
(5792, 209, 2055638000061, 4),
(5793, 209, 2055638000628, 3),
(5794, 209, 2055638000097, 3),
(5795, 209, 2055638000063, 3),
(5796, 209, 2055638000064, 3),
(5797, 210, 2055638000036, 2),
(5798, 210, 2055638000511, 2),
(5799, 210, 2055638000070, 2),
(5800, 210, 2055638000071, 2),
(5801, 210, 2055638000528, 3),
(5802, 210, 2055638000072, 3),
(5803, 210, 2055638000073, 4),
(5804, 210, 2055638000623, 2),
(5805, 210, 2055638000074, 2),
(5806, 210, 2055638000045, 2),
(5807, 210, 2055638000636, 2),
(5808, 210, 2055638000047, 3),
(5809, 210, 2055638000075, 3),
(5810, 210, 2055638000048, 3),
(5811, 210, 2055638000077, 2),
(5812, 210, 2055638000050, 4),
(5813, 210, 2055638000082, 4),
(5814, 210, 2055638000084, 3),
(5815, 210, 2055638000085, 3),
(5816, 210, 2055638000637, 3),
(5817, 210, 2055638000088, 2),
(5818, 210, 2055638000635, 3),
(5819, 210, 2055638000090, 3),
(5820, 210, 2055638000055, 3),
(5821, 210, 2055638000066, 4),
(5822, 210, 2055638000058, 3),
(5823, 210, 2055638000095, 3),
(5824, 210, 2055638000059, 3),
(5825, 210, 2055638000061, 3),
(5826, 210, 2055638000628, 3),
(5827, 210, 2055638000097, 3),
(5828, 210, 2055638000063, 3),
(5829, 210, 2055638000064, 3),
(5830, 211, 2055638000036, 2),
(5831, 211, 2055638000511, 2),
(5832, 211, 2055638000070, 2),
(5833, 211, 2055638000071, 2),
(5834, 211, 2055638000528, 3),
(5835, 211, 2055638000072, 3),
(5836, 211, 2055638000073, 4),
(5837, 211, 2055638000623, 2),
(5838, 211, 2055638000074, 2),
(5839, 211, 2055638000045, 2),
(5840, 211, 2055638000636, 2),
(5841, 211, 2055638000047, 3),
(5842, 211, 2055638000075, 3),
(5843, 211, 2055638000048, 3),
(5844, 211, 2055638000077, 2),
(5845, 211, 2055638000050, 3),
(5846, 211, 2055638000082, 3),
(5847, 211, 2055638000084, 3),
(5848, 211, 2055638000085, 3),
(5849, 211, 2055638000637, 3),
(5850, 211, 2055638000088, 2),
(5851, 211, 2055638000635, 3),
(5852, 211, 2055638000090, 2),
(5853, 211, 2055638000055, 3),
(5854, 211, 2055638000066, 3),
(5855, 211, 2055638000058, 4),
(5856, 211, 2055638000095, 3),
(5857, 211, 2055638000059, 3),
(5858, 211, 2055638000061, 3),
(5859, 211, 2055638000628, 3),
(5860, 211, 2055638000097, 3),
(5861, 211, 2055638000063, 3),
(5862, 211, 2055638000064, 3),
(5863, 205, 2055638000036, 3),
(5864, 205, 2055638000511, 3),
(5865, 205, 2055638000070, 3),
(5866, 205, 2055638000071, 3),
(5867, 205, 2055638000528, 3),
(5868, 205, 2055638000072, 3),
(5869, 205, 2055638000073, 3),
(5870, 205, 2055638000623, 2),
(5871, 205, 2055638000074, 2),
(5872, 205, 2055638000045, 2),
(5873, 205, 2055638000636, 3),
(5874, 205, 2055638000047, 3),
(5875, 205, 2055638000075, 3),
(5876, 205, 2055638000048, 3),
(5877, 205, 2055638000077, 3),
(5878, 205, 2055638000050, 4),
(5879, 205, 2055638000082, 4),
(5880, 205, 2055638000084, 3),
(5881, 205, 2055638000085, 3),
(5882, 205, 2055638000637, 3),
(5883, 205, 2055638000088, 3),
(5884, 205, 2055638000635, 3),
(5885, 205, 2055638000090, 3),
(5886, 205, 2055638000055, 3),
(5887, 205, 2055638000066, 2),
(5888, 205, 2055638000058, 3),
(5889, 205, 2055638000095, 3),
(5890, 205, 2055638000059, 3),
(5891, 205, 2055638000061, 4),
(5892, 205, 2055638000628, 3),
(5893, 205, 2055638000097, 3),
(5894, 205, 2055638000063, 3),
(5895, 205, 2055638000064, 3),
(5896, 238, 2055638000734, 3),
(5897, 238, 2055638000532, 3),
(5898, 238, 2055638000533, 3),
(5899, 238, 2055638000534, 3);
INSERT INTO `p_nilai` (`nilai_id`, `target_id`, `siswa_id`, `nilai_data`) VALUES
(5900, 238, 2055638000631, 3),
(5901, 238, 2055638000535, 3),
(5902, 238, 2055638000537, 3),
(5903, 238, 2055638000538, 3),
(5904, 238, 2055638000539, 3),
(5905, 238, 2055638000541, 3),
(5906, 238, 2055638000632, 3),
(5907, 238, 2055638000542, 3),
(5908, 238, 2055638000543, 3),
(5909, 238, 2055638000544, 3),
(5910, 238, 2055638000545, 3),
(5911, 238, 2055638000546, 3),
(5912, 238, 2055638000735, 3),
(5913, 238, 2055638000547, 3),
(5914, 238, 2055638000548, 3),
(5915, 238, 2055638000549, 3),
(5916, 238, 2055638000550, 3),
(5917, 238, 2055638000551, 3),
(5918, 238, 2055638000552, 3),
(5919, 238, 2055638000553, 3),
(5920, 238, 2055638000554, 3),
(5921, 238, 2055638000555, 3),
(5922, 238, 2055638000556, 3),
(5923, 238, 2055638000558, 3),
(5924, 238, 2055638000559, 3),
(5925, 238, 2055638000560, 3),
(5926, 238, 2055638000561, 3);

-- --------------------------------------------------------

--
-- Table structure for table `p_pembina`
--

CREATE TABLE `p_pembina` (
  `pembina_id` int(11) NOT NULL,
  `lembaga_id` varchar(100) DEFAULT NULL,
  `tahunajaran_id` int(11) DEFAULT NULL,
  `semester_id` int(11) DEFAULT NULL,
  `guru_id` bigint(20) DEFAULT NULL,
  `kelas_id` bigint(20) DEFAULT NULL
) ENGINE=InnoDB DEFAULT CHARSET=utf8mb4 COLLATE=utf8mb4_general_ci;

--
-- Dumping data for table `p_pembina`
--

INSERT INTO `p_pembina` (`pembina_id`, `lembaga_id`, `tahunajaran_id`, `semester_id`, `guru_id`, `kelas_id`) VALUES
(1, 'OUx4VVZMaDZXb2ZyejdCTllPMlpaQT09OmJUUmtjalJ6TkdoaU1YTTBaREJ1T1E9PQ', 2024, NULL, 2055638000030, 2024100000000000001),
(2, 'OUx4VVZMaDZXb2ZyejdCTllPMlpaQT09OmJUUmtjalJ6TkdoaU1YTTBaREJ1T1E9PQ', 2024, NULL, 2055638000001, 2024100000000000002),
(3, 'OUx4VVZMaDZXb2ZyejdCTllPMlpaQT09OmJUUmtjalJ6TkdoaU1YTTBaREJ1T1E9PQ', 2024, NULL, 2055638000009, 2024100000000000013),
(4, 'OUx4VVZMaDZXb2ZyejdCTllPMlpaQT09OmJUUmtjalJ6TkdoaU1YTTBaREJ1T1E9PQ', 2024, NULL, 2055638000017, 2024100000000000014),
(5, 'OUx4VVZMaDZXb2ZyejdCTllPMlpaQT09OmJUUmtjalJ6TkdoaU1YTTBaREJ1T1E9PQ', 2024, NULL, 2055638000027, 2024100000000000010),
(6, 'OUx4VVZMaDZXb2ZyejdCTllPMlpaQT09OmJUUmtjalJ6TkdoaU1YTTBaREJ1T1E9PQ', 2024, NULL, 2055638000011, 2024100000000000011),
(7, 'OUx4VVZMaDZXb2ZyejdCTllPMlpaQT09OmJUUmtjalJ6TkdoaU1YTTBaREJ1T1E9PQ', 2024, NULL, 2055638000006, 2024100000000000012),
(8, 'OUx4VVZMaDZXb2ZyejdCTllPMlpaQT09OmJUUmtjalJ6TkdoaU1YTTBaREJ1T1E9PQ', 2024, NULL, 2055638000016, 2024100000000000008),
(9, 'OUx4VVZMaDZXb2ZyejdCTllPMlpaQT09OmJUUmtjalJ6TkdoaU1YTTBaREJ1T1E9PQ', 2024, NULL, 2055638000013, 2024100000000000009),
(10, 'OUx4VVZMaDZXb2ZyejdCTllPMlpaQT09OmJUUmtjalJ6TkdoaU1YTTBaREJ1T1E9PQ', 2024, NULL, 2055638000021, 2024100000000000006),
(11, 'OUx4VVZMaDZXb2ZyejdCTllPMlpaQT09OmJUUmtjalJ6TkdoaU1YTTBaREJ1T1E9PQ', 2024, NULL, 2055638000018, 2024100000000000007),
(12, 'OUx4VVZMaDZXb2ZyejdCTllPMlpaQT09OmJUUmtjalJ6TkdoaU1YTTBaREJ1T1E9PQ', 2024, NULL, 2055638000004, 2024100000000000003),
(13, 'OUx4VVZMaDZXb2ZyejdCTllPMlpaQT09OmJUUmtjalJ6TkdoaU1YTTBaREJ1T1E9PQ', 2024, NULL, 2055638000005, 2024100000000000004),
(14, 'OUx4VVZMaDZXb2ZyejdCTllPMlpaQT09OmJUUmtjalJ6TkdoaU1YTTBaREJ1T1E9PQ', 2024, NULL, 2055638000007, 2024100000000000005);

-- --------------------------------------------------------

--
-- Table structure for table `p_proyek`
--

CREATE TABLE `p_proyek` (
  `proyek_id` int(11) NOT NULL,
  `tema_id` int(11) DEFAULT NULL,
  `proyek_nama` varchar(100) DEFAULT NULL,
  `proyek_judul` varchar(250) DEFAULT NULL,
  `proyek_deskripsi` text DEFAULT NULL,
  `pembina_id` int(11) DEFAULT NULL,
  `proyek_send` int(1) DEFAULT NULL,
  `kelas_id` bigint(20) DEFAULT NULL
) ENGINE=InnoDB DEFAULT CHARSET=utf8mb4 COLLATE=utf8mb4_general_ci;

--
-- Dumping data for table `p_proyek`
--

INSERT INTO `p_proyek` (`proyek_id`, `tema_id`, `proyek_nama`, `proyek_judul`, `proyek_deskripsi`, `pembina_id`, `proyek_send`, `kelas_id`) VALUES
(1, 1, '1', 'Kelola Plastik Wujud Bumi Lestari', 'Dengan mengangkat tema “Gaya Hidup Berkelanjutan” dan mengacu kepada dimensi profil Pelajar Pancasila dan Rahmatan Lil` \nAlamin projek “Belajar Kelola Plastik Fase C” bertujuan mewujudkan peserta didik berkesadaran lingkungan yang mampu \nberperan aktif dalam menjaga serta mengatasi permasalahan lingkungan, khususnya terkait penggunaan dan pengelolaan \nplastik secara bijak.', 2, 1, 0),
(2, 1, '1', 'Pengelolaan Sampah', 'Melalui pengelolaan sampah diharapkan\npeserta didik dapat membangun kesadaran\nuntuk bersikap dan berperilaku ramah\nlingkungan serta mencari jalan keluar untuk\nmasalah lingkungan serta mempromosikan\ngaya hidup serta perilaku yang lebih\nberkelanjutan dalam keseharian.', 4, 1, 0),
(4, 1, '1', 'Pengelolahan sampah plastik', 'Proyek pengembangan karakter pelajar untuk dapat hidup dan berperilaku sesuai dengan nilai-nilai pancasila. Proyek &amp;amp;quot;Pengolahan Sampah Plastik&amp;amp;quot; merujuk Penguatan Profil Pelajar Pancasila (P5)RA Rahmatan Lil Alamin merupakan kegiatan pembelajaran lintas disiplin ilmu yang mengamati dan mencari solusi yang ada di sekitar', 7, 1, 0),
(5, 2, '1', 'Budidaya Tanaman TOGA dilahan terbatas', 'Dengan mengangkat tema Kearifan Lokal dan mengacu kepada dimensi Profil Pelajar Pancasila dan Rahmatan lil`alamin Projek Belajar Budidaya Tanaman TOGA dilahan terbatas bertujuan mewujudkan peserta didik untuk mengenali potensi lokal dan kearifan lokal yang dapat di kembangkan di kemudian hari', 8, 1, 0),
(6, 1, '1', 'Pengolahan sampah plastik', 'Proyek pengembangan karakter pelajar untuk dapat hidup dan berperilaku sesuai dengan nila-nilai Pancasila. Proyek Pengolahan Sampah Plastik merujuk Penguatan Profil Pelajar Pancasila (P5) RA Rahmatal Lil Alamin merupakan kegiatan pembelajaran lintas disiplin ilmu yang mengamati dan mencari solusi mengenai masalah yang ada di sekitar', 6, 1, 0),
(7, 2, '1', 'Budidaya Tanaman Toga Di Lahan Terbatas', 'Dengan mengangkat tema Kearifan Lokal dan mengacu kepada dimensi profil Pelajar Pancasila dan Rahmatan Lil Alamin projek Belajar Budidaya Tanaman TOGA Fase B bertujuan mewujudkan peserta didik untuk mengenali potensi lokal dan kearifan lokal yang dapat dikembangkan di kemudian hari.', 9, 1, 0),
(9, 1, '1', 'Salurkan Kreativitas Dengan Barang Bekas', 'Memanfaatkan barang bekas menjadi barang yang bermanfaat', 14, 1, 0),
(10, 1, '1', 'Pengolahan Sampah Ramah Lingkungan', 'Melalui pengolahan sampah diharapkan peserta didik dapat membangun kesadaran untuk bersikap dan berprilaku ramah lingkungan serta dapat mencari jalan keluar untuk masalah lingkungan serta mempromosikan gaya hidup berkelanjutan dalam keseharian', 3, 1, 0),
(12, 2, '1', 'Menanam Sayuran Hijau', 'Menanamkan nilai - nilai positif peduli lingkungan, mencintai dan mengkonsumsi sayuran lokal dan membiasakan hidup sehat', 10, 1, 0),
(13, 1, '1', 'Kelola Plastik Wujud Bumi Lestari', 'Dengan mengangkat tema &quot;Gaya Hidup Berkelanjutan&quot; dan mengacu kepada dimensi profil Pelajar Pancasila dan Rahmatan Lil Aalamin Projek &quot;Belajar Kelola Plastik Fase C&quot; bertujuan mewujudkan peserta didik berkesadaran lingkungan yang mampu', 1, 0, 0),
(14, 1, '1', 'Mengolah sampah menjadi Emas : Inovasi untuk Desa Bersih', 'Mengelola sampah plastik untuk mengedukasi siswa mengenai bahaya menggunakan plastik sekali pakai.', 13, 1, 0),
(15, 1, '1', 'Pengolahan Sampah Plastik', 'Proyek pengembangan karakter pelajar untuk dapat hidup dan berperilaku sesuai dengan nilai-nilai pancasila. Proyek &quot;Pengolahan Sampah Plastik&quot; merujuk Penguatan Profil Pelajar Pancasila (P5)RA Rahmatan Lil Alamin merupakan kegiatan pembelajaran lintas disiplin ilmu yang mengamati dan mencari solusi yang ada di sekitar.', 5, 1, 0),
(16, 2, '1', 'Menanam Sayuran Hijau', 'Menanamkan nilai - nilai positif peduli lingkungan, mencintai dan mengkonsumsi sayuran lokal dan membiasakan hidup sehat', 11, 1, 0),
(17, 1, '1', 'Mengolah sampah menjadi Emas : Inovasi untuk desa bersih', 'Mengelola sampah plastik untuk mengedukasi siswa mengenai bahaya menggunakan plastik sekali pakai', 12, 1, 0),
(19, 7, '2', 'Wirausaha Daur Ulang', 'Membentuk pelajar yang memiliki kesadaran dan tanggung jawab atas sampah yang ada dilingkungannya, serta mampu merubah nilai sampah menjadi barang yang memiliki nilai jual.', 12, 2, 0),
(20, 7, '2', 'Wirausaha Daur Ulang', 'Membentuk pelajar yang memiliki kesadaran dan tanggung jawab atas sampah yang ada dilingkungannya, serta mampu merubah nilai sampah menjadi barang yang memiliki nilai jual.', 13, 2, 0),
(21, 7, '2', 'Wirausaha daur ulang', 'Membentuk pelajar yang memiliki kesadaran dan tanggung jawab atas sampah yang ada di lingkunganya, sertamampu merubah nilai sampah menjadi barang yang memiliki nilai jual.', 14, 2, 0),
(22, 2, '2', 'Budaya Negeriku ( Anyaman Karyaku)', 'Anyaman dari bahan alam seperti daun pisang ,daun pandan juga dari kertas yang dibuat anyaman dengan berbagai bentuk karya seperti bentuk keranjang,tas sederhana, bentuk-bentuk hiasan dinding seperti gambar ikan ,laba-laba,aquarium,kepiting dll', 4, 2, 0),
(23, 4, '2', 'DAMAI BELAJAR BERSAMA', 'Topik yang diangkat pada Modul ini adalah Perundungan. Modul ini bertujuan untuk mengajak murid melakukan eksplorasi mengenai isu perundungan dan dampaknya pada kesehatan mental. Pada akhir kegiatan modul ini diharapkan dapat menumbuhkan interaksi yang sehat dan penuh hormat antar peserta didik dan sekitarnya.. Sehubungan dengan isu yang cukup sensitif, guru-guru selaku fasilitator diharapkan dapat memperhatikan hal berikut. \n1. Berpikiran terbuka terhadap semua gagasan yang disampaikan murid dengan menunjukan sikap tidak menghakimi. \n2. Berusaha menunjukan respon yang positif terhadap ide dan perasaan murid dengan memberi tanggapan yang tenang dan netral. \n3. Berperan sebagai pemandu yang mampu dipercaya dengan menunjukan sikap sebagai pendengar yang baik dan mampu menjaga rahasia. \n4.Bersikap empati terhadap kondisi emosional murid dengan selalu melakukan konfirmasi terhadap kenyamanan setiap murid setiap memulai materi atau melanjutkan pembahasan materi secara mendalam', 2, 2, 0),
(24, 7, '1', 'memanfaatkan buah lokal untuk dijadikan makanan dan minuman', 'Proyek ini bertujuan untuk meningkatkan kerja sama siswa dalam menemukan ide pengolahan buah menjadi produk makanan dan menumbuhkan minat terhadap kewirausahaan.', 8, 2, 0),
(25, 4, '1', 'Damai Belajar Bersama', 'Topik yang diangkat pada Modul ini adalah Perundungan. Modul ini bertujuan untuk mengajak murid melakukan eksplorasi mengenai isu perundungan dan dampaknya pada kesehatan mental. Pada akhir kegiatan modul ini diharapkan dapat menumbuhkan interaksi yang sehat dan penuh hormat antar peserta didik dan sekitarnya.. Sehubungan dengan isu yang cukup sensitif, guru-guru selaku fasilitator diharapkan dapat memperhatikan hal berikut. \n1. Berpikiran terbuka terhadap semua gagasan yang disampaikan murid dengan menunjukan sikap tidak menghakimi. \n2. Berusaha menunjukan respon yang positif terhadap ide dan perasaan murid dengan memberi tanggapan yang tenang dan netral. \n3. Berperan sebagai pemandu yang mampu dipercaya dengan menunjukan sikap sebagai pendengar yang baik dan mampu menjaga rahasia. \n4.Bersikap empati terhadap kondisi emosional murid dengan selalu melakukan konfirmasi terhadap kenyamanan setiap murid setiap memulai materi atau melanjutkan pembahasan materi secara mendalam', 1, 2, 0),
(26, 7, '2', 'Kantin Kejujuran', 'Menanamkan nilai kejujuran, melatih tanggung  jawab dan berkewirausaha ,membangun karakter serta menumbuhkan kepercayaan', 11, 2, 0),
(28, 7, '2', 'Berkarya dan Berwirausaha untuk Masa Depan Sejak Dini', 'Menumbuhkan kerjasama antar teman, mengggali potensi lokal, dan membangun jiwa wirausaha melalui projek kelompok', 5, 2, 0),
(29, 7, '1', 'Memanfaatkan buah lokal untuk dijadikan makanan dan minuman', 'Proyek ini bertujuan untuk meningkatkan kerja sama siswa dalam menemukan ide pengolahan buah menjadi produk makanan dan menumbuhkan minat kewirausahaan.', 9, 2, 0),
(30, 7, '2', 'Kantin Kejujuran', 'Menanamkan nilai kejujuran, melatih tanggung jawab dan berkewirausaha, membangun karakter serta menumbuhkan kepercayaan', 10, 2, 0),
(31, 7, '2', 'bersama kita bisa, berwirausaha sejak dini', 'menumbuhkan kerjasama antar teman dan jiwa wirausaha lewat proyek kelompok.', 7, 2, 0),
(32, 7, '2', 'Bersama Kita Bisa, Berwirausaha Sejak Dini', 'Menumbuhkan kerja sama antar teman dan jiwa wirausaha lewat projek kelompok.', 6, 2, 0),
(33, 2, '2', 'Budaya Negeriku (Anyaman Karyaku)', 'Memperkenalkan karya seni tradisional anyaman dari bahan alam kertas yang dibuat menjadi karya anyaman yang indah. Mengembangkan pemahaman nilai budaya lokal dan semangat gotong royong', 3, 2, 0);

-- --------------------------------------------------------

--
-- Table structure for table `p_subelemen`
--

CREATE TABLE `p_subelemen` (
  `subelemen_id` int(11) NOT NULL,
  `elemen_id` int(11) NOT NULL,
  `subelemen_nama` text DEFAULT NULL
) ENGINE=InnoDB DEFAULT CHARSET=utf8mb4 COLLATE=utf8mb4_general_ci;

--
-- Dumping data for table `p_subelemen`
--

INSERT INTO `p_subelemen` (`subelemen_id`, `elemen_id`, `subelemen_nama`) VALUES
(1, 1, 'Mengenal dan Mencintai Tuhan Yang Maha Esa'),
(2, 1, 'Pemahaman Agama/Kepercayaan'),
(3, 1, 'Pelaksanaan Ritual Ibadah'),
(4, 2, 'Integritas'),
(5, 2, 'Merawat Diri secara Fisik, Mental dan Spiritual'),
(6, 3, 'Mengutamakan persamaan dengan orang lain dan menghargai perbedaan'),
(7, 3, 'Berempati kepada orang lain'),
(8, 4, 'Memahami Keterhubungan Ekosistem Bumi'),
(9, 4, 'Menjaga Lingkungan Alam Sekitar'),
(10, 5, 'Melaksanakan Hak dan Kewajiban sebagai Warga Negara Indonesia'),
(11, 6, 'Mendalami budaya dan identitas budaya'),
(12, 6, 'Mengeksplorasi dan membandingkan pengetahuan budaya, kepercayaan, serta praktiknya'),
(13, 6, 'Menumbuhkan rasa menghormati terhadap keanekaraga man budaya. [Tasāmuh]'),
(14, 7, 'Berkomunikasi antar budaya'),
(15, 7, 'Mempertimbangkan dan menumbuhkan berbagai perspektif'),
(16, 8, 'Refleksi terhadap pengalaman kebinekaan'),
(17, 8, 'Menghilangkan stereotip dan prasangka'),
(18, 8, 'Menyelaraskan perbedaan budaya'),
(19, 9, 'Aktif membangun masyarakat yang inklusif, adil, dan berkelanjutan'),
(20, 9, 'Berpartisipasi dalam proses pengambilan keputusan bersama'),
(21, 1, 'Pemahaman dan pengamalan beragama yang moderat tidak berlebih-lebihan (ifrāṭ / ekstrem kanan) dan juga tidak abai (tafrīṭ / ekstrem kiri). [Tawassuṭ]'),
(22, 1, 'Pemahaman dan pengamalan agama secara seimbang yang meliputi semua aspek kehidupan, baik dunia maupun akhirat [Tawāzun].'),
(23, 2, 'Menjadi pelopor kebaikan dalam menjalankan fungsi khalifah di bumi [Qudwah]'),
(24, 3, 'Menjunjung tinggi akhlak mulia dalam kehidupan dan peradaban manusia [Ta’addub]'),
(25, 9, 'Memahami peran individu dalam demokrasi'),
(26, 10, 'Kerja sama'),
(27, 10, 'Komunikasi untuk mencapai tujuan bersama'),
(29, 10, 'Saling-ketergantungan positif'),
(30, 10, 'Koordinasi Sosial'),
(31, 10, 'Bersaudara atas dasar agama, kemanusiaan, dan sesama warga negara. (Ukhuwah diniyyah, basyariah, waṭaniyah) [Tasāmuh].'),
(32, 11, 'Tanggap terhadap lingkungan Sosial'),
(33, 11, 'Persepsi sosial'),
(34, 13, 'Mengenali kualitas dan minat diri serta tantangan yang dihadapi'),
(35, 13, 'Mengembangkan refleksi diri'),
(36, 14, 'Regulasi emosi'),
(37, 14, 'Penetapan tujuan belajar, prestasi, dan pengemba ngan diri serta rencana strategis untuk mencapain ya'),
(38, 14, 'Menunjukkan inisiatif dan bekerja secara mandiri [Qudwah]'),
(39, 14, 'Mengembangkan pengendalian dan disiplin diri [Qudwah]'),
(40, 14, 'Percaya diri, tangguh (resilient), dan adaptif [Qudwah]'),
(41, 15, 'Mengajukan pertanyaan'),
(42, 15, 'Mengidentifikas i, mengklarifikasi, dan mengolah informasi dan gagasan'),
(44, 19, 'Inovatif menciptakan hal baru untuk kemaslahatan dan kemajuan umat manusia [Tathawwur wa Ibtikâr]'),
(45, 20, 'Dinamis melakukan perubahan sesuai dengan perkembangan zaman [Tathawwur wa Ibtikâr]');

-- --------------------------------------------------------

--
-- Table structure for table `p_target`
--

CREATE TABLE `p_target` (
  `target_id` int(11) NOT NULL,
  `proyek_id` int(11) DEFAULT NULL,
  `targetelemen_id` int(11) DEFAULT NULL
) ENGINE=InnoDB DEFAULT CHARSET=utf8mb4 COLLATE=utf8mb4_general_ci;

--
-- Dumping data for table `p_target`
--

INSERT INTO `p_target` (`target_id`, `proyek_id`, `targetelemen_id`) VALUES
(1, 1, 154),
(2, 1, 174),
(4, 1, 182),
(5, 1, 186),
(6, 1, 192),
(7, 1, 198),
(11, 2, 85),
(12, 2, 92),
(13, 2, 96),
(14, 1, 159),
(16, 5, 119),
(17, 5, 134),
(18, 5, 135),
(19, 5, 144),
(20, 5, 147),
(23, 7, 119),
(24, 7, 134),
(25, 7, 135),
(26, 7, 144),
(27, 7, 147),
(28, 9, 198),
(29, 2, 66),
(33, 12, 118),
(38, 12, 135),
(39, 12, 148),
(41, 12, 142),
(45, 4, 51),
(48, 14, 161),
(49, 5, 103),
(51, 12, 111),
(53, 5, 111),
(55, 14, 172),
(56, 2, 61),
(57, 14, 181),
(60, 14, 191),
(61, 2, 51),
(63, 13, 151),
(64, 4, 66),
(65, 13, 161),
(66, 14, 194),
(67, 14, 200),
(69, 12, 132),
(70, 10, 51),
(71, 10, 61),
(72, 2, 77),
(75, 10, 92),
(76, 10, 96),
(78, 10, 87),
(80, 13, 174),
(81, 13, 182),
(82, 13, 186),
(83, 13, 192),
(85, 15, 51),
(87, 15, 61),
(88, 13, 198),
(90, 6, 51),
(91, 6, 61),
(92, 4, 61),
(93, 15, 66),
(94, 6, 66),
(95, 4, 77),
(96, 15, 77),
(97, 6, 77),
(100, 6, 85),
(101, 4, 85),
(102, 15, 92),
(103, 6, 92),
(104, 4, 92),
(107, 15, 98),
(108, 4, 98),
(109, 6, 98),
(112, 15, 85),
(113, 16, 111),
(114, 16, 118),
(115, 16, 132),
(116, 16, 135),
(117, 16, 142),
(118, 16, 148),
(119, 7, 103),
(120, 7, 111),
(121, 9, 163),
(123, 9, 177),
(124, 9, 189),
(125, 9, 192),
(126, 10, 81),
(127, 10, 68),
(128, 17, 161),
(129, 17, 172),
(130, 17, 181),
(131, 17, 191),
(132, 17, 194),
(133, 17, 200),
(134, 19, 185),
(135, 20, 185),
(136, 20, 194),
(137, 19, 194),
(138, 20, 198),
(139, 19, 198),
(140, 20, 161),
(141, 19, 161),
(142, 20, 170),
(143, 19, 170),
(144, 20, 180),
(145, 19, 180),
(146, 21, 161),
(147, 21, 170),
(148, 21, 180),
(149, 21, 185),
(150, 21, 194),
(151, 21, 198),
(153, 23, 154),
(154, 23, 161),
(155, 23, 176),
(156, 23, 184),
(157, 23, 189),
(158, 23, 195),
(159, 23, 200),
(160, 24, 113),
(161, 24, 111),
(162, 24, 127),
(163, 24, 148),
(164, 24, 116),
(165, 24, 135),
(166, 24, 145),
(168, 22, 63),
(169, 22, 60),
(170, 22, 66),
(171, 22, 78),
(172, 22, 85),
(173, 22, 92),
(174, 22, 96),
(176, 26, 111),
(177, 26, 118),
(178, 26, 127),
(179, 26, 131),
(180, 26, 135),
(181, 26, 144),
(182, 26, 150),
(183, 25, 155),
(184, 25, 171),
(185, 25, 183),
(186, 25, 186),
(187, 25, 193),
(188, 25, 200),
(191, 28, 51),
(192, 28, 66),
(193, 28, 77),
(194, 28, 85),
(195, 28, 92),
(196, 28, 98),
(197, 29, 111),
(198, 29, 113),
(199, 29, 116),
(200, 29, 127),
(201, 29, 135),
(202, 29, 145),
(203, 29, 148),
(204, 30, 111),
(205, 30, 109),
(206, 30, 118),
(207, 30, 127),
(208, 30, 131),
(209, 30, 135),
(210, 30, 144),
(211, 30, 150),
(214, 31, 77),
(215, 31, 85),
(216, 31, 92),
(218, 33, 61),
(219, 33, 51),
(220, 33, 68),
(221, 32, 61),
(222, 33, 77),
(223, 33, 87),
(224, 33, 92),
(226, 32, 68),
(227, 32, 77),
(228, 33, 98),
(229, 32, 85),
(230, 32, 92),
(232, 31, 61),
(233, 32, 98),
(234, 31, 98),
(235, 31, 68),
(236, 32, 51),
(237, 31, 51),
(238, 28, 59);

-- --------------------------------------------------------

--
-- Table structure for table `p_targetelemen`
--

CREATE TABLE `p_targetelemen` (
  `targetelemen_id` int(11) NOT NULL,
  `elemen_id` int(11) NOT NULL,
  `subelemen_id` int(11) DEFAULT NULL,
  `jenjang_id` int(11) DEFAULT NULL,
  `fase` varchar(1) DEFAULT NULL,
  `targetelemen_detail` text DEFAULT NULL
) ENGINE=InnoDB DEFAULT CHARSET=utf8mb4 COLLATE=utf8mb4_general_ci;

--
-- Dumping data for table `p_targetelemen`
--

INSERT INTO `p_targetelemen` (`targetelemen_id`, `elemen_id`, `subelemen_id`, `jenjang_id`, `fase`, `targetelemen_detail`) VALUES
(51, 1, 1, 2, 'A', 'Mengenal sifat- sifat utama Tuhan Yang Maha Esa bahwa Dia adalah Sang Pencipta yang Maha Pengasih dan Maha Penyayang dan mengenali kebaikan dirinya sebagai cerminan sifat Tuhan.'),
(52, 1, 2, 2, 'A', 'Mengenal unsur-unsur utama agama/kepercayaan (ajaran, ritual keagamaan, kitab suci, dan orang suci/utusan Tuhan Yang Maha Esa).'),
(53, 1, 3, 2, 'A', 'Terbiasa melaksanakan ibadah sesuai ajaran agama/kepercayaannya.'),
(54, 1, 21, 2, 'A', 'Mengenal perilaku beragama dan kelompok/golongannya di lingkungan keluarga dan madrasah serta mengamalkan perilaku tawassuṭ/moderat dalam beragama'),
(55, 1, 22, 2, 'A', 'Mengenal pengamalan keagamaan secara seimbang meliputi semua aspek kehidupan, baik dunia maupun akhirat dengan kapasitasnya sebagai pribadi dalam kehidupan sehari-hari berlandaskan ajaran Islam.'),
(56, 2, 4, 2, 'A', 'Membiasakan bersikap jujur terhadap diri sendiri dan orang lain dan berani menyampaikan kebenaran atau fakta.'),
(57, 2, 5, 2, 'A', 'Memiliki rutinitas sederhana yang diatur secara mandiri dan dijalankan sehari-hari serta menjaga kesehatan dan keselamatan/keamanan diri dalam semua aktivitas kesehariannya.'),
(58, 2, 23, 2, 'A', 'Melakukan suatu aksi keteladanan secara mandiri'),
(59, 3, 6, 2, 'A', 'Mengenali hal- hal yang sama dan berbeda yang dimiliki diri dan temannya dalam berbagai hal, serta memberikan respons secara positif.'),
(60, 3, 7, 2, 'A', 'Mengidentifikasi emosi, minat, dan kebutuhan orang-orang terdekat dan meresponsnya secara positif.'),
(61, 3, 24, 2, 'A', 'Mengenali adab sopan santun, dan budi pekerti mulia di lingkungan keluarga dan madrasah.'),
(62, 4, 8, 2, 'A', 'Mengidentifikasi berbagai ciptaan Tuhan.'),
(63, 4, 9, 2, 'A', 'Membiasakan bersyukur atas lingkungan alam sekitar dan berlatih untuk menjaganya'),
(64, 5, 0, 2, 'A', 'Mengidentifikasi hak dan tanggung jawabnya di rumah, sekolah, dan lingkungan sekitar serta kaitannya dengan keimanan kepada Tuhan Yang Maha Esa.'),
(65, 5, 10, 2, 'A', 'Mengenali Pancasila, Bhinneka Tunggal Ika, dan NKRI serta budaya lokal.'),
(66, 6, 11, 2, 'A', 'Mengidentifikasi dan mendeskripsikan ide-ide tentang dirinya dan beberapa kelompok di lingkungan sekitarnya.'),
(67, 6, 12, 2, 'A', 'Mengidentifikasi dan mendeskripsikan praktik keseharian diri dan budayanya.'),
(68, 6, 13, 2, 'A', 'Mendeskripsikan pengalaman dan pemahaman hidup bersama- sama dalam kemajemukan.'),
(69, 7, 14, 2, 'A', 'Mengenali bahwa diri dan orang lain menggunakan kata, gambar, dan bahasa tubuh yang dapat memiliki makna yang berbeda di lingkungan sekitarnya.'),
(70, 7, 15, 2, 'A', 'Mengekspresikan pandangannya terhadap topik yang umum dan mendengarkan sudut pandang orang lain yang berbeda dari dirinya dalam lingkungan keluarga dan sekolah.'),
(71, 8, 16, 2, 'A', 'Menyebutkan apa yang telah dipelajari tentang orang lain dari interaksinya dengan kemajemukan budaya di lingkungan rumah dan sekolah.'),
(72, 8, 17, 2, 'A', 'mengenali perbedaan tiap orang atau kelompok dan menyikapinya sebagai kewajaran.'),
(73, 8, 18, 2, 'A', 'Mengidentifikasi perbedaan budaya yang konkret di lingkungan sekitar.'),
(74, 9, 19, 2, 'A', 'Menjalin pertemanan tanpa memandang perbedaan agama, suku, ras, jenis kelamin, dan perbedaan lainnya di lingkungan sekitarnya.'),
(75, 9, 20, 2, 'A', 'Mengidentifikasi pilihan-pilihan berdasarkan kebutuhan dirinya dan orang lain ketika membuat keputusan.'),
(76, 9, 25, 2, 'A', 'Mengidentifikasi peran, hak dan kewajiban warga dalam masyarakat demokratis.'),
(77, 10, 26, 2, 'A', 'Menerima dan melaksanakan tugas serta peran yang diberikan kelompok dalam sebuah kegiatan bersama.'),
(78, 10, 27, 2, 'A', 'Memahami informasi sederhana dari orang lain dan menyampaikan informasi sederhana kepada orang lain menggunakan kata-katanya sendiri.'),
(79, 10, 29, 2, 'A', 'Mengenali kebutuhan-kebutuhan diri sendiri yang memerlukan orang lain dalam pemenuhannya.'),
(80, 10, 30, 2, 'A', 'Melaksanakan aktivitas kelompok sesuai dengan kesepakatan bersama dengan bimbingan, dan saling mengingatkan adanya kesepakatan tersebut.'),
(81, 10, 31, 2, 'A', 'Menerima dan menghormati perbedaan yang ada di madrasahnya'),
(82, 11, 32, 2, 'A', 'Mengapresiasi orang-orang di lingkungan sekitar, kemudian melakukan tindakan sederhana untuk mengungkapkan nya.'),
(83, 11, 33, 2, 'A', 'Mengenali berbagai reaksi orang lain di lingkungan sekitar dan penyebabnya.'),
(84, 12, 0, 2, 'A', 'Memberi dan menerima hal yang dianggap berharga dan penting kepada/dari orang-orang di lingkungan sekitar.'),
(85, 13, 34, 2, 'A', 'Mengidentifikasi dan menggambarkan kemampuan, prestasi, dan ketertarikannya secara subjektif.'),
(86, 13, 35, 2, 'A', 'Melakukan refleksi untuk mengidentifikasi kekuatan dan kelemahan, serta prestasi dirinya.'),
(87, 14, 36, 2, 'A', 'Mengidentifikasi perbedaan emosi yang dirasakannya dan situasi- situasi yang menyebabkannya serta mengekspresikan secara wajar.'),
(88, 14, 37, 2, 'A', 'Menetapkan target belajar dan merencanakan waktu dan tindakan belajar yang akan dilakukannya.'),
(89, 14, 38, 2, 'A', 'Berinisiatif untuk mengerjakan tugas-tugas rutin secara mandiri dibawah pengawasan dan dukungan orang dewasa.'),
(90, 14, 39, 2, 'A', 'Melaksanakan kegiatan belajar di kelas dan menyelesaikan tugas-tugas dalam waktu yang telah disepakati.'),
(91, 14, 40, 2, 'A', 'Berani mencoba dan adaptif menghadapi situasi baru serta bertahan mengerjakan tugas-tugas yang disepakati hingga tuntas.'),
(92, 15, 41, 2, 'A', 'Mengajukan pertanyaan untuk menjawab keingintahuannya dan untuk mengidentifikasi suatu permasalahan mengenai dirinya dan lingkungan sekitarnya.'),
(93, 15, 42, 2, 'A', 'Mengidentifikasi dan mengolah informasi dan gagasan.'),
(94, 16, 0, 2, 'A', 'Melakukan penalaran konkret dan memberikan alasan dalam menyelesaikan masalah dan mengambil keputusan.'),
(95, 17, 0, 2, 'A', 'Menyampaikan apa yang sedang dipikirkan secara terperinci.'),
(96, 18, 0, 2, 'A', 'Menggabungkan beberapa gagasan menjadi ide atau gagasan imajinatif yang bermakna untuk mengekspresikan pikiran dan/atau perasaannya.'),
(97, 19, 0, 2, 'A', 'Mengeksplorasi dan mengekspresikan pikiran dan/atau perasaannya dalam bentuk karya dan/atau tindakan serta mengapresiasi karya dan tindakan yang dihasilkan.'),
(98, 19, 44, 2, 'A', 'Menemukenali gagasan/ide sederhana dalam bentuk lisan, tulisan, atau karya.'),
(99, 20, 0, 2, 'A', 'Mengidentifikasi gagasan-gagasan kreatif untuk menghadapi situasi dan permasalahan.'),
(100, 20, 45, 2, 'A', 'Mengidentifikasi gagasan-gagasan kreatif untuk menghadapi situasi dan permasalahan.'),
(101, 1, 1, 2, 'B', 'Memahami sifat- sifat Tuhan utama lainnya dan mengaitkan sifat-sifat tersebut dengan konsep dirinya dan ciptaan-Nya.'),
(102, 1, 2, 2, 'B', 'Mengenal unsur- unsur utama agama/kepercayaan (simbol- simbol keagamaan dan sejarah agama/kepercayaan).'),
(103, 1, 3, 2, 'B', 'Terbiasa melaksanakan ibadah wajib sesuai tuntunan/tata cara agama/kepercayaannya.'),
(104, 1, 21, 2, 'B', 'Memahami perilaku beragama dan kelompok/golongannya di lingkungan keluarga, madrasah dan masyarakat sekitar serta mengamalkan perilaku tawassuṭ/moderat dalam beragama'),
(105, 1, 22, 2, 'B', 'Menerapkan  pengamalan keagamaan secara seimbang meliputi semua aspek kehidupan, baik dunia maupun akhirat dengan kapasitasnya sebagai pribadi dalam kehidupan sehari-hari berlandaskan ajaran Islam.'),
(106, 2, 4, 2, 'B', 'Membiasakan melakukan refleksi tentang pentingnya bersikap jujur dan berani menyampaikan kebenaran atau fakta.'),
(107, 2, 5, 2, 'B', 'Membiasakan diri untuk disiplin, rapi, membersihkan dan merawat tubuh, menjaga tingkah laku dan perkataan dalam semua aktivitas kesehariannya.'),
(108, 2, 23, 2, 'B', 'Menjadi teladan dalam berbagai kegiatan, baik di lingkungan madrasah '),
(109, 3, 6, 2, 'B', 'Terbiasa mengidentifikasi hal-hal yang sama dan berbeda yang dimiliki diri dan temannya dalam berbagai hal serta memberikan respons secara positif.'),
(110, 3, 7, 2, 'B', 'Terbiasa memberikan apresiasi di lingkungan sekolah dan masyarakat.'),
(111, 3, 24, 2, 'B', 'Menunjukkan pribadi yang saleh individual, santun, dan berbudi pekerti mulia di lingkungan keluarga dan madrasah.'),
(112, 4, 8, 2, 'B', 'Memahami keterhubungan antara satu ciptaan dengan ciptaan Tuhan yang lainnya.'),
(113, 4, 9, 2, 'B', 'Terbiasa memahami tindakan- tindakan yang ramah dan tidak ramah lingkungan serta membiasakan diri untuk berperilaku ramah lingkungan'),
(114, 5, 0, 2, 'B', 'Mengidentifikasi hak dan tanggung jawab orang-orang di sekitarnya serta kaitannya dengan keimanan kepada Tuhan Yang Maha Esa.'),
(115, 5, 10, 2, 'B', 'Mengenali  sikap nasionalisme, patriotisme, berkomitmen 4 pilar kebangsaan (Pancasila, Bhinneka Tunggal Ika, NKRI, UUD 1945) serta budaya lokal'),
(116, 6, 11, 2, 'B', 'Mengidentifikasi dan mendeskripsikan ide-ide tentang dirinya dan berbagai kelompok di lingkungan sekitarnya, serta cara orang lain berperilaku dan berkomunikasi dengannya.'),
(117, 6, 12, 2, 'B', 'Mengidentifikasi dan membandingkan praktik keseharian diri dan budayanya dengan orang lain di tempat dan waktu/era yang berbeda.'),
(118, 6, 13, 2, 'B', 'Memahami bahwa kemajemukan dapat memberikan kesempatan untuk memperoleh pengalaman dan pemahaman yang baru.'),
(119, 7, 14, 2, 'B', 'Mendeskripsikan penggunaan kata, tulisan dan bahasa tubuh yang memiliki makna yang berbeda di lingkungan sekitarnya dan dalam suatu budaya tertentu.'),
(120, 7, 15, 2, 'B', 'Mengekspresikan pandangannya terhadap topik yang umum dan dapat mengenal sudut pandang orang lain. Mendengarkan dan memperkirakan sudut pandang orang lain yang berbeda dari dirinya pada situasi di ranah keluarga, sekolah, dan lingkungan sekitar.'),
(121, 8, 16, 2, 'B', 'Menyebutkan apa yang telah dipelajari tentang orang lain dari interaksinya dengan kemajemukan budaya di rumah, sekolah, dan lingkungan sekitar.'),
(122, 8, 17, 2, 'B', 'Mengonfirmasi dan mengklarifikasi stereotip dan prasangka yang dimilikinya tentang orang atau kelompok di sekitarnya untuk mendapatkan pemahaman yang lebih baik.'),
(123, 8, 18, 2, 'B', 'Mengenali bahwa perbedaan budaya mempengaruhi pemahaman antarindividu.'),
(124, 9, 19, 2, 'B', 'Mengidentifikasi cara berkontribusi terhadap lingkungan rumah, sekolah, dan lingkungan sekitarnya yang inklusif, adil dan berkelanjutan.'),
(125, 9, 20, 2, 'B', 'Berpartisipasi menentukan beberapa pilihan untuk keperluan bersama berdasarkan kriteria sederhana.'),
(126, 9, 25, 2, 'B', 'Memahami konsep hak dan kewajiban, serta implikasinya terhadap perilakunya.'),
(127, 10, 26, 2, 'B', 'Menampilkan tindakan yang sesuai dengan harapan dan tujuan kelompok.'),
(128, 10, 27, 2, 'B', 'Memahami informasi yang disampaikan (ungkapan pikiran, perasaan, dan keprihatinan) orang lain dan menyampaikan informasi secara akurat menggunakan berbagai simbol dan media.'),
(129, 10, 29, 2, 'B', 'Menyadari bahwa setiap orang membutuhkan orang lain dalam memenuhi kebutuhannya dan perlunya saling membantu.'),
(130, 10, 30, 2, 'B', 'Menyadari bahwa dirinya memiliki peran yang berbeda dengan orang lain/temannya, serta mengetahui konsekuensi perannya terhadap ketercapaian tujuan.'),
(131, 10, 31, 2, 'B', 'Menerima dan menghormati perbedaan agama, suku, dan ras.'),
(132, 11, 32, 2, 'B', 'Mengapresiasi orang-orang di lingkungan sekitar, kemudian melakukan tindakan untuk menjaga keselarasan dalam berelasi dengan orang lain.'),
(133, 11, 33, 2, 'B', 'Memahami berbagai alasan orang lain menampilkan respon tertentu.'),
(134, 12, 0, 2, 'B', 'Memberi dan menerima hal yang dianggap penting dan berharga kepada/dari orang-orang di lingkungan sekitar baik yang dikenal maupun tidak dikenal.'),
(135, 13, 34, 2, 'B', 'Mengidentifikasi kemampuan, prestasi, dan ketertarikannya serta tantangan yang dihadapi berdasarkan kejadian-kejadian yang dialaminya dalam kehidupan sehari-hari.'),
(136, 13, 35, 2, 'B', 'Melakukan refleksi untuk mengidentifikasi kekuatan, kelemahan, dan prestasi dirinya, serta situasi yang dapat mendukung dan menghambat pembelajaran dan pengembangan dirinya.'),
(137, 14, 36, 2, 'B', 'Mengetahui adanya pengaruh orang lain, situasi, dan peristiwa yang terjadi terhadap emosi yang dirasakannya; serta berupaya  untuk mengekspresikan emosi secara tepat dengan mempertimbangk an perasaan dan kebutuhan orang lain di sekitarnya.'),
(138, 14, 37, 2, 'B', 'Menjelaskan pentingnya memiliki tujuan dan berkomitmen dalam mencapainya serta mengeksplorasi langkah-langkah yang sesuai untuk mencapainya.'),
(139, 14, 38, 2, 'B', 'Mempertimbangkan, memilih dan mengadopsi berbagai strategi dan mengidentifikasi sumber bantuan yang diperlukan serta berinisiatif menjalankannya untuk mendapatkan hasil belajar yang diinginkan.'),
(140, 14, 39, 2, 'B', 'Menjelaskan pentingnya mengatur diri secara mandiri dan mulai menjalankan kegiatan dan tugas yang telah sepakati secara mandiri.'),
(141, 14, 40, 2, 'B', 'Tetap bertahan mengerjakan tugas ketika dihadapkan dengan tantangan dan berusaha menyesuaikan strateginya ketika upaya sebelumnya tidak berhasil.'),
(142, 15, 41, 2, 'B', 'Mengajukan pertanyaan untuk mengidentifikasi suatu permasalahan dan mengkonfirmasi pemahaman terhadap suatu permasalahan mengenai dirinya dan lingkungan sekitarnya.'),
(143, 15, 42, 2, 'B', 'Mengumpulkan, mengklasifikasikan, membandingkan dan memilih informasi dan gagasan dari berbagai sumber.'),
(144, 16, 0, 2, 'B', 'Menjelaskan alasan yang relevan dalam penyelesaian masalah dan pengambilan keputusan.'),
(145, 17, 0, 2, 'B', 'Menyampaikan apa yang sedang dipikirkan dan menjelaskan alasan dari hal yang dipikirkan.'),
(146, 18, 0, 2, 'B', 'Memunculkan gagasan imajinatif baru yang bermakna dari beberapa gagasan yang berbeda sebagai ekspresi pikiran dan/atau perasaannya.'),
(147, 19, 0, 2, 'B', 'Mengeksplorasi dan mengekspresikan pikiran dan/atau perasaannya sesuai dengan minat dan kesukaannya dalam bentuk karya dan/atau tindakan serta mengapresiasi karya dan tindakan yang dihasilkan.'),
(148, 19, 44, 2, 'B', 'Mengungkapkan gagasan/ide sederhana dalam bentuk lisan, tulisan, atau karya.'),
(149, 20, 0, 2, 'B', 'Membandingkan gagasan-gagasan kreatif untuk menghadapi situasi dan permasalahan.'),
(150, 20, 45, 2, 'B', 'Membandingkan gagasan/ide dalam bentuk lisan, tulisan, atau karya kreatif untuk menghadapi situasi dan permasalahan.'),
(151, 1, 1, 2, 'C', 'Memahami berbagai kualitas atau sifat-sifat Tuhan Yang Maha Esa yang diutarakan dalam kitab suci agama masing-masing dan menghubungkan kualitas-kualitas positif Tuhan dengan sikap pribadinya, serta meyakini firman Tuhan sebagai kebenaran.'),
(152, 1, 2, 2, 'C', 'Memahami unsur-unsur utama agama/kepercayaan, dan mengenali peran agama/kepercayaan dalam kehidupan serta memahami ajaran moral agama.'),
(153, 1, 3, 2, 'C', 'Melaksanakan ibadah secara rutin sesuai dengan tuntunan agama/kepercaya annya, berdoa mandiri, merayakan, dan memahami makna hari-hari besar.'),
(154, 1, 21, 2, 'C', 'Memahami perilaku beragama dan kelompok/golongannya konteks lokal dan mengamalkan perilaku tawassuṭ/moderat dalam beragama'),
(155, 1, 22, 2, 'C', 'Menerapkan  pengamalan keagamaan secara seimbang meliputi semua aspek kehidupan, baik dunia maupun akhirat dengan kapasitasnya sebagai pribadi dan masyarakat berlandaskan ajaran Islam.'),
(156, 2, 4, 2, 'C', 'Berani dan konsisten menyampaikan kebenaran atau fakta serta memahami konsekuensi-konsekuensinya untuk diri sendiri.'),
(157, 2, 5, 2, 'C', 'Memperhatikan kesehatan jasmani, mental, dan rohani dengan melakukan aktivitas fisik, sosial, dan ibadah.'),
(158, 2, 23, 2, 'C', 'Menjadi teladan dalam berbagai kegiatan, baik di lingkungan madrasah maupun di luar lingkungan madrasah'),
(159, 3, 6, 2, 'C', 'Mengidentifikasi kesamaan dengan orang lain sebagai perekat hubungan sosial dan mewujudkannya dalam aktivitas kelompok. Mulai mengenal berbagai kemungkinan interpretasi dan cara pandang yang berbeda ketika dihadapkan dengan dilema.'),
(160, 3, 7, 2, 'C', 'Mulai memandang sesuatu dari perspektif orang lain serta mengidentifikasi kebaikan dan kelebihan orang sekitarnya.'),
(161, 3, 24, 2, 'C', 'Menunjukkan pribadi yang saleh individual dan sosial, santun, dan berbudi pekerti mulia di lingkungan keluarga dan madrasah.'),
(162, 4, 8, 2, 'C', 'Memahami konsep harmoni dan mengidentifikasi adanya saling kebergantungan antara berbagai ciptaan Tuhan.'),
(163, 4, 9, 2, 'C', 'Mewujudkan rasa syukur dengan terbiasa berperilaku ramah lingkungan dan memahami akibat perbuatan tidak ramah lingkungan dalam lingkup kecil maupun besar.'),
(164, 5, 0, 2, 'C', 'Mengidentifikasi dan memahami peran, hak, dan kewajiban dasar sebagai warga negara serta kaitannya dengan keimanan kepada Tuhan Yang Maha Esa dan secara sadar mempraktikkannya dalam kehidupan sehari- hari.'),
(165, 5, 10, 2, 'C', 'Memahami sikap nasionalisme, patriotisme, berkomitmen 4 pilar kebangsaan (Pancasila, Bhinneka Tunggal Ika, NKRI, UUD 1945), dan akomodatif terhadap budaya lokal.'),
(166, 6, 11, 2, 'C', 'Mengidentifikasi dan mendeskripsikan keragaman budaya di sekitarnya; serta menjelaskan peran budaya dan bahasa dalam membentuk identitas dirinya.'),
(167, 6, 12, 2, 'C', 'Mendeskripsikan dan membandingkan pengetahuan dan praktik dari berbagai kelompok budaya.'),
(168, 6, 13, 2, 'C', 'Mengidentifikasi peluang dan tantangan yang muncul dari keragaman budaya di Indonesia.'),
(169, 7, 14, 2, 'C', 'Memahami persamaan dan perbedaan cara berkomunikasi baik di dalam maupun antar kelompok budaya.'),
(170, 7, 15, 2, 'C', 'Membandingkan beragam perspektif untuk memahami permasalahan sehari-hari. Memperkirakan dan mendeskripsikan situasi komunitas yang berbeda dengan dirinya ke dalam situasi dirinya dalam konteks lokal dan regional.'),
(171, 8, 16, 2, 'C', 'Menjelaskan apa yang telah dipelajari dari interaksi dan pengalaman dirinya dalam lingkungan yang beragam.'),
(172, 8, 17, 2, 'C', 'Mengonfirmasi dan mengklarifikasi stereotip dan prasangka yang dimilikinya tentang orang atau kelompok di sekitarnya untuk mendapatkan pemahaman yang lebih baik serta mengidentifikasi pengaruhnya terhadap individu dan kelompok di lingkungan sekitarnya.'),
(173, 8, 18, 2, 'C', 'Menyelaraskan nilai budaya yang beragam untuk menyelesaikan permasalahan bersama.'),
(174, 9, 19, 2, 'C', 'Membandingkan beberapa tindakan dan praktik perbaikan lingkungan sekolah yang inklusif, adil, dan berkelanjutan, dengan mempertimbangkan dampaknya secara jangka panjang terhadap manusia, alam, dan masyarakat.'),
(175, 9, 20, 2, 'C', 'Berpartisipasi dalam menentukan kriteria yang disepakati bersama untuk menentukan pilihan dan keputusan untuk kepentingan bersama.'),
(176, 9, 25, 2, 'C', 'Memahami konsep hak dan kewajiban, serta implikasinya terhadap perilakunya. Menggunakan konsep ini untuk menjelaskan perilaku diri dan orang sekitarnya.'),
(177, 10, 26, 2, 'C', 'Menunjukkan ekspektasi (harapan) positif kepada orang lain dalam rangka mencapai tujuan kelompok di lingkungan sekitar (sekolah dan rumah).'),
(178, 10, 27, 2, 'C', 'Memahami informasi dari berbagai sumber dan menyampaikan pesan menggunakan berbagai simbol dan media secara efektif kepada orang lain untuk mencapai tujuan bersama.'),
(179, 10, 29, 2, 'C', 'Menyadari bahwa meskipun setiap orang memiliki otonominya masing-masing, setiap orang membutuhkan orang lain dalam memenuhi kebutuhannya.'),
(180, 10, 30, 2, 'C', 'Menyelaraskan tindakannya sesuai dengan perannya dan mempertimbangkan peran orang lain untuk mencapai tujuan bersama.'),
(181, 10, 31, 2, 'C', 'Menerima dan menghormati temannya yang berbeda mazhab atau agama, suku, dan ras'),
(182, 11, 32, 2, 'C', 'Tanggap terhadap lingkungan sosial sesuai dengan tuntutan peran sosialnya dan menjaga keselarasan dalam berelasi dengan orang lain.'),
(183, 11, 33, 2, 'C', 'Menerapkan pengetahuan mengenai berbagai reaksi orang lain dan penyebabnya dalam konteks keluarga, sekolah, serta pertemanan dengan sebaya.'),
(184, 12, 0, 2, 'C', 'Memberi dan menerima hal yang dianggap penting dan berharga kepada/dari orang-orang di lingkungan luas/masyarakat baik yang dikenal maupun tidak dikenal.'),
(185, 13, 34, 2, 'C', 'Menggambarkan pengaruh kualitas dirinya terhadap pelaksanaan dan hasil belajar; serta mengidentifikasi kemampuan yang ingin dikembangkan dengan mempertimbangkan tantangan yang dihadapinya dan umpan balik dari orang dewasa'),
(186, 13, 35, 2, 'C', 'Melakukan refleksi untuk mengidentifikasi faktor-faktor di dalam maupun di luar dirinya yang dapat mendukung/menghambatnya dalam belajar dan mengembangkan diri; serta mengidentifikasi cara-cara untuk mengatasi kekurangannya.'),
(187, 14, 36, 2, 'C', 'Memahami perbedaan emosi yang dirasakan dan dampaknya terhadap proses belajar dan interaksinya dengan orang lain; serta mencoba cara-cara yang sesuai untuk mengelola emosi agar dapat menunjang aktivitas belajar dan interaksinya dengan orang lain.'),
(188, 14, 37, 2, 'C', 'Menilai faktor- faktor (kekuatan dan kelemahan) yang ada pada dirinya dalam upaya mencapai tujuan belajar, prestasi, dan pengembangan dirinya serta mencoba berbagai strategi untuk mencapainya.'),
(189, 14, 38, 2, 'C', 'Memahami arti penting bekerja secara mandiri serta inisiatif untuk melakukannya dalam menunjang pembelajaran dan pengembangan dirinya.'),
(190, 14, 39, 2, 'C', 'Mengidentifikasi faktor-faktor yang dapat mempengaruhi kemampuan dalam mengelola diri dalam pelaksanaan aktivitas belajar dan pengembangan dirinya.'),
(191, 14, 40, 2, 'C', 'Menyusun, menyesuaikan, dan mengujicobakan berbagai strategi dan cara kerjanya untuk membantu dirinya dalam penyelesaian tugas yang menantang.'),
(192, 15, 41, 2, 'C', 'Mengajukan pertanyaan untuk membandingkan berbagai informasi dan untuk menambah pengetahuan.'),
(193, 15, 42, 2, 'C', 'Mengumpulkan, mengklasifikasikan, membandingkan , dan memilih informasi dari berbagai sumber, serta memperjelas informasi.'),
(194, 16, 0, 2, 'C', 'Menjelaskan alasan yang relevan dan akurat dalam penyelesaian masalah dan pengambilan keputusan.'),
(195, 17, 0, 2, 'C', 'Memberikan alasan dari hal yang dipikirkan, serta menyadari kemungkinan adanya bias pada pemikirannya sendiri.'),
(196, 18, 0, 2, 'C', 'Mengembangkan gagasan yang ia miliki untuk membuat kombinasi hal yang baru dan imajinatif untuk mengekspresikan pikiran dan/atau perasaannya.'),
(197, 19, 0, 2, 'C', 'Mengeksplorasi dan mengekspresikan pikiran dan/atau perasaannya sesuai dengan minat dan kesukaannya dalam bentuk karya dan/atau tindakan serta mengapresiasi dan mengkritisi karya dan tindakan yang dihasilkan.'),
(198, 19, 44, 2, 'C', 'Mengekspresikan gagasan/ide baru dalam bentuk lisan, tulisan, atau karya.'),
(199, 20, 0, 2, 'C', 'Mengidentifikasi alternatif solusi saat pendekatan yang diambil tidak berhasil berdasarkan identifikasi terhadap situasi.'),
(200, 20, 45, 2, 'C', 'Menganalisis berbagai gagasan/ide dalam bentuk lisan, tulisan, atau karya dan umpan balik untuk menghadapi situasi dan permasalahan');

-- --------------------------------------------------------

--
-- Table structure for table `p_tema`
--

CREATE TABLE `p_tema` (
  `tema_id` int(11) NOT NULL,
  `tema_nama` varchar(255) DEFAULT NULL
) ENGINE=InnoDB DEFAULT CHARSET=utf8mb4 COLLATE=utf8mb4_general_ci;

--
-- Dumping data for table `p_tema`
--

INSERT INTO `p_tema` (`tema_id`, `tema_nama`) VALUES
(1, 'Hidup Berkelanjutan'),
(2, 'Kearifan Lokal'),
(3, 'Bhineka	Tunggal Ika'),
(4, 'Bangunlah Jiwa dan Raganya'),
(5, 'Demokrasi Pancasila'),
(6, 'Berekayasa dan Berteknologi untuk membangun NKRI'),
(7, 'Kewirausahaan'),
(8, 'Kebekerjaan'),
(9, 'Keberagamaan dalam keragaman'),
(10, 'Damai dalam persaudaraan'),
(11, 'Cinta tanah air bagian dari keimanan'),
(12, 'Lestari adat istiadat negeri');

--
-- Indexes for dumped tables
--

--
-- Indexes for table `e_absenwalas`
--
ALTER TABLE `e_absenwalas`
  ADD PRIMARY KEY (`absen_id`),
  ADD UNIQUE KEY `lembaga_id` (`lembaga_id`,`tahunajaran_id`,`semester_id`,`siswa_id`);

--
-- Indexes for table `e_ajar`
--
ALTER TABLE `e_ajar`
  ADD PRIMARY KEY (`ajar_id`),
  ADD UNIQUE KEY `tahunajaran_id` (`tahunajaran_id`,`semester_id`,`mapel_id`,`kelas_id`,`guru_id`);

--
-- Indexes for table `e_bahanajar`
--
ALTER TABLE `e_bahanajar`
  ADD PRIMARY KEY (`bahanajar_id`),
  ADD KEY `trkelas_id` (`tingkat_id`);

--
-- Indexes for table `e_bahankelas`
--
ALTER TABLE `e_bahankelas`
  ADD PRIMARY KEY (`bahankelas_id`),
  ADD KEY `tragenda_id` (`tragenda_id`),
  ADD KEY `trkelas_id` (`kelas_id`);

--
-- Indexes for table `e_binaekstra`
--
ALTER TABLE `e_binaekstra`
  ADD PRIMARY KEY (`binaekstra_id`),
  ADD KEY `school_id` (`lembaga_id`,`tahunajaran_id`,`semester_id`,`ekstrakurikuler_id`) USING BTREE;

--
-- Indexes for table `e_cetak`
--
ALTER TABLE `e_cetak`
  ADD PRIMARY KEY (`cetak_id`),
  ADD UNIQUE KEY `lembaga_id` (`lembaga_id`,`tahunajaran_id`,`semester_id`);

--
-- Indexes for table `e_ekstrakurikuler`
--
ALTER TABLE `e_ekstrakurikuler`
  ADD PRIMARY KEY (`ekstrakurikuler_id`),
  ADD KEY `school_id` (`lembaga_id`);

--
-- Indexes for table `e_extrapilihan`
--
ALTER TABLE `e_extrapilihan`
  ADD PRIMARY KEY (`extrapilihan_id`),
  ADD UNIQUE KEY `lembaga_id` (`lembaga_id`,`tahunajaran_id`,`semester_id`,`ekstrakurikuler_id`,`siswa_id`);

--
-- Indexes for table `e_extrasiswa`
--
ALTER TABLE `e_extrasiswa`
  ADD PRIMARY KEY (`extrasiswa_id`),
  ADD UNIQUE KEY `lembaga_id` (`lembaga_id`,`tahunajaran_id`,`semester_id`,`ekstrakurikuler_id`,`siswa_id`);

--
-- Indexes for table `e_history`
--
ALTER TABLE `e_history`
  ADD PRIMARY KEY (`log_id`);

--
-- Indexes for table `e_inputnilai`
--
ALTER TABLE `e_inputnilai`
  ADD PRIMARY KEY (`inputnilai_id`),
  ADD UNIQUE KEY `komponennilai_id_2` (`komponennilai_id`,`siswa_id`),
  ADD KEY `komponennilai_id` (`komponennilai_id`);

--
-- Indexes for table `e_jenisnilai`
--
ALTER TABLE `e_jenisnilai`
  ADD PRIMARY KEY (`jenisnilai_id`);

--
-- Indexes for table `e_jurusan`
--
ALTER TABLE `e_jurusan`
  ADD PRIMARY KEY (`jurusan_id`);

--
-- Indexes for table `e_kelas`
--
ALTER TABLE `e_kelas`
  ADD PRIMARY KEY (`kelas_id`),
  ADD UNIQUE KEY `lembaga_id` (`lembaga_id`,`tahunajaran_id`,`tingkat_id`,`kelas_nama`,`jurusan_id`,`semester_id`);

--
-- Indexes for table `e_kelaslock`
--
ALTER TABLE `e_kelaslock`
  ADD PRIMARY KEY (`kelaslock_id`),
  ADD UNIQUE KEY `lembaga_id` (`lembaga_id`,`tahunajaran_id`,`semester_id`,`kelas_id`);

--
-- Indexes for table `e_kkmgrade`
--
ALTER TABLE `e_kkmgrade`
  ADD PRIMARY KEY (`kkmgrade_id`),
  ADD UNIQUE KEY `kkmtingkat_id` (`kkmtingkat_id`,`kkmgrade_kode`);

--
-- Indexes for table `e_kkmtingkat`
--
ALTER TABLE `e_kkmtingkat`
  ADD PRIMARY KEY (`kkmtingkat_id`),
  ADD UNIQUE KEY `lembaga_id` (`lembaga_id`,`tahunajaran_id`,`semester_id`,`tingkat_id`);

--
-- Indexes for table `e_komponennilai`
--
ALTER TABLE `e_komponennilai`
  ADD PRIMARY KEY (`komponennilai_id`);

--
-- Indexes for table `e_kota`
--
ALTER TABLE `e_kota`
  ADD PRIMARY KEY (`master_regency_id`) USING BTREE,
  ADD KEY `regencies_province_id_index` (`master_province_id`) USING BTREE;

--
-- Indexes for table `e_kurikulum`
--
ALTER TABLE `e_kurikulum`
  ADD PRIMARY KEY (`kurikulum_id`);

--
-- Indexes for table `e_lampiran`
--
ALTER TABLE `e_lampiran`
  ADD PRIMARY KEY (`lampiran_id`);

--
-- Indexes for table `e_lampiransiswa`
--
ALTER TABLE `e_lampiransiswa`
  ADD PRIMARY KEY (`lampiransiswa_id`),
  ADD UNIQUE KEY `lampiran_id` (`lampiran_id`,`siswa_id`);

--
-- Indexes for table `e_mapel`
--
ALTER TABLE `e_mapel`
  ADD PRIMARY KEY (`mapel_id`);

--
-- Indexes for table `e_mapelpilihan`
--
ALTER TABLE `e_mapelpilihan`
  ADD PRIMARY KEY (`mapelpilihan_id`),
  ADD UNIQUE KEY `lembaga_id` (`lembaga_id`,`tahunajaran_id`,`semester_id`,`mapel_id`,`siswa_id`);

--
-- Indexes for table `e_mdesa`
--
ALTER TABLE `e_mdesa`
  ADD PRIMARY KEY (`master_village_id`) USING BTREE,
  ADD KEY `villages_district_id_index` (`master_district_id`) USING BTREE;

--
-- Indexes for table `e_mkabupaten`
--
ALTER TABLE `e_mkabupaten`
  ADD PRIMARY KEY (`kab_id`) USING BTREE,
  ADD KEY `regencies_province_id_index` (`prov_id`) USING BTREE;

--
-- Indexes for table `e_mkecamatan`
--
ALTER TABLE `e_mkecamatan`
  ADD PRIMARY KEY (`kec_id`) USING BTREE,
  ADD KEY `districts_id_index` (`kab_id`) USING BTREE;

--
-- Indexes for table `e_mprovinsi`
--
ALTER TABLE `e_mprovinsi`
  ADD PRIMARY KEY (`prov_id`) USING BTREE;

--
-- Indexes for table `e_pimpinan`
--
ALTER TABLE `e_pimpinan`
  ADD PRIMARY KEY (`pimpinan_id`);

--
-- Indexes for table `e_prestasi`
--
ALTER TABLE `e_prestasi`
  ADD PRIMARY KEY (`prestasi_id`),
  ADD UNIQUE KEY `lembaga_id` (`lembaga_id`,`tahunajaran_id`,`semester_id`,`siswa_id`,`prestasi_nama`);

--
-- Indexes for table `e_rapor`
--
ALTER TABLE `e_rapor`
  ADD PRIMARY KEY (`rapor_id`),
  ADD UNIQUE KEY `lembaga_id` (`lembaga_id`,`tahunajaran_id`,`semester_id`,`tingkat_id`,`mapel_id`,`jenisnilai_id`,`siswa_id`);

--
-- Indexes for table `e_riwayatsiswa`
--
ALTER TABLE `e_riwayatsiswa`
  ADD PRIMARY KEY (`riwayat_id`),
  ADD UNIQUE KEY `siswa_id` (`siswa_id`,`tahunajaran_id`,`semester_id`) USING BTREE;

--
-- Indexes for table `e_semester`
--
ALTER TABLE `e_semester`
  ADD PRIMARY KEY (`semester_id`);

--
-- Indexes for table `e_settings`
--
ALTER TABLE `e_settings`
  ADD PRIMARY KEY (`settings_id`);

--
-- Indexes for table `e_tahunajaran`
--
ALTER TABLE `e_tahunajaran`
  ADD PRIMARY KEY (`tahunajaran_id`);

--
-- Indexes for table `e_tingkat`
--
ALTER TABLE `e_tingkat`
  ADD PRIMARY KEY (`tingkat_id`);

--
-- Indexes for table `e_walas`
--
ALTER TABLE `e_walas`
  ADD PRIMARY KEY (`walas_id`);

--
-- Indexes for table `p_catatan`
--
ALTER TABLE `p_catatan`
  ADD PRIMARY KEY (`catatan_id`);

--
-- Indexes for table `p_dimensi`
--
ALTER TABLE `p_dimensi`
  ADD PRIMARY KEY (`dimensi_id`);

--
-- Indexes for table `p_elemen`
--
ALTER TABLE `p_elemen`
  ADD PRIMARY KEY (`elemen_id`),
  ADD KEY `dimensi_id` (`dimensi_id`);

--
-- Indexes for table `p_nilai`
--
ALTER TABLE `p_nilai`
  ADD PRIMARY KEY (`nilai_id`),
  ADD UNIQUE KEY `target_id` (`target_id`,`siswa_id`),
  ADD KEY `target_id_2` (`target_id`);

--
-- Indexes for table `p_pembina`
--
ALTER TABLE `p_pembina`
  ADD PRIMARY KEY (`pembina_id`);

--
-- Indexes for table `p_proyek`
--
ALTER TABLE `p_proyek`
  ADD PRIMARY KEY (`proyek_id`);

--
-- Indexes for table `p_subelemen`
--
ALTER TABLE `p_subelemen`
  ADD PRIMARY KEY (`subelemen_id`),
  ADD KEY `elemen_id` (`elemen_id`);

--
-- Indexes for table `p_target`
--
ALTER TABLE `p_target`
  ADD PRIMARY KEY (`target_id`);

--
-- Indexes for table `p_targetelemen`
--
ALTER TABLE `p_targetelemen`
  ADD PRIMARY KEY (`targetelemen_id`),
  ADD KEY `elemen_id` (`elemen_id`),
  ADD KEY `subelemen_id` (`subelemen_id`);

--
-- Indexes for table `p_tema`
--
ALTER TABLE `p_tema`
  ADD PRIMARY KEY (`tema_id`);

--
-- AUTO_INCREMENT for dumped tables
--

--
-- AUTO_INCREMENT for table `e_absenwalas`
--
ALTER TABLE `e_absenwalas`
  MODIFY `absen_id` bigint(20) NOT NULL AUTO_INCREMENT, AUTO_INCREMENT=2024200000000000394;

--
-- AUTO_INCREMENT for table `e_ajar`
--
ALTER TABLE `e_ajar`
  MODIFY `ajar_id` bigint(20) NOT NULL AUTO_INCREMENT, AUTO_INCREMENT=2024200000000000168;

--
-- AUTO_INCREMENT for table `e_binaekstra`
--
ALTER TABLE `e_binaekstra`
  MODIFY `binaekstra_id` bigint(20) NOT NULL AUTO_INCREMENT, AUTO_INCREMENT=2024200000000000011;

--
-- AUTO_INCREMENT for table `e_cetak`
--
ALTER TABLE `e_cetak`
  MODIFY `cetak_id` bigint(20) NOT NULL AUTO_INCREMENT, AUTO_INCREMENT=2024200000000000002;

--
-- AUTO_INCREMENT for table `e_ekstrakurikuler`
--
ALTER TABLE `e_ekstrakurikuler`
  MODIFY `ekstrakurikuler_id` bigint(20) NOT NULL AUTO_INCREMENT, AUTO_INCREMENT=2024100000000000002;

--
-- AUTO_INCREMENT for table `e_extrapilihan`
--
ALTER TABLE `e_extrapilihan`
  MODIFY `extrapilihan_id` bigint(20) NOT NULL AUTO_INCREMENT, AUTO_INCREMENT=2024200000000000224;

--
-- AUTO_INCREMENT for table `e_extrasiswa`
--
ALTER TABLE `e_extrasiswa`
  MODIFY `extrasiswa_id` bigint(20) NOT NULL AUTO_INCREMENT, AUTO_INCREMENT=2024200000000000613;

--
-- AUTO_INCREMENT for table `e_inputnilai`
--
ALTER TABLE `e_inputnilai`
  MODIFY `inputnilai_id` bigint(20) NOT NULL AUTO_INCREMENT, AUTO_INCREMENT=2024200000000015670;

--
-- AUTO_INCREMENT for table `e_kelas`
--
ALTER TABLE `e_kelas`
  MODIFY `kelas_id` bigint(20) NOT NULL AUTO_INCREMENT, AUTO_INCREMENT=2025100000000000015;

--
-- AUTO_INCREMENT for table `e_kelaslock`
--
ALTER TABLE `e_kelaslock`
  MODIFY `kelaslock_id` bigint(20) NOT NULL AUTO_INCREMENT, AUTO_INCREMENT=2024200000000000015;

--
-- AUTO_INCREMENT for table `e_kkmgrade`
--
ALTER TABLE `e_kkmgrade`
  MODIFY `kkmgrade_id` bigint(20) NOT NULL AUTO_INCREMENT, AUTO_INCREMENT=2023200000000000025;

--
-- AUTO_INCREMENT for table `e_kkmtingkat`
--
ALTER TABLE `e_kkmtingkat`
  MODIFY `kkmtingkat_id` bigint(20) NOT NULL AUTO_INCREMENT, AUTO_INCREMENT=2023200000000000007;

--
-- AUTO_INCREMENT for table `e_komponennilai`
--
ALTER TABLE `e_komponennilai`
  MODIFY `komponennilai_id` bigint(20) NOT NULL AUTO_INCREMENT, AUTO_INCREMENT=2024200000000000563;

--
-- AUTO_INCREMENT for table `e_lampiran`
--
ALTER TABLE `e_lampiran`
  MODIFY `lampiran_id` int(11) NOT NULL AUTO_INCREMENT;

--
-- AUTO_INCREMENT for table `e_lampiransiswa`
--
ALTER TABLE `e_lampiransiswa`
  MODIFY `lampiransiswa_id` int(11) NOT NULL AUTO_INCREMENT;

--
-- AUTO_INCREMENT for table `e_mapelpilihan`
--
ALTER TABLE `e_mapelpilihan`
  MODIFY `mapelpilihan_id` bigint(20) NOT NULL AUTO_INCREMENT, AUTO_INCREMENT=2023200000000000237;

--
-- AUTO_INCREMENT for table `e_pimpinan`
--
ALTER TABLE `e_pimpinan`
  MODIFY `pimpinan_id` bigint(20) NOT NULL AUTO_INCREMENT, AUTO_INCREMENT=2024100000000000002;

--
-- AUTO_INCREMENT for table `e_prestasi`
--
ALTER TABLE `e_prestasi`
  MODIFY `prestasi_id` bigint(20) NOT NULL AUTO_INCREMENT, AUTO_INCREMENT=2024200000000000031;

--
-- AUTO_INCREMENT for table `e_rapor`
--
ALTER TABLE `e_rapor`
  MODIFY `rapor_id` bigint(20) NOT NULL AUTO_INCREMENT, AUTO_INCREMENT=2024200000000007441;

--
-- AUTO_INCREMENT for table `p_catatan`
--
ALTER TABLE `p_catatan`
  MODIFY `catatan_id` int(11) NOT NULL AUTO_INCREMENT, AUTO_INCREMENT=824;

--
-- AUTO_INCREMENT for table `p_dimensi`
--
ALTER TABLE `p_dimensi`
  MODIFY `dimensi_id` int(11) NOT NULL AUTO_INCREMENT, AUTO_INCREMENT=7;

--
-- AUTO_INCREMENT for table `p_elemen`
--
ALTER TABLE `p_elemen`
  MODIFY `elemen_id` int(11) NOT NULL AUTO_INCREMENT, AUTO_INCREMENT=25;

--
-- AUTO_INCREMENT for table `p_nilai`
--
ALTER TABLE `p_nilai`
  MODIFY `nilai_id` int(11) NOT NULL AUTO_INCREMENT, AUTO_INCREMENT=5927;

--
-- AUTO_INCREMENT for table `p_pembina`
--
ALTER TABLE `p_pembina`
  MODIFY `pembina_id` int(11) NOT NULL AUTO_INCREMENT, AUTO_INCREMENT=15;

--
-- AUTO_INCREMENT for table `p_proyek`
--
ALTER TABLE `p_proyek`
  MODIFY `proyek_id` int(11) NOT NULL AUTO_INCREMENT, AUTO_INCREMENT=34;

--
-- AUTO_INCREMENT for table `p_subelemen`
--
ALTER TABLE `p_subelemen`
  MODIFY `subelemen_id` int(11) NOT NULL AUTO_INCREMENT, AUTO_INCREMENT=46;

--
-- AUTO_INCREMENT for table `p_target`
--
ALTER TABLE `p_target`
  MODIFY `target_id` int(11) NOT NULL AUTO_INCREMENT, AUTO_INCREMENT=239;

--
-- AUTO_INCREMENT for table `p_targetelemen`
--
ALTER TABLE `p_targetelemen`
  MODIFY `targetelemen_id` int(11) NOT NULL AUTO_INCREMENT, AUTO_INCREMENT=201;

--
-- AUTO_INCREMENT for table `p_tema`
--
ALTER TABLE `p_tema`
  MODIFY `tema_id` int(11) NOT NULL AUTO_INCREMENT, AUTO_INCREMENT=13;

--
-- Constraints for dumped tables
--

--
-- Constraints for table `e_inputnilai`
--
ALTER TABLE `e_inputnilai`
  ADD CONSTRAINT `e_inputnilai_ibfk_1` FOREIGN KEY (`komponennilai_id`) REFERENCES `e_komponennilai` (`komponennilai_id`) ON DELETE CASCADE ON UPDATE CASCADE;
COMMIT;

