INSERT INTO `e_rapor` (`rapor_id`, `lembaga_id`, `tahunajaran_id`, `semester_id`, `tingkat_id`, `kelas_id`, `mapel_id`, `ajar_id`, `guru_id`, `jenisnilai_id`, `siswa_id`, `rapor_nilai`, `rapor_predikat`, `rapor_deskripsi`, `rapor_deskmin`) VALUES
(2024200000000006062, 'b0JSRDJPaHlGaEdlNis0bEQzRHVWdz09OmJUUmtjalJ6TkdoaU1YTTBaREJ1T1E9PQ', 2024, 2, 10, 2024100000000000004, 120, 2024200000000000097, 3055640000018, 1, 191, 76, '', 'Menunjukkan penguasaan yang cukup baik dalam INFAQ, SEDEKAH, DAN HADIAH', ''),
(2024200000000006063, 'b0JSRDJPaHlGaEdlNis0bEQzRHVWdz09OmJUUmtjalJ6TkdoaU1YTTBaREJ1T1E9PQ', 2024, 2, 10, 2024100000000000004, 120, 2024200000000000097, 3055640000018, 1, 252, 85, '', 'Menunjukkan penguasaan yang baik dalam INFAQ, SEDEKAH, DAN HADIAH', ''),
(2024200000000006064, 'b0JSRDJPaHlGaEdlNis0bEQzRHVWdz09OmJUUmtjalJ6TkdoaU1YTTBaREJ1T1E9PQ', 2024, 2, 10, 2024100000000000004, 120, 2024200000000000097, 3055640000018, 1, 273, 82, '', 'Menunjukkan penguasaan yang baik dalam INFAQ, SEDEKAH, DAN HADIAH', ''),
(2024200000000006065, 'b0JSRDJPaHlGaEdlNis0bEQzRHVWdz09OmJUUmtjalJ6TkdoaU1YTTBaREJ1T1E9PQ', 2024, 2, 10, 2024100000000000004, 120, 2024200000000000097, 3055640000018, 1, 255, 81, '', 'Menunjukkan penguasaan yang baik dalam INFAQ, SEDEKAH, DAN HADIAH', ''),
(2024200000000006066, 'b0JSRDJPaHlGaEdlNis0bEQzRHVWdz09OmJUUmtjalJ6TkdoaU1YTTBaREJ1T1E9PQ', 2024, 2, 10, 2024100000000000004, 120, 2024200000000000097, 3055640000018, 1, 195, 81, '', 'Menunjukkan penguasaan yang baik dalam INFAQ, SEDEKAH, DAN HADIAH', ''),
(2024200000000006067, 'b0JSRDJPaHlGaEdlNis0bEQzRHVWdz09OmJUUmtjalJ6TkdoaU1YTTBaREJ1T1E9PQ', 2024, 2, 10, 2024100000000000004, 120, 2024200000000000097, 3055640000018, 1, 256, 80, '', 'Menunjukkan penguasaan yang cukup baik dalam INFAQ, SEDEKAH, DAN HADIAH', ''),
(2024200000000006068, 'b0JSRDJPaHlGaEdlNis0bEQzRHVWdz09OmJUUmtjalJ6TkdoaU1YTTBaREJ1T1E9PQ', 2024, 2, 10, 2024100000000000004, 120, 2024200000000000097, 3055640000018, 1, 378, 82, '', 'Menunjukkan penguasaan yang baik dalam INFAQ, SEDEKAH, DAN HADIAH', ''),
(2024200000000006069, 'b0JSRDJPaHlGaEdlNis0bEQzRHVWdz09OmJUUmtjalJ6TkdoaU1YTTBaREJ1T1E9PQ', 2024, 2, 10, 2024100000000000004, 120, 2024200000000000097, 3055640000018, 1, 232, 79, '', 'Menunjukkan penguasaan yang cukup baik dalam INFAQ, SEDEKAH, DAN HADIAH', ''),
(2024200000000006070, 'b0JSRDJPaHlGaEdlNis0bEQzRHVWdz09OmJUUmtjalJ6TkdoaU1YTTBaREJ1T1E9PQ', 2024, 2, 10, 2024100000000000004, 120, 2024200000000000097, 3055640000018, 1, 274, 80, '', 'Menunjukkan penguasaan yang baik dalam IBADAH HAJI DAN UMROH', ''),
(2024200000000006071, 'b0JSRDJPaHlGaEdlNis0bEQzRHVWdz09OmJUUmtjalJ6TkdoaU1YTTBaREJ1T1E9PQ', 2024, 2, 10, 2024100000000000004, 120, 2024200000000000097, 3055640000018, 1, 270, 82, '', 'Menunjukkan penguasaan yang baik dalam INFAQ, SEDEKAH, DAN HADIAH', ''),
(2024200000000006072, 'b0JSRDJPaHlGaEdlNis0bEQzRHVWdz09OmJUUmtjalJ6TkdoaU1YTTBaREJ1T1E9PQ', 2024, 2, 10, 2024100000000000004, 120, 2024200000000000097, 3055640000018, 1, 260, 80, '', 'Menunjukkan penguasaan yang baik dalam INFAQ, SEDEKAH, DAN HADIAH', ''),
(2024200000000006073, 'b0JSRDJPaHlGaEdlNis0bEQzRHVWdz09OmJUUmtjalJ6TkdoaU1YTTBaREJ1T1E9PQ', 2024, 2, 10, 2024100000000000004, 120, 2024200000000000097, 3055640000018, 1, 261, 82, '', 'Menunjukkan penguasaan yang baik dalam INFAQ, SEDEKAH, DAN HADIAH', ''),
(2024200000000006074, 'b0JSRDJPaHlGaEdlNis0bEQzRHVWdz09OmJUUmtjalJ6TkdoaU1YTTBaREJ1T1E9PQ', 2024, 2, 10, 2024100000000000004, 120, 2024200000000000097, 3055640000018, 1, 234, 80, '', 'Menunjukkan penguasaan yang baik dalam INFAQ, SEDEKAH, DAN HADIAH', ''),
(2024200000000006075, 'b0JSRDJPaHlGaEdlNis0bEQzRHVWdz09OmJUUmtjalJ6TkdoaU1YTTBaREJ1T1E9PQ', 2024, 2, 10, 2024100000000000004, 120, 2024200000000000097, 3055640000018, 1, 235, 80, '', 'Menunjukkan penguasaan yang baik dalam INFAQ, SEDEKAH, DAN HADIAH', ''),
(2024200000000006076, 'b0JSRDJPaHlGaEdlNis0bEQzRHVWdz09OmJUUmtjalJ6TkdoaU1YTTBaREJ1T1E9PQ', 2024, 2, 10, 2024100000000000005, 120, 2024200000000000098, 3055640000018, 1, 236, 79, '', 'Menunjukkan penguasaan yang baik dalam INFAQ, SEDEKAH, DAN HADIAH', ''),
(2024200000000006077, 'b0JSRDJPaHlGaEdlNis0bEQzRHVWdz09OmJUUmtjalJ6TkdoaU1YTTBaREJ1T1E9PQ', 2024, 2, 10, 2024100000000000005, 120, 2024200000000000098, 3055640000018, 1, 174, 78, '', 'Menunjukkan penguasaan yang cukup baik dalam INFAQ, SEDEKAH, DAN HADIAH', ''),
(2024200000000006078, 'b0JSRDJPaHlGaEdlNis0bEQzRHVWdz09OmJUUmtjalJ6TkdoaU1YTTBaREJ1T1E9PQ', 2024, 2, 10, 2024100000000000005, 120, 2024200000000000098, 3055640000018, 1, 208, 83, '', 'Menunjukkan penguasaan yang baik dalam INFAQ, SEDEKAH, DAN HADIAH', ''),
(2024200000000006079, 'b0JSRDJPaHlGaEdlNis0bEQzRHVWdz09OmJUUmtjalJ6TkdoaU1YTTBaREJ1T1E9PQ', 2024, 2, 10, 2024100000000000005, 120, 2024200000000000098, 3055640000018, 1, 210, 78, '', 'Menunjukkan penguasaan yang cukup baik dalam INFAQ, SEDEKAH, DAN HADIAH', ''),
(2024200000000006080, 'b0JSRDJPaHlGaEdlNis0bEQzRHVWdz09OmJUUmtjalJ6TkdoaU1YTTBaREJ1T1E9PQ', 2024, 2, 10, 2024100000000000005, 120, 2024200000000000098, 3055640000018, 1, 177, 85, '', 'Menunjukkan penguasaan yang baik dalam IBADAH HAJI DAN UMROH', ''),
(2024200000000006081, 'b0JSRDJPaHlGaEdlNis0bEQzRHVWdz09OmJUUmtjalJ6TkdoaU1YTTBaREJ1T1E9PQ', 2024, 2, 10, 2024100000000000005, 120, 2024200000000000098, 3055640000018, 1, 211, 86, '', 'Menunjukkan penguasaan yang baik dalam IBADAH HAJI DAN UMROH', ''),
(2024200000000006082, 'b0JSRDJPaHlGaEdlNis0bEQzRHVWdz09OmJUUmtjalJ6TkdoaU1YTTBaREJ1T1E9PQ', 2024, 2, 10, 2024100000000000005, 120, 2024200000000000098, 3055640000018, 1, 212, 86, '', 'Menunjukkan penguasaan yang sangat baik dalam INFAQ, SEDEKAH, DAN HADIAH', ''),
(2024200000000006083, 'b0JSRDJPaHlGaEdlNis0bEQzRHVWdz09OmJUUmtjalJ6TkdoaU1YTTBaREJ1T1E9PQ', 2024, 2, 10, 2024100000000000005, 120, 2024200000000000098, 3055640000018, 1, 265, 83, '', 'Menunjukkan penguasaan yang baik dalam INFAQ, SEDEKAH, DAN HADIAH', ''),
(2024200000000006084, 'b0JSRDJPaHlGaEdlNis0bEQzRHVWdz09OmJUUmtjalJ6TkdoaU1YTTBaREJ1T1E9PQ', 2024, 2, 10, 2024100000000000005, 120, 2024200000000000098, 3055640000018, 1, 247, 81, '', 'Menunjukkan penguasaan yang baik dalam INFAQ, SEDEKAH, DAN HADIAH', ''),
(2024200000000006085, 'b0JSRDJPaHlGaEdlNis0bEQzRHVWdz09OmJUUmtjalJ6TkdoaU1YTTBaREJ1T1E9PQ', 2024, 2, 10, 2024100000000000005, 120, 2024200000000000098, 3055640000018, 1, 181, 88, '', 'Menunjukkan penguasaan yang sangat baik dalam INFAQ, SEDEKAH, DAN HADIAH', ''),
(2024200000000006086, 'b0JSRDJPaHlGaEdlNis0bEQzRHVWdz09OmJUUmtjalJ6TkdoaU1YTTBaREJ1T1E9PQ', 2024, 2, 10, 2024100000000000005, 120, 2024200000000000098, 3055640000018, 1, 251, 86, '', 'Menunjukkan penguasaan yang baik dalam IBADAH HAJI DAN UMROH', ''),
(2024200000000006087, 'b0JSRDJPaHlGaEdlNis0bEQzRHVWdz09OmJUUmtjalJ6TkdoaU1YTTBaREJ1T1E9PQ', 2024, 2, 10, 2024100000000000005, 120, 2024200000000000098, 3055640000018, 1, 221, 77, '', 'Menunjukkan penguasaan yang baik dalam INFAQ, SEDEKAH, DAN HADIAH', ''),
(2024200000000006088, 'b0JSRDJPaHlGaEdlNis0bEQzRHVWdz09OmJUUmtjalJ6TkdoaU1YTTBaREJ1T1E9PQ', 2024, 2, 10, 2024100000000000005, 120, 2024200000000000098, 3055640000018, 1, 192, 80, '', 'Menunjukkan penguasaan yang cukup baik dalam INFAQ, SEDEKAH, DAN HADIAH', ''),
(2024200000000006089, 'b0JSRDJPaHlGaEdlNis0bEQzRHVWdz09OmJUUmtjalJ6TkdoaU1YTTBaREJ1T1E9PQ', 2024, 2, 10, 2024100000000000005, 120, 2024200000000000098, 3055640000018, 1, 193, 74, '', 'Menunjukkan penguasaan yang cukup baik dalam INFAQ, SEDEKAH, DAN HADIAH', ''),
(2024200000000006090, 'b0JSRDJPaHlGaEdlNis0bEQzRHVWdz09OmJUUmtjalJ6TkdoaU1YTTBaREJ1T1E9PQ', 2024, 2, 10, 2024100000000000005, 120, 2024200000000000098, 3055640000018, 1, 253, 77, '', 'Menunjukkan penguasaan yang cukup baik dalam INFAQ, SEDEKAH, DAN HADIAH', ''),
(2024200000000006091, 'b0JSRDJPaHlGaEdlNis0bEQzRHVWdz09OmJUUmtjalJ6TkdoaU1YTTBaREJ1T1E9PQ', 2024, 2, 10, 2024100000000000005, 120, 2024200000000000098, 3055640000018, 1, 223, 75, '', 'Menunjukkan penguasaan yang cukup baik dalam INFAQ, SEDEKAH, DAN HADIAH', ''),
(2024200000000006092, 'b0JSRDJPaHlGaEdlNis0bEQzRHVWdz09OmJUUmtjalJ6TkdoaU1YTTBaREJ1T1E9PQ', 2024, 2, 10, 2024100000000000005, 120, 2024200000000000098, 3055640000018, 1, 224, 79, '', 'Menunjukkan penguasaan yang baik dalam INFAQ, SEDEKAH, DAN HADIAH', ''),
(2024200000000006093, 'b0JSRDJPaHlGaEdlNis0bEQzRHVWdz09OmJUUmtjalJ6TkdoaU1YTTBaREJ1T1E9PQ', 2024, 2, 10, 2024100000000000005, 120, 2024200000000000098, 3055640000018, 1, 226, 81, '', 'Menunjukkan penguasaan yang baik dalam INFAQ, SEDEKAH, DAN HADIAH', ''),
(2024200000000006094, 'b0JSRDJPaHlGaEdlNis0bEQzRHVWdz09OmJUUmtjalJ6TkdoaU1YTTBaREJ1T1E9PQ', 2024, 2, 10, 2024100000000000005, 120, 2024200000000000098, 3055640000018, 1, 275, 81, '', 'Menunjukkan penguasaan yang baik dalam INFAQ, SEDEKAH, DAN HADIAH', ''),
(2024200000000006095, 'b0JSRDJPaHlGaEdlNis0bEQzRHVWdz09OmJUUmtjalJ6TkdoaU1YTTBaREJ1T1E9PQ', 2024, 2, 10, 2024100000000000005, 120, 2024200000000000098, 3055640000018, 1, 268, 85, '', 'Menunjukkan penguasaan yang baik dalam IBADAH HAJI DAN UMROH', ''),
(2024200000000006096, 'b0JSRDJPaHlGaEdlNis0bEQzRHVWdz09OmJUUmtjalJ6TkdoaU1YTTBaREJ1T1E9PQ', 2024, 2, 10, 2024100000000000005, 120, 2024200000000000098, 3055640000018, 1, 257, 80, '', 'Menunjukkan penguasaan yang baik dalam INFAQ, SEDEKAH, DAN HADIAH', ''),
(2024200000000006097, 'b0JSRDJPaHlGaEdlNis0bEQzRHVWdz09OmJUUmtjalJ6TkdoaU1YTTBaREJ1T1E9PQ', 2024, 2, 10, 2024100000000000005, 120, 2024200000000000098, 3055640000018, 1, 258, 78, '', 'Menunjukkan penguasaan yang cukup baik dalam INFAQ, SEDEKAH, DAN HADIAH', ''),
(2024200000000006098, 'b0JSRDJPaHlGaEdlNis0bEQzRHVWdz09OmJUUmtjalJ6TkdoaU1YTTBaREJ1T1E9PQ', 2024, 2, 10, 2024100000000000005, 120, 2024200000000000098, 3055640000018, 1, 231, 84, '', 'Menunjukkan penguasaan yang baik dalam INFAQ, SEDEKAH, DAN HADIAH', ''),
(2024200000000006099, 'b0JSRDJPaHlGaEdlNis0bEQzRHVWdz09OmJUUmtjalJ6TkdoaU1YTTBaREJ1T1E9PQ', 2024, 2, 10, 2024100000000000005, 120, 2024200000000000098, 3055640000018, 1, 269, 86, '', 'Menunjukkan penguasaan yang sangat baik dalam IBADAH HAJI DAN UMROH', ''),
(2024200000000006100, 'b0JSRDJPaHlGaEdlNis0bEQzRHVWdz09OmJUUmtjalJ6TkdoaU1YTTBaREJ1T1E9PQ', 2024, 2, 10, 2024100000000000005, 120, 2024200000000000098, 3055640000018, 1, 197, 79, '', 'Menunjukkan penguasaan yang baik dalam INFAQ, SEDEKAH, DAN HADIAH', ''),
(2024200000000006101, 'b0JSRDJPaHlGaEdlNis0bEQzRHVWdz09OmJUUmtjalJ6TkdoaU1YTTBaREJ1T1E9PQ', 2024, 2, 10, 2024100000000000005, 120, 2024200000000000098, 3055640000018, 1, 200, 84, '', 'Menunjukkan penguasaan yang baik dalam INFAQ, SEDEKAH, DAN HADIAH', ''),
(2024200000000006102, 'b0JSRDJPaHlGaEdlNis0bEQzRHVWdz09OmJUUmtjalJ6TkdoaU1YTTBaREJ1T1E9PQ', 2024, 2, 10, 2024100000000000005, 120, 2024200000000000098, 3055640000018, 1, 202, 87, '', 'Menunjukkan penguasaan yang baik dalam INFAQ, SEDEKAH, DAN HADIAH', ''),
(2024200000000006103, 'b0JSRDJPaHlGaEdlNis0bEQzRHVWdz09OmJUUmtjalJ6TkdoaU1YTTBaREJ1T1E9PQ', 2024, 2, 10, 2024100000000000005, 120, 2024200000000000098, 3055640000018, 1, 203, 89, '', 'Menunjukkan penguasaan yang sangat baik dalam INFAQ, SEDEKAH, DAN HADIAH', ''),
(2024200000000006104, 'b0JSRDJPaHlGaEdlNis0bEQzRHVWdz09OmJUUmtjalJ6TkdoaU1YTTBaREJ1T1E9PQ', 2024, 2, 10, 2024100000000000005, 120, 2024200000000000098, 3055640000018, 1, 264, 84, '', 'Menunjukkan penguasaan yang baik dalam INFAQ, SEDEKAH, DAN HADIAH', ''),
(2024200000000006105, 'b0JSRDJPaHlGaEdlNis0bEQzRHVWdz09OmJUUmtjalJ6TkdoaU1YTTBaREJ1T1E9PQ', 2024, 2, 10, 2024100000000000006, 120, 2024200000000000099, 3055640000018, 1, 173, 93, '', 'Menunjukkan penguasaan yang sangat baik dalam INFAQ, SEDEKAH, DAN HADIAH', ''),
(2024200000000006106, 'b0JSRDJPaHlGaEdlNis0bEQzRHVWdz09OmJUUmtjalJ6TkdoaU1YTTBaREJ1T1E9PQ', 2024, 2, 10, 2024100000000000006, 120, 2024200000000000099, 3055640000018, 1, 206, 90, '', 'Menunjukkan penguasaan yang sangat baik dalam INFAQ, SEDEKAH, DAN HADIAH', ''),
(2024200000000006107, 'b0JSRDJPaHlGaEdlNis0bEQzRHVWdz09OmJUUmtjalJ6TkdoaU1YTTBaREJ1T1E9PQ', 2024, 2, 10, 2024100000000000006, 120, 2024200000000000099, 3055640000018, 1, 175, 88, '', 'Menunjukkan penguasaan yang sangat baik dalam INFAQ, SEDEKAH, DAN HADIAH', ''),
(2024200000000006108, 'b0JSRDJPaHlGaEdlNis0bEQzRHVWdz09OmJUUmtjalJ6TkdoaU1YTTBaREJ1T1E9PQ', 2024, 2, 10, 2024100000000000006, 120, 2024200000000000099, 3055640000018, 1, 209, 82, '', 'Menunjukkan penguasaan yang baik dalam INFAQ, SEDEKAH, DAN HADIAH', ''),
(2024200000000006109, 'b0JSRDJPaHlGaEdlNis0bEQzRHVWdz09OmJUUmtjalJ6TkdoaU1YTTBaREJ1T1E9PQ', 2024, 2, 10, 2024100000000000006, 120, 2024200000000000099, 3055640000018, 1, 176, 88, '', 'Menunjukkan penguasaan yang sangat baik dalam INFAQ, SEDEKAH, DAN HADIAH', ''),
(2024200000000006110, 'b0JSRDJPaHlGaEdlNis0bEQzRHVWdz09OmJUUmtjalJ6TkdoaU1YTTBaREJ1T1E9PQ', 2024, 2, 10, 2024100000000000006, 120, 2024200000000000099, 3055640000018, 1, 237, 91, '', 'Menunjukkan penguasaan yang sangat baik dalam INFAQ, SEDEKAH, DAN HADIAH', ''),
(2024200000000006111, 'b0JSRDJPaHlGaEdlNis0bEQzRHVWdz09OmJUUmtjalJ6TkdoaU1YTTBaREJ1T1E9PQ', 2024, 2, 10, 2024100000000000006, 120, 2024200000000000099, 3055640000018, 1, 178, 88, '', 'Menunjukkan penguasaan yang sangat baik dalam INFAQ, SEDEKAH, DAN HADIAH', ''),
(2024200000000006112, 'b0JSRDJPaHlGaEdlNis0bEQzRHVWdz09OmJUUmtjalJ6TkdoaU1YTTBaREJ1T1E9PQ', 2024, 2, 10, 2024100000000000006, 120, 2024200000000000099, 3055640000018, 1, 179, 85, '', 'Menunjukkan penguasaan yang sangat baik dalam INFAQ, SEDEKAH, DAN HADIAH', ''),
(2024200000000006113, 'b0JSRDJPaHlGaEdlNis0bEQzRHVWdz09OmJUUmtjalJ6TkdoaU1YTTBaREJ1T1E9PQ', 2024, 2, 10, 2024100000000000006, 120, 2024200000000000099, 3055640000018, 1, 239, 81, '', 'Menunjukkan penguasaan yang sangat baik dalam INFAQ, SEDEKAH, DAN HADIAH', ''),
(2024200000000006114, 'b0JSRDJPaHlGaEdlNis0bEQzRHVWdz09OmJUUmtjalJ6TkdoaU1YTTBaREJ1T1E9PQ', 2024, 2, 10, 2024100000000000006, 120, 2024200000000000099, 3055640000018, 1, 213, 88, '', 'Menunjukkan penguasaan yang sangat baik dalam INFAQ, SEDEKAH, DAN HADIAH', ''),
(2024200000000006115, 'b0JSRDJPaHlGaEdlNis0bEQzRHVWdz09OmJUUmtjalJ6TkdoaU1YTTBaREJ1T1E9PQ', 2024, 2, 10, 2024100000000000006, 120, 2024200000000000099, 3055640000018, 1, 180, 80, '', 'Menunjukkan penguasaan yang baik dalam INFAQ, SEDEKAH, DAN HADIAH', ''),
(2024200000000006116, 'b0JSRDJPaHlGaEdlNis0bEQzRHVWdz09OmJUUmtjalJ6TkdoaU1YTTBaREJ1T1E9PQ', 2024, 2, 10, 2024100000000000006, 120, 2024200000000000099, 3055640000018, 1, 250, 90, '', 'Menunjukkan penguasaan yang sangat baik dalam INFAQ, SEDEKAH, DAN HADIAH', ''),
(2024200000000006117, 'b0JSRDJPaHlGaEdlNis0bEQzRHVWdz09OmJUUmtjalJ6TkdoaU1YTTBaREJ1T1E9PQ', 2024, 2, 10, 2024100000000000006, 120, 2024200000000000099, 3055640000018, 1, 183, 85, '', 'Menunjukkan penguasaan yang sangat baik dalam INFAQ, SEDEKAH, DAN HADIAH', ''),
(2024200000000006118, 'b0JSRDJPaHlGaEdlNis0bEQzRHVWdz09OmJUUmtjalJ6TkdoaU1YTTBaREJ1T1E9PQ', 2024, 2, 10, 2024100000000000006, 120, 2024200000000000099, 3055640000018, 1, 218, 89, '', 'Menunjukkan penguasaan yang sangat baik dalam INFAQ, SEDEKAH, DAN HADIAH', ''),
(2024200000000006119, 'b0JSRDJPaHlGaEdlNis0bEQzRHVWdz09OmJUUmtjalJ6TkdoaU1YTTBaREJ1T1E9PQ', 2024, 2, 10, 2024100000000000006, 120, 2024200000000000099, 3055640000018, 1, 185, 84, '', 'Menunjukkan penguasaan yang baik dalam IBADAH HAJI DAN UMROH', ''),
(2024200000000006120, 'b0JSRDJPaHlGaEdlNis0bEQzRHVWdz09OmJUUmtjalJ6TkdoaU1YTTBaREJ1T1E9PQ', 2024, 2, 10, 2024100000000000006, 120, 2024200000000000099, 3055640000018, 1, 186, 87, '', 'Menunjukkan penguasaan yang sangat baik dalam IBADAH HAJI DAN UMROH', ''),
(2024200000000006121, 'b0JSRDJPaHlGaEdlNis0bEQzRHVWdz09OmJUUmtjalJ6TkdoaU1YTTBaREJ1T1E9PQ', 2024, 2, 10, 2024100000000000006, 120, 2024200000000000099, 3055640000018, 1, 189, 83, '', 'Menunjukkan penguasaan yang baik dalam INFAQ, SEDEKAH, DAN HADIAH', ''),
(2024200000000006122, 'b0JSRDJPaHlGaEdlNis0bEQzRHVWdz09OmJUUmtjalJ6TkdoaU1YTTBaREJ1T1E9PQ', 2024, 2, 10, 2024100000000000006, 120, 2024200000000000099, 3055640000018, 1, 222, 83, '', 'Menunjukkan penguasaan yang baik dalam INFAQ, SEDEKAH, DAN HADIAH', ''),
(2024200000000006123, 'b0JSRDJPaHlGaEdlNis0bEQzRHVWdz09OmJUUmtjalJ6TkdoaU1YTTBaREJ1T1E9PQ', 2024, 2, 10, 2024100000000000006, 120, 2024200000000000099, 3055640000018, 1, 194, 82, '', 'Menunjukkan penguasaan yang baik dalam INFAQ, SEDEKAH, DAN HADIAH', ''),
(2024200000000006124, 'b0JSRDJPaHlGaEdlNis0bEQzRHVWdz09OmJUUmtjalJ6TkdoaU1YTTBaREJ1T1E9PQ', 2024, 2, 10, 2024100000000000006, 120, 2024200000000000099, 3055640000018, 1, 254, 79, '', 'Menunjukkan penguasaan yang baik dalam INFAQ, SEDEKAH, DAN HADIAH', ''),
(2024200000000006125, 'b0JSRDJPaHlGaEdlNis0bEQzRHVWdz09OmJUUmtjalJ6TkdoaU1YTTBaREJ1T1E9PQ', 2024, 2, 10, 2024100000000000006, 120, 2024200000000000099, 3055640000018, 1, 225, 91, '', 'Menunjukkan penguasaan yang sangat baik dalam INFAQ, SEDEKAH, DAN HADIAH', ''),
(2024200000000006126, 'b0JSRDJPaHlGaEdlNis0bEQzRHVWdz09OmJUUmtjalJ6TkdoaU1YTTBaREJ1T1E9PQ', 2024, 2, 10, 2024100000000000006, 120, 2024200000000000099, 3055640000018, 1, 227, 86, '', 'Menunjukkan penguasaan yang sangat baik dalam INFAQ, SEDEKAH, DAN HADIAH', ''),
(2024200000000006127, 'b0JSRDJPaHlGaEdlNis0bEQzRHVWdz09OmJUUmtjalJ6TkdoaU1YTTBaREJ1T1E9PQ', 2024, 2, 10, 2024100000000000006, 120, 2024200000000000099, 3055640000018, 1, 196, 84, '', 'Menunjukkan penguasaan yang baik dalam INFAQ, SEDEKAH, DAN HADIAH', ''),
(2024200000000006128, 'b0JSRDJPaHlGaEdlNis0bEQzRHVWdz09OmJUUmtjalJ6TkdoaU1YTTBaREJ1T1E9PQ', 2024, 2, 10, 2024100000000000006, 120, 2024200000000000099, 3055640000018, 1, 228, 87, '', 'Menunjukkan penguasaan yang baik dalam IBADAH HAJI DAN UMROH', ''),
(2024200000000006129, 'b0JSRDJPaHlGaEdlNis0bEQzRHVWdz09OmJUUmtjalJ6TkdoaU1YTTBaREJ1T1E9PQ', 2024, 2, 10, 2024100000000000006, 120, 2024200000000000099, 3055640000018, 1, 205, 80, '', 'Menunjukkan penguasaan yang baik dalam INFAQ, SEDEKAH, DAN HADIAH', ''),
(2024200000000006130, 'b0JSRDJPaHlGaEdlNis0bEQzRHVWdz09OmJUUmtjalJ6TkdoaU1YTTBaREJ1T1E9PQ', 2024, 2, 10, 2024100000000000006, 120, 2024200000000000099, 3055640000018, 1, 229, 77, '', 'Menunjukkan penguasaan yang baik dalam INFAQ, SEDEKAH, DAN HADIAH', ''),
(2024200000000006131, 'b0JSRDJPaHlGaEdlNis0bEQzRHVWdz09OmJUUmtjalJ6TkdoaU1YTTBaREJ1T1E9PQ', 2024, 2, 10, 2024100000000000006, 120, 2024200000000000099, 3055640000018, 1, 230, 91, '', 'Menunjukkan penguasaan yang sangat baik dalam INFAQ, SEDEKAH, DAN HADIAH', ''),
(2024200000000006132, 'b0JSRDJPaHlGaEdlNis0bEQzRHVWdz09OmJUUmtjalJ6TkdoaU1YTTBaREJ1T1E9PQ', 2024, 2, 10, 2024100000000000006, 120, 2024200000000000099, 3055640000018, 1, 266, 92, '', 'Menunjukkan penguasaan yang sangat baik dalam INFAQ, SEDEKAH, DAN HADIAH', ''),
(2024200000000006133, 'b0JSRDJPaHlGaEdlNis0bEQzRHVWdz09OmJUUmtjalJ6TkdoaU1YTTBaREJ1T1E9PQ', 2024, 2, 10, 2024100000000000006, 120, 2024200000000000099, 3055640000018, 1, 198, 92, '', 'Menunjukkan penguasaan yang sangat baik dalam INFAQ, SEDEKAH, DAN HADIAH', ''),
(2024200000000006134, 'b0JSRDJPaHlGaEdlNis0bEQzRHVWdz09OmJUUmtjalJ6TkdoaU1YTTBaREJ1T1E9PQ', 2024, 2, 10, 2024100000000000006, 120, 2024200000000000099, 3055640000018, 1, 259, 84, '', 'Menunjukkan penguasaan yang baik dalam IBADAH HAJI DAN UMROH', ''),
(2024200000000006135, 'b0JSRDJPaHlGaEdlNis0bEQzRHVWdz09OmJUUmtjalJ6TkdoaU1YTTBaREJ1T1E9PQ', 2024, 2, 10, 2024100000000000006, 120, 2024200000000000099, 3055640000018, 1, 233, 87, '', 'Menunjukkan penguasaan yang sangat baik dalam INFAQ, SEDEKAH, DAN HADIAH', ''),
(2024200000000006136, 'b0JSRDJPaHlGaEdlNis0bEQzRHVWdz09OmJUUmtjalJ6TkdoaU1YTTBaREJ1T1E9PQ', 2024, 2, 10, 2024100000000000006, 120, 2024200000000000099, 3055640000018, 1, 199, 93, '', 'Menunjukkan penguasaan yang sangat baik dalam INFAQ, SEDEKAH, DAN HADIAH', ''),
(2024200000000006137, 'b0JSRDJPaHlGaEdlNis0bEQzRHVWdz09OmJUUmtjalJ6TkdoaU1YTTBaREJ1T1E9PQ', 2024, 2, 10, 2024100000000000006, 120, 2024200000000000099, 3055640000018, 1, 201, 85, '', 'Menunjukkan penguasaan yang baik dalam IBADAH HAJI DAN UMROH', ''),
(2024200000000006138, 'b0JSRDJPaHlGaEdlNis0bEQzRHVWdz09OmJUUmtjalJ6TkdoaU1YTTBaREJ1T1E9PQ', 2024, 2, 10, 2024100000000000006, 120, 2024200000000000099, 3055640000018, 1, 263, 89, '', 'Menunjukkan penguasaan yang sangat baik dalam INFAQ, SEDEKAH, DAN HADIAH', ''),
(2024200000000006139, 'b0JSRDJPaHlGaEdlNis0bEQzRHVWdz09OmJUUmtjalJ6TkdoaU1YTTBaREJ1T1E9PQ', 2024, 2, 10, 2024100000000000004, 3055640000133, 2024200000000000130, 3055640000009, 1, 207, 74, '', 'Menunjukkan penguasaan yang cukup baik dalam Makhorijul huruf', ''),
(2024200000000006140, 'b0JSRDJPaHlGaEdlNis0bEQzRHVWdz09OmJUUmtjalJ6TkdoaU1YTTBaREJ1T1E9PQ', 2024, 2, 10, 2024100000000000004, 3055640000133, 2024200000000000130, 3055640000009, 1, 238, 75, '', 'Menunjukkan penguasaan yang cukup baik dalam Makhorijul huruf', ''),
(2024200000000006141, 'b0JSRDJPaHlGaEdlNis0bEQzRHVWdz09OmJUUmtjalJ6TkdoaU1YTTBaREJ1T1E9PQ', 2024, 2, 10, 2024100000000000004, 3055640000133, 2024200000000000130, 3055640000009, 1, 240, 85, '', 'Menunjukkan penguasaan yang baik dalam Makhorijul huruf', ''),
(2024200000000006142, 'b0JSRDJPaHlGaEdlNis0bEQzRHVWdz09OmJUUmtjalJ6TkdoaU1YTTBaREJ1T1E9PQ', 2024, 2, 10, 2024100000000000004, 3055640000133, 2024200000000000130, 3055640000009, 1, 242, 87, '', 'Menunjukkan penguasaan yang baik dalam Hukum Nun sukun dan tanwin', ''),
(2024200000000006143, 'b0JSRDJPaHlGaEdlNis0bEQzRHVWdz09OmJUUmtjalJ6TkdoaU1YTTBaREJ1T1E9PQ', 2024, 2, 10, 2024100000000000004, 3055640000133, 2024200000000000130, 3055640000009, 1, 243, 84, '', 'Menunjukkan penguasaan yang baik dalam Hukum Nun sukun dan tanwin', ''),
(2024200000000006144, 'b0JSRDJPaHlGaEdlNis0bEQzRHVWdz09OmJUUmtjalJ6TkdoaU1YTTBaREJ1T1E9PQ', 2024, 2, 10, 2024100000000000004, 3055640000133, 2024200000000000130, 3055640000009, 1, 215, 79, '', 'Menunjukkan penguasaan yang baik dalam Makhorijul huruf', ''),
(2024200000000006145, 'b0JSRDJPaHlGaEdlNis0bEQzRHVWdz09OmJUUmtjalJ6TkdoaU1YTTBaREJ1T1E9PQ', 2024, 2, 10, 2024100000000000004, 3055640000133, 2024200000000000130, 3055640000009, 1, 245, 79, '', 'Menunjukkan penguasaan yang baik dalam Makhorijul huruf', ''),
(2024200000000006146, 'b0JSRDJPaHlGaEdlNis0bEQzRHVWdz09OmJUUmtjalJ6TkdoaU1YTTBaREJ1T1E9PQ', 2024, 2, 10, 2024100000000000004, 3055640000133, 2024200000000000130, 3055640000009, 1, 246, 78, '', 'Menunjukkan penguasaan yang baik dalam Makhorijul huruf', ''),
(2024200000000006147, 'b0JSRDJPaHlGaEdlNis0bEQzRHVWdz09OmJUUmtjalJ6TkdoaU1YTTBaREJ1T1E9PQ', 2024, 2, 10, 2024100000000000004, 3055640000133, 2024200000000000130, 3055640000009, 1, 248, 77, '', 'Menunjukkan penguasaan yang cukup baik dalam Makhorijul huruf', ''),
(2024200000000006148, 'b0JSRDJPaHlGaEdlNis0bEQzRHVWdz09OmJUUmtjalJ6TkdoaU1YTTBaREJ1T1E9PQ', 2024, 2, 10, 2024100000000000004, 3055640000133, 2024200000000000130, 3055640000009, 1, 267, 91, '', 'Menunjukkan penguasaan yang sangat baik dalam Hukum Nun sukun dan tanwin', ''),
(2024200000000006149, 'b0JSRDJPaHlGaEdlNis0bEQzRHVWdz09OmJUUmtjalJ6TkdoaU1YTTBaREJ1T1E9PQ', 2024, 2, 10, 2024100000000000004, 3055640000133, 2024200000000000130, 3055640000009, 1, 216, 81, '', 'Menunjukkan penguasaan yang baik dalam Makhorijul huruf', ''),
(2024200000000006150, 'b0JSRDJPaHlGaEdlNis0bEQzRHVWdz09OmJUUmtjalJ6TkdoaU1YTTBaREJ1T1E9PQ', 2024, 2, 10, 2024100000000000004, 3055640000133, 2024200000000000130, 3055640000009, 1, 249, 83, '', 'Menunjukkan penguasaan yang sangat baik dalam Makhorijul huruf', ''),
(2024200000000006151, 'b0JSRDJPaHlGaEdlNis0bEQzRHVWdz09OmJUUmtjalJ6TkdoaU1YTTBaREJ1T1E9PQ', 2024, 2, 10, 2024100000000000004, 3055640000133, 2024200000000000130, 3055640000009, 1, 182, 74, '', 'Menunjukkan penguasaan yang cukup baik dalam Makhorijul huruf', ''),
(2024200000000006152, 'b0JSRDJPaHlGaEdlNis0bEQzRHVWdz09OmJUUmtjalJ6TkdoaU1YTTBaREJ1T1E9PQ', 2024, 2, 10, 2024100000000000004, 3055640000133, 2024200000000000130, 3055640000009, 1, 219, 80, '', 'Menunjukkan penguasaan yang baik dalam Makhorijul huruf', ''),
(2024200000000006153, 'b0JSRDJPaHlGaEdlNis0bEQzRHVWdz09OmJUUmtjalJ6TkdoaU1YTTBaREJ1T1E9PQ', 2024, 2, 10, 2024100000000000004, 3055640000133, 2024200000000000130, 3055640000009, 1, 188, 84, '', 'Menunjukkan penguasaan yang baik dalam Hukum Nun sukun dan tanwin', ''),
(2024200000000006154, 'b0JSRDJPaHlGaEdlNis0bEQzRHVWdz09OmJUUmtjalJ6TkdoaU1YTTBaREJ1T1E9PQ', 2024, 2, 10, 2024100000000000004, 3055640000133, 2024200000000000130, 3055640000009, 1, 220, 83, '', 'Menunjukkan penguasaan yang baik dalam Makhorijul huruf', ''),
(2024200000000006155, 'b0JSRDJPaHlGaEdlNis0bEQzRHVWdz09OmJUUmtjalJ6TkdoaU1YTTBaREJ1T1E9PQ', 2024, 2, 10, 2024100000000000004, 3055640000133, 2024200000000000130, 3055640000009, 1, 191, 77, '', 'Menunjukkan penguasaan yang baik dalam Makhorijul huruf', ''),
(2024200000000006156, 'b0JSRDJPaHlGaEdlNis0bEQzRHVWdz09OmJUUmtjalJ6TkdoaU1YTTBaREJ1T1E9PQ', 2024, 2, 10, 2024100000000000004, 3055640000133, 2024200000000000130, 3055640000009, 1, 252, 86, '', 'Menunjukkan penguasaan yang sangat baik dalam Hukum Nun sukun dan tanwin', ''),
(2024200000000006157, 'b0JSRDJPaHlGaEdlNis0bEQzRHVWdz09OmJUUmtjalJ6TkdoaU1YTTBaREJ1T1E9PQ', 2024, 2, 10, 2024100000000000004, 3055640000133, 2024200000000000130, 3055640000009, 1, 273, 85, '', 'Menunjukkan penguasaan yang sangat baik dalam Hukum Nun sukun dan tanwin', ''),
(2024200000000006158, 'b0JSRDJPaHlGaEdlNis0bEQzRHVWdz09OmJUUmtjalJ6TkdoaU1YTTBaREJ1T1E9PQ', 2024, 2, 10, 2024100000000000004, 3055640000133, 2024200000000000130, 3055640000009, 1, 255, 85, '', 'Menunjukkan penguasaan yang baik dalam Makhorijul huruf', ''),
(2024200000000006159, 'b0JSRDJPaHlGaEdlNis0bEQzRHVWdz09OmJUUmtjalJ6TkdoaU1YTTBaREJ1T1E9PQ', 2024, 2, 10, 2024100000000000004, 3055640000133, 2024200000000000130, 3055640000009, 1, 195, 80, '', 'Menunjukkan penguasaan yang baik dalam Makhorijul huruf', ''),
(2024200000000006160, 'b0JSRDJPaHlGaEdlNis0bEQzRHVWdz09OmJUUmtjalJ6TkdoaU1YTTBaREJ1T1E9PQ', 2024, 2, 10, 2024100000000000004, 3055640000133, 2024200000000000130, 3055640000009, 1, 256, 81, '', 'Menunjukkan penguasaan yang baik dalam Makhorijul huruf', ''),
(2024200000000006161, 'b0JSRDJPaHlGaEdlNis0bEQzRHVWdz09OmJUUmtjalJ6TkdoaU1YTTBaREJ1T1E9PQ', 2024, 2, 10, 2024100000000000004, 3055640000133, 2024200000000000130, 3055640000009, 1, 378, 79, '', 'Menunjukkan penguasaan yang baik dalam Makhorijul huruf', ''),
(2024200000000006162, 'b0JSRDJPaHlGaEdlNis0bEQzRHVWdz09OmJUUmtjalJ6TkdoaU1YTTBaREJ1T1E9PQ', 2024, 2, 10, 2024100000000000004, 3055640000133, 2024200000000000130, 3055640000009, 1, 232, 82, '', 'Menunjukkan penguasaan yang baik dalam Makhorijul huruf', ''),
(2024200000000006163, 'b0JSRDJPaHlGaEdlNis0bEQzRHVWdz09OmJUUmtjalJ6TkdoaU1YTTBaREJ1T1E9PQ', 2024, 2, 10, 2024100000000000004, 3055640000133, 2024200000000000130, 3055640000009, 1, 274, 88, '', 'Menunjukkan penguasaan yang sangat baik dalam Makhorijul huruf', ''),
(2024200000000006164, 'b0JSRDJPaHlGaEdlNis0bEQzRHVWdz09OmJUUmtjalJ6TkdoaU1YTTBaREJ1T1E9PQ', 2024, 2, 10, 2024100000000000004, 3055640000133, 2024200000000000130, 3055640000009, 1, 270, 84, '', 'Menunjukkan penguasaan yang baik dalam Makhorijul huruf', ''),
(2024200000000006165, 'b0JSRDJPaHlGaEdlNis0bEQzRHVWdz09OmJUUmtjalJ6TkdoaU1YTTBaREJ1T1E9PQ', 2024, 2, 10, 2024100000000000004, 3055640000133, 2024200000000000130, 3055640000009, 1, 260, 80, '', 'Menunjukkan penguasaan yang baik dalam Makhorijul huruf', ''),
(2024200000000006166, 'b0JSRDJPaHlGaEdlNis0bEQzRHVWdz09OmJUUmtjalJ6TkdoaU1YTTBaREJ1T1E9PQ', 2024, 2, 10, 2024100000000000004, 3055640000133, 2024200000000000130, 3055640000009, 1, 261, 81, '', 'Menunjukkan penguasaan yang baik dalam Hukum Nun sukun dan tanwin', ''),
(2024200000000006167, 'b0JSRDJPaHlGaEdlNis0bEQzRHVWdz09OmJUUmtjalJ6TkdoaU1YTTBaREJ1T1E9PQ', 2024, 2, 10, 2024100000000000004, 3055640000133, 2024200000000000130, 3055640000009, 1, 234, 74, '', 'Menunjukkan penguasaan yang cukup baik dalam Makhorijul huruf', ''),
(2024200000000006168, 'b0JSRDJPaHlGaEdlNis0bEQzRHVWdz09OmJUUmtjalJ6TkdoaU1YTTBaREJ1T1E9PQ', 2024, 2, 10, 2024100000000000004, 3055640000133, 2024200000000000130, 3055640000009, 1, 235, 75, '', 'Menunjukkan penguasaan yang baik dalam Makhorijul huruf', ''),
(2024200000000006169, 'b0JSRDJPaHlGaEdlNis0bEQzRHVWdz09OmJUUmtjalJ6TkdoaU1YTTBaREJ1T1E9PQ', 2024, 2, 10, 2024100000000000006, 3055640000133, 2024200000000000132, 3055640000009, 1, 173, 92, '', 'Menunjukkan penguasaan yang sangat baik dalam Hukum lam ta`rif', 'Perlu bimbingan dalam Hukum ro\' dan Lafdzul jalalah'),
(2024200000000006170, 'b0JSRDJPaHlGaEdlNis0bEQzRHVWdz09OmJUUmtjalJ6TkdoaU1YTTBaREJ1T1E9PQ', 2024, 2, 10, 2024100000000000006, 3055640000133, 2024200000000000132, 3055640000009, 1, 206, 79, '', 'Menunjukkan penguasaan yang baik dalam Hukum lam ta`rif', 'Perlu bimbingan dalam Hukum ro\' dan Lafdzul jalalah'),
(2024200000000006171, 'b0JSRDJPaHlGaEdlNis0bEQzRHVWdz09OmJUUmtjalJ6TkdoaU1YTTBaREJ1T1E9PQ', 2024, 2, 10, 2024100000000000006, 3055640000133, 2024200000000000132, 3055640000009, 1, 175, 91, '', 'Menunjukkan penguasaan yang sangat baik dalam Hukum lam ta`rif', 'Perlu bimbingan dalam Hukum ro\' dan Lafdzul jalalah'),
(2024200000000006172, 'b0JSRDJPaHlGaEdlNis0bEQzRHVWdz09OmJUUmtjalJ6TkdoaU1YTTBaREJ1T1E9PQ', 2024, 2, 10, 2024100000000000006, 3055640000133, 2024200000000000132, 3055640000009, 1, 209, 84, '', 'Menunjukkan penguasaan yang baik dalam Hukum lam ta`rif', 'Perlu bimbingan dalam Hukum ro\' dan Lafdzul jalalah'),
(2024200000000006173, 'b0JSRDJPaHlGaEdlNis0bEQzRHVWdz09OmJUUmtjalJ6TkdoaU1YTTBaREJ1T1E9PQ', 2024, 2, 10, 2024100000000000006, 3055640000133, 2024200000000000132, 3055640000009, 1, 176, 88, '', 'Menunjukkan penguasaan yang baik dalam Hukum lam ta`rif', 'Perlu bimbingan dalam Hukum ro\' dan Lafdzul jalalah'),
(2024200000000006174, 'b0JSRDJPaHlGaEdlNis0bEQzRHVWdz09OmJUUmtjalJ6TkdoaU1YTTBaREJ1T1E9PQ', 2024, 2, 10, 2024100000000000006, 3055640000133, 2024200000000000132, 3055640000009, 1, 237, 89, '', 'Menunjukkan penguasaan yang sangat baik dalam Hukum lam ta`rif', 'Perlu bimbingan dalam Hukum ro\' dan Lafdzul jalalah'),
(2024200000000006175, 'b0JSRDJPaHlGaEdlNis0bEQzRHVWdz09OmJUUmtjalJ6TkdoaU1YTTBaREJ1T1E9PQ', 2024, 2, 10, 2024100000000000006, 3055640000133, 2024200000000000132, 3055640000009, 1, 178, 92, '', 'Menunjukkan penguasaan yang sangat baik dalam Hukum lam ta`rif', 'Perlu bimbingan dalam Hukum ro\' dan Lafdzul jalalah'),
(2024200000000006176, 'b0JSRDJPaHlGaEdlNis0bEQzRHVWdz09OmJUUmtjalJ6TkdoaU1YTTBaREJ1T1E9PQ', 2024, 2, 10, 2024100000000000006, 3055640000133, 2024200000000000132, 3055640000009, 1, 179, 79, '', 'Menunjukkan penguasaan yang baik dalam Hukum lam ta`rif', 'Perlu bimbingan dalam Hukum ro\' dan Lafdzul jalalah'),
(2024200000000006177, 'b0JSRDJPaHlGaEdlNis0bEQzRHVWdz09OmJUUmtjalJ6TkdoaU1YTTBaREJ1T1E9PQ', 2024, 2, 10, 2024100000000000006, 3055640000133, 2024200000000000132, 3055640000009, 1, 239, 82, '', 'Menunjukkan penguasaan yang baik dalam Hukum lam ta`rif', 'Perlu bimbingan dalam Hukum ro\' dan Lafdzul jalalah'),
(2024200000000006178, 'b0JSRDJPaHlGaEdlNis0bEQzRHVWdz09OmJUUmtjalJ6TkdoaU1YTTBaREJ1T1E9PQ', 2024, 2, 10, 2024100000000000006, 3055640000133, 2024200000000000132, 3055640000009, 1, 213, 89, '', 'Menunjukkan penguasaan yang sangat baik dalam Hukum lam ta`rif', 'Perlu bimbingan dalam Hukum ro\' dan Lafdzul jalalah'),
(2024200000000006179, 'b0JSRDJPaHlGaEdlNis0bEQzRHVWdz09OmJUUmtjalJ6TkdoaU1YTTBaREJ1T1E9PQ', 2024, 2, 10, 2024100000000000006, 3055640000133, 2024200000000000132, 3055640000009, 1, 180, 69, '', 'Menunjukkan penguasaan yang cukup baik dalam Hukum lam ta`rif', 'Perlu bimbingan dalam Hukum lam ta`rif'),
(2024200000000006180, 'b0JSRDJPaHlGaEdlNis0bEQzRHVWdz09OmJUUmtjalJ6TkdoaU1YTTBaREJ1T1E9PQ', 2024, 2, 10, 2024100000000000006, 3055640000133, 2024200000000000132, 3055640000009, 1, 250, 89, '', 'Menunjukkan penguasaan yang sangat baik dalam Hukum lam ta`rif', 'Perlu bimbingan dalam Hukum ro\' dan Lafdzul jalalah'),
(2024200000000006181, 'b0JSRDJPaHlGaEdlNis0bEQzRHVWdz09OmJUUmtjalJ6TkdoaU1YTTBaREJ1T1E9PQ', 2024, 2, 10, 2024100000000000006, 3055640000133, 2024200000000000132, 3055640000009, 1, 183, 89, '', 'Menunjukkan penguasaan yang baik dalam Hukum lam ta`rif', 'Perlu bimbingan dalam Hukum ro\' dan Lafdzul jalalah'),
(2024200000000006182, 'b0JSRDJPaHlGaEdlNis0bEQzRHVWdz09OmJUUmtjalJ6TkdoaU1YTTBaREJ1T1E9PQ', 2024, 2, 10, 2024100000000000006, 3055640000133, 2024200000000000132, 3055640000009, 1, 218, 87, '', 'Menunjukkan penguasaan yang baik dalam Hukum lam ta`rif', 'Perlu bimbingan dalam Hukum ro\' dan Lafdzul jalalah'),
(2024200000000006183, 'b0JSRDJPaHlGaEdlNis0bEQzRHVWdz09OmJUUmtjalJ6TkdoaU1YTTBaREJ1T1E9PQ', 2024, 2, 10, 2024100000000000006, 3055640000133, 2024200000000000132, 3055640000009, 1, 185, 81, '', 'Menunjukkan penguasaan yang baik dalam Hukum lam ta`rif', 'Perlu bimbingan dalam Hukum ro\' dan Lafdzul jalalah'),
(2024200000000006184, 'b0JSRDJPaHlGaEdlNis0bEQzRHVWdz09OmJUUmtjalJ6TkdoaU1YTTBaREJ1T1E9PQ', 2024, 2, 10, 2024100000000000006, 3055640000133, 2024200000000000132, 3055640000009, 1, 186, 89, '', 'Menunjukkan penguasaan yang sangat baik dalam Hukum lam ta`rif', 'Perlu bimbingan dalam Hukum ro\' dan Lafdzul jalalah'),
(2024200000000006185, 'b0JSRDJPaHlGaEdlNis0bEQzRHVWdz09OmJUUmtjalJ6TkdoaU1YTTBaREJ1T1E9PQ', 2024, 2, 10, 2024100000000000006, 3055640000133, 2024200000000000132, 3055640000009, 1, 189, 79, '', 'Menunjukkan penguasaan yang baik dalam Hukum lam ta`rif', 'Perlu bimbingan dalam Hukum ro\' dan Lafdzul jalalah'),
(2024200000000006186, 'b0JSRDJPaHlGaEdlNis0bEQzRHVWdz09OmJUUmtjalJ6TkdoaU1YTTBaREJ1T1E9PQ', 2024, 2, 10, 2024100000000000006, 3055640000133, 2024200000000000132, 3055640000009, 1, 222, 83, '', 'Menunjukkan penguasaan yang baik dalam Hukum lam ta`rif', 'Perlu bimbingan dalam Hukum ro\' dan Lafdzul jalalah'),
(2024200000000006187, 'b0JSRDJPaHlGaEdlNis0bEQzRHVWdz09OmJUUmtjalJ6TkdoaU1YTTBaREJ1T1E9PQ', 2024, 2, 10, 2024100000000000006, 3055640000133, 2024200000000000132, 3055640000009, 1, 194, 78, '', 'Menunjukkan penguasaan yang baik dalam Hukum lam ta`rif', 'Perlu bimbingan dalam Hukum ro\' dan Lafdzul jalalah'),
(2024200000000006188, 'b0JSRDJPaHlGaEdlNis0bEQzRHVWdz09OmJUUmtjalJ6TkdoaU1YTTBaREJ1T1E9PQ', 2024, 2, 10, 2024100000000000006, 3055640000133, 2024200000000000132, 3055640000009, 1, 254, 77, '', 'Menunjukkan penguasaan yang baik dalam Hukum lam ta`rif', 'Perlu bimbingan dalam Hukum ro\' dan Lafdzul jalalah'),
(2024200000000006189, 'b0JSRDJPaHlGaEdlNis0bEQzRHVWdz09OmJUUmtjalJ6TkdoaU1YTTBaREJ1T1E9PQ', 2024, 2, 10, 2024100000000000006, 3055640000133, 2024200000000000132, 3055640000009, 1, 225, 82, '', 'Menunjukkan penguasaan yang baik dalam Hukum lam ta`rif', 'Perlu bimbingan dalam Hukum ro\' dan Lafdzul jalalah'),
(2024200000000006190, 'b0JSRDJPaHlGaEdlNis0bEQzRHVWdz09OmJUUmtjalJ6TkdoaU1YTTBaREJ1T1E9PQ', 2024, 2, 10, 2024100000000000006, 3055640000133, 2024200000000000132, 3055640000009, 1, 227, 82, '', 'Menunjukkan penguasaan yang baik dalam Hukum lam ta`rif', 'Perlu bimbingan dalam Hukum ro\' dan Lafdzul jalalah'),
(2024200000000006191, 'b0JSRDJPaHlGaEdlNis0bEQzRHVWdz09OmJUUmtjalJ6TkdoaU1YTTBaREJ1T1E9PQ', 2024, 2, 10, 2024100000000000006, 3055640000133, 2024200000000000132, 3055640000009, 1, 196, 80, '', 'Menunjukkan penguasaan yang baik dalam Hukum lam ta`rif', 'Perlu bimbingan dalam Hukum ro\' dan Lafdzul jalalah'),
(2024200000000006192, 'b0JSRDJPaHlGaEdlNis0bEQzRHVWdz09OmJUUmtjalJ6TkdoaU1YTTBaREJ1T1E9PQ', 2024, 2, 10, 2024100000000000006, 3055640000133, 2024200000000000132, 3055640000009, 1, 228, 87, '', 'Menunjukkan penguasaan yang baik dalam Hukum lam ta`rif', 'Perlu bimbingan dalam Hukum ro\' dan Lafdzul jalalah'),
(2024200000000006193, 'b0JSRDJPaHlGaEdlNis0bEQzRHVWdz09OmJUUmtjalJ6TkdoaU1YTTBaREJ1T1E9PQ', 2024, 2, 10, 2024100000000000006, 3055640000133, 2024200000000000132, 3055640000009, 1, 205, 77, '', 'Menunjukkan penguasaan yang baik dalam Hukum lam ta`rif', 'Perlu bimbingan dalam Hukum ro\' dan Lafdzul jalalah'),
(2024200000000006194, 'b0JSRDJPaHlGaEdlNis0bEQzRHVWdz09OmJUUmtjalJ6TkdoaU1YTTBaREJ1T1E9PQ', 2024, 2, 10, 2024100000000000006, 3055640000133, 2024200000000000132, 3055640000009, 1, 229, 81, '', 'Menunjukkan penguasaan yang baik dalam Hukum lam ta`rif', 'Perlu bimbingan dalam Hukum ro\' dan Lafdzul jalalah'),
(2024200000000006195, 'b0JSRDJPaHlGaEdlNis0bEQzRHVWdz09OmJUUmtjalJ6TkdoaU1YTTBaREJ1T1E9PQ', 2024, 2, 10, 2024100000000000006, 3055640000133, 2024200000000000132, 3055640000009, 1, 230, 90, '', 'Menunjukkan penguasaan yang sangat baik dalam Hukum lam ta`rif', 'Perlu bimbingan dalam Hukum ro\' dan Lafdzul jalalah'),
(2024200000000006196, 'b0JSRDJPaHlGaEdlNis0bEQzRHVWdz09OmJUUmtjalJ6TkdoaU1YTTBaREJ1T1E9PQ', 2024, 2, 10, 2024100000000000006, 3055640000133, 2024200000000000132, 3055640000009, 1, 266, 84, '', 'Menunjukkan penguasaan yang baik dalam Hukum lam ta`rif', 'Perlu bimbingan dalam Hukum ro\' dan Lafdzul jalalah'),
(2024200000000006197, 'b0JSRDJPaHlGaEdlNis0bEQzRHVWdz09OmJUUmtjalJ6TkdoaU1YTTBaREJ1T1E9PQ', 2024, 2, 10, 2024100000000000006, 3055640000133, 2024200000000000132, 3055640000009, 1, 198, 86, '', 'Menunjukkan penguasaan yang baik dalam Hukum lam ta`rif', 'Perlu bimbingan dalam Hukum ro\' dan Lafdzul jalalah'),
(2024200000000006198, 'b0JSRDJPaHlGaEdlNis0bEQzRHVWdz09OmJUUmtjalJ6TkdoaU1YTTBaREJ1T1E9PQ', 2024, 2, 10, 2024100000000000006, 3055640000133, 2024200000000000132, 3055640000009, 1, 259, 79, '', 'Menunjukkan penguasaan yang baik dalam Hukum lam ta`rif', 'Perlu bimbingan dalam Hukum ro\' dan Lafdzul jalalah'),
(2024200000000006199, 'b0JSRDJPaHlGaEdlNis0bEQzRHVWdz09OmJUUmtjalJ6TkdoaU1YTTBaREJ1T1E9PQ', 2024, 2, 10, 2024100000000000006, 3055640000133, 2024200000000000132, 3055640000009, 1, 233, 82, '', 'Menunjukkan penguasaan yang baik dalam Hukum lam ta`rif', 'Perlu bimbingan dalam Hukum ro\' dan Lafdzul jalalah'),
(2024200000000006200, 'b0JSRDJPaHlGaEdlNis0bEQzRHVWdz09OmJUUmtjalJ6TkdoaU1YTTBaREJ1T1E9PQ', 2024, 2, 10, 2024100000000000006, 3055640000133, 2024200000000000132, 3055640000009, 1, 199, 87, '', 'Menunjukkan penguasaan yang baik dalam Hukum lam ta`rif', 'Perlu bimbingan dalam Hukum ro\' dan Lafdzul jalalah'),
(2024200000000006201, 'b0JSRDJPaHlGaEdlNis0bEQzRHVWdz09OmJUUmtjalJ6TkdoaU1YTTBaREJ1T1E9PQ', 2024, 2, 10, 2024100000000000006, 3055640000133, 2024200000000000132, 3055640000009, 1, 201, 85, '', 'Menunjukkan penguasaan yang baik dalam Hukum lam ta`rif', 'Perlu bimbingan dalam Hukum ro\' dan Lafdzul jalalah'),
(2024200000000006202, 'b0JSRDJPaHlGaEdlNis0bEQzRHVWdz09OmJUUmtjalJ6TkdoaU1YTTBaREJ1T1E9PQ', 2024, 2, 10, 2024100000000000006, 3055640000133, 2024200000000000132, 3055640000009, 1, 263, 82, '', 'Menunjukkan penguasaan yang baik dalam Hukum lam ta`rif', 'Perlu bimbingan dalam Hukum ro\' dan Lafdzul jalalah'),
(2024200000000006203, 'b0JSRDJPaHlGaEdlNis0bEQzRHVWdz09OmJUUmtjalJ6TkdoaU1YTTBaREJ1T1E9PQ', 2024, 2, 10, 2024100000000000005, 3055640000133, 2024200000000000131, 3055640000009, 1, 236, 88, '', 'Menunjukkan penguasaan yang sangat baik dalam Hukum Lam Ta`rif', ''),
(2024200000000006204, 'b0JSRDJPaHlGaEdlNis0bEQzRHVWdz09OmJUUmtjalJ6TkdoaU1YTTBaREJ1T1E9PQ', 2024, 2, 10, 2024100000000000005, 3055640000133, 2024200000000000131, 3055640000009, 1, 174, 89, '', 'Menunjukkan penguasaan yang sangat baik dalam Hukum Lam Ta`rif', ''),
(2024200000000006205, 'b0JSRDJPaHlGaEdlNis0bEQzRHVWdz09OmJUUmtjalJ6TkdoaU1YTTBaREJ1T1E9PQ', 2024, 2, 10, 2024100000000000005, 3055640000133, 2024200000000000131, 3055640000009, 1, 208, 85, '', 'Menunjukkan penguasaan yang baik dalam Hukum ro` dan lafdzul jalalah', ''),
(2024200000000006206, 'b0JSRDJPaHlGaEdlNis0bEQzRHVWdz09OmJUUmtjalJ6TkdoaU1YTTBaREJ1T1E9PQ', 2024, 2, 10, 2024100000000000005, 3055640000133, 2024200000000000131, 3055640000009, 1, 210, 82, '', 'Menunjukkan penguasaan yang baik dalam Hukum Lam Ta`rif', ''),
(2024200000000006207, 'b0JSRDJPaHlGaEdlNis0bEQzRHVWdz09OmJUUmtjalJ6TkdoaU1YTTBaREJ1T1E9PQ', 2024, 2, 10, 2024100000000000005, 3055640000133, 2024200000000000131, 3055640000009, 1, 177, 83, '', 'Menunjukkan penguasaan yang baik dalam Hukum ro` dan lafdzul jalalah', ''),
(2024200000000006208, 'b0JSRDJPaHlGaEdlNis0bEQzRHVWdz09OmJUUmtjalJ6TkdoaU1YTTBaREJ1T1E9PQ', 2024, 2, 10, 2024100000000000005, 3055640000133, 2024200000000000131, 3055640000009, 1, 211, 83, '', 'Menunjukkan penguasaan yang baik dalam Hukum Lam Ta`rif', ''),
(2024200000000006209, 'b0JSRDJPaHlGaEdlNis0bEQzRHVWdz09OmJUUmtjalJ6TkdoaU1YTTBaREJ1T1E9PQ', 2024, 2, 10, 2024100000000000005, 3055640000133, 2024200000000000131, 3055640000009, 1, 212, 81, '', 'Menunjukkan penguasaan yang baik dalam Hukum Lam Ta`rif', ''),
(2024200000000006210, 'b0JSRDJPaHlGaEdlNis0bEQzRHVWdz09OmJUUmtjalJ6TkdoaU1YTTBaREJ1T1E9PQ', 2024, 2, 10, 2024100000000000005, 3055640000133, 2024200000000000131, 3055640000009, 1, 265, 89, '', 'Menunjukkan penguasaan yang sangat baik dalam Hukum Lam Ta`rif', ''),
(2024200000000006211, 'b0JSRDJPaHlGaEdlNis0bEQzRHVWdz09OmJUUmtjalJ6TkdoaU1YTTBaREJ1T1E9PQ', 2024, 2, 10, 2024100000000000005, 3055640000133, 2024200000000000131, 3055640000009, 1, 247, 80, '', 'Menunjukkan penguasaan yang baik dalam Hukum Lam Ta`rif', ''),
(2024200000000006212, 'b0JSRDJPaHlGaEdlNis0bEQzRHVWdz09OmJUUmtjalJ6TkdoaU1YTTBaREJ1T1E9PQ', 2024, 2, 10, 2024100000000000005, 3055640000133, 2024200000000000131, 3055640000009, 1, 181, 85, '', 'Menunjukkan penguasaan yang baik dalam Hukum Lam Ta`rif', ''),
(2024200000000006213, 'b0JSRDJPaHlGaEdlNis0bEQzRHVWdz09OmJUUmtjalJ6TkdoaU1YTTBaREJ1T1E9PQ', 2024, 2, 10, 2024100000000000005, 3055640000133, 2024200000000000131, 3055640000009, 1, 251, 78, '', 'Menunjukkan penguasaan yang baik dalam Hukum ro` dan lafdzul jalalah', ''),
(2024200000000006214, 'b0JSRDJPaHlGaEdlNis0bEQzRHVWdz09OmJUUmtjalJ6TkdoaU1YTTBaREJ1T1E9PQ', 2024, 2, 10, 2024100000000000005, 3055640000133, 2024200000000000131, 3055640000009, 1, 221, 79, '', 'Menunjukkan penguasaan yang baik dalam Hukum Lam Ta`rif', ''),
(2024200000000006215, 'b0JSRDJPaHlGaEdlNis0bEQzRHVWdz09OmJUUmtjalJ6TkdoaU1YTTBaREJ1T1E9PQ', 2024, 2, 10, 2024100000000000005, 3055640000133, 2024200000000000131, 3055640000009, 1, 192, 83, '', 'Menunjukkan penguasaan yang baik dalam Hukum Lam Ta`rif', ''),
(2024200000000006216, 'b0JSRDJPaHlGaEdlNis0bEQzRHVWdz09OmJUUmtjalJ6TkdoaU1YTTBaREJ1T1E9PQ', 2024, 2, 10, 2024100000000000005, 3055640000133, 2024200000000000131, 3055640000009, 1, 193, 69, '', 'Menunjukkan penguasaan yang cukup baik dalam Hukum Lam Ta`rif', ''),
(2024200000000006217, 'b0JSRDJPaHlGaEdlNis0bEQzRHVWdz09OmJUUmtjalJ6TkdoaU1YTTBaREJ1T1E9PQ', 2024, 2, 10, 2024100000000000005, 3055640000133, 2024200000000000131, 3055640000009, 1, 253, 78, '', 'Menunjukkan penguasaan yang baik dalam Hukum Lam Ta`rif', ''),
(2024200000000006218, 'b0JSRDJPaHlGaEdlNis0bEQzRHVWdz09OmJUUmtjalJ6TkdoaU1YTTBaREJ1T1E9PQ', 2024, 2, 10, 2024100000000000005, 3055640000133, 2024200000000000131, 3055640000009, 1, 223, 77, '', 'Menunjukkan penguasaan yang baik dalam Hukum Lam Ta`rif', ''),
(2024200000000006219, 'b0JSRDJPaHlGaEdlNis0bEQzRHVWdz09OmJUUmtjalJ6TkdoaU1YTTBaREJ1T1E9PQ', 2024, 2, 10, 2024100000000000005, 3055640000133, 2024200000000000131, 3055640000009, 1, 224, 81, '', 'Menunjukkan penguasaan yang baik dalam Hukum Lam Ta`rif', ''),
(2024200000000006220, 'b0JSRDJPaHlGaEdlNis0bEQzRHVWdz09OmJUUmtjalJ6TkdoaU1YTTBaREJ1T1E9PQ', 2024, 2, 10, 2024100000000000005, 3055640000133, 2024200000000000131, 3055640000009, 1, 226, 79, '', 'Menunjukkan penguasaan yang baik dalam Hukum ro` dan lafdzul jalalah', ''),
(2024200000000006221, 'b0JSRDJPaHlGaEdlNis0bEQzRHVWdz09OmJUUmtjalJ6TkdoaU1YTTBaREJ1T1E9PQ', 2024, 2, 10, 2024100000000000005, 3055640000133, 2024200000000000131, 3055640000009, 1, 275, 81, '', 'Menunjukkan penguasaan yang baik dalam Hukum ro` dan lafdzul jalalah', ''),
(2024200000000006222, 'b0JSRDJPaHlGaEdlNis0bEQzRHVWdz09OmJUUmtjalJ6TkdoaU1YTTBaREJ1T1E9PQ', 2024, 2, 10, 2024100000000000005, 3055640000133, 2024200000000000131, 3055640000009, 1, 268, 88, '', 'Menunjukkan penguasaan yang sangat baik dalam Hukum ro` dan lafdzul jalalah', ''),
(2024200000000006223, 'b0JSRDJPaHlGaEdlNis0bEQzRHVWdz09OmJUUmtjalJ6TkdoaU1YTTBaREJ1T1E9PQ', 2024, 2, 10, 2024100000000000005, 3055640000133, 2024200000000000131, 3055640000009, 1, 257, 77, '', 'Menunjukkan penguasaan yang baik dalam Hukum ro` dan lafdzul jalalah', ''),
(2024200000000006224, 'b0JSRDJPaHlGaEdlNis0bEQzRHVWdz09OmJUUmtjalJ6TkdoaU1YTTBaREJ1T1E9PQ', 2024, 2, 10, 2024100000000000005, 3055640000133, 2024200000000000131, 3055640000009, 1, 258, 83, '', 'Menunjukkan penguasaan yang baik dalam Hukum Lam Ta`rif', ''),
(2024200000000006225, 'b0JSRDJPaHlGaEdlNis0bEQzRHVWdz09OmJUUmtjalJ6TkdoaU1YTTBaREJ1T1E9PQ', 2024, 2, 10, 2024100000000000005, 3055640000133, 2024200000000000131, 3055640000009, 1, 231, 91, '', 'Menunjukkan penguasaan yang sangat baik dalam Hukum Lam Ta`rif', ''),
(2024200000000006226, 'b0JSRDJPaHlGaEdlNis0bEQzRHVWdz09OmJUUmtjalJ6TkdoaU1YTTBaREJ1T1E9PQ', 2024, 2, 10, 2024100000000000005, 3055640000133, 2024200000000000131, 3055640000009, 1, 269, 85, '', 'Menunjukkan penguasaan yang sangat baik dalam Hukum ro` dan lafdzul jalalah', ''),
(2024200000000006227, 'b0JSRDJPaHlGaEdlNis0bEQzRHVWdz09OmJUUmtjalJ6TkdoaU1YTTBaREJ1T1E9PQ', 2024, 2, 10, 2024100000000000005, 3055640000133, 2024200000000000131, 3055640000009, 1, 197, 75, '', 'Menunjukkan penguasaan yang baik dalam Hukum ro` dan lafdzul jalalah', ''),
(2024200000000006228, 'b0JSRDJPaHlGaEdlNis0bEQzRHVWdz09OmJUUmtjalJ6TkdoaU1YTTBaREJ1T1E9PQ', 2024, 2, 10, 2024100000000000005, 3055640000133, 2024200000000000131, 3055640000009, 1, 200, 88, '', 'Menunjukkan penguasaan yang baik dalam Hukum ro` dan lafdzul jalalah', ''),
(2024200000000006229, 'b0JSRDJPaHlGaEdlNis0bEQzRHVWdz09OmJUUmtjalJ6TkdoaU1YTTBaREJ1T1E9PQ', 2024, 2, 10, 2024100000000000005, 3055640000133, 2024200000000000131, 3055640000009, 1, 202, 86, '', 'Menunjukkan penguasaan yang baik dalam Hukum Lam Ta`rif', ''),
(2024200000000006230, 'b0JSRDJPaHlGaEdlNis0bEQzRHVWdz09OmJUUmtjalJ6TkdoaU1YTTBaREJ1T1E9PQ', 2024, 2, 10, 2024100000000000005, 3055640000133, 2024200000000000131, 3055640000009, 1, 203, 84, '', 'Menunjukkan penguasaan yang baik dalam Hukum ro` dan lafdzul jalalah', ''),
(2024200000000006231, 'b0JSRDJPaHlGaEdlNis0bEQzRHVWdz09OmJUUmtjalJ6TkdoaU1YTTBaREJ1T1E9PQ', 2024, 2, 10, 2024100000000000005, 3055640000133, 2024200000000000131, 3055640000009, 1, 264, 83, '', 'Menunjukkan penguasaan yang baik dalam Hukum Lam Ta`rif', ''),
(2024200000000006232, 'b0JSRDJPaHlGaEdlNis0bEQzRHVWdz09OmJUUmtjalJ6TkdoaU1YTTBaREJ1T1E9PQ', 2024, 2, 9, 2024100000000000002, 3055640000133, 2024200000000000071, 3055640000009, 1, 313, 81, '', 'Menunjukkan penguasaan yang baik dalam Hukum nun sukun dan tanwin', ''),
(2024200000000006233, 'b0JSRDJPaHlGaEdlNis0bEQzRHVWdz09OmJUUmtjalJ6TkdoaU1YTTBaREJ1T1E9PQ', 2024, 2, 9, 2024100000000000002, 3055640000133, 2024200000000000071, 3055640000009, 1, 314, 84, '', 'Menunjukkan penguasaan yang baik dalam Makhorihul huruf', ''),
(2024200000000006234, 'b0JSRDJPaHlGaEdlNis0bEQzRHVWdz09OmJUUmtjalJ6TkdoaU1YTTBaREJ1T1E9PQ', 2024, 2, 9, 2024100000000000002, 3055640000133, 2024200000000000071, 3055640000009, 1, 315, 84, '', 'Menunjukkan penguasaan yang baik dalam Makhorihul huruf', ''),
(2024200000000006235, 'b0JSRDJPaHlGaEdlNis0bEQzRHVWdz09OmJUUmtjalJ6TkdoaU1YTTBaREJ1T1E9PQ', 2024, 2, 9, 2024100000000000002, 3055640000133, 2024200000000000071, 3055640000009, 1, 316, 86, '', 'Menunjukkan penguasaan yang baik dalam Hukum nun sukun dan tanwin', ''),
(2024200000000006236, 'b0JSRDJPaHlGaEdlNis0bEQzRHVWdz09OmJUUmtjalJ6TkdoaU1YTTBaREJ1T1E9PQ', 2024, 2, 9, 2024100000000000002, 3055640000133, 2024200000000000071, 3055640000009, 1, 317, 86, '', 'Menunjukkan penguasaan yang sangat baik dalam Hukum nun sukun dan tanwin', ''),
(2024200000000006237, 'b0JSRDJPaHlGaEdlNis0bEQzRHVWdz09OmJUUmtjalJ6TkdoaU1YTTBaREJ1T1E9PQ', 2024, 2, 9, 2024100000000000002, 3055640000133, 2024200000000000071, 3055640000009, 1, 318, 84, '', 'Menunjukkan penguasaan yang sangat baik dalam Makhorihul huruf', ''),
(2024200000000006238, 'b0JSRDJPaHlGaEdlNis0bEQzRHVWdz09OmJUUmtjalJ6TkdoaU1YTTBaREJ1T1E9PQ', 2024, 2, 9, 2024100000000000002, 3055640000133, 2024200000000000071, 3055640000009, 1, 319, 71, '', 'Menunjukkan penguasaan yang baik dalam Makhorihul huruf', 'Perlu bimbingan dalam Hukum nun sukun dan tanwin'),
(2024200000000006239, 'b0JSRDJPaHlGaEdlNis0bEQzRHVWdz09OmJUUmtjalJ6TkdoaU1YTTBaREJ1T1E9PQ', 2024, 2, 9, 2024100000000000002, 3055640000133, 2024200000000000071, 3055640000009, 1, 320, 85, '', 'Menunjukkan penguasaan yang baik dalam Hukum nun sukun dan tanwin', ''),
(2024200000000006240, 'b0JSRDJPaHlGaEdlNis0bEQzRHVWdz09OmJUUmtjalJ6TkdoaU1YTTBaREJ1T1E9PQ', 2024, 2, 9, 2024100000000000002, 3055640000133, 2024200000000000071, 3055640000009, 1, 321, 83, '', 'Menunjukkan penguasaan yang baik dalam Hukum nun sukun dan tanwin', ''),
(2024200000000006241, 'b0JSRDJPaHlGaEdlNis0bEQzRHVWdz09OmJUUmtjalJ6TkdoaU1YTTBaREJ1T1E9PQ', 2024, 2, 9, 2024100000000000002, 3055640000133, 2024200000000000071, 3055640000009, 1, 322, 86, '', 'Menunjukkan penguasaan yang baik dalam Makhorihul huruf', ''),
(2024200000000006242, 'b0JSRDJPaHlGaEdlNis0bEQzRHVWdz09OmJUUmtjalJ6TkdoaU1YTTBaREJ1T1E9PQ', 2024, 2, 9, 2024100000000000002, 3055640000133, 2024200000000000071, 3055640000009, 1, 323, 88, '', 'Menunjukkan penguasaan yang baik dalam Hukum nun sukun dan tanwin', ''),
(2024200000000006243, 'b0JSRDJPaHlGaEdlNis0bEQzRHVWdz09OmJUUmtjalJ6TkdoaU1YTTBaREJ1T1E9PQ', 2024, 2, 9, 2024100000000000002, 3055640000133, 2024200000000000071, 3055640000009, 1, 324, 81, '', 'Menunjukkan penguasaan yang baik dalam Makhorihul huruf', ''),
(2024200000000006244, 'b0JSRDJPaHlGaEdlNis0bEQzRHVWdz09OmJUUmtjalJ6TkdoaU1YTTBaREJ1T1E9PQ', 2024, 2, 9, 2024100000000000002, 3055640000133, 2024200000000000071, 3055640000009, 1, 325, 86, '', 'Menunjukkan penguasaan yang sangat baik dalam Hukum nun sukun dan tanwin', ''),
(2024200000000006245, 'b0JSRDJPaHlGaEdlNis0bEQzRHVWdz09OmJUUmtjalJ6TkdoaU1YTTBaREJ1T1E9PQ', 2024, 2, 9, 2024100000000000002, 3055640000133, 2024200000000000071, 3055640000009, 1, 326, 82, '', 'Menunjukkan penguasaan yang baik dalam Makhorihul huruf', ''),
(2024200000000006246, 'b0JSRDJPaHlGaEdlNis0bEQzRHVWdz09OmJUUmtjalJ6TkdoaU1YTTBaREJ1T1E9PQ', 2024, 2, 9, 2024100000000000002, 3055640000133, 2024200000000000071, 3055640000009, 1, 327, 82, '', 'Menunjukkan penguasaan yang sangat baik dalam Makhorihul huruf', '');
INSERT INTO `e_rapor` (`rapor_id`, `lembaga_id`, `tahunajaran_id`, `semester_id`, `tingkat_id`, `kelas_id`, `mapel_id`, `ajar_id`, `guru_id`, `jenisnilai_id`, `siswa_id`, `rapor_nilai`, `rapor_predikat`, `rapor_deskripsi`, `rapor_deskmin`) VALUES
(2024200000000006247, 'b0JSRDJPaHlGaEdlNis0bEQzRHVWdz09OmJUUmtjalJ6TkdoaU1YTTBaREJ1T1E9PQ', 2024, 2, 9, 2024100000000000002, 3055640000133, 2024200000000000071, 3055640000009, 1, 328, 88, '', 'Menunjukkan penguasaan yang sangat baik dalam Hukum nun sukun dan tanwin', ''),
(2024200000000006248, 'b0JSRDJPaHlGaEdlNis0bEQzRHVWdz09OmJUUmtjalJ6TkdoaU1YTTBaREJ1T1E9PQ', 2024, 2, 9, 2024100000000000002, 3055640000133, 2024200000000000071, 3055640000009, 1, 329, 81, '', 'Menunjukkan penguasaan yang baik dalam Makhorihul huruf', ''),
(2024200000000006249, 'b0JSRDJPaHlGaEdlNis0bEQzRHVWdz09OmJUUmtjalJ6TkdoaU1YTTBaREJ1T1E9PQ', 2024, 2, 9, 2024100000000000002, 3055640000133, 2024200000000000071, 3055640000009, 1, 330, 83, '', 'Menunjukkan penguasaan yang baik dalam Makhorihul huruf', ''),
(2024200000000006250, 'b0JSRDJPaHlGaEdlNis0bEQzRHVWdz09OmJUUmtjalJ6TkdoaU1YTTBaREJ1T1E9PQ', 2024, 2, 9, 2024100000000000002, 3055640000133, 2024200000000000071, 3055640000009, 1, 331, 83, '', 'Menunjukkan penguasaan yang baik dalam Hukum nun sukun dan tanwin', ''),
(2024200000000006251, 'b0JSRDJPaHlGaEdlNis0bEQzRHVWdz09OmJUUmtjalJ6TkdoaU1YTTBaREJ1T1E9PQ', 2024, 2, 9, 2024100000000000002, 3055640000133, 2024200000000000071, 3055640000009, 1, 332, 83, '', 'Menunjukkan penguasaan yang baik dalam Makhorihul huruf', ''),
(2024200000000006252, 'b0JSRDJPaHlGaEdlNis0bEQzRHVWdz09OmJUUmtjalJ6TkdoaU1YTTBaREJ1T1E9PQ', 2024, 2, 9, 2024100000000000002, 3055640000133, 2024200000000000071, 3055640000009, 1, 333, 85, '', 'Menunjukkan penguasaan yang baik dalam Hukum nun sukun dan tanwin', ''),
(2024200000000006253, 'b0JSRDJPaHlGaEdlNis0bEQzRHVWdz09OmJUUmtjalJ6TkdoaU1YTTBaREJ1T1E9PQ', 2024, 2, 9, 2024100000000000002, 3055640000133, 2024200000000000071, 3055640000009, 1, 334, 81, '', 'Menunjukkan penguasaan yang baik dalam Makhorihul huruf', ''),
(2024200000000006254, 'b0JSRDJPaHlGaEdlNis0bEQzRHVWdz09OmJUUmtjalJ6TkdoaU1YTTBaREJ1T1E9PQ', 2024, 2, 9, 2024100000000000002, 3055640000133, 2024200000000000071, 3055640000009, 1, 335, 86, '', 'Menunjukkan penguasaan yang baik dalam Makhorihul huruf', ''),
(2024200000000006255, 'b0JSRDJPaHlGaEdlNis0bEQzRHVWdz09OmJUUmtjalJ6TkdoaU1YTTBaREJ1T1E9PQ', 2024, 2, 9, 2024100000000000002, 3055640000133, 2024200000000000071, 3055640000009, 1, 336, 87, '', 'Menunjukkan penguasaan yang baik dalam Makhorihul huruf', ''),
(2024200000000006256, 'b0JSRDJPaHlGaEdlNis0bEQzRHVWdz09OmJUUmtjalJ6TkdoaU1YTTBaREJ1T1E9PQ', 2024, 2, 9, 2024100000000000002, 3055640000133, 2024200000000000071, 3055640000009, 1, 337, 82, '', 'Menunjukkan penguasaan yang baik dalam Hukum nun sukun dan tanwin', ''),
(2024200000000006257, 'b0JSRDJPaHlGaEdlNis0bEQzRHVWdz09OmJUUmtjalJ6TkdoaU1YTTBaREJ1T1E9PQ', 2024, 2, 9, 2024100000000000002, 3055640000133, 2024200000000000071, 3055640000009, 1, 338, 87, '', 'Menunjukkan penguasaan yang baik dalam Hukum nun sukun dan tanwin', ''),
(2024200000000006258, 'b0JSRDJPaHlGaEdlNis0bEQzRHVWdz09OmJUUmtjalJ6TkdoaU1YTTBaREJ1T1E9PQ', 2024, 2, 9, 2024100000000000002, 3055640000133, 2024200000000000071, 3055640000009, 1, 339, 84, '', 'Menunjukkan penguasaan yang baik dalam Hukum nun sukun dan tanwin', ''),
(2024200000000006259, 'b0JSRDJPaHlGaEdlNis0bEQzRHVWdz09OmJUUmtjalJ6TkdoaU1YTTBaREJ1T1E9PQ', 2024, 2, 9, 2024100000000000002, 3055640000133, 2024200000000000071, 3055640000009, 1, 340, 85, '', 'Menunjukkan penguasaan yang baik dalam Hukum nun sukun dan tanwin', ''),
(2024200000000006260, 'b0JSRDJPaHlGaEdlNis0bEQzRHVWdz09OmJUUmtjalJ6TkdoaU1YTTBaREJ1T1E9PQ', 2024, 2, 9, 2024100000000000002, 3055640000133, 2024200000000000071, 3055640000009, 1, 341, 83, '', 'Menunjukkan penguasaan yang baik dalam Hukum nun sukun dan tanwin', ''),
(2024200000000006261, 'b0JSRDJPaHlGaEdlNis0bEQzRHVWdz09OmJUUmtjalJ6TkdoaU1YTTBaREJ1T1E9PQ', 2024, 2, 9, 2024100000000000002, 3055640000133, 2024200000000000071, 3055640000009, 1, 342, 81, '', 'Menunjukkan penguasaan yang baik dalam Hukum nun sukun dan tanwin', ''),
(2024200000000006262, 'b0JSRDJPaHlGaEdlNis0bEQzRHVWdz09OmJUUmtjalJ6TkdoaU1YTTBaREJ1T1E9PQ', 2024, 2, 9, 2024100000000000002, 3055640000133, 2024200000000000071, 3055640000009, 1, 343, 84, '', 'Menunjukkan penguasaan yang baik dalam Hukum nun sukun dan tanwin', ''),
(2024200000000006263, 'b0JSRDJPaHlGaEdlNis0bEQzRHVWdz09OmJUUmtjalJ6TkdoaU1YTTBaREJ1T1E9PQ', 2024, 2, 9, 2024100000000000002, 3055640000133, 2024200000000000071, 3055640000009, 1, 344, 84, '', 'Menunjukkan penguasaan yang baik dalam Hukum nun sukun dan tanwin', ''),
(2024200000000006264, 'b0JSRDJPaHlGaEdlNis0bEQzRHVWdz09OmJUUmtjalJ6TkdoaU1YTTBaREJ1T1E9PQ', 2024, 2, 9, 2024100000000000002, 3055640000133, 2024200000000000071, 3055640000009, 1, 345, 81, '', 'Menunjukkan penguasaan yang baik dalam Makhorihul huruf', ''),
(2024200000000006265, 'b0JSRDJPaHlGaEdlNis0bEQzRHVWdz09OmJUUmtjalJ6TkdoaU1YTTBaREJ1T1E9PQ', 2024, 2, 9, 2024100000000000002, 3055640000133, 2024200000000000071, 3055640000009, 1, 346, 83, '', 'Menunjukkan penguasaan yang baik dalam Makhorihul huruf', ''),
(2024200000000006266, 'b0JSRDJPaHlGaEdlNis0bEQzRHVWdz09OmJUUmtjalJ6TkdoaU1YTTBaREJ1T1E9PQ', 2024, 2, 9, 2024100000000000002, 3055640000133, 2024200000000000071, 3055640000009, 1, 347, 82, '', 'Menunjukkan penguasaan yang baik dalam Makhorihul huruf', ''),
(2024200000000006267, 'b0JSRDJPaHlGaEdlNis0bEQzRHVWdz09OmJUUmtjalJ6TkdoaU1YTTBaREJ1T1E9PQ', 2024, 2, 9, 2024100000000000003, 3055640000133, 2024200000000000072, 3055640000009, 1, 348, 78, '', 'Menunjukkan penguasaan yang sangat baik dalam Makhorijul huruf', ''),
(2024200000000006268, 'b0JSRDJPaHlGaEdlNis0bEQzRHVWdz09OmJUUmtjalJ6TkdoaU1YTTBaREJ1T1E9PQ', 2024, 2, 9, 2024100000000000003, 3055640000133, 2024200000000000072, 3055640000009, 1, 349, 83, '', 'Menunjukkan penguasaan yang baik dalam Hukum Nun sukun dan tanwin', ''),
(2024200000000006269, 'b0JSRDJPaHlGaEdlNis0bEQzRHVWdz09OmJUUmtjalJ6TkdoaU1YTTBaREJ1T1E9PQ', 2024, 2, 9, 2024100000000000003, 3055640000133, 2024200000000000072, 3055640000009, 1, 350, 81, '', 'Menunjukkan penguasaan yang baik dalam Makhorijul huruf', ''),
(2024200000000006270, 'b0JSRDJPaHlGaEdlNis0bEQzRHVWdz09OmJUUmtjalJ6TkdoaU1YTTBaREJ1T1E9PQ', 2024, 2, 9, 2024100000000000003, 3055640000133, 2024200000000000072, 3055640000009, 1, 351, 74, '', 'Menunjukkan penguasaan yang baik dalam Makhorijul huruf', ''),
(2024200000000006271, 'b0JSRDJPaHlGaEdlNis0bEQzRHVWdz09OmJUUmtjalJ6TkdoaU1YTTBaREJ1T1E9PQ', 2024, 2, 9, 2024100000000000003, 3055640000133, 2024200000000000072, 3055640000009, 1, 352, 85, '', 'Menunjukkan penguasaan yang baik dalam Hukum Nun sukun dan tanwin', ''),
(2024200000000006272, 'b0JSRDJPaHlGaEdlNis0bEQzRHVWdz09OmJUUmtjalJ6TkdoaU1YTTBaREJ1T1E9PQ', 2024, 2, 9, 2024100000000000003, 3055640000133, 2024200000000000072, 3055640000009, 1, 354, 85, '', 'Menunjukkan penguasaan yang sangat baik dalam Hukum Nun sukun dan tanwin', ''),
(2024200000000006273, 'b0JSRDJPaHlGaEdlNis0bEQzRHVWdz09OmJUUmtjalJ6TkdoaU1YTTBaREJ1T1E9PQ', 2024, 2, 9, 2024100000000000003, 3055640000133, 2024200000000000072, 3055640000009, 1, 355, 78, '', 'Menunjukkan penguasaan yang sangat baik dalam Makhorijul huruf', ''),
(2024200000000006274, 'b0JSRDJPaHlGaEdlNis0bEQzRHVWdz09OmJUUmtjalJ6TkdoaU1YTTBaREJ1T1E9PQ', 2024, 2, 9, 2024100000000000003, 3055640000133, 2024200000000000072, 3055640000009, 1, 357, 86, '', 'Menunjukkan penguasaan yang baik dalam Makhorijul huruf', ''),
(2024200000000006275, 'b0JSRDJPaHlGaEdlNis0bEQzRHVWdz09OmJUUmtjalJ6TkdoaU1YTTBaREJ1T1E9PQ', 2024, 2, 9, 2024100000000000003, 3055640000133, 2024200000000000072, 3055640000009, 1, 358, 89, '', 'Menunjukkan penguasaan yang sangat baik dalam Hukum Nun sukun dan tanwin', ''),
(2024200000000006276, 'b0JSRDJPaHlGaEdlNis0bEQzRHVWdz09OmJUUmtjalJ6TkdoaU1YTTBaREJ1T1E9PQ', 2024, 2, 9, 2024100000000000003, 3055640000133, 2024200000000000072, 3055640000009, 1, 359, 80, '', 'Menunjukkan penguasaan yang baik dalam Makhorijul huruf', ''),
(2024200000000006277, 'b0JSRDJPaHlGaEdlNis0bEQzRHVWdz09OmJUUmtjalJ6TkdoaU1YTTBaREJ1T1E9PQ', 2024, 2, 9, 2024100000000000003, 3055640000133, 2024200000000000072, 3055640000009, 1, 360, 87, '', 'Menunjukkan penguasaan yang baik dalam Makhorijul huruf', ''),
(2024200000000006278, 'b0JSRDJPaHlGaEdlNis0bEQzRHVWdz09OmJUUmtjalJ6TkdoaU1YTTBaREJ1T1E9PQ', 2024, 2, 9, 2024100000000000003, 3055640000133, 2024200000000000072, 3055640000009, 1, 361, 84, '', 'Menunjukkan penguasaan yang baik dalam Hukum Nun sukun dan tanwin', ''),
(2024200000000006279, 'b0JSRDJPaHlGaEdlNis0bEQzRHVWdz09OmJUUmtjalJ6TkdoaU1YTTBaREJ1T1E9PQ', 2024, 2, 9, 2024100000000000003, 3055640000133, 2024200000000000072, 3055640000009, 1, 362, 85, '', 'Menunjukkan penguasaan yang sangat baik dalam Makhorijul huruf', ''),
(2024200000000006280, 'b0JSRDJPaHlGaEdlNis0bEQzRHVWdz09OmJUUmtjalJ6TkdoaU1YTTBaREJ1T1E9PQ', 2024, 2, 9, 2024100000000000003, 3055640000133, 2024200000000000072, 3055640000009, 1, 363, 89, '', 'Menunjukkan penguasaan yang sangat baik dalam Hukum Nun sukun dan tanwin', ''),
(2024200000000006281, 'b0JSRDJPaHlGaEdlNis0bEQzRHVWdz09OmJUUmtjalJ6TkdoaU1YTTBaREJ1T1E9PQ', 2024, 2, 9, 2024100000000000003, 3055640000133, 2024200000000000072, 3055640000009, 1, 3055640000380, 78, '', 'Menunjukkan penguasaan yang baik dalam Hukum Nun sukun dan tanwin', ''),
(2024200000000006282, 'b0JSRDJPaHlGaEdlNis0bEQzRHVWdz09OmJUUmtjalJ6TkdoaU1YTTBaREJ1T1E9PQ', 2024, 2, 9, 2024100000000000003, 3055640000133, 2024200000000000072, 3055640000009, 1, 3055640000381, 87, '', 'Menunjukkan penguasaan yang baik dalam Makhorijul huruf', ''),
(2024200000000006283, 'b0JSRDJPaHlGaEdlNis0bEQzRHVWdz09OmJUUmtjalJ6TkdoaU1YTTBaREJ1T1E9PQ', 2024, 2, 9, 2024100000000000003, 3055640000133, 2024200000000000072, 3055640000009, 1, 364, 71, '', 'Menunjukkan penguasaan yang baik dalam Makhorijul huruf', ''),
(2024200000000006284, 'b0JSRDJPaHlGaEdlNis0bEQzRHVWdz09OmJUUmtjalJ6TkdoaU1YTTBaREJ1T1E9PQ', 2024, 2, 9, 2024100000000000003, 3055640000133, 2024200000000000072, 3055640000009, 1, 367, 86, '', 'Menunjukkan penguasaan yang baik dalam Hukum Nun sukun dan tanwin', ''),
(2024200000000006285, 'b0JSRDJPaHlGaEdlNis0bEQzRHVWdz09OmJUUmtjalJ6TkdoaU1YTTBaREJ1T1E9PQ', 2024, 2, 9, 2024100000000000003, 3055640000133, 2024200000000000072, 3055640000009, 1, 368, 84, '', 'Menunjukkan penguasaan yang baik dalam Hukum Nun sukun dan tanwin', ''),
(2024200000000006286, 'b0JSRDJPaHlGaEdlNis0bEQzRHVWdz09OmJUUmtjalJ6TkdoaU1YTTBaREJ1T1E9PQ', 2024, 2, 9, 2024100000000000003, 3055640000133, 2024200000000000072, 3055640000009, 1, 369, 85, '', 'Menunjukkan penguasaan yang sangat baik dalam Hukum Nun sukun dan tanwin', ''),
(2024200000000006287, 'b0JSRDJPaHlGaEdlNis0bEQzRHVWdz09OmJUUmtjalJ6TkdoaU1YTTBaREJ1T1E9PQ', 2024, 2, 9, 2024100000000000003, 3055640000133, 2024200000000000072, 3055640000009, 1, 370, 82, '', 'Menunjukkan penguasaan yang baik dalam Hukum Nun sukun dan tanwin', ''),
(2024200000000006288, 'b0JSRDJPaHlGaEdlNis0bEQzRHVWdz09OmJUUmtjalJ6TkdoaU1YTTBaREJ1T1E9PQ', 2024, 2, 9, 2024100000000000003, 3055640000133, 2024200000000000072, 3055640000009, 1, 371, 84, '', 'Menunjukkan penguasaan yang baik dalam Hukum Nun sukun dan tanwin', ''),
(2024200000000006289, 'b0JSRDJPaHlGaEdlNis0bEQzRHVWdz09OmJUUmtjalJ6TkdoaU1YTTBaREJ1T1E9PQ', 2024, 2, 9, 2024100000000000003, 3055640000133, 2024200000000000072, 3055640000009, 1, 372, 80, '', 'Menunjukkan penguasaan yang baik dalam Makhorijul huruf', ''),
(2024200000000006290, 'b0JSRDJPaHlGaEdlNis0bEQzRHVWdz09OmJUUmtjalJ6TkdoaU1YTTBaREJ1T1E9PQ', 2024, 2, 9, 2024100000000000003, 3055640000133, 2024200000000000072, 3055640000009, 1, 373, 89, '', 'Menunjukkan penguasaan yang sangat baik dalam Makhorijul huruf', ''),
(2024200000000006291, 'b0JSRDJPaHlGaEdlNis0bEQzRHVWdz09OmJUUmtjalJ6TkdoaU1YTTBaREJ1T1E9PQ', 2024, 2, 9, 2024100000000000003, 3055640000133, 2024200000000000072, 3055640000009, 1, 3055640000382, 87, '', 'Menunjukkan penguasaan yang baik dalam Hukum Nun sukun dan tanwin', ''),
(2024200000000006292, 'b0JSRDJPaHlGaEdlNis0bEQzRHVWdz09OmJUUmtjalJ6TkdoaU1YTTBaREJ1T1E9PQ', 2024, 2, 9, 2024100000000000003, 3055640000133, 2024200000000000072, 3055640000009, 1, 3055640000379, 85, '', 'Menunjukkan penguasaan yang baik dalam Makhorijul huruf', ''),
(2024200000000006293, 'b0JSRDJPaHlGaEdlNis0bEQzRHVWdz09OmJUUmtjalJ6TkdoaU1YTTBaREJ1T1E9PQ', 2024, 2, 9, 2024100000000000003, 3055640000133, 2024200000000000072, 3055640000009, 1, 374, 87, '', 'Menunjukkan penguasaan yang sangat baik dalam Makhorijul huruf', ''),
(2024200000000006294, 'b0JSRDJPaHlGaEdlNis0bEQzRHVWdz09OmJUUmtjalJ6TkdoaU1YTTBaREJ1T1E9PQ', 2024, 2, 9, 2024100000000000003, 3055640000133, 2024200000000000072, 3055640000009, 1, 3055640000383, 92, '', 'Menunjukkan penguasaan yang sangat baik dalam Hukum Nun sukun dan tanwin', ''),
(2024200000000006295, 'b0JSRDJPaHlGaEdlNis0bEQzRHVWdz09OmJUUmtjalJ6TkdoaU1YTTBaREJ1T1E9PQ', 2024, 2, 9, 2024100000000000003, 3055640000133, 2024200000000000072, 3055640000009, 1, 375, 87, '', 'Menunjukkan penguasaan yang baik dalam Makhorijul huruf', ''),
(2024200000000006296, 'b0JSRDJPaHlGaEdlNis0bEQzRHVWdz09OmJUUmtjalJ6TkdoaU1YTTBaREJ1T1E9PQ', 2024, 2, 9, 2024100000000000003, 3055640000133, 2024200000000000072, 3055640000009, 1, 3055640000384, 84, '', 'Menunjukkan penguasaan yang baik dalam Makhorijul huruf', ''),
(2024200000000006297, 'b0JSRDJPaHlGaEdlNis0bEQzRHVWdz09OmJUUmtjalJ6TkdoaU1YTTBaREJ1T1E9PQ', 2024, 2, 9, 2024100000000000003, 3055640000133, 2024200000000000072, 3055640000009, 1, 376, 87, '', 'Menunjukkan penguasaan yang baik dalam Makhorijul huruf', ''),
(2024200000000006298, 'b0JSRDJPaHlGaEdlNis0bEQzRHVWdz09OmJUUmtjalJ6TkdoaU1YTTBaREJ1T1E9PQ', 2024, 2, 9, 2024100000000000001, 123, 2024200000000000088, 3055640000027, 1, 280, 83, '', 'Menunjukkan penguasaan yang baik dalam Keberagaman Bangsa Indonesia dalam bingkai Bhineka Tunggal Ika', ''),
(2024200000000006299, 'b0JSRDJPaHlGaEdlNis0bEQzRHVWdz09OmJUUmtjalJ6TkdoaU1YTTBaREJ1T1E9PQ', 2024, 2, 9, 2024100000000000001, 123, 2024200000000000088, 3055640000027, 1, 281, 84, '', 'Menunjukkan penguasaan yang baik dalam Keberagaman Bangsa Indonesia dalam bingkai Bhineka Tunggal Ika', ''),
(2024200000000006300, 'b0JSRDJPaHlGaEdlNis0bEQzRHVWdz09OmJUUmtjalJ6TkdoaU1YTTBaREJ1T1E9PQ', 2024, 2, 9, 2024100000000000001, 123, 2024200000000000088, 3055640000027, 1, 282, 83, '', 'Menunjukkan penguasaan yang baik dalam Keberagaman Bangsa Indonesia dalam bingkai Bhineka Tunggal Ika', ''),
(2024200000000006301, 'b0JSRDJPaHlGaEdlNis0bEQzRHVWdz09OmJUUmtjalJ6TkdoaU1YTTBaREJ1T1E9PQ', 2024, 2, 9, 2024100000000000001, 123, 2024200000000000088, 3055640000027, 1, 283, 83, '', 'Menunjukkan penguasaan yang baik dalam Keberagaman Bangsa Indonesia dalam bingkai Bhineka Tunggal Ika', ''),
(2024200000000006302, 'b0JSRDJPaHlGaEdlNis0bEQzRHVWdz09OmJUUmtjalJ6TkdoaU1YTTBaREJ1T1E9PQ', 2024, 2, 9, 2024100000000000001, 123, 2024200000000000088, 3055640000027, 1, 284, 90, '', 'Menunjukkan penguasaan yang sangat baik dalam Keberagaman Bangsa Indonesia dalam bingkai Bhineka Tunggal Ika', ''),
(2024200000000006303, 'b0JSRDJPaHlGaEdlNis0bEQzRHVWdz09OmJUUmtjalJ6TkdoaU1YTTBaREJ1T1E9PQ', 2024, 2, 9, 2024100000000000001, 123, 2024200000000000088, 3055640000027, 1, 285, 83, '', 'Menunjukkan penguasaan yang baik dalam Keberagaman Bangsa Indonesia dalam bingkai Bhineka Tunggal Ika', ''),
(2024200000000006304, 'b0JSRDJPaHlGaEdlNis0bEQzRHVWdz09OmJUUmtjalJ6TkdoaU1YTTBaREJ1T1E9PQ', 2024, 2, 9, 2024100000000000001, 123, 2024200000000000088, 3055640000027, 1, 286, 94, '', 'Menunjukkan penguasaan yang sangat baik dalam Keberagaman Bangsa Indonesia dalam bingkai Bhineka Tunggal Ika', ''),
(2024200000000006305, 'b0JSRDJPaHlGaEdlNis0bEQzRHVWdz09OmJUUmtjalJ6TkdoaU1YTTBaREJ1T1E9PQ', 2024, 2, 9, 2024100000000000001, 123, 2024200000000000088, 3055640000027, 1, 287, 83, '', 'Menunjukkan penguasaan yang baik dalam Keberagaman Bangsa Indonesia dalam bingkai Bhineka Tunggal Ika', ''),
(2024200000000006306, 'b0JSRDJPaHlGaEdlNis0bEQzRHVWdz09OmJUUmtjalJ6TkdoaU1YTTBaREJ1T1E9PQ', 2024, 2, 9, 2024100000000000001, 123, 2024200000000000088, 3055640000027, 1, 288, 89, '', 'Menunjukkan penguasaan yang sangat baik dalam Keberagaman Bangsa Indonesia dalam bingkai Bhineka Tunggal Ika', ''),
(2024200000000006307, 'b0JSRDJPaHlGaEdlNis0bEQzRHVWdz09OmJUUmtjalJ6TkdoaU1YTTBaREJ1T1E9PQ', 2024, 2, 9, 2024100000000000001, 123, 2024200000000000088, 3055640000027, 1, 289, 83, '', 'Menunjukkan penguasaan yang baik dalam Keberagaman Bangsa Indonesia dalam bingkai Bhineka Tunggal Ika', ''),
(2024200000000006308, 'b0JSRDJPaHlGaEdlNis0bEQzRHVWdz09OmJUUmtjalJ6TkdoaU1YTTBaREJ1T1E9PQ', 2024, 2, 9, 2024100000000000001, 123, 2024200000000000088, 3055640000027, 1, 290, 92, '', 'Menunjukkan penguasaan yang sangat baik dalam Keberagaman Bangsa Indonesia dalam bingkai Bhineka Tunggal Ika', ''),
(2024200000000006309, 'b0JSRDJPaHlGaEdlNis0bEQzRHVWdz09OmJUUmtjalJ6TkdoaU1YTTBaREJ1T1E9PQ', 2024, 2, 9, 2024100000000000001, 123, 2024200000000000088, 3055640000027, 1, 291, 88, '', 'Menunjukkan penguasaan yang sangat baik dalam Keberagaman Bangsa Indonesia dalam bingkai Bhineka Tunggal Ika', ''),
(2024200000000006310, 'b0JSRDJPaHlGaEdlNis0bEQzRHVWdz09OmJUUmtjalJ6TkdoaU1YTTBaREJ1T1E9PQ', 2024, 2, 9, 2024100000000000001, 123, 2024200000000000088, 3055640000027, 1, 292, 92, '', 'Menunjukkan penguasaan yang sangat baik dalam Keberagaman Bangsa Indonesia dalam bingkai Bhineka Tunggal Ika', ''),
(2024200000000006311, 'b0JSRDJPaHlGaEdlNis0bEQzRHVWdz09OmJUUmtjalJ6TkdoaU1YTTBaREJ1T1E9PQ', 2024, 2, 9, 2024100000000000001, 123, 2024200000000000088, 3055640000027, 1, 293, 86, '', 'Menunjukkan penguasaan yang baik dalam Keberagaman Bangsa Indonesia dalam bingkai Bhineka Tunggal Ika', ''),
(2024200000000006312, 'b0JSRDJPaHlGaEdlNis0bEQzRHVWdz09OmJUUmtjalJ6TkdoaU1YTTBaREJ1T1E9PQ', 2024, 2, 9, 2024100000000000001, 123, 2024200000000000088, 3055640000027, 1, 294, 86, '', 'Menunjukkan penguasaan yang baik dalam Keberagaman Bangsa Indonesia dalam bingkai Bhineka Tunggal Ika', ''),
(2024200000000006313, 'b0JSRDJPaHlGaEdlNis0bEQzRHVWdz09OmJUUmtjalJ6TkdoaU1YTTBaREJ1T1E9PQ', 2024, 2, 9, 2024100000000000001, 123, 2024200000000000088, 3055640000027, 1, 295, 92, '', 'Menunjukkan penguasaan yang sangat baik dalam Keberagaman Bangsa Indonesia dalam bingkai Bhineka Tunggal Ika', ''),
(2024200000000006314, 'b0JSRDJPaHlGaEdlNis0bEQzRHVWdz09OmJUUmtjalJ6TkdoaU1YTTBaREJ1T1E9PQ', 2024, 2, 9, 2024100000000000001, 123, 2024200000000000088, 3055640000027, 1, 296, 83, '', 'Menunjukkan penguasaan yang baik dalam Keberagaman Bangsa Indonesia dalam bingkai Bhineka Tunggal Ika', ''),
(2024200000000006315, 'b0JSRDJPaHlGaEdlNis0bEQzRHVWdz09OmJUUmtjalJ6TkdoaU1YTTBaREJ1T1E9PQ', 2024, 2, 9, 2024100000000000001, 123, 2024200000000000088, 3055640000027, 1, 297, 83, '', 'Menunjukkan penguasaan yang baik dalam Keberagaman Bangsa Indonesia dalam bingkai Bhineka Tunggal Ika', ''),
(2024200000000006316, 'b0JSRDJPaHlGaEdlNis0bEQzRHVWdz09OmJUUmtjalJ6TkdoaU1YTTBaREJ1T1E9PQ', 2024, 2, 9, 2024100000000000001, 123, 2024200000000000088, 3055640000027, 1, 298, 83, '', 'Menunjukkan penguasaan yang baik dalam Keberagaman Bangsa Indonesia dalam bingkai Bhineka Tunggal Ika', ''),
(2024200000000006317, 'b0JSRDJPaHlGaEdlNis0bEQzRHVWdz09OmJUUmtjalJ6TkdoaU1YTTBaREJ1T1E9PQ', 2024, 2, 9, 2024100000000000001, 123, 2024200000000000088, 3055640000027, 1, 299, 86, '', 'Menunjukkan penguasaan yang baik dalam Keberagaman Bangsa Indonesia dalam bingkai Bhineka Tunggal Ika', ''),
(2024200000000006318, 'b0JSRDJPaHlGaEdlNis0bEQzRHVWdz09OmJUUmtjalJ6TkdoaU1YTTBaREJ1T1E9PQ', 2024, 2, 9, 2024100000000000001, 123, 2024200000000000088, 3055640000027, 1, 300, 98, '', 'Menunjukkan penguasaan yang sangat baik dalam Keberagaman Bangsa Indonesia dalam bingkai Bhineka Tunggal Ika', ''),
(2024200000000006319, 'b0JSRDJPaHlGaEdlNis0bEQzRHVWdz09OmJUUmtjalJ6TkdoaU1YTTBaREJ1T1E9PQ', 2024, 2, 9, 2024100000000000001, 123, 2024200000000000088, 3055640000027, 1, 301, 83, '', 'Menunjukkan penguasaan yang baik dalam Keberagaman Bangsa Indonesia dalam bingkai Bhineka Tunggal Ika', ''),
(2024200000000006320, 'b0JSRDJPaHlGaEdlNis0bEQzRHVWdz09OmJUUmtjalJ6TkdoaU1YTTBaREJ1T1E9PQ', 2024, 2, 9, 2024100000000000001, 123, 2024200000000000088, 3055640000027, 1, 302, 83, '', 'Menunjukkan penguasaan yang baik dalam Keberagaman Bangsa Indonesia dalam bingkai Bhineka Tunggal Ika', ''),
(2024200000000006321, 'b0JSRDJPaHlGaEdlNis0bEQzRHVWdz09OmJUUmtjalJ6TkdoaU1YTTBaREJ1T1E9PQ', 2024, 2, 9, 2024100000000000001, 123, 2024200000000000088, 3055640000027, 1, 303, 92, '', 'Menunjukkan penguasaan yang sangat baik dalam Keberagaman Bangsa Indonesia dalam bingkai Bhineka Tunggal Ika', ''),
(2024200000000006322, 'b0JSRDJPaHlGaEdlNis0bEQzRHVWdz09OmJUUmtjalJ6TkdoaU1YTTBaREJ1T1E9PQ', 2024, 2, 9, 2024100000000000001, 123, 2024200000000000088, 3055640000027, 1, 304, 86, '', 'Menunjukkan penguasaan yang baik dalam Keberagaman Bangsa Indonesia dalam bingkai Bhineka Tunggal Ika', ''),
(2024200000000006323, 'b0JSRDJPaHlGaEdlNis0bEQzRHVWdz09OmJUUmtjalJ6TkdoaU1YTTBaREJ1T1E9PQ', 2024, 2, 9, 2024100000000000001, 123, 2024200000000000088, 3055640000027, 1, 305, 83, '', 'Menunjukkan penguasaan yang baik dalam Keberagaman Bangsa Indonesia dalam bingkai Bhineka Tunggal Ika', ''),
(2024200000000006324, 'b0JSRDJPaHlGaEdlNis0bEQzRHVWdz09OmJUUmtjalJ6TkdoaU1YTTBaREJ1T1E9PQ', 2024, 2, 9, 2024100000000000001, 123, 2024200000000000088, 3055640000027, 1, 306, 95, '', 'Menunjukkan penguasaan yang sangat baik dalam Keberagaman Bangsa Indonesia dalam bingkai Bhineka Tunggal Ika', ''),
(2024200000000006325, 'b0JSRDJPaHlGaEdlNis0bEQzRHVWdz09OmJUUmtjalJ6TkdoaU1YTTBaREJ1T1E9PQ', 2024, 2, 9, 2024100000000000001, 123, 2024200000000000088, 3055640000027, 1, 307, 83, '', 'Menunjukkan penguasaan yang baik dalam Keberagaman Bangsa Indonesia dalam bingkai Bhineka Tunggal Ika', ''),
(2024200000000006326, 'b0JSRDJPaHlGaEdlNis0bEQzRHVWdz09OmJUUmtjalJ6TkdoaU1YTTBaREJ1T1E9PQ', 2024, 2, 9, 2024100000000000001, 123, 2024200000000000088, 3055640000027, 1, 308, 89, '', 'Menunjukkan penguasaan yang sangat baik dalam Keberagaman Bangsa Indonesia dalam bingkai Bhineka Tunggal Ika', ''),
(2024200000000006327, 'b0JSRDJPaHlGaEdlNis0bEQzRHVWdz09OmJUUmtjalJ6TkdoaU1YTTBaREJ1T1E9PQ', 2024, 2, 9, 2024100000000000001, 123, 2024200000000000088, 3055640000027, 1, 309, 84, '', 'Menunjukkan penguasaan yang baik dalam Keberagaman Bangsa Indonesia dalam bingkai Bhineka Tunggal Ika', ''),
(2024200000000006328, 'b0JSRDJPaHlGaEdlNis0bEQzRHVWdz09OmJUUmtjalJ6TkdoaU1YTTBaREJ1T1E9PQ', 2024, 2, 9, 2024100000000000001, 123, 2024200000000000088, 3055640000027, 1, 310, 84, '', 'Menunjukkan penguasaan yang baik dalam Keberagaman Bangsa Indonesia dalam bingkai Bhineka Tunggal Ika', ''),
(2024200000000006329, 'b0JSRDJPaHlGaEdlNis0bEQzRHVWdz09OmJUUmtjalJ6TkdoaU1YTTBaREJ1T1E9PQ', 2024, 2, 9, 2024100000000000001, 123, 2024200000000000088, 3055640000027, 1, 311, 90, '', 'Menunjukkan penguasaan yang sangat baik dalam Keberagaman Bangsa Indonesia dalam bingkai Bhineka Tunggal Ika', ''),
(2024200000000006330, 'b0JSRDJPaHlGaEdlNis0bEQzRHVWdz09OmJUUmtjalJ6TkdoaU1YTTBaREJ1T1E9PQ', 2024, 2, 9, 2024100000000000001, 123, 2024200000000000088, 3055640000027, 1, 312, 83, '', 'Menunjukkan penguasaan yang baik dalam Keberagaman Bangsa Indonesia dalam bingkai Bhineka Tunggal Ika', ''),
(2024200000000006331, 'b0JSRDJPaHlGaEdlNis0bEQzRHVWdz09OmJUUmtjalJ6TkdoaU1YTTBaREJ1T1E9PQ', 2024, 2, 10, 2024100000000000006, 130, 2024200000000000123, 3055640000001, 1, 173, 81, '', 'Menunjukkan penguasaan yang baik dalam Dampak Sosial Informatika', ''),
(2024200000000006332, 'b0JSRDJPaHlGaEdlNis0bEQzRHVWdz09OmJUUmtjalJ6TkdoaU1YTTBaREJ1T1E9PQ', 2024, 2, 10, 2024100000000000006, 130, 2024200000000000123, 3055640000001, 1, 206, 79, '', 'Menunjukkan penguasaan yang baik dalam Dampak Sosial Informatika', ''),
(2024200000000006333, 'b0JSRDJPaHlGaEdlNis0bEQzRHVWdz09OmJUUmtjalJ6TkdoaU1YTTBaREJ1T1E9PQ', 2024, 2, 10, 2024100000000000006, 130, 2024200000000000123, 3055640000001, 1, 175, 81, '', 'Menunjukkan penguasaan yang baik dalam Analisis Data', ''),
(2024200000000006334, 'b0JSRDJPaHlGaEdlNis0bEQzRHVWdz09OmJUUmtjalJ6TkdoaU1YTTBaREJ1T1E9PQ', 2024, 2, 10, 2024100000000000006, 130, 2024200000000000123, 3055640000001, 1, 209, 79, '', 'Menunjukkan penguasaan yang baik dalam Analisis Data', ''),
(2024200000000006335, 'b0JSRDJPaHlGaEdlNis0bEQzRHVWdz09OmJUUmtjalJ6TkdoaU1YTTBaREJ1T1E9PQ', 2024, 2, 10, 2024100000000000006, 130, 2024200000000000123, 3055640000001, 1, 176, 82, '', 'Menunjukkan penguasaan yang baik dalam Analisis Data', ''),
(2024200000000006336, 'b0JSRDJPaHlGaEdlNis0bEQzRHVWdz09OmJUUmtjalJ6TkdoaU1YTTBaREJ1T1E9PQ', 2024, 2, 10, 2024100000000000006, 130, 2024200000000000123, 3055640000001, 1, 237, 85, '', 'Menunjukkan penguasaan yang baik dalam Analisis Data', ''),
(2024200000000006337, 'b0JSRDJPaHlGaEdlNis0bEQzRHVWdz09OmJUUmtjalJ6TkdoaU1YTTBaREJ1T1E9PQ', 2024, 2, 10, 2024100000000000006, 130, 2024200000000000123, 3055640000001, 1, 178, 79, '', 'Menunjukkan penguasaan yang baik dalam Algoritma dan Pemrograman', ''),
(2024200000000006338, 'b0JSRDJPaHlGaEdlNis0bEQzRHVWdz09OmJUUmtjalJ6TkdoaU1YTTBaREJ1T1E9PQ', 2024, 2, 10, 2024100000000000006, 130, 2024200000000000123, 3055640000001, 1, 179, 79, '', 'Menunjukkan penguasaan yang baik dalam Analisis Data', ''),
(2024200000000006339, 'b0JSRDJPaHlGaEdlNis0bEQzRHVWdz09OmJUUmtjalJ6TkdoaU1YTTBaREJ1T1E9PQ', 2024, 2, 10, 2024100000000000006, 130, 2024200000000000123, 3055640000001, 1, 239, 78, '', 'Menunjukkan penguasaan yang baik dalam Dampak Sosial Informatika', ''),
(2024200000000006340, 'b0JSRDJPaHlGaEdlNis0bEQzRHVWdz09OmJUUmtjalJ6TkdoaU1YTTBaREJ1T1E9PQ', 2024, 2, 10, 2024100000000000006, 130, 2024200000000000123, 3055640000001, 1, 213, 84, '', 'Menunjukkan penguasaan yang baik dalam Dampak Sosial Informatika', ''),
(2024200000000006341, 'b0JSRDJPaHlGaEdlNis0bEQzRHVWdz09OmJUUmtjalJ6TkdoaU1YTTBaREJ1T1E9PQ', 2024, 2, 10, 2024100000000000006, 130, 2024200000000000123, 3055640000001, 1, 180, 79, '', 'Menunjukkan penguasaan yang baik dalam Dampak Sosial Informatika', ''),
(2024200000000006342, 'b0JSRDJPaHlGaEdlNis0bEQzRHVWdz09OmJUUmtjalJ6TkdoaU1YTTBaREJ1T1E9PQ', 2024, 2, 10, 2024100000000000006, 130, 2024200000000000123, 3055640000001, 1, 250, 80, '', 'Menunjukkan penguasaan yang baik dalam Dampak Sosial Informatika', ''),
(2024200000000006343, 'b0JSRDJPaHlGaEdlNis0bEQzRHVWdz09OmJUUmtjalJ6TkdoaU1YTTBaREJ1T1E9PQ', 2024, 2, 10, 2024100000000000006, 130, 2024200000000000123, 3055640000001, 1, 183, 80, '', 'Menunjukkan penguasaan yang baik dalam Dampak Sosial Informatika', ''),
(2024200000000006344, 'b0JSRDJPaHlGaEdlNis0bEQzRHVWdz09OmJUUmtjalJ6TkdoaU1YTTBaREJ1T1E9PQ', 2024, 2, 10, 2024100000000000006, 130, 2024200000000000123, 3055640000001, 1, 218, 81, '', 'Menunjukkan penguasaan yang baik dalam Dampak Sosial Informatika', ''),
(2024200000000006345, 'b0JSRDJPaHlGaEdlNis0bEQzRHVWdz09OmJUUmtjalJ6TkdoaU1YTTBaREJ1T1E9PQ', 2024, 2, 10, 2024100000000000006, 130, 2024200000000000123, 3055640000001, 1, 185, 77, '', 'Menunjukkan penguasaan yang baik dalam Dampak Sosial Informatika', ''),
(2024200000000006346, 'b0JSRDJPaHlGaEdlNis0bEQzRHVWdz09OmJUUmtjalJ6TkdoaU1YTTBaREJ1T1E9PQ', 2024, 2, 10, 2024100000000000006, 130, 2024200000000000123, 3055640000001, 1, 186, 83, '', 'Menunjukkan penguasaan yang baik dalam Analisis Data', ''),
(2024200000000006347, 'b0JSRDJPaHlGaEdlNis0bEQzRHVWdz09OmJUUmtjalJ6TkdoaU1YTTBaREJ1T1E9PQ', 2024, 2, 10, 2024100000000000006, 130, 2024200000000000123, 3055640000001, 1, 189, 80, '', 'Menunjukkan penguasaan yang baik dalam Dampak Sosial Informatika', ''),
(2024200000000006348, 'b0JSRDJPaHlGaEdlNis0bEQzRHVWdz09OmJUUmtjalJ6TkdoaU1YTTBaREJ1T1E9PQ', 2024, 2, 10, 2024100000000000006, 130, 2024200000000000123, 3055640000001, 1, 222, 81, '', 'Menunjukkan penguasaan yang baik dalam Analisis Data', ''),
(2024200000000006349, 'b0JSRDJPaHlGaEdlNis0bEQzRHVWdz09OmJUUmtjalJ6TkdoaU1YTTBaREJ1T1E9PQ', 2024, 2, 10, 2024100000000000006, 130, 2024200000000000123, 3055640000001, 1, 194, 79, '', 'Menunjukkan penguasaan yang baik dalam Dampak Sosial Informatika', ''),
(2024200000000006350, 'b0JSRDJPaHlGaEdlNis0bEQzRHVWdz09OmJUUmtjalJ6TkdoaU1YTTBaREJ1T1E9PQ', 2024, 2, 10, 2024100000000000006, 130, 2024200000000000123, 3055640000001, 1, 254, 78, '', 'Menunjukkan penguasaan yang baik dalam Dampak Sosial Informatika', ''),
(2024200000000006351, 'b0JSRDJPaHlGaEdlNis0bEQzRHVWdz09OmJUUmtjalJ6TkdoaU1YTTBaREJ1T1E9PQ', 2024, 2, 10, 2024100000000000006, 130, 2024200000000000123, 3055640000001, 1, 225, 81, '', 'Menunjukkan penguasaan yang baik dalam Dampak Sosial Informatika', ''),
(2024200000000006352, 'b0JSRDJPaHlGaEdlNis0bEQzRHVWdz09OmJUUmtjalJ6TkdoaU1YTTBaREJ1T1E9PQ', 2024, 2, 10, 2024100000000000006, 130, 2024200000000000123, 3055640000001, 1, 227, 78, '', 'Menunjukkan penguasaan yang baik dalam Dampak Sosial Informatika', ''),
(2024200000000006353, 'b0JSRDJPaHlGaEdlNis0bEQzRHVWdz09OmJUUmtjalJ6TkdoaU1YTTBaREJ1T1E9PQ', 2024, 2, 10, 2024100000000000006, 130, 2024200000000000123, 3055640000001, 1, 196, 80, '', 'Menunjukkan penguasaan yang baik dalam Algoritma dan Pemrograman', ''),
(2024200000000006354, 'b0JSRDJPaHlGaEdlNis0bEQzRHVWdz09OmJUUmtjalJ6TkdoaU1YTTBaREJ1T1E9PQ', 2024, 2, 10, 2024100000000000006, 130, 2024200000000000123, 3055640000001, 1, 228, 79, '', 'Menunjukkan penguasaan yang baik dalam Dampak Sosial Informatika', ''),
(2024200000000006355, 'b0JSRDJPaHlGaEdlNis0bEQzRHVWdz09OmJUUmtjalJ6TkdoaU1YTTBaREJ1T1E9PQ', 2024, 2, 10, 2024100000000000006, 130, 2024200000000000123, 3055640000001, 1, 205, 77, '', 'Menunjukkan penguasaan yang baik dalam Dampak Sosial Informatika', ''),
(2024200000000006356, 'b0JSRDJPaHlGaEdlNis0bEQzRHVWdz09OmJUUmtjalJ6TkdoaU1YTTBaREJ1T1E9PQ', 2024, 2, 10, 2024100000000000006, 130, 2024200000000000123, 3055640000001, 1, 229, 78, '', 'Menunjukkan penguasaan yang baik dalam Dampak Sosial Informatika', ''),
(2024200000000006357, 'b0JSRDJPaHlGaEdlNis0bEQzRHVWdz09OmJUUmtjalJ6TkdoaU1YTTBaREJ1T1E9PQ', 2024, 2, 10, 2024100000000000006, 130, 2024200000000000123, 3055640000001, 1, 230, 82, '', 'Menunjukkan penguasaan yang baik dalam Dampak Sosial Informatika', ''),
(2024200000000006358, 'b0JSRDJPaHlGaEdlNis0bEQzRHVWdz09OmJUUmtjalJ6TkdoaU1YTTBaREJ1T1E9PQ', 2024, 2, 10, 2024100000000000006, 130, 2024200000000000123, 3055640000001, 1, 266, 77, '', 'Menunjukkan penguasaan yang baik dalam Dampak Sosial Informatika', ''),
(2024200000000006359, 'b0JSRDJPaHlGaEdlNis0bEQzRHVWdz09OmJUUmtjalJ6TkdoaU1YTTBaREJ1T1E9PQ', 2024, 2, 10, 2024100000000000006, 130, 2024200000000000123, 3055640000001, 1, 198, 81, '', 'Menunjukkan penguasaan yang baik dalam Analisis Data', ''),
(2024200000000006360, 'b0JSRDJPaHlGaEdlNis0bEQzRHVWdz09OmJUUmtjalJ6TkdoaU1YTTBaREJ1T1E9PQ', 2024, 2, 10, 2024100000000000006, 130, 2024200000000000123, 3055640000001, 1, 259, 78, '', 'Menunjukkan penguasaan yang baik dalam Dampak Sosial Informatika', ''),
(2024200000000006361, 'b0JSRDJPaHlGaEdlNis0bEQzRHVWdz09OmJUUmtjalJ6TkdoaU1YTTBaREJ1T1E9PQ', 2024, 2, 10, 2024100000000000006, 130, 2024200000000000123, 3055640000001, 1, 233, 80, '', 'Menunjukkan penguasaan yang baik dalam Algoritma dan Pemrograman', ''),
(2024200000000006362, 'b0JSRDJPaHlGaEdlNis0bEQzRHVWdz09OmJUUmtjalJ6TkdoaU1YTTBaREJ1T1E9PQ', 2024, 2, 10, 2024100000000000006, 130, 2024200000000000123, 3055640000001, 1, 199, 78, '', 'Menunjukkan penguasaan yang baik dalam Dampak Sosial Informatika', ''),
(2024200000000006363, 'b0JSRDJPaHlGaEdlNis0bEQzRHVWdz09OmJUUmtjalJ6TkdoaU1YTTBaREJ1T1E9PQ', 2024, 2, 10, 2024100000000000006, 130, 2024200000000000123, 3055640000001, 1, 201, 79, '', 'Menunjukkan penguasaan yang baik dalam Dampak Sosial Informatika', ''),
(2024200000000006364, 'b0JSRDJPaHlGaEdlNis0bEQzRHVWdz09OmJUUmtjalJ6TkdoaU1YTTBaREJ1T1E9PQ', 2024, 2, 10, 2024100000000000006, 130, 2024200000000000123, 3055640000001, 1, 263, 79, '', 'Menunjukkan penguasaan yang baik dalam Dampak Sosial Informatika', ''),
(2024200000000006365, 'b0JSRDJPaHlGaEdlNis0bEQzRHVWdz09OmJUUmtjalJ6TkdoaU1YTTBaREJ1T1E9PQ', 2024, 2, 9, 2024100000000000003, 130, 2024200000000000075, 3055640000001, 1, 348, 76, '', 'Menunjukkan penguasaan yang baik dalam Dampak Sosial Informatika', ''),
(2024200000000006366, 'b0JSRDJPaHlGaEdlNis0bEQzRHVWdz09OmJUUmtjalJ6TkdoaU1YTTBaREJ1T1E9PQ', 2024, 2, 9, 2024100000000000003, 130, 2024200000000000075, 3055640000001, 1, 349, 77, '', 'Menunjukkan penguasaan yang baik dalam Analisis Data', ''),
(2024200000000006367, 'b0JSRDJPaHlGaEdlNis0bEQzRHVWdz09OmJUUmtjalJ6TkdoaU1YTTBaREJ1T1E9PQ', 2024, 2, 9, 2024100000000000003, 130, 2024200000000000075, 3055640000001, 1, 350, 77, '', 'Menunjukkan penguasaan yang baik dalam Dampak Sosial Informatika', ''),
(2024200000000006368, 'b0JSRDJPaHlGaEdlNis0bEQzRHVWdz09OmJUUmtjalJ6TkdoaU1YTTBaREJ1T1E9PQ', 2024, 2, 9, 2024100000000000003, 130, 2024200000000000075, 3055640000001, 1, 351, 77, '', 'Menunjukkan penguasaan yang baik dalam Dampak Sosial Informatika', ''),
(2024200000000006369, 'b0JSRDJPaHlGaEdlNis0bEQzRHVWdz09OmJUUmtjalJ6TkdoaU1YTTBaREJ1T1E9PQ', 2024, 2, 9, 2024100000000000003, 130, 2024200000000000075, 3055640000001, 1, 352, 76, '', 'Menunjukkan penguasaan yang baik dalam Dampak Sosial Informatika', ''),
(2024200000000006370, 'b0JSRDJPaHlGaEdlNis0bEQzRHVWdz09OmJUUmtjalJ6TkdoaU1YTTBaREJ1T1E9PQ', 2024, 2, 9, 2024100000000000003, 130, 2024200000000000075, 3055640000001, 1, 354, 77, '', 'Menunjukkan penguasaan yang baik dalam Dampak Sosial Informatika', ''),
(2024200000000006371, 'b0JSRDJPaHlGaEdlNis0bEQzRHVWdz09OmJUUmtjalJ6TkdoaU1YTTBaREJ1T1E9PQ', 2024, 2, 9, 2024100000000000003, 130, 2024200000000000075, 3055640000001, 1, 355, 76, '', 'Menunjukkan penguasaan yang baik dalam Dampak Sosial Informatika', ''),
(2024200000000006372, 'b0JSRDJPaHlGaEdlNis0bEQzRHVWdz09OmJUUmtjalJ6TkdoaU1YTTBaREJ1T1E9PQ', 2024, 2, 9, 2024100000000000003, 130, 2024200000000000075, 3055640000001, 1, 357, 77, '', 'Menunjukkan penguasaan yang baik dalam Analisis Data', ''),
(2024200000000006373, 'b0JSRDJPaHlGaEdlNis0bEQzRHVWdz09OmJUUmtjalJ6TkdoaU1YTTBaREJ1T1E9PQ', 2024, 2, 9, 2024100000000000003, 130, 2024200000000000075, 3055640000001, 1, 358, 77, '', 'Menunjukkan penguasaan yang baik dalam Analisis Data', ''),
(2024200000000006374, 'b0JSRDJPaHlGaEdlNis0bEQzRHVWdz09OmJUUmtjalJ6TkdoaU1YTTBaREJ1T1E9PQ', 2024, 2, 9, 2024100000000000003, 130, 2024200000000000075, 3055640000001, 1, 359, 77, '', 'Menunjukkan penguasaan yang baik dalam Analisis Data', ''),
(2024200000000006375, 'b0JSRDJPaHlGaEdlNis0bEQzRHVWdz09OmJUUmtjalJ6TkdoaU1YTTBaREJ1T1E9PQ', 2024, 2, 9, 2024100000000000003, 130, 2024200000000000075, 3055640000001, 1, 360, 76, '', 'Menunjukkan penguasaan yang baik dalam Dampak Sosial Informatika', ''),
(2024200000000006376, 'b0JSRDJPaHlGaEdlNis0bEQzRHVWdz09OmJUUmtjalJ6TkdoaU1YTTBaREJ1T1E9PQ', 2024, 2, 9, 2024100000000000003, 130, 2024200000000000075, 3055640000001, 1, 361, 76, '', 'Menunjukkan penguasaan yang baik dalam Dampak Sosial Informatika', ''),
(2024200000000006377, 'b0JSRDJPaHlGaEdlNis0bEQzRHVWdz09OmJUUmtjalJ6TkdoaU1YTTBaREJ1T1E9PQ', 2024, 2, 9, 2024100000000000003, 130, 2024200000000000075, 3055640000001, 1, 362, 76, '', 'Menunjukkan penguasaan yang baik dalam Dampak Sosial Informatika', ''),
(2024200000000006378, 'b0JSRDJPaHlGaEdlNis0bEQzRHVWdz09OmJUUmtjalJ6TkdoaU1YTTBaREJ1T1E9PQ', 2024, 2, 9, 2024100000000000003, 130, 2024200000000000075, 3055640000001, 1, 363, 76, '', 'Menunjukkan penguasaan yang baik dalam Dampak Sosial Informatika', ''),
(2024200000000006379, 'b0JSRDJPaHlGaEdlNis0bEQzRHVWdz09OmJUUmtjalJ6TkdoaU1YTTBaREJ1T1E9PQ', 2024, 2, 9, 2024100000000000003, 130, 2024200000000000075, 3055640000001, 1, 3055640000380, 76, '', 'Menunjukkan penguasaan yang baik dalam Dampak Sosial Informatika', ''),
(2024200000000006380, 'b0JSRDJPaHlGaEdlNis0bEQzRHVWdz09OmJUUmtjalJ6TkdoaU1YTTBaREJ1T1E9PQ', 2024, 2, 9, 2024100000000000003, 130, 2024200000000000075, 3055640000001, 1, 3055640000381, 76, '', 'Menunjukkan penguasaan yang baik dalam Dampak Sosial Informatika', ''),
(2024200000000006381, 'b0JSRDJPaHlGaEdlNis0bEQzRHVWdz09OmJUUmtjalJ6TkdoaU1YTTBaREJ1T1E9PQ', 2024, 2, 9, 2024100000000000003, 130, 2024200000000000075, 3055640000001, 1, 364, 77, '', 'Menunjukkan penguasaan yang baik dalam Analisis Data', ''),
(2024200000000006382, 'b0JSRDJPaHlGaEdlNis0bEQzRHVWdz09OmJUUmtjalJ6TkdoaU1YTTBaREJ1T1E9PQ', 2024, 2, 9, 2024100000000000003, 130, 2024200000000000075, 3055640000001, 1, 367, 77, '', 'Menunjukkan penguasaan yang baik dalam Dampak Sosial Informatika', ''),
(2024200000000006383, 'b0JSRDJPaHlGaEdlNis0bEQzRHVWdz09OmJUUmtjalJ6TkdoaU1YTTBaREJ1T1E9PQ', 2024, 2, 9, 2024100000000000003, 130, 2024200000000000075, 3055640000001, 1, 368, 77, '', 'Menunjukkan penguasaan yang baik dalam Dampak Sosial Informatika', ''),
(2024200000000006384, 'b0JSRDJPaHlGaEdlNis0bEQzRHVWdz09OmJUUmtjalJ6TkdoaU1YTTBaREJ1T1E9PQ', 2024, 2, 9, 2024100000000000003, 130, 2024200000000000075, 3055640000001, 1, 369, 78, '', 'Menunjukkan penguasaan yang baik dalam Dampak Sosial Informatika', ''),
(2024200000000006385, 'b0JSRDJPaHlGaEdlNis0bEQzRHVWdz09OmJUUmtjalJ6TkdoaU1YTTBaREJ1T1E9PQ', 2024, 2, 9, 2024100000000000003, 130, 2024200000000000075, 3055640000001, 1, 370, 77, '', 'Menunjukkan penguasaan yang baik dalam Analisis Data', ''),
(2024200000000006386, 'b0JSRDJPaHlGaEdlNis0bEQzRHVWdz09OmJUUmtjalJ6TkdoaU1YTTBaREJ1T1E9PQ', 2024, 2, 9, 2024100000000000003, 130, 2024200000000000075, 3055640000001, 1, 371, 77, '', 'Menunjukkan penguasaan yang baik dalam Dampak Sosial Informatika', ''),
(2024200000000006387, 'b0JSRDJPaHlGaEdlNis0bEQzRHVWdz09OmJUUmtjalJ6TkdoaU1YTTBaREJ1T1E9PQ', 2024, 2, 9, 2024100000000000003, 130, 2024200000000000075, 3055640000001, 1, 372, 76, '', 'Menunjukkan penguasaan yang baik dalam Dampak Sosial Informatika', ''),
(2024200000000006388, 'b0JSRDJPaHlGaEdlNis0bEQzRHVWdz09OmJUUmtjalJ6TkdoaU1YTTBaREJ1T1E9PQ', 2024, 2, 9, 2024100000000000003, 130, 2024200000000000075, 3055640000001, 1, 373, 77, '', 'Menunjukkan penguasaan yang baik dalam Algoritma dan Pemrograman', ''),
(2024200000000006389, 'b0JSRDJPaHlGaEdlNis0bEQzRHVWdz09OmJUUmtjalJ6TkdoaU1YTTBaREJ1T1E9PQ', 2024, 2, 9, 2024100000000000003, 130, 2024200000000000075, 3055640000001, 1, 3055640000382, 77, '', 'Menunjukkan penguasaan yang baik dalam Algoritma dan Pemrograman', ''),
(2024200000000006390, 'b0JSRDJPaHlGaEdlNis0bEQzRHVWdz09OmJUUmtjalJ6TkdoaU1YTTBaREJ1T1E9PQ', 2024, 2, 9, 2024100000000000003, 130, 2024200000000000075, 3055640000001, 1, 3055640000379, 76, '', 'Menunjukkan penguasaan yang baik dalam Dampak Sosial Informatika', ''),
(2024200000000006391, 'b0JSRDJPaHlGaEdlNis0bEQzRHVWdz09OmJUUmtjalJ6TkdoaU1YTTBaREJ1T1E9PQ', 2024, 2, 9, 2024100000000000003, 130, 2024200000000000075, 3055640000001, 1, 374, 76, '', 'Menunjukkan penguasaan yang baik dalam Dampak Sosial Informatika', ''),
(2024200000000006392, 'b0JSRDJPaHlGaEdlNis0bEQzRHVWdz09OmJUUmtjalJ6TkdoaU1YTTBaREJ1T1E9PQ', 2024, 2, 9, 2024100000000000003, 130, 2024200000000000075, 3055640000001, 1, 3055640000383, 76, '', 'Menunjukkan penguasaan yang baik dalam Dampak Sosial Informatika', ''),
(2024200000000006393, 'b0JSRDJPaHlGaEdlNis0bEQzRHVWdz09OmJUUmtjalJ6TkdoaU1YTTBaREJ1T1E9PQ', 2024, 2, 9, 2024100000000000003, 130, 2024200000000000075, 3055640000001, 1, 375, 76, '', 'Menunjukkan penguasaan yang baik dalam Dampak Sosial Informatika', ''),
(2024200000000006394, 'b0JSRDJPaHlGaEdlNis0bEQzRHVWdz09OmJUUmtjalJ6TkdoaU1YTTBaREJ1T1E9PQ', 2024, 2, 9, 2024100000000000003, 130, 2024200000000000075, 3055640000001, 1, 3055640000384, 76, '', 'Menunjukkan penguasaan yang baik dalam Dampak Sosial Informatika', ''),
(2024200000000006395, 'b0JSRDJPaHlGaEdlNis0bEQzRHVWdz09OmJUUmtjalJ6TkdoaU1YTTBaREJ1T1E9PQ', 2024, 2, 9, 2024100000000000003, 130, 2024200000000000075, 3055640000001, 1, 376, 76, '', 'Menunjukkan penguasaan yang baik dalam Dampak Sosial Informatika', ''),
(2024200000000006396, 'b0JSRDJPaHlGaEdlNis0bEQzRHVWdz09OmJUUmtjalJ6TkdoaU1YTTBaREJ1T1E9PQ', 2024, 2, 9, 2024100000000000001, 130, 2024200000000000073, 3055640000001, 1, 280, 79, '', 'Menunjukkan penguasaan yang baik dalam Analisis Data', ''),
(2024200000000006397, 'b0JSRDJPaHlGaEdlNis0bEQzRHVWdz09OmJUUmtjalJ6TkdoaU1YTTBaREJ1T1E9PQ', 2024, 2, 9, 2024100000000000001, 130, 2024200000000000073, 3055640000001, 1, 281, 79, '', 'Menunjukkan penguasaan yang baik dalam Dampak Sosial Informatika', ''),
(2024200000000006398, 'b0JSRDJPaHlGaEdlNis0bEQzRHVWdz09OmJUUmtjalJ6TkdoaU1YTTBaREJ1T1E9PQ', 2024, 2, 9, 2024100000000000001, 130, 2024200000000000073, 3055640000001, 1, 282, 79, '', 'Menunjukkan penguasaan yang baik dalam Dampak Sosial Informatika', ''),
(2024200000000006399, 'b0JSRDJPaHlGaEdlNis0bEQzRHVWdz09OmJUUmtjalJ6TkdoaU1YTTBaREJ1T1E9PQ', 2024, 2, 9, 2024100000000000001, 130, 2024200000000000073, 3055640000001, 1, 283, 79, '', 'Menunjukkan penguasaan yang baik dalam Dampak Sosial Informatika', ''),
(2024200000000006400, 'b0JSRDJPaHlGaEdlNis0bEQzRHVWdz09OmJUUmtjalJ6TkdoaU1YTTBaREJ1T1E9PQ', 2024, 2, 9, 2024100000000000001, 130, 2024200000000000073, 3055640000001, 1, 284, 79, '', 'Menunjukkan penguasaan yang baik dalam Dampak Sosial Informatika', ''),
(2024200000000006401, 'b0JSRDJPaHlGaEdlNis0bEQzRHVWdz09OmJUUmtjalJ6TkdoaU1YTTBaREJ1T1E9PQ', 2024, 2, 9, 2024100000000000001, 130, 2024200000000000073, 3055640000001, 1, 285, 79, '', 'Menunjukkan penguasaan yang baik dalam Dampak Sosial Informatika', ''),
(2024200000000006402, 'b0JSRDJPaHlGaEdlNis0bEQzRHVWdz09OmJUUmtjalJ6TkdoaU1YTTBaREJ1T1E9PQ', 2024, 2, 9, 2024100000000000001, 130, 2024200000000000073, 3055640000001, 1, 286, 79, '', 'Menunjukkan penguasaan yang baik dalam Dampak Sosial Informatika', ''),
(2024200000000006403, 'b0JSRDJPaHlGaEdlNis0bEQzRHVWdz09OmJUUmtjalJ6TkdoaU1YTTBaREJ1T1E9PQ', 2024, 2, 9, 2024100000000000001, 130, 2024200000000000073, 3055640000001, 1, 287, 80, '', 'Menunjukkan penguasaan yang baik dalam Analisis Data', ''),
(2024200000000006404, 'b0JSRDJPaHlGaEdlNis0bEQzRHVWdz09OmJUUmtjalJ6TkdoaU1YTTBaREJ1T1E9PQ', 2024, 2, 9, 2024100000000000001, 130, 2024200000000000073, 3055640000001, 1, 288, 79, '', 'Menunjukkan penguasaan yang baik dalam Dampak Sosial Informatika', ''),
(2024200000000006405, 'b0JSRDJPaHlGaEdlNis0bEQzRHVWdz09OmJUUmtjalJ6TkdoaU1YTTBaREJ1T1E9PQ', 2024, 2, 9, 2024100000000000001, 130, 2024200000000000073, 3055640000001, 1, 289, 79, '', 'Menunjukkan penguasaan yang baik dalam Dampak Sosial Informatika', ''),
(2024200000000006406, 'b0JSRDJPaHlGaEdlNis0bEQzRHVWdz09OmJUUmtjalJ6TkdoaU1YTTBaREJ1T1E9PQ', 2024, 2, 9, 2024100000000000001, 130, 2024200000000000073, 3055640000001, 1, 290, 81, '', 'Menunjukkan penguasaan yang baik dalam Analisis Data', ''),
(2024200000000006407, 'b0JSRDJPaHlGaEdlNis0bEQzRHVWdz09OmJUUmtjalJ6TkdoaU1YTTBaREJ1T1E9PQ', 2024, 2, 9, 2024100000000000001, 130, 2024200000000000073, 3055640000001, 1, 291, 79, '', 'Menunjukkan penguasaan yang baik dalam Dampak Sosial Informatika', ''),
(2024200000000006408, 'b0JSRDJPaHlGaEdlNis0bEQzRHVWdz09OmJUUmtjalJ6TkdoaU1YTTBaREJ1T1E9PQ', 2024, 2, 9, 2024100000000000001, 130, 2024200000000000073, 3055640000001, 1, 292, 79, '', 'Menunjukkan penguasaan yang baik dalam Analisis Data', ''),
(2024200000000006409, 'b0JSRDJPaHlGaEdlNis0bEQzRHVWdz09OmJUUmtjalJ6TkdoaU1YTTBaREJ1T1E9PQ', 2024, 2, 9, 2024100000000000001, 130, 2024200000000000073, 3055640000001, 1, 293, 79, '', 'Menunjukkan penguasaan yang baik dalam Analisis Data', ''),
(2024200000000006410, 'b0JSRDJPaHlGaEdlNis0bEQzRHVWdz09OmJUUmtjalJ6TkdoaU1YTTBaREJ1T1E9PQ', 2024, 2, 9, 2024100000000000001, 130, 2024200000000000073, 3055640000001, 1, 294, 79, '', 'Menunjukkan penguasaan yang baik dalam Dampak Sosial Informatika', ''),
(2024200000000006411, 'b0JSRDJPaHlGaEdlNis0bEQzRHVWdz09OmJUUmtjalJ6TkdoaU1YTTBaREJ1T1E9PQ', 2024, 2, 9, 2024100000000000001, 130, 2024200000000000073, 3055640000001, 1, 295, 81, '', 'Menunjukkan penguasaan yang baik dalam Analisis Data', ''),
(2024200000000006412, 'b0JSRDJPaHlGaEdlNis0bEQzRHVWdz09OmJUUmtjalJ6TkdoaU1YTTBaREJ1T1E9PQ', 2024, 2, 9, 2024100000000000001, 130, 2024200000000000073, 3055640000001, 1, 296, 78, '', 'Menunjukkan penguasaan yang baik dalam Dampak Sosial Informatika', ''),
(2024200000000006413, 'b0JSRDJPaHlGaEdlNis0bEQzRHVWdz09OmJUUmtjalJ6TkdoaU1YTTBaREJ1T1E9PQ', 2024, 2, 9, 2024100000000000001, 130, 2024200000000000073, 3055640000001, 1, 297, 80, '', 'Menunjukkan penguasaan yang baik dalam Dampak Sosial Informatika', ''),
(2024200000000006414, 'b0JSRDJPaHlGaEdlNis0bEQzRHVWdz09OmJUUmtjalJ6TkdoaU1YTTBaREJ1T1E9PQ', 2024, 2, 9, 2024100000000000001, 130, 2024200000000000073, 3055640000001, 1, 298, 79, '', 'Menunjukkan penguasaan yang baik dalam Dampak Sosial Informatika', ''),
(2024200000000006415, 'b0JSRDJPaHlGaEdlNis0bEQzRHVWdz09OmJUUmtjalJ6TkdoaU1YTTBaREJ1T1E9PQ', 2024, 2, 9, 2024100000000000001, 130, 2024200000000000073, 3055640000001, 1, 299, 79, '', 'Menunjukkan penguasaan yang baik dalam Dampak Sosial Informatika', ''),
(2024200000000006416, 'b0JSRDJPaHlGaEdlNis0bEQzRHVWdz09OmJUUmtjalJ6TkdoaU1YTTBaREJ1T1E9PQ', 2024, 2, 9, 2024100000000000001, 130, 2024200000000000073, 3055640000001, 1, 300, 81, '', 'Menunjukkan penguasaan yang baik dalam Algoritma dan Pemrograman', ''),
(2024200000000006417, 'b0JSRDJPaHlGaEdlNis0bEQzRHVWdz09OmJUUmtjalJ6TkdoaU1YTTBaREJ1T1E9PQ', 2024, 2, 9, 2024100000000000001, 130, 2024200000000000073, 3055640000001, 1, 301, 79, '', 'Menunjukkan penguasaan yang baik dalam Dampak Sosial Informatika', ''),
(2024200000000006418, 'b0JSRDJPaHlGaEdlNis0bEQzRHVWdz09OmJUUmtjalJ6TkdoaU1YTTBaREJ1T1E9PQ', 2024, 2, 9, 2024100000000000001, 130, 2024200000000000073, 3055640000001, 1, 302, 79, '', 'Menunjukkan penguasaan yang baik dalam Dampak Sosial Informatika', ''),
(2024200000000006419, 'b0JSRDJPaHlGaEdlNis0bEQzRHVWdz09OmJUUmtjalJ6TkdoaU1YTTBaREJ1T1E9PQ', 2024, 2, 9, 2024100000000000001, 130, 2024200000000000073, 3055640000001, 1, 303, 79, '', 'Menunjukkan penguasaan yang baik dalam Dampak Sosial Informatika', ''),
(2024200000000006420, 'b0JSRDJPaHlGaEdlNis0bEQzRHVWdz09OmJUUmtjalJ6TkdoaU1YTTBaREJ1T1E9PQ', 2024, 2, 9, 2024100000000000001, 130, 2024200000000000073, 3055640000001, 1, 304, 79, '', 'Menunjukkan penguasaan yang baik dalam Dampak Sosial Informatika', ''),
(2024200000000006421, 'b0JSRDJPaHlGaEdlNis0bEQzRHVWdz09OmJUUmtjalJ6TkdoaU1YTTBaREJ1T1E9PQ', 2024, 2, 9, 2024100000000000001, 130, 2024200000000000073, 3055640000001, 1, 305, 79, '', 'Menunjukkan penguasaan yang baik dalam Dampak Sosial Informatika', ''),
(2024200000000006422, 'b0JSRDJPaHlGaEdlNis0bEQzRHVWdz09OmJUUmtjalJ6TkdoaU1YTTBaREJ1T1E9PQ', 2024, 2, 9, 2024100000000000001, 130, 2024200000000000073, 3055640000001, 1, 306, 79, '', 'Menunjukkan penguasaan yang baik dalam Dampak Sosial Informatika', ''),
(2024200000000006423, 'b0JSRDJPaHlGaEdlNis0bEQzRHVWdz09OmJUUmtjalJ6TkdoaU1YTTBaREJ1T1E9PQ', 2024, 2, 9, 2024100000000000001, 130, 2024200000000000073, 3055640000001, 1, 307, 79, '', 'Menunjukkan penguasaan yang baik dalam Dampak Sosial Informatika', ''),
(2024200000000006424, 'b0JSRDJPaHlGaEdlNis0bEQzRHVWdz09OmJUUmtjalJ6TkdoaU1YTTBaREJ1T1E9PQ', 2024, 2, 9, 2024100000000000001, 130, 2024200000000000073, 3055640000001, 1, 308, 79, '', 'Menunjukkan penguasaan yang baik dalam Dampak Sosial Informatika', ''),
(2024200000000006425, 'b0JSRDJPaHlGaEdlNis0bEQzRHVWdz09OmJUUmtjalJ6TkdoaU1YTTBaREJ1T1E9PQ', 2024, 2, 9, 2024100000000000001, 130, 2024200000000000073, 3055640000001, 1, 309, 79, '', 'Menunjukkan penguasaan yang baik dalam Dampak Sosial Informatika', ''),
(2024200000000006426, 'b0JSRDJPaHlGaEdlNis0bEQzRHVWdz09OmJUUmtjalJ6TkdoaU1YTTBaREJ1T1E9PQ', 2024, 2, 9, 2024100000000000001, 130, 2024200000000000073, 3055640000001, 1, 310, 81, '', 'Menunjukkan penguasaan yang baik dalam Analisis Data', ''),
(2024200000000006427, 'b0JSRDJPaHlGaEdlNis0bEQzRHVWdz09OmJUUmtjalJ6TkdoaU1YTTBaREJ1T1E9PQ', 2024, 2, 9, 2024100000000000001, 130, 2024200000000000073, 3055640000001, 1, 311, 79, '', 'Menunjukkan penguasaan yang baik dalam Dampak Sosial Informatika', ''),
(2024200000000006428, 'b0JSRDJPaHlGaEdlNis0bEQzRHVWdz09OmJUUmtjalJ6TkdoaU1YTTBaREJ1T1E9PQ', 2024, 2, 9, 2024100000000000001, 130, 2024200000000000073, 3055640000001, 1, 312, 79, '', 'Menunjukkan penguasaan yang baik dalam Dampak Sosial Informatika', ''),
(2024200000000006429, 'b0JSRDJPaHlGaEdlNis0bEQzRHVWdz09OmJUUmtjalJ6TkdoaU1YTTBaREJ1T1E9PQ', 2024, 2, 9, 2024100000000000002, 130, 2024200000000000074, 3055640000001, 1, 313, 80, '', 'Menunjukkan penguasaan yang baik dalam Dampak Sosial Informatika', ''),
(2024200000000006430, 'b0JSRDJPaHlGaEdlNis0bEQzRHVWdz09OmJUUmtjalJ6TkdoaU1YTTBaREJ1T1E9PQ', 2024, 2, 9, 2024100000000000002, 130, 2024200000000000074, 3055640000001, 1, 314, 80, '', 'Menunjukkan penguasaan yang baik dalam Dampak Sosial Informatika', ''),
(2024200000000006431, 'b0JSRDJPaHlGaEdlNis0bEQzRHVWdz09OmJUUmtjalJ6TkdoaU1YTTBaREJ1T1E9PQ', 2024, 2, 9, 2024100000000000002, 130, 2024200000000000074, 3055640000001, 1, 315, 79, '', 'Menunjukkan penguasaan yang baik dalam Dampak Sosial Informatika', ''),
(2024200000000006432, 'b0JSRDJPaHlGaEdlNis0bEQzRHVWdz09OmJUUmtjalJ6TkdoaU1YTTBaREJ1T1E9PQ', 2024, 2, 9, 2024100000000000002, 130, 2024200000000000074, 3055640000001, 1, 316, 79, '', 'Menunjukkan penguasaan yang baik dalam Dampak Sosial Informatika', ''),
(2024200000000006433, 'b0JSRDJPaHlGaEdlNis0bEQzRHVWdz09OmJUUmtjalJ6TkdoaU1YTTBaREJ1T1E9PQ', 2024, 2, 9, 2024100000000000002, 130, 2024200000000000074, 3055640000001, 1, 317, 81, '', 'Menunjukkan penguasaan yang baik dalam Dampak Sosial Informatika', ''),
(2024200000000006434, 'b0JSRDJPaHlGaEdlNis0bEQzRHVWdz09OmJUUmtjalJ6TkdoaU1YTTBaREJ1T1E9PQ', 2024, 2, 9, 2024100000000000002, 130, 2024200000000000074, 3055640000001, 1, 318, 79, '', 'Menunjukkan penguasaan yang baik dalam Dampak Sosial Informatika', ''),
(2024200000000006435, 'b0JSRDJPaHlGaEdlNis0bEQzRHVWdz09OmJUUmtjalJ6TkdoaU1YTTBaREJ1T1E9PQ', 2024, 2, 9, 2024100000000000002, 130, 2024200000000000074, 3055640000001, 1, 319, 77, '', 'Menunjukkan penguasaan yang baik dalam Dampak Sosial Informatika', ''),
(2024200000000006436, 'b0JSRDJPaHlGaEdlNis0bEQzRHVWdz09OmJUUmtjalJ6TkdoaU1YTTBaREJ1T1E9PQ', 2024, 2, 9, 2024100000000000002, 130, 2024200000000000074, 3055640000001, 1, 320, 79, '', 'Menunjukkan penguasaan yang baik dalam Dampak Sosial Informatika', '');
INSERT INTO `e_rapor` (`rapor_id`, `lembaga_id`, `tahunajaran_id`, `semester_id`, `tingkat_id`, `kelas_id`, `mapel_id`, `ajar_id`, `guru_id`, `jenisnilai_id`, `siswa_id`, `rapor_nilai`, `rapor_predikat`, `rapor_deskripsi`, `rapor_deskmin`) VALUES
(2024200000000006437, 'b0JSRDJPaHlGaEdlNis0bEQzRHVWdz09OmJUUmtjalJ6TkdoaU1YTTBaREJ1T1E9PQ', 2024, 2, 9, 2024100000000000002, 130, 2024200000000000074, 3055640000001, 1, 321, 79, '', 'Menunjukkan penguasaan yang baik dalam Dampak Sosial Informatika', ''),
(2024200000000006438, 'b0JSRDJPaHlGaEdlNis0bEQzRHVWdz09OmJUUmtjalJ6TkdoaU1YTTBaREJ1T1E9PQ', 2024, 2, 9, 2024100000000000002, 130, 2024200000000000074, 3055640000001, 1, 322, 79, '', 'Menunjukkan penguasaan yang baik dalam Dampak Sosial Informatika', ''),
(2024200000000006439, 'b0JSRDJPaHlGaEdlNis0bEQzRHVWdz09OmJUUmtjalJ6TkdoaU1YTTBaREJ1T1E9PQ', 2024, 2, 9, 2024100000000000002, 130, 2024200000000000074, 3055640000001, 1, 323, 79, '', 'Menunjukkan penguasaan yang baik dalam Dampak Sosial Informatika', ''),
(2024200000000006440, 'b0JSRDJPaHlGaEdlNis0bEQzRHVWdz09OmJUUmtjalJ6TkdoaU1YTTBaREJ1T1E9PQ', 2024, 2, 9, 2024100000000000002, 130, 2024200000000000074, 3055640000001, 1, 324, 78, '', 'Menunjukkan penguasaan yang baik dalam Dampak Sosial Informatika', ''),
(2024200000000006441, 'b0JSRDJPaHlGaEdlNis0bEQzRHVWdz09OmJUUmtjalJ6TkdoaU1YTTBaREJ1T1E9PQ', 2024, 2, 9, 2024100000000000002, 130, 2024200000000000074, 3055640000001, 1, 325, 79, '', 'Menunjukkan penguasaan yang baik dalam Dampak Sosial Informatika', ''),
(2024200000000006442, 'b0JSRDJPaHlGaEdlNis0bEQzRHVWdz09OmJUUmtjalJ6TkdoaU1YTTBaREJ1T1E9PQ', 2024, 2, 9, 2024100000000000002, 130, 2024200000000000074, 3055640000001, 1, 326, 79, '', 'Menunjukkan penguasaan yang baik dalam Dampak Sosial Informatika', ''),
(2024200000000006443, 'b0JSRDJPaHlGaEdlNis0bEQzRHVWdz09OmJUUmtjalJ6TkdoaU1YTTBaREJ1T1E9PQ', 2024, 2, 9, 2024100000000000002, 130, 2024200000000000074, 3055640000001, 1, 327, 79, '', 'Menunjukkan penguasaan yang baik dalam Dampak Sosial Informatika', ''),
(2024200000000006444, 'b0JSRDJPaHlGaEdlNis0bEQzRHVWdz09OmJUUmtjalJ6TkdoaU1YTTBaREJ1T1E9PQ', 2024, 2, 9, 2024100000000000002, 130, 2024200000000000074, 3055640000001, 1, 328, 79, '', 'Menunjukkan penguasaan yang baik dalam Dampak Sosial Informatika', ''),
(2024200000000006445, 'b0JSRDJPaHlGaEdlNis0bEQzRHVWdz09OmJUUmtjalJ6TkdoaU1YTTBaREJ1T1E9PQ', 2024, 2, 9, 2024100000000000002, 130, 2024200000000000074, 3055640000001, 1, 329, 79, '', 'Menunjukkan penguasaan yang baik dalam Algoritma dan Pemrograman', ''),
(2024200000000006446, 'b0JSRDJPaHlGaEdlNis0bEQzRHVWdz09OmJUUmtjalJ6TkdoaU1YTTBaREJ1T1E9PQ', 2024, 2, 9, 2024100000000000002, 130, 2024200000000000074, 3055640000001, 1, 330, 79, '', 'Menunjukkan penguasaan yang baik dalam Algoritma dan Pemrograman', ''),
(2024200000000006447, 'b0JSRDJPaHlGaEdlNis0bEQzRHVWdz09OmJUUmtjalJ6TkdoaU1YTTBaREJ1T1E9PQ', 2024, 2, 9, 2024100000000000002, 130, 2024200000000000074, 3055640000001, 1, 331, 79, '', 'Menunjukkan penguasaan yang baik dalam Dampak Sosial Informatika', ''),
(2024200000000006448, 'b0JSRDJPaHlGaEdlNis0bEQzRHVWdz09OmJUUmtjalJ6TkdoaU1YTTBaREJ1T1E9PQ', 2024, 2, 9, 2024100000000000002, 130, 2024200000000000074, 3055640000001, 1, 332, 79, '', 'Menunjukkan penguasaan yang baik dalam Dampak Sosial Informatika', ''),
(2024200000000006449, 'b0JSRDJPaHlGaEdlNis0bEQzRHVWdz09OmJUUmtjalJ6TkdoaU1YTTBaREJ1T1E9PQ', 2024, 2, 9, 2024100000000000002, 130, 2024200000000000074, 3055640000001, 1, 333, 79, '', 'Menunjukkan penguasaan yang baik dalam Dampak Sosial Informatika', ''),
(2024200000000006450, 'b0JSRDJPaHlGaEdlNis0bEQzRHVWdz09OmJUUmtjalJ6TkdoaU1YTTBaREJ1T1E9PQ', 2024, 2, 9, 2024100000000000002, 130, 2024200000000000074, 3055640000001, 1, 334, 79, '', 'Menunjukkan penguasaan yang baik dalam Dampak Sosial Informatika', ''),
(2024200000000006451, 'b0JSRDJPaHlGaEdlNis0bEQzRHVWdz09OmJUUmtjalJ6TkdoaU1YTTBaREJ1T1E9PQ', 2024, 2, 9, 2024100000000000002, 130, 2024200000000000074, 3055640000001, 1, 335, 79, '', 'Menunjukkan penguasaan yang baik dalam Dampak Sosial Informatika', ''),
(2024200000000006452, 'b0JSRDJPaHlGaEdlNis0bEQzRHVWdz09OmJUUmtjalJ6TkdoaU1YTTBaREJ1T1E9PQ', 2024, 2, 9, 2024100000000000002, 130, 2024200000000000074, 3055640000001, 1, 336, 79, '', 'Menunjukkan penguasaan yang baik dalam Dampak Sosial Informatika', ''),
(2024200000000006453, 'b0JSRDJPaHlGaEdlNis0bEQzRHVWdz09OmJUUmtjalJ6TkdoaU1YTTBaREJ1T1E9PQ', 2024, 2, 9, 2024100000000000002, 130, 2024200000000000074, 3055640000001, 1, 337, 80, '', 'Menunjukkan penguasaan yang baik dalam Dampak Sosial Informatika', ''),
(2024200000000006454, 'b0JSRDJPaHlGaEdlNis0bEQzRHVWdz09OmJUUmtjalJ6TkdoaU1YTTBaREJ1T1E9PQ', 2024, 2, 9, 2024100000000000002, 130, 2024200000000000074, 3055640000001, 1, 338, 79, '', 'Menunjukkan penguasaan yang baik dalam Dampak Sosial Informatika', ''),
(2024200000000006455, 'b0JSRDJPaHlGaEdlNis0bEQzRHVWdz09OmJUUmtjalJ6TkdoaU1YTTBaREJ1T1E9PQ', 2024, 2, 9, 2024100000000000002, 130, 2024200000000000074, 3055640000001, 1, 339, 79, '', 'Menunjukkan penguasaan yang baik dalam Dampak Sosial Informatika', ''),
(2024200000000006456, 'b0JSRDJPaHlGaEdlNis0bEQzRHVWdz09OmJUUmtjalJ6TkdoaU1YTTBaREJ1T1E9PQ', 2024, 2, 9, 2024100000000000002, 130, 2024200000000000074, 3055640000001, 1, 340, 79, '', 'Menunjukkan penguasaan yang baik dalam Dampak Sosial Informatika', ''),
(2024200000000006457, 'b0JSRDJPaHlGaEdlNis0bEQzRHVWdz09OmJUUmtjalJ6TkdoaU1YTTBaREJ1T1E9PQ', 2024, 2, 9, 2024100000000000002, 130, 2024200000000000074, 3055640000001, 1, 341, 79, '', 'Menunjukkan penguasaan yang baik dalam Dampak Sosial Informatika', ''),
(2024200000000006458, 'b0JSRDJPaHlGaEdlNis0bEQzRHVWdz09OmJUUmtjalJ6TkdoaU1YTTBaREJ1T1E9PQ', 2024, 2, 9, 2024100000000000002, 130, 2024200000000000074, 3055640000001, 1, 342, 79, '', 'Menunjukkan penguasaan yang baik dalam Dampak Sosial Informatika', ''),
(2024200000000006459, 'b0JSRDJPaHlGaEdlNis0bEQzRHVWdz09OmJUUmtjalJ6TkdoaU1YTTBaREJ1T1E9PQ', 2024, 2, 9, 2024100000000000002, 130, 2024200000000000074, 3055640000001, 1, 343, 79, '', 'Menunjukkan penguasaan yang baik dalam Dampak Sosial Informatika', ''),
(2024200000000006460, 'b0JSRDJPaHlGaEdlNis0bEQzRHVWdz09OmJUUmtjalJ6TkdoaU1YTTBaREJ1T1E9PQ', 2024, 2, 9, 2024100000000000002, 130, 2024200000000000074, 3055640000001, 1, 344, 79, '', 'Menunjukkan penguasaan yang baik dalam Dampak Sosial Informatika', ''),
(2024200000000006461, 'b0JSRDJPaHlGaEdlNis0bEQzRHVWdz09OmJUUmtjalJ6TkdoaU1YTTBaREJ1T1E9PQ', 2024, 2, 9, 2024100000000000002, 130, 2024200000000000074, 3055640000001, 1, 345, 79, '', 'Menunjukkan penguasaan yang baik dalam Dampak Sosial Informatika', ''),
(2024200000000006462, 'b0JSRDJPaHlGaEdlNis0bEQzRHVWdz09OmJUUmtjalJ6TkdoaU1YTTBaREJ1T1E9PQ', 2024, 2, 9, 2024100000000000002, 130, 2024200000000000074, 3055640000001, 1, 346, 79, '', 'Menunjukkan penguasaan yang baik dalam Dampak Sosial Informatika', ''),
(2024200000000006463, 'b0JSRDJPaHlGaEdlNis0bEQzRHVWdz09OmJUUmtjalJ6TkdoaU1YTTBaREJ1T1E9PQ', 2024, 2, 9, 2024100000000000002, 130, 2024200000000000074, 3055640000001, 1, 347, 79, '', 'Menunjukkan penguasaan yang baik dalam Dampak Sosial Informatika', ''),
(2024200000000006464, 'b0JSRDJPaHlGaEdlNis0bEQzRHVWdz09OmJUUmtjalJ6TkdoaU1YTTBaREJ1T1E9PQ', 2024, 2, 9, 2024100000000000001, 121, 2024200000000000064, 3055640000020, 1, 280, 88, '', 'Menunjukkan penguasaan yang baik dalam Menjelaskan serta meneladani peran ilmuan muslim pada masa Daulah Bani Umayyah', ''),
(2024200000000006465, 'b0JSRDJPaHlGaEdlNis0bEQzRHVWdz09OmJUUmtjalJ6TkdoaU1YTTBaREJ1T1E9PQ', 2024, 2, 9, 2024100000000000001, 121, 2024200000000000064, 3055640000020, 1, 281, 85, '', 'Menunjukkan penguasaan yang baik dalam Menghayati serta memaparkan sikap dan gaya kepemimpinan Umar bin  Abdul Aziz', ''),
(2024200000000006466, 'b0JSRDJPaHlGaEdlNis0bEQzRHVWdz09OmJUUmtjalJ6TkdoaU1YTTBaREJ1T1E9PQ', 2024, 2, 9, 2024100000000000001, 121, 2024200000000000064, 3055640000020, 1, 282, 86, '', 'Menunjukkan penguasaan yang baik dalam Menganalisis serta mengidentifikasi berbagai perkembangan pradaban pada masa Daulah Bani Umayyah', ''),
(2024200000000006467, 'b0JSRDJPaHlGaEdlNis0bEQzRHVWdz09OmJUUmtjalJ6TkdoaU1YTTBaREJ1T1E9PQ', 2024, 2, 9, 2024100000000000001, 121, 2024200000000000064, 3055640000020, 1, 283, 83, '', 'Menunjukkan penguasaan yang baik dalam Menganalisis serta mengidentifikasi berbagai perkembangan pradaban pada masa Daulah Bani Umayyah', ''),
(2024200000000006468, 'b0JSRDJPaHlGaEdlNis0bEQzRHVWdz09OmJUUmtjalJ6TkdoaU1YTTBaREJ1T1E9PQ', 2024, 2, 9, 2024100000000000001, 121, 2024200000000000064, 3055640000020, 1, 284, 81, '', 'Menunjukkan penguasaan yang baik dalam Menganalisis serta mengidentifikasi berbagai perkembangan pradaban pada masa Daulah Bani Umayyah', ''),
(2024200000000006469, 'b0JSRDJPaHlGaEdlNis0bEQzRHVWdz09OmJUUmtjalJ6TkdoaU1YTTBaREJ1T1E9PQ', 2024, 2, 9, 2024100000000000001, 121, 2024200000000000064, 3055640000020, 1, 285, 82, '', 'Menunjukkan penguasaan yang baik dalam Menjelaskan serta meneladani peran ilmuan muslim pada masa Daulah Bani Umayyah', ''),
(2024200000000006470, 'b0JSRDJPaHlGaEdlNis0bEQzRHVWdz09OmJUUmtjalJ6TkdoaU1YTTBaREJ1T1E9PQ', 2024, 2, 9, 2024100000000000001, 121, 2024200000000000064, 3055640000020, 1, 286, 88, '', 'Menunjukkan penguasaan yang sangat baik dalam Menjelaskan serta meneladani peran ilmuan muslim pada masa Daulah Bani Umayyah', ''),
(2024200000000006471, 'b0JSRDJPaHlGaEdlNis0bEQzRHVWdz09OmJUUmtjalJ6TkdoaU1YTTBaREJ1T1E9PQ', 2024, 2, 9, 2024100000000000001, 121, 2024200000000000064, 3055640000020, 1, 287, 84, '', 'Menunjukkan penguasaan yang baik dalam Menganalisis serta mengidentifikasi berbagai perkembangan pradaban pada masa Daulah Bani Umayyah', ''),
(2024200000000006472, 'b0JSRDJPaHlGaEdlNis0bEQzRHVWdz09OmJUUmtjalJ6TkdoaU1YTTBaREJ1T1E9PQ', 2024, 2, 9, 2024100000000000001, 121, 2024200000000000064, 3055640000020, 1, 288, 78, '', 'Menunjukkan penguasaan yang baik dalam Menganalisis serta mengidentifikasi berbagai perkembangan pradaban pada masa Daulah Bani Umayyah', ''),
(2024200000000006473, 'b0JSRDJPaHlGaEdlNis0bEQzRHVWdz09OmJUUmtjalJ6TkdoaU1YTTBaREJ1T1E9PQ', 2024, 2, 9, 2024100000000000001, 121, 2024200000000000064, 3055640000020, 1, 289, 83, '', 'Menunjukkan penguasaan yang baik dalam Menganalisis serta mengidentifikasi berbagai perkembangan pradaban pada masa Daulah Bani Umayyah', ''),
(2024200000000006474, 'b0JSRDJPaHlGaEdlNis0bEQzRHVWdz09OmJUUmtjalJ6TkdoaU1YTTBaREJ1T1E9PQ', 2024, 2, 9, 2024100000000000001, 121, 2024200000000000064, 3055640000020, 1, 290, 85, '', 'Menunjukkan penguasaan yang baik dalam Menganalisis serta mengidentifikasi berbagai perkembangan pradaban pada masa Daulah Bani Umayyah', ''),
(2024200000000006475, 'b0JSRDJPaHlGaEdlNis0bEQzRHVWdz09OmJUUmtjalJ6TkdoaU1YTTBaREJ1T1E9PQ', 2024, 2, 9, 2024100000000000001, 121, 2024200000000000064, 3055640000020, 1, 291, 78, '', 'Menunjukkan penguasaan yang baik dalam Menjelaskan serta meneladani peran ilmuan muslim pada masa Daulah Bani Umayyah', ''),
(2024200000000006476, 'b0JSRDJPaHlGaEdlNis0bEQzRHVWdz09OmJUUmtjalJ6TkdoaU1YTTBaREJ1T1E9PQ', 2024, 2, 9, 2024100000000000001, 121, 2024200000000000064, 3055640000020, 1, 292, 83, '', 'Menunjukkan penguasaan yang baik dalam Menganalisis serta mengidentifikasi berbagai perkembangan pradaban pada masa Daulah Bani Umayyah', ''),
(2024200000000006477, 'b0JSRDJPaHlGaEdlNis0bEQzRHVWdz09OmJUUmtjalJ6TkdoaU1YTTBaREJ1T1E9PQ', 2024, 2, 9, 2024100000000000001, 121, 2024200000000000064, 3055640000020, 1, 293, 90, '', 'Menunjukkan penguasaan yang sangat baik dalam Menganalisis serta mengidentifikasi berbagai perkembangan pradaban pada masa Daulah Bani Umayyah', ''),
(2024200000000006478, 'b0JSRDJPaHlGaEdlNis0bEQzRHVWdz09OmJUUmtjalJ6TkdoaU1YTTBaREJ1T1E9PQ', 2024, 2, 9, 2024100000000000001, 121, 2024200000000000064, 3055640000020, 1, 294, 81, '', 'Menunjukkan penguasaan yang baik dalam Menganalisis serta mengidentifikasi berbagai perkembangan pradaban pada masa Daulah Bani Umayyah', ''),
(2024200000000006479, 'b0JSRDJPaHlGaEdlNis0bEQzRHVWdz09OmJUUmtjalJ6TkdoaU1YTTBaREJ1T1E9PQ', 2024, 2, 9, 2024100000000000001, 121, 2024200000000000064, 3055640000020, 1, 295, 91, '', 'Menunjukkan penguasaan yang sangat baik dalam Menganalisis serta mengidentifikasi berbagai perkembangan pradaban pada masa Daulah Bani Umayyah', ''),
(2024200000000006480, 'b0JSRDJPaHlGaEdlNis0bEQzRHVWdz09OmJUUmtjalJ6TkdoaU1YTTBaREJ1T1E9PQ', 2024, 2, 9, 2024100000000000001, 121, 2024200000000000064, 3055640000020, 1, 296, 79, '', 'Menunjukkan penguasaan yang baik dalam Menjelaskan serta meneladani peran ilmuan muslim pada masa Daulah Bani Umayyah', ''),
(2024200000000006481, 'b0JSRDJPaHlGaEdlNis0bEQzRHVWdz09OmJUUmtjalJ6TkdoaU1YTTBaREJ1T1E9PQ', 2024, 2, 9, 2024100000000000001, 121, 2024200000000000064, 3055640000020, 1, 297, 79, '', 'Menunjukkan penguasaan yang baik dalam Menganalisis serta mengidentifikasi berbagai perkembangan pradaban pada masa Daulah Bani Umayyah', ''),
(2024200000000006482, 'b0JSRDJPaHlGaEdlNis0bEQzRHVWdz09OmJUUmtjalJ6TkdoaU1YTTBaREJ1T1E9PQ', 2024, 2, 9, 2024100000000000001, 121, 2024200000000000064, 3055640000020, 1, 298, 79, '', 'Menunjukkan penguasaan yang baik dalam Menganalisis serta mengidentifikasi berbagai perkembangan pradaban pada masa Daulah Bani Umayyah', ''),
(2024200000000006483, 'b0JSRDJPaHlGaEdlNis0bEQzRHVWdz09OmJUUmtjalJ6TkdoaU1YTTBaREJ1T1E9PQ', 2024, 2, 9, 2024100000000000001, 121, 2024200000000000064, 3055640000020, 1, 299, 80, '', 'Menunjukkan penguasaan yang baik dalam Menganalisis serta mengidentifikasi berbagai perkembangan pradaban pada masa Daulah Bani Umayyah', ''),
(2024200000000006484, 'b0JSRDJPaHlGaEdlNis0bEQzRHVWdz09OmJUUmtjalJ6TkdoaU1YTTBaREJ1T1E9PQ', 2024, 2, 9, 2024100000000000001, 121, 2024200000000000064, 3055640000020, 1, 300, 89, '', 'Menunjukkan penguasaan yang sangat baik dalam Menganalisis serta mengidentifikasi berbagai perkembangan pradaban pada masa Daulah Bani Umayyah', ''),
(2024200000000006485, 'b0JSRDJPaHlGaEdlNis0bEQzRHVWdz09OmJUUmtjalJ6TkdoaU1YTTBaREJ1T1E9PQ', 2024, 2, 9, 2024100000000000001, 121, 2024200000000000064, 3055640000020, 1, 301, 87, '', 'Menunjukkan penguasaan yang baik dalam Menganalisis serta mengidentifikasi berbagai perkembangan pradaban pada masa Daulah Bani Umayyah', ''),
(2024200000000006486, 'b0JSRDJPaHlGaEdlNis0bEQzRHVWdz09OmJUUmtjalJ6TkdoaU1YTTBaREJ1T1E9PQ', 2024, 2, 9, 2024100000000000001, 121, 2024200000000000064, 3055640000020, 1, 302, 87, '', 'Menunjukkan penguasaan yang baik dalam Menghayati serta memaparkan sikap dan gaya kepemimpinan Umar bin  Abdul Aziz', ''),
(2024200000000006487, 'b0JSRDJPaHlGaEdlNis0bEQzRHVWdz09OmJUUmtjalJ6TkdoaU1YTTBaREJ1T1E9PQ', 2024, 2, 9, 2024100000000000001, 121, 2024200000000000064, 3055640000020, 1, 303, 87, '', 'Menunjukkan penguasaan yang baik dalam Menganalisis serta mengidentifikasi berbagai perkembangan pradaban pada masa Daulah Bani Umayyah', ''),
(2024200000000006488, 'b0JSRDJPaHlGaEdlNis0bEQzRHVWdz09OmJUUmtjalJ6TkdoaU1YTTBaREJ1T1E9PQ', 2024, 2, 9, 2024100000000000001, 121, 2024200000000000064, 3055640000020, 1, 304, 87, '', 'Menunjukkan penguasaan yang baik dalam Menganalisis serta mengidentifikasi berbagai perkembangan pradaban pada masa Daulah Bani Umayyah', ''),
(2024200000000006489, 'b0JSRDJPaHlGaEdlNis0bEQzRHVWdz09OmJUUmtjalJ6TkdoaU1YTTBaREJ1T1E9PQ', 2024, 2, 9, 2024100000000000001, 121, 2024200000000000064, 3055640000020, 1, 305, 84, '', 'Menunjukkan penguasaan yang baik dalam Menjelaskan serta meneladani peran ilmuan muslim pada masa Daulah Bani Umayyah', ''),
(2024200000000006490, 'b0JSRDJPaHlGaEdlNis0bEQzRHVWdz09OmJUUmtjalJ6TkdoaU1YTTBaREJ1T1E9PQ', 2024, 2, 9, 2024100000000000001, 121, 2024200000000000064, 3055640000020, 1, 306, 88, '', 'Menunjukkan penguasaan yang baik dalam Menganalisis serta mengidentifikasi berbagai perkembangan pradaban pada masa Daulah Bani Umayyah', ''),
(2024200000000006491, 'b0JSRDJPaHlGaEdlNis0bEQzRHVWdz09OmJUUmtjalJ6TkdoaU1YTTBaREJ1T1E9PQ', 2024, 2, 9, 2024100000000000001, 121, 2024200000000000064, 3055640000020, 1, 307, 88, '', 'Menunjukkan penguasaan yang sangat baik dalam Menganalisis serta mengidentifikasi berbagai perkembangan pradaban pada masa Daulah Bani Umayyah', ''),
(2024200000000006492, 'b0JSRDJPaHlGaEdlNis0bEQzRHVWdz09OmJUUmtjalJ6TkdoaU1YTTBaREJ1T1E9PQ', 2024, 2, 9, 2024100000000000001, 121, 2024200000000000064, 3055640000020, 1, 308, 79, '', 'Menunjukkan penguasaan yang baik dalam Menganalisis serta mengidentifikasi berbagai perkembangan pradaban pada masa Daulah Bani Umayyah', ''),
(2024200000000006493, 'b0JSRDJPaHlGaEdlNis0bEQzRHVWdz09OmJUUmtjalJ6TkdoaU1YTTBaREJ1T1E9PQ', 2024, 2, 9, 2024100000000000001, 121, 2024200000000000064, 3055640000020, 1, 309, 82, '', 'Menunjukkan penguasaan yang baik dalam Menjelaskan serta meneladani peran ilmuan muslim pada masa Daulah Bani Umayyah', ''),
(2024200000000006494, 'b0JSRDJPaHlGaEdlNis0bEQzRHVWdz09OmJUUmtjalJ6TkdoaU1YTTBaREJ1T1E9PQ', 2024, 2, 9, 2024100000000000001, 121, 2024200000000000064, 3055640000020, 1, 310, 80, '', 'Menunjukkan penguasaan yang baik dalam Menjelaskan serta meneladani peran ilmuan muslim pada masa Daulah Bani Umayyah', ''),
(2024200000000006495, 'b0JSRDJPaHlGaEdlNis0bEQzRHVWdz09OmJUUmtjalJ6TkdoaU1YTTBaREJ1T1E9PQ', 2024, 2, 9, 2024100000000000001, 121, 2024200000000000064, 3055640000020, 1, 311, 83, '', 'Menunjukkan penguasaan yang baik dalam Menjelaskan serta meneladani peran ilmuan muslim pada masa Daulah Bani Umayyah', ''),
(2024200000000006496, 'b0JSRDJPaHlGaEdlNis0bEQzRHVWdz09OmJUUmtjalJ6TkdoaU1YTTBaREJ1T1E9PQ', 2024, 2, 9, 2024100000000000001, 121, 2024200000000000064, 3055640000020, 1, 312, 88, '', 'Menunjukkan penguasaan yang sangat baik dalam Menganalisis serta mengidentifikasi berbagai perkembangan pradaban pada masa Daulah Bani Umayyah', ''),
(2024200000000006497, 'b0JSRDJPaHlGaEdlNis0bEQzRHVWdz09OmJUUmtjalJ6TkdoaU1YTTBaREJ1T1E9PQ', 2024, 2, 9, 2024100000000000002, 121, 2024200000000000065, 3055640000020, 1, 313, 85, '', 'Menunjukkan penguasaan yang baik dalam Menganalisis serta mengidentifikasi berbagai perkembangan pradaban pada masa Daulah Bani Umayyah', ''),
(2024200000000006498, 'b0JSRDJPaHlGaEdlNis0bEQzRHVWdz09OmJUUmtjalJ6TkdoaU1YTTBaREJ1T1E9PQ', 2024, 2, 9, 2024100000000000002, 121, 2024200000000000065, 3055640000020, 1, 314, 78, '', 'Menunjukkan penguasaan yang baik dalam Menjelaskan serta meneladani peran ilmuan muslim pada masa Daulah Bani Umayyah', ''),
(2024200000000006499, 'b0JSRDJPaHlGaEdlNis0bEQzRHVWdz09OmJUUmtjalJ6TkdoaU1YTTBaREJ1T1E9PQ', 2024, 2, 9, 2024100000000000002, 121, 2024200000000000065, 3055640000020, 1, 315, 75, '', 'Menunjukkan penguasaan yang baik dalam Menjelaskan serta meneladani peran ilmuan muslim pada masa Daulah Bani Umayyah', ''),
(2024200000000006500, 'b0JSRDJPaHlGaEdlNis0bEQzRHVWdz09OmJUUmtjalJ6TkdoaU1YTTBaREJ1T1E9PQ', 2024, 2, 9, 2024100000000000002, 121, 2024200000000000065, 3055640000020, 1, 316, 80, '', 'Menunjukkan penguasaan yang baik dalam Menganalisis serta mengidentifikasi berbagai perkembangan pradaban pada masa Daulah Bani Umayyah', ''),
(2024200000000006501, 'b0JSRDJPaHlGaEdlNis0bEQzRHVWdz09OmJUUmtjalJ6TkdoaU1YTTBaREJ1T1E9PQ', 2024, 2, 9, 2024100000000000002, 121, 2024200000000000065, 3055640000020, 1, 317, 84, '', 'Menunjukkan penguasaan yang baik dalam Menghayati serta memaparkan sikap dan gaya kepemimpinan Umar bin  Abdul Aziz', ''),
(2024200000000006502, 'b0JSRDJPaHlGaEdlNis0bEQzRHVWdz09OmJUUmtjalJ6TkdoaU1YTTBaREJ1T1E9PQ', 2024, 2, 9, 2024100000000000002, 121, 2024200000000000065, 3055640000020, 1, 318, 77, '', 'Menunjukkan penguasaan yang baik dalam Menghayati serta memaparkan sikap dan gaya kepemimpinan Umar bin  Abdul Aziz', ''),
(2024200000000006503, 'b0JSRDJPaHlGaEdlNis0bEQzRHVWdz09OmJUUmtjalJ6TkdoaU1YTTBaREJ1T1E9PQ', 2024, 2, 9, 2024100000000000002, 121, 2024200000000000065, 3055640000020, 1, 319, 72, '', 'Menunjukkan penguasaan yang cukup baik dalam Menghayati serta memaparkan sikap dan gaya kepemimpinan Umar bin  Abdul Aziz', ''),
(2024200000000006504, 'b0JSRDJPaHlGaEdlNis0bEQzRHVWdz09OmJUUmtjalJ6TkdoaU1YTTBaREJ1T1E9PQ', 2024, 2, 9, 2024100000000000002, 121, 2024200000000000065, 3055640000020, 1, 320, 78, '', 'Menunjukkan penguasaan yang baik dalam Menjelaskan serta meneladani peran ilmuan muslim pada masa Daulah Bani Umayyah', ''),
(2024200000000006505, 'b0JSRDJPaHlGaEdlNis0bEQzRHVWdz09OmJUUmtjalJ6TkdoaU1YTTBaREJ1T1E9PQ', 2024, 2, 9, 2024100000000000002, 121, 2024200000000000065, 3055640000020, 1, 321, 85, '', 'Menunjukkan penguasaan yang baik dalam Menganalisis serta mengidentifikasi berbagai perkembangan pradaban pada masa Daulah Bani Umayyah', ''),
(2024200000000006506, 'b0JSRDJPaHlGaEdlNis0bEQzRHVWdz09OmJUUmtjalJ6TkdoaU1YTTBaREJ1T1E9PQ', 2024, 2, 9, 2024100000000000002, 121, 2024200000000000065, 3055640000020, 1, 322, 85, '', 'Menunjukkan penguasaan yang baik dalam Menganalisis serta mengidentifikasi berbagai perkembangan pradaban pada masa Daulah Bani Umayyah', ''),
(2024200000000006507, 'b0JSRDJPaHlGaEdlNis0bEQzRHVWdz09OmJUUmtjalJ6TkdoaU1YTTBaREJ1T1E9PQ', 2024, 2, 9, 2024100000000000002, 121, 2024200000000000065, 3055640000020, 1, 323, 74, '', 'Menunjukkan penguasaan yang cukup baik dalam Menjelaskan serta meneladani peran ilmuan muslim pada masa Daulah Bani Umayyah', ''),
(2024200000000006508, 'b0JSRDJPaHlGaEdlNis0bEQzRHVWdz09OmJUUmtjalJ6TkdoaU1YTTBaREJ1T1E9PQ', 2024, 2, 9, 2024100000000000002, 121, 2024200000000000065, 3055640000020, 1, 324, 74, '', 'Menunjukkan penguasaan yang cukup baik dalam Menjelaskan serta meneladani peran ilmuan muslim pada masa Daulah Bani Umayyah', ''),
(2024200000000006509, 'b0JSRDJPaHlGaEdlNis0bEQzRHVWdz09OmJUUmtjalJ6TkdoaU1YTTBaREJ1T1E9PQ', 2024, 2, 9, 2024100000000000002, 121, 2024200000000000065, 3055640000020, 1, 325, 79, '', 'Menunjukkan penguasaan yang baik dalam Menganalisis serta mengidentifikasi berbagai perkembangan pradaban pada masa Daulah Bani Umayyah', ''),
(2024200000000006510, 'b0JSRDJPaHlGaEdlNis0bEQzRHVWdz09OmJUUmtjalJ6TkdoaU1YTTBaREJ1T1E9PQ', 2024, 2, 9, 2024100000000000002, 121, 2024200000000000065, 3055640000020, 1, 326, 78, '', 'Menunjukkan penguasaan yang baik dalam Menjelaskan serta meneladani peran ilmuan muslim pada masa Daulah Bani Umayyah', ''),
(2024200000000006511, 'b0JSRDJPaHlGaEdlNis0bEQzRHVWdz09OmJUUmtjalJ6TkdoaU1YTTBaREJ1T1E9PQ', 2024, 2, 9, 2024100000000000002, 121, 2024200000000000065, 3055640000020, 1, 327, 76, '', 'Menunjukkan penguasaan yang baik dalam Menjelaskan serta meneladani peran ilmuan muslim pada masa Daulah Bani Umayyah', ''),
(2024200000000006512, 'b0JSRDJPaHlGaEdlNis0bEQzRHVWdz09OmJUUmtjalJ6TkdoaU1YTTBaREJ1T1E9PQ', 2024, 2, 9, 2024100000000000002, 121, 2024200000000000065, 3055640000020, 1, 328, 76, '', 'Menunjukkan penguasaan yang baik dalam Menghayati serta memaparkan sikap dan gaya kepemimpinan Umar bin  Abdul Aziz', ''),
(2024200000000006513, 'b0JSRDJPaHlGaEdlNis0bEQzRHVWdz09OmJUUmtjalJ6TkdoaU1YTTBaREJ1T1E9PQ', 2024, 2, 9, 2024100000000000002, 121, 2024200000000000065, 3055640000020, 1, 329, 78, '', 'Menunjukkan penguasaan yang baik dalam Menganalisis serta mengidentifikasi berbagai perkembangan pradaban pada masa Daulah Bani Umayyah', ''),
(2024200000000006514, 'b0JSRDJPaHlGaEdlNis0bEQzRHVWdz09OmJUUmtjalJ6TkdoaU1YTTBaREJ1T1E9PQ', 2024, 2, 9, 2024100000000000002, 121, 2024200000000000065, 3055640000020, 1, 330, 77, '', 'Menunjukkan penguasaan yang baik dalam Menjelaskan serta meneladani peran ilmuan muslim pada masa Daulah Bani Umayyah', ''),
(2024200000000006515, 'b0JSRDJPaHlGaEdlNis0bEQzRHVWdz09OmJUUmtjalJ6TkdoaU1YTTBaREJ1T1E9PQ', 2024, 2, 9, 2024100000000000002, 121, 2024200000000000065, 3055640000020, 1, 331, 74, '', 'Menunjukkan penguasaan yang cukup baik dalam Menjelaskan serta meneladani peran ilmuan muslim pada masa Daulah Bani Umayyah', ''),
(2024200000000006516, 'b0JSRDJPaHlGaEdlNis0bEQzRHVWdz09OmJUUmtjalJ6TkdoaU1YTTBaREJ1T1E9PQ', 2024, 2, 9, 2024100000000000002, 121, 2024200000000000065, 3055640000020, 1, 332, 79, '', 'Menunjukkan penguasaan yang baik dalam Menganalisis serta mengidentifikasi berbagai perkembangan pradaban pada masa Daulah Bani Umayyah', ''),
(2024200000000006517, 'b0JSRDJPaHlGaEdlNis0bEQzRHVWdz09OmJUUmtjalJ6TkdoaU1YTTBaREJ1T1E9PQ', 2024, 2, 9, 2024100000000000002, 121, 2024200000000000065, 3055640000020, 1, 333, 74, '', 'Menunjukkan penguasaan yang cukup baik dalam Menjelaskan serta meneladani peran ilmuan muslim pada masa Daulah Bani Umayyah', ''),
(2024200000000006518, 'b0JSRDJPaHlGaEdlNis0bEQzRHVWdz09OmJUUmtjalJ6TkdoaU1YTTBaREJ1T1E9PQ', 2024, 2, 9, 2024100000000000002, 121, 2024200000000000065, 3055640000020, 1, 334, 73, '', 'Menunjukkan penguasaan yang cukup baik dalam Menjelaskan serta meneladani peran ilmuan muslim pada masa Daulah Bani Umayyah', ''),
(2024200000000006519, 'b0JSRDJPaHlGaEdlNis0bEQzRHVWdz09OmJUUmtjalJ6TkdoaU1YTTBaREJ1T1E9PQ', 2024, 2, 9, 2024100000000000002, 121, 2024200000000000065, 3055640000020, 1, 335, 75, '', 'Menunjukkan penguasaan yang cukup baik dalam Menjelaskan serta meneladani peran ilmuan muslim pada masa Daulah Bani Umayyah', ''),
(2024200000000006520, 'b0JSRDJPaHlGaEdlNis0bEQzRHVWdz09OmJUUmtjalJ6TkdoaU1YTTBaREJ1T1E9PQ', 2024, 2, 9, 2024100000000000002, 121, 2024200000000000065, 3055640000020, 1, 336, 79, '', 'Menunjukkan penguasaan yang baik dalam Menganalisis serta mengidentifikasi berbagai perkembangan pradaban pada masa Daulah Bani Umayyah', ''),
(2024200000000006521, 'b0JSRDJPaHlGaEdlNis0bEQzRHVWdz09OmJUUmtjalJ6TkdoaU1YTTBaREJ1T1E9PQ', 2024, 2, 9, 2024100000000000002, 121, 2024200000000000065, 3055640000020, 1, 337, 80, '', 'Menunjukkan penguasaan yang baik dalam Menjelaskan serta meneladani peran ilmuan muslim pada masa Daulah Bani Umayyah', ''),
(2024200000000006522, 'b0JSRDJPaHlGaEdlNis0bEQzRHVWdz09OmJUUmtjalJ6TkdoaU1YTTBaREJ1T1E9PQ', 2024, 2, 9, 2024100000000000002, 121, 2024200000000000065, 3055640000020, 1, 338, 78, '', 'Menunjukkan penguasaan yang baik dalam Menganalisis serta mengidentifikasi berbagai perkembangan pradaban pada masa Daulah Bani Umayyah', ''),
(2024200000000006523, 'b0JSRDJPaHlGaEdlNis0bEQzRHVWdz09OmJUUmtjalJ6TkdoaU1YTTBaREJ1T1E9PQ', 2024, 2, 9, 2024100000000000002, 121, 2024200000000000065, 3055640000020, 1, 339, 84, '', 'Menunjukkan penguasaan yang baik dalam Menganalisis serta mengidentifikasi berbagai perkembangan pradaban pada masa Daulah Bani Umayyah', ''),
(2024200000000006524, 'b0JSRDJPaHlGaEdlNis0bEQzRHVWdz09OmJUUmtjalJ6TkdoaU1YTTBaREJ1T1E9PQ', 2024, 2, 9, 2024100000000000002, 121, 2024200000000000065, 3055640000020, 1, 340, 76, '', 'Menunjukkan penguasaan yang baik dalam Menghayati serta memaparkan sikap dan gaya kepemimpinan Umar bin  Abdul Aziz', ''),
(2024200000000006525, 'b0JSRDJPaHlGaEdlNis0bEQzRHVWdz09OmJUUmtjalJ6TkdoaU1YTTBaREJ1T1E9PQ', 2024, 2, 9, 2024100000000000002, 121, 2024200000000000065, 3055640000020, 1, 341, 79, '', 'Menunjukkan penguasaan yang baik dalam Menjelaskan serta meneladani peran ilmuan muslim pada masa Daulah Bani Umayyah', ''),
(2024200000000006526, 'b0JSRDJPaHlGaEdlNis0bEQzRHVWdz09OmJUUmtjalJ6TkdoaU1YTTBaREJ1T1E9PQ', 2024, 2, 9, 2024100000000000002, 121, 2024200000000000065, 3055640000020, 1, 342, 81, '', 'Menunjukkan penguasaan yang baik dalam Menghayati serta memaparkan sikap dan gaya kepemimpinan Umar bin  Abdul Aziz', ''),
(2024200000000006527, 'b0JSRDJPaHlGaEdlNis0bEQzRHVWdz09OmJUUmtjalJ6TkdoaU1YTTBaREJ1T1E9PQ', 2024, 2, 9, 2024100000000000002, 121, 2024200000000000065, 3055640000020, 1, 343, 83, '', 'Menunjukkan penguasaan yang baik dalam Menganalisis serta mengidentifikasi berbagai perkembangan pradaban pada masa Daulah Bani Umayyah', ''),
(2024200000000006528, 'b0JSRDJPaHlGaEdlNis0bEQzRHVWdz09OmJUUmtjalJ6TkdoaU1YTTBaREJ1T1E9PQ', 2024, 2, 9, 2024100000000000002, 121, 2024200000000000065, 3055640000020, 1, 344, 77, '', 'Menunjukkan penguasaan yang baik dalam Menghayati serta memaparkan sikap dan gaya kepemimpinan Umar bin  Abdul Aziz', ''),
(2024200000000006529, 'b0JSRDJPaHlGaEdlNis0bEQzRHVWdz09OmJUUmtjalJ6TkdoaU1YTTBaREJ1T1E9PQ', 2024, 2, 9, 2024100000000000002, 121, 2024200000000000065, 3055640000020, 1, 345, 82, '', 'Menunjukkan penguasaan yang baik dalam Menghayati serta memaparkan sikap dan gaya kepemimpinan Umar bin  Abdul Aziz', ''),
(2024200000000006530, 'b0JSRDJPaHlGaEdlNis0bEQzRHVWdz09OmJUUmtjalJ6TkdoaU1YTTBaREJ1T1E9PQ', 2024, 2, 9, 2024100000000000002, 121, 2024200000000000065, 3055640000020, 1, 346, 79, '', 'Menunjukkan penguasaan yang baik dalam Menganalisis serta mengidentifikasi berbagai perkembangan pradaban pada masa Daulah Bani Umayyah', ''),
(2024200000000006531, 'b0JSRDJPaHlGaEdlNis0bEQzRHVWdz09OmJUUmtjalJ6TkdoaU1YTTBaREJ1T1E9PQ', 2024, 2, 9, 2024100000000000002, 121, 2024200000000000065, 3055640000020, 1, 347, 84, '', 'Menunjukkan penguasaan yang baik dalam Menganalisis serta mengidentifikasi berbagai perkembangan pradaban pada masa Daulah Bani Umayyah', ''),
(2024200000000006532, 'b0JSRDJPaHlGaEdlNis0bEQzRHVWdz09OmJUUmtjalJ6TkdoaU1YTTBaREJ1T1E9PQ', 2024, 2, 9, 2024100000000000003, 121, 2024200000000000066, 3055640000020, 1, 348, 81, '', 'Menunjukkan penguasaan yang baik dalam Menjelaskan serta meneladani peran ilmuan muslim pada masa Daulah Bani Umayyah', ''),
(2024200000000006533, 'b0JSRDJPaHlGaEdlNis0bEQzRHVWdz09OmJUUmtjalJ6TkdoaU1YTTBaREJ1T1E9PQ', 2024, 2, 9, 2024100000000000003, 121, 2024200000000000066, 3055640000020, 1, 349, 82, '', 'Menunjukkan penguasaan yang baik dalam Menghayati serta memaparkan sikap dan gaya kepemimpinan Umar bin  Abdul Aziz', ''),
(2024200000000006534, 'b0JSRDJPaHlGaEdlNis0bEQzRHVWdz09OmJUUmtjalJ6TkdoaU1YTTBaREJ1T1E9PQ', 2024, 2, 9, 2024100000000000003, 121, 2024200000000000066, 3055640000020, 1, 350, 78, '', 'Menunjukkan penguasaan yang baik dalam Menjelaskan serta meneladani peran ilmuan muslim pada masa Daulah Bani Umayyah', ''),
(2024200000000006535, 'b0JSRDJPaHlGaEdlNis0bEQzRHVWdz09OmJUUmtjalJ6TkdoaU1YTTBaREJ1T1E9PQ', 2024, 2, 9, 2024100000000000003, 121, 2024200000000000066, 3055640000020, 1, 351, 79, '', 'Menunjukkan penguasaan yang baik dalam Menghayati serta memaparkan sikap dan gaya kepemimpinan Umar bin  Abdul Aziz', ''),
(2024200000000006536, 'b0JSRDJPaHlGaEdlNis0bEQzRHVWdz09OmJUUmtjalJ6TkdoaU1YTTBaREJ1T1E9PQ', 2024, 2, 9, 2024100000000000003, 121, 2024200000000000066, 3055640000020, 1, 352, 83, '', 'Menunjukkan penguasaan yang baik dalam Menganalisis serta mengidentifikasi berbagai perkembangan pradaban pada masa Daulah Bani Umayyah', ''),
(2024200000000006537, 'b0JSRDJPaHlGaEdlNis0bEQzRHVWdz09OmJUUmtjalJ6TkdoaU1YTTBaREJ1T1E9PQ', 2024, 2, 9, 2024100000000000003, 121, 2024200000000000066, 3055640000020, 1, 354, 80, '', 'Menunjukkan penguasaan yang baik dalam Menganalisis serta mengidentifikasi berbagai perkembangan pradaban pada masa Daulah Bani Umayyah', ''),
(2024200000000006538, 'b0JSRDJPaHlGaEdlNis0bEQzRHVWdz09OmJUUmtjalJ6TkdoaU1YTTBaREJ1T1E9PQ', 2024, 2, 9, 2024100000000000003, 121, 2024200000000000066, 3055640000020, 1, 355, 75, '', 'Menunjukkan penguasaan yang baik dalam Menghayati serta memaparkan sikap dan gaya kepemimpinan Umar bin  Abdul Aziz', ''),
(2024200000000006539, 'b0JSRDJPaHlGaEdlNis0bEQzRHVWdz09OmJUUmtjalJ6TkdoaU1YTTBaREJ1T1E9PQ', 2024, 2, 9, 2024100000000000003, 121, 2024200000000000066, 3055640000020, 1, 357, 79, '', 'Menunjukkan penguasaan yang baik dalam Menjelaskan serta meneladani peran ilmuan muslim pada masa Daulah Bani Umayyah', ''),
(2024200000000006540, 'b0JSRDJPaHlGaEdlNis0bEQzRHVWdz09OmJUUmtjalJ6TkdoaU1YTTBaREJ1T1E9PQ', 2024, 2, 9, 2024100000000000003, 121, 2024200000000000066, 3055640000020, 1, 358, 82, '', 'Menunjukkan penguasaan yang baik dalam Menjelaskan serta meneladani peran ilmuan muslim pada masa Daulah Bani Umayyah', ''),
(2024200000000006541, 'b0JSRDJPaHlGaEdlNis0bEQzRHVWdz09OmJUUmtjalJ6TkdoaU1YTTBaREJ1T1E9PQ', 2024, 2, 9, 2024100000000000003, 121, 2024200000000000066, 3055640000020, 1, 359, 80, '', 'Menunjukkan penguasaan yang baik dalam Menjelaskan serta meneladani peran ilmuan muslim pada masa Daulah Bani Umayyah', ''),
(2024200000000006542, 'b0JSRDJPaHlGaEdlNis0bEQzRHVWdz09OmJUUmtjalJ6TkdoaU1YTTBaREJ1T1E9PQ', 2024, 2, 9, 2024100000000000003, 121, 2024200000000000066, 3055640000020, 1, 360, 79, '', 'Menunjukkan penguasaan yang cukup baik dalam Menganalisis serta mengidentifikasi berbagai perkembangan pradaban pada masa Daulah Bani Umayyah', ''),
(2024200000000006543, 'b0JSRDJPaHlGaEdlNis0bEQzRHVWdz09OmJUUmtjalJ6TkdoaU1YTTBaREJ1T1E9PQ', 2024, 2, 9, 2024100000000000003, 121, 2024200000000000066, 3055640000020, 1, 361, 75, '', 'Menunjukkan penguasaan yang cukup baik dalam Menjelaskan serta meneladani peran ilmuan muslim pada masa Daulah Bani Umayyah', ''),
(2024200000000006544, 'b0JSRDJPaHlGaEdlNis0bEQzRHVWdz09OmJUUmtjalJ6TkdoaU1YTTBaREJ1T1E9PQ', 2024, 2, 9, 2024100000000000003, 121, 2024200000000000066, 3055640000020, 1, 362, 82, '', 'Menunjukkan penguasaan yang baik dalam Menganalisis serta mengidentifikasi berbagai perkembangan pradaban pada masa Daulah Bani Umayyah', ''),
(2024200000000006545, 'b0JSRDJPaHlGaEdlNis0bEQzRHVWdz09OmJUUmtjalJ6TkdoaU1YTTBaREJ1T1E9PQ', 2024, 2, 9, 2024100000000000003, 121, 2024200000000000066, 3055640000020, 1, 363, 81, '', 'Menunjukkan penguasaan yang baik dalam Menjelaskan serta meneladani peran ilmuan muslim pada masa Daulah Bani Umayyah', ''),
(2024200000000006546, 'b0JSRDJPaHlGaEdlNis0bEQzRHVWdz09OmJUUmtjalJ6TkdoaU1YTTBaREJ1T1E9PQ', 2024, 2, 9, 2024100000000000003, 121, 2024200000000000066, 3055640000020, 1, 3055640000380, 79, '', 'Menunjukkan penguasaan yang baik dalam Menghayati serta memaparkan sikap dan gaya kepemimpinan Umar bin  Abdul Aziz', ''),
(2024200000000006547, 'b0JSRDJPaHlGaEdlNis0bEQzRHVWdz09OmJUUmtjalJ6TkdoaU1YTTBaREJ1T1E9PQ', 2024, 2, 9, 2024100000000000003, 121, 2024200000000000066, 3055640000020, 1, 3055640000381, 80, '', 'Menunjukkan penguasaan yang baik dalam Menghayati serta memaparkan sikap dan gaya kepemimpinan Umar bin  Abdul Aziz', ''),
(2024200000000006548, 'b0JSRDJPaHlGaEdlNis0bEQzRHVWdz09OmJUUmtjalJ6TkdoaU1YTTBaREJ1T1E9PQ', 2024, 2, 9, 2024100000000000003, 121, 2024200000000000066, 3055640000020, 1, 364, 76, '', 'Menunjukkan penguasaan yang baik dalam Menjelaskan serta meneladani peran ilmuan muslim pada masa Daulah Bani Umayyah', ''),
(2024200000000006549, 'b0JSRDJPaHlGaEdlNis0bEQzRHVWdz09OmJUUmtjalJ6TkdoaU1YTTBaREJ1T1E9PQ', 2024, 2, 9, 2024100000000000003, 121, 2024200000000000066, 3055640000020, 1, 367, 75, '', 'Menunjukkan penguasaan yang cukup baik dalam Menghayati serta memaparkan sikap dan gaya kepemimpinan Umar bin  Abdul Aziz', ''),
(2024200000000006550, 'b0JSRDJPaHlGaEdlNis0bEQzRHVWdz09OmJUUmtjalJ6TkdoaU1YTTBaREJ1T1E9PQ', 2024, 2, 9, 2024100000000000003, 121, 2024200000000000066, 3055640000020, 1, 368, 80, '', 'Menunjukkan penguasaan yang baik dalam Menganalisis serta mengidentifikasi berbagai perkembangan pradaban pada masa Daulah Bani Umayyah', ''),
(2024200000000006551, 'b0JSRDJPaHlGaEdlNis0bEQzRHVWdz09OmJUUmtjalJ6TkdoaU1YTTBaREJ1T1E9PQ', 2024, 2, 9, 2024100000000000003, 121, 2024200000000000066, 3055640000020, 1, 369, 80, '', 'Menunjukkan penguasaan yang baik dalam Menjelaskan serta meneladani peran ilmuan muslim pada masa Daulah Bani Umayyah', ''),
(2024200000000006552, 'b0JSRDJPaHlGaEdlNis0bEQzRHVWdz09OmJUUmtjalJ6TkdoaU1YTTBaREJ1T1E9PQ', 2024, 2, 9, 2024100000000000003, 121, 2024200000000000066, 3055640000020, 1, 370, 81, '', 'Menunjukkan penguasaan yang baik dalam Menjelaskan serta meneladani peran ilmuan muslim pada masa Daulah Bani Umayyah', ''),
(2024200000000006553, 'b0JSRDJPaHlGaEdlNis0bEQzRHVWdz09OmJUUmtjalJ6TkdoaU1YTTBaREJ1T1E9PQ', 2024, 2, 9, 2024100000000000003, 121, 2024200000000000066, 3055640000020, 1, 371, 76, '', 'Menunjukkan penguasaan yang baik dalam Menghayati serta memaparkan sikap dan gaya kepemimpinan Umar bin  Abdul Aziz', ''),
(2024200000000006554, 'b0JSRDJPaHlGaEdlNis0bEQzRHVWdz09OmJUUmtjalJ6TkdoaU1YTTBaREJ1T1E9PQ', 2024, 2, 9, 2024100000000000003, 121, 2024200000000000066, 3055640000020, 1, 372, 80, '', 'Menunjukkan penguasaan yang baik dalam Menghayati serta memaparkan sikap dan gaya kepemimpinan Umar bin  Abdul Aziz', ''),
(2024200000000006555, 'b0JSRDJPaHlGaEdlNis0bEQzRHVWdz09OmJUUmtjalJ6TkdoaU1YTTBaREJ1T1E9PQ', 2024, 2, 9, 2024100000000000003, 121, 2024200000000000066, 3055640000020, 1, 373, 80, '', 'Menunjukkan penguasaan yang baik dalam Menganalisis serta mengidentifikasi berbagai perkembangan pradaban pada masa Daulah Bani Umayyah', ''),
(2024200000000006556, 'b0JSRDJPaHlGaEdlNis0bEQzRHVWdz09OmJUUmtjalJ6TkdoaU1YTTBaREJ1T1E9PQ', 2024, 2, 9, 2024100000000000003, 121, 2024200000000000066, 3055640000020, 1, 3055640000382, 76, '', 'Menunjukkan penguasaan yang baik dalam Menghayati serta memaparkan sikap dan gaya kepemimpinan Umar bin  Abdul Aziz', ''),
(2024200000000006557, 'b0JSRDJPaHlGaEdlNis0bEQzRHVWdz09OmJUUmtjalJ6TkdoaU1YTTBaREJ1T1E9PQ', 2024, 2, 9, 2024100000000000003, 121, 2024200000000000066, 3055640000020, 1, 3055640000379, 77, '', 'Menunjukkan penguasaan yang baik dalam Menganalisis serta mengidentifikasi berbagai perkembangan pradaban pada masa Daulah Bani Umayyah', ''),
(2024200000000006558, 'b0JSRDJPaHlGaEdlNis0bEQzRHVWdz09OmJUUmtjalJ6TkdoaU1YTTBaREJ1T1E9PQ', 2024, 2, 9, 2024100000000000003, 121, 2024200000000000066, 3055640000020, 1, 374, 78, '', 'Menunjukkan penguasaan yang baik dalam Menghayati serta memaparkan sikap dan gaya kepemimpinan Umar bin  Abdul Aziz', ''),
(2024200000000006559, 'b0JSRDJPaHlGaEdlNis0bEQzRHVWdz09OmJUUmtjalJ6TkdoaU1YTTBaREJ1T1E9PQ', 2024, 2, 9, 2024100000000000003, 121, 2024200000000000066, 3055640000020, 1, 3055640000383, 79, '', 'Menunjukkan penguasaan yang baik dalam Menjelaskan serta meneladani peran ilmuan muslim pada masa Daulah Bani Umayyah', ''),
(2024200000000006560, 'b0JSRDJPaHlGaEdlNis0bEQzRHVWdz09OmJUUmtjalJ6TkdoaU1YTTBaREJ1T1E9PQ', 2024, 2, 9, 2024100000000000003, 121, 2024200000000000066, 3055640000020, 1, 375, 79, '', 'Menunjukkan penguasaan yang baik dalam Menganalisis serta mengidentifikasi berbagai perkembangan pradaban pada masa Daulah Bani Umayyah', ''),
(2024200000000006561, 'b0JSRDJPaHlGaEdlNis0bEQzRHVWdz09OmJUUmtjalJ6TkdoaU1YTTBaREJ1T1E9PQ', 2024, 2, 9, 2024100000000000003, 121, 2024200000000000066, 3055640000020, 1, 3055640000384, 78, '', 'Menunjukkan penguasaan yang baik dalam Menghayati serta memaparkan sikap dan gaya kepemimpinan Umar bin  Abdul Aziz', ''),
(2024200000000006562, 'b0JSRDJPaHlGaEdlNis0bEQzRHVWdz09OmJUUmtjalJ6TkdoaU1YTTBaREJ1T1E9PQ', 2024, 2, 9, 2024100000000000003, 121, 2024200000000000066, 3055640000020, 1, 376, 76, '', 'Menunjukkan penguasaan yang cukup baik dalam Menghayati serta memaparkan sikap dan gaya kepemimpinan Umar bin  Abdul Aziz', ''),
(2024200000000006563, 'b0JSRDJPaHlGaEdlNis0bEQzRHVWdz09OmJUUmtjalJ6TkdoaU1YTTBaREJ1T1E9PQ', 2024, 2, 10, 2024100000000000004, 121, 2024200000000000133, 3055640000020, 1, 207, 88, '', 'Menunjukkan penguasaan yang sangat baik dalam Menganalisi semangat juang serta berpikir kritis dan ilmiah dalam ilmu pengetahuan sebagaimana ilmuan muslim pada masa Daulah ayubuyah', ''),
(2024200000000006564, 'b0JSRDJPaHlGaEdlNis0bEQzRHVWdz09OmJUUmtjalJ6TkdoaU1YTTBaREJ1T1E9PQ', 2024, 2, 10, 2024100000000000004, 121, 2024200000000000133, 3055640000020, 1, 238, 87, '', 'Menunjukkan penguasaan yang sangat baik dalam Menganalisi semangat juang serta berpikir kritis dan ilmiah dalam ilmu pengetahuan sebagaimana ilmuan muslim pada masa Daulah ayubuyah', ''),
(2024200000000006565, 'b0JSRDJPaHlGaEdlNis0bEQzRHVWdz09OmJUUmtjalJ6TkdoaU1YTTBaREJ1T1E9PQ', 2024, 2, 10, 2024100000000000004, 121, 2024200000000000133, 3055640000020, 1, 240, 88, '', 'Menunjukkan penguasaan yang sangat baik dalam Menganalisis serta memahami sejarah berdirinya Daulah Ayubiyah dan perkembangan peradabannya', ''),
(2024200000000006566, 'b0JSRDJPaHlGaEdlNis0bEQzRHVWdz09OmJUUmtjalJ6TkdoaU1YTTBaREJ1T1E9PQ', 2024, 2, 10, 2024100000000000004, 121, 2024200000000000133, 3055640000020, 1, 242, 86, '', 'Menunjukkan penguasaan yang baik dalam Memahami dan meneladani sikap kepemimpinan Shalahudin Al-Ayyubi', ''),
(2024200000000006567, 'b0JSRDJPaHlGaEdlNis0bEQzRHVWdz09OmJUUmtjalJ6TkdoaU1YTTBaREJ1T1E9PQ', 2024, 2, 10, 2024100000000000004, 121, 2024200000000000133, 3055640000020, 1, 243, 87, '', 'Menunjukkan penguasaan yang sangat baik dalam Menganalisis serta memahami sejarah berdirinya Daulah Ayubiyah dan perkembangan peradabannya', ''),
(2024200000000006568, 'b0JSRDJPaHlGaEdlNis0bEQzRHVWdz09OmJUUmtjalJ6TkdoaU1YTTBaREJ1T1E9PQ', 2024, 2, 10, 2024100000000000004, 121, 2024200000000000133, 3055640000020, 1, 215, 89, '', 'Menunjukkan penguasaan yang sangat baik dalam Menganalisis serta memahami sejarah berdirinya Daulah Ayubiyah dan perkembangan peradabannya', ''),
(2024200000000006569, 'b0JSRDJPaHlGaEdlNis0bEQzRHVWdz09OmJUUmtjalJ6TkdoaU1YTTBaREJ1T1E9PQ', 2024, 2, 10, 2024100000000000004, 121, 2024200000000000133, 3055640000020, 1, 245, 86, '', 'Menunjukkan penguasaan yang baik dalam Menganalisi semangat juang serta berpikir kritis dan ilmiah dalam ilmu pengetahuan sebagaimana ilmuan muslim pada masa Daulah ayubuyah', ''),
(2024200000000006570, 'b0JSRDJPaHlGaEdlNis0bEQzRHVWdz09OmJUUmtjalJ6TkdoaU1YTTBaREJ1T1E9PQ', 2024, 2, 10, 2024100000000000004, 121, 2024200000000000133, 3055640000020, 1, 246, 88, '', 'Menunjukkan penguasaan yang sangat baik dalam Memahami dan meneladani sikap kepemimpinan Shalahudin Al-Ayyubi', ''),
(2024200000000006571, 'b0JSRDJPaHlGaEdlNis0bEQzRHVWdz09OmJUUmtjalJ6TkdoaU1YTTBaREJ1T1E9PQ', 2024, 2, 10, 2024100000000000004, 121, 2024200000000000133, 3055640000020, 1, 248, 85, '', 'Menunjukkan penguasaan yang baik dalam Menganalisi semangat juang serta berpikir kritis dan ilmiah dalam ilmu pengetahuan sebagaimana ilmuan muslim pada masa Daulah ayubuyah', ''),
(2024200000000006572, 'b0JSRDJPaHlGaEdlNis0bEQzRHVWdz09OmJUUmtjalJ6TkdoaU1YTTBaREJ1T1E9PQ', 2024, 2, 10, 2024100000000000004, 121, 2024200000000000133, 3055640000020, 1, 267, 85, '', 'Menunjukkan penguasaan yang baik dalam Memahami dan meneladani sikap kepemimpinan Shalahudin Al-Ayyubi', ''),
(2024200000000006573, 'b0JSRDJPaHlGaEdlNis0bEQzRHVWdz09OmJUUmtjalJ6TkdoaU1YTTBaREJ1T1E9PQ', 2024, 2, 10, 2024100000000000004, 121, 2024200000000000133, 3055640000020, 1, 216, 87, '', 'Menunjukkan penguasaan yang sangat baik dalam Menganalisi semangat juang serta berpikir kritis dan ilmiah dalam ilmu pengetahuan sebagaimana ilmuan muslim pada masa Daulah ayubuyah', ''),
(2024200000000006574, 'b0JSRDJPaHlGaEdlNis0bEQzRHVWdz09OmJUUmtjalJ6TkdoaU1YTTBaREJ1T1E9PQ', 2024, 2, 10, 2024100000000000004, 121, 2024200000000000133, 3055640000020, 1, 249, 86, '', 'Menunjukkan penguasaan yang sangat baik dalam Memahami dan meneladani sikap kepemimpinan Shalahudin Al-Ayyubi', ''),
(2024200000000006575, 'b0JSRDJPaHlGaEdlNis0bEQzRHVWdz09OmJUUmtjalJ6TkdoaU1YTTBaREJ1T1E9PQ', 2024, 2, 10, 2024100000000000004, 121, 2024200000000000133, 3055640000020, 1, 182, 88, '', 'Menunjukkan penguasaan yang sangat baik dalam Menganalisi semangat juang serta berpikir kritis dan ilmiah dalam ilmu pengetahuan sebagaimana ilmuan muslim pada masa Daulah ayubuyah', ''),
(2024200000000006576, 'b0JSRDJPaHlGaEdlNis0bEQzRHVWdz09OmJUUmtjalJ6TkdoaU1YTTBaREJ1T1E9PQ', 2024, 2, 10, 2024100000000000004, 121, 2024200000000000133, 3055640000020, 1, 219, 90, '', 'Menunjukkan penguasaan yang sangat baik dalam Menganalisi semangat juang serta berpikir kritis dan ilmiah dalam ilmu pengetahuan sebagaimana ilmuan muslim pada masa Daulah ayubuyah', ''),
(2024200000000006577, 'b0JSRDJPaHlGaEdlNis0bEQzRHVWdz09OmJUUmtjalJ6TkdoaU1YTTBaREJ1T1E9PQ', 2024, 2, 10, 2024100000000000004, 121, 2024200000000000133, 3055640000020, 1, 188, 89, '', 'Menunjukkan penguasaan yang sangat baik dalam Memahami dan meneladani sikap kepemimpinan Shalahudin Al-Ayyubi', ''),
(2024200000000006578, 'b0JSRDJPaHlGaEdlNis0bEQzRHVWdz09OmJUUmtjalJ6TkdoaU1YTTBaREJ1T1E9PQ', 2024, 2, 10, 2024100000000000004, 121, 2024200000000000133, 3055640000020, 1, 220, 88, '', 'Menunjukkan penguasaan yang sangat baik dalam Menganalisis serta memahami sejarah berdirinya Daulah Ayubiyah dan perkembangan peradabannya', ''),
(2024200000000006579, 'b0JSRDJPaHlGaEdlNis0bEQzRHVWdz09OmJUUmtjalJ6TkdoaU1YTTBaREJ1T1E9PQ', 2024, 2, 10, 2024100000000000004, 121, 2024200000000000133, 3055640000020, 1, 191, 86, '', 'Menunjukkan penguasaan yang baik dalam Menganalisis serta memahami sejarah berdirinya Daulah Ayubiyah dan perkembangan peradabannya', ''),
(2024200000000006580, 'b0JSRDJPaHlGaEdlNis0bEQzRHVWdz09OmJUUmtjalJ6TkdoaU1YTTBaREJ1T1E9PQ', 2024, 2, 10, 2024100000000000004, 121, 2024200000000000133, 3055640000020, 1, 252, 85, '', 'Menunjukkan penguasaan yang baik dalam Menganalisis serta memahami sejarah berdirinya Daulah Ayubiyah dan perkembangan peradabannya', ''),
(2024200000000006581, 'b0JSRDJPaHlGaEdlNis0bEQzRHVWdz09OmJUUmtjalJ6TkdoaU1YTTBaREJ1T1E9PQ', 2024, 2, 10, 2024100000000000004, 121, 2024200000000000133, 3055640000020, 1, 273, 86, '', 'Menunjukkan penguasaan yang sangat baik dalam Menganalisi semangat juang serta berpikir kritis dan ilmiah dalam ilmu pengetahuan sebagaimana ilmuan muslim pada masa Daulah ayubuyah', ''),
(2024200000000006582, 'b0JSRDJPaHlGaEdlNis0bEQzRHVWdz09OmJUUmtjalJ6TkdoaU1YTTBaREJ1T1E9PQ', 2024, 2, 10, 2024100000000000004, 121, 2024200000000000133, 3055640000020, 1, 255, 87, '', 'Menunjukkan penguasaan yang sangat baik dalam Menganalisi semangat juang serta berpikir kritis dan ilmiah dalam ilmu pengetahuan sebagaimana ilmuan muslim pada masa Daulah ayubuyah', ''),
(2024200000000006583, 'b0JSRDJPaHlGaEdlNis0bEQzRHVWdz09OmJUUmtjalJ6TkdoaU1YTTBaREJ1T1E9PQ', 2024, 2, 10, 2024100000000000004, 121, 2024200000000000133, 3055640000020, 1, 195, 86, '', 'Menunjukkan penguasaan yang baik dalam Menganalisis serta memahami sejarah berdirinya Daulah Ayubiyah dan perkembangan peradabannya', ''),
(2024200000000006584, 'b0JSRDJPaHlGaEdlNis0bEQzRHVWdz09OmJUUmtjalJ6TkdoaU1YTTBaREJ1T1E9PQ', 2024, 2, 10, 2024100000000000004, 121, 2024200000000000133, 3055640000020, 1, 256, 86, '', 'Menunjukkan penguasaan yang baik dalam Menganalisis serta memahami sejarah berdirinya Daulah Ayubiyah dan perkembangan peradabannya', ''),
(2024200000000006585, 'b0JSRDJPaHlGaEdlNis0bEQzRHVWdz09OmJUUmtjalJ6TkdoaU1YTTBaREJ1T1E9PQ', 2024, 2, 10, 2024100000000000004, 121, 2024200000000000133, 3055640000020, 1, 378, 87, '', 'Menunjukkan penguasaan yang sangat baik dalam Memahami dan meneladani sikap kepemimpinan Shalahudin Al-Ayyubi', ''),
(2024200000000006586, 'b0JSRDJPaHlGaEdlNis0bEQzRHVWdz09OmJUUmtjalJ6TkdoaU1YTTBaREJ1T1E9PQ', 2024, 2, 10, 2024100000000000004, 121, 2024200000000000133, 3055640000020, 1, 232, 86, '', 'Menunjukkan penguasaan yang sangat baik dalam Memahami dan meneladani sikap kepemimpinan Shalahudin Al-Ayyubi', ''),
(2024200000000006587, 'b0JSRDJPaHlGaEdlNis0bEQzRHVWdz09OmJUUmtjalJ6TkdoaU1YTTBaREJ1T1E9PQ', 2024, 2, 10, 2024100000000000004, 121, 2024200000000000133, 3055640000020, 1, 274, 85, '', 'Menunjukkan penguasaan yang baik dalam Memahami dan meneladani sikap kepemimpinan Shalahudin Al-Ayyubi', ''),
(2024200000000006588, 'b0JSRDJPaHlGaEdlNis0bEQzRHVWdz09OmJUUmtjalJ6TkdoaU1YTTBaREJ1T1E9PQ', 2024, 2, 10, 2024100000000000004, 121, 2024200000000000133, 3055640000020, 1, 270, 85, '', 'Menunjukkan penguasaan yang baik dalam Menganalisi semangat juang serta berpikir kritis dan ilmiah dalam ilmu pengetahuan sebagaimana ilmuan muslim pada masa Daulah ayubuyah', ''),
(2024200000000006589, 'b0JSRDJPaHlGaEdlNis0bEQzRHVWdz09OmJUUmtjalJ6TkdoaU1YTTBaREJ1T1E9PQ', 2024, 2, 10, 2024100000000000004, 121, 2024200000000000133, 3055640000020, 1, 260, 88, '', 'Menunjukkan penguasaan yang sangat baik dalam Memahami dan meneladani sikap kepemimpinan Shalahudin Al-Ayyubi', ''),
(2024200000000006590, 'b0JSRDJPaHlGaEdlNis0bEQzRHVWdz09OmJUUmtjalJ6TkdoaU1YTTBaREJ1T1E9PQ', 2024, 2, 10, 2024100000000000004, 121, 2024200000000000133, 3055640000020, 1, 261, 87, '', 'Menunjukkan penguasaan yang sangat baik dalam Memahami dan meneladani sikap kepemimpinan Shalahudin Al-Ayyubi', ''),
(2024200000000006591, 'b0JSRDJPaHlGaEdlNis0bEQzRHVWdz09OmJUUmtjalJ6TkdoaU1YTTBaREJ1T1E9PQ', 2024, 2, 10, 2024100000000000004, 121, 2024200000000000133, 3055640000020, 1, 234, 91, '', 'Menunjukkan penguasaan yang sangat baik dalam Menganalisis serta memahami sejarah berdirinya Daulah Ayubiyah dan perkembangan peradabannya', ''),
(2024200000000006592, 'b0JSRDJPaHlGaEdlNis0bEQzRHVWdz09OmJUUmtjalJ6TkdoaU1YTTBaREJ1T1E9PQ', 2024, 2, 10, 2024100000000000004, 121, 2024200000000000133, 3055640000020, 1, 235, 89, '', 'Menunjukkan penguasaan yang sangat baik dalam Menganalisis serta memahami sejarah berdirinya Daulah Ayubiyah dan perkembangan peradabannya', ''),
(2024200000000006656, 'b0JSRDJPaHlGaEdlNis0bEQzRHVWdz09OmJUUmtjalJ6TkdoaU1YTTBaREJ1T1E9PQ', 2024, 2, 9, 2024100000000000003, 131, 2024200000000000081, 3055640000007, 1, 348, 82, '', 'Menunjukkan penguasaan yang baik dalam memahami dan mengetahui definisi dan bentuk-bentuk paduan suara', ''),
(2024200000000006657, 'b0JSRDJPaHlGaEdlNis0bEQzRHVWdz09OmJUUmtjalJ6TkdoaU1YTTBaREJ1T1E9PQ', 2024, 2, 9, 2024100000000000003, 131, 2024200000000000081, 3055640000007, 1, 349, 86, '', 'Menunjukkan penguasaan yang sangat baik dalam memahami konsep dasar bermain musik ansambel dan not angka', ''),
(2024200000000006658, 'b0JSRDJPaHlGaEdlNis0bEQzRHVWdz09OmJUUmtjalJ6TkdoaU1YTTBaREJ1T1E9PQ', 2024, 2, 9, 2024100000000000003, 131, 2024200000000000081, 3055640000007, 1, 350, 83, '', 'Menunjukkan penguasaan yang baik dalam memahami dan mengetahui definisi dan bentuk-bentuk paduan suara', ''),
(2024200000000006659, 'b0JSRDJPaHlGaEdlNis0bEQzRHVWdz09OmJUUmtjalJ6TkdoaU1YTTBaREJ1T1E9PQ', 2024, 2, 9, 2024100000000000003, 131, 2024200000000000081, 3055640000007, 1, 351, 85, '', 'Menunjukkan penguasaan yang sangat baik dalam memahami konsep dasar bermain musik ansambel dan not angka', ''),
(2024200000000006660, 'b0JSRDJPaHlGaEdlNis0bEQzRHVWdz09OmJUUmtjalJ6TkdoaU1YTTBaREJ1T1E9PQ', 2024, 2, 9, 2024100000000000003, 131, 2024200000000000081, 3055640000007, 1, 352, 86, '', 'Menunjukkan penguasaan yang baik dalam memahami dan mengetahui definisi dan bentuk-bentuk paduan suara', ''),
(2024200000000006661, 'b0JSRDJPaHlGaEdlNis0bEQzRHVWdz09OmJUUmtjalJ6TkdoaU1YTTBaREJ1T1E9PQ', 2024, 2, 9, 2024100000000000003, 131, 2024200000000000081, 3055640000007, 1, 354, 86, '', 'Menunjukkan penguasaan yang sangat baik dalam memahami dan mengetahui definisi dan bentuk-bentuk paduan suara', '');
INSERT INTO `e_rapor` (`rapor_id`, `lembaga_id`, `tahunajaran_id`, `semester_id`, `tingkat_id`, `kelas_id`, `mapel_id`, `ajar_id`, `guru_id`, `jenisnilai_id`, `siswa_id`, `rapor_nilai`, `rapor_predikat`, `rapor_deskripsi`, `rapor_deskmin`) VALUES
(2024200000000006662, 'b0JSRDJPaHlGaEdlNis0bEQzRHVWdz09OmJUUmtjalJ6TkdoaU1YTTBaREJ1T1E9PQ', 2024, 2, 9, 2024100000000000003, 131, 2024200000000000081, 3055640000007, 1, 355, 82, '', 'Menunjukkan penguasaan yang baik dalam memahami dan mengetahui definisi dan bentuk-bentuk paduan suara', ''),
(2024200000000006663, 'b0JSRDJPaHlGaEdlNis0bEQzRHVWdz09OmJUUmtjalJ6TkdoaU1YTTBaREJ1T1E9PQ', 2024, 2, 9, 2024100000000000003, 131, 2024200000000000081, 3055640000007, 1, 357, 84, '', 'Menunjukkan penguasaan yang baik dalam memahami dan mengetahui definisi dan bentuk-bentuk paduan suara', ''),
(2024200000000006664, 'b0JSRDJPaHlGaEdlNis0bEQzRHVWdz09OmJUUmtjalJ6TkdoaU1YTTBaREJ1T1E9PQ', 2024, 2, 9, 2024100000000000003, 131, 2024200000000000081, 3055640000007, 1, 358, 83, '', 'Menunjukkan penguasaan yang baik dalam memahami dan mengetahui definisi dan bentuk-bentuk paduan suara', ''),
(2024200000000006665, 'b0JSRDJPaHlGaEdlNis0bEQzRHVWdz09OmJUUmtjalJ6TkdoaU1YTTBaREJ1T1E9PQ', 2024, 2, 9, 2024100000000000003, 131, 2024200000000000081, 3055640000007, 1, 359, 82, '', 'Menunjukkan penguasaan yang baik dalam memahami dan mengetahui definisi dan bentuk-bentuk paduan suara', ''),
(2024200000000006666, 'b0JSRDJPaHlGaEdlNis0bEQzRHVWdz09OmJUUmtjalJ6TkdoaU1YTTBaREJ1T1E9PQ', 2024, 2, 9, 2024100000000000003, 131, 2024200000000000081, 3055640000007, 1, 360, 83, '', 'Menunjukkan penguasaan yang baik dalam memahami dan mengetahui definisi dan bentuk-bentuk paduan suara', ''),
(2024200000000006667, 'b0JSRDJPaHlGaEdlNis0bEQzRHVWdz09OmJUUmtjalJ6TkdoaU1YTTBaREJ1T1E9PQ', 2024, 2, 9, 2024100000000000003, 131, 2024200000000000081, 3055640000007, 1, 361, 83, '', 'Menunjukkan penguasaan yang baik dalam memahami dan mengetahui definisi dan bentuk-bentuk paduan suara', ''),
(2024200000000006668, 'b0JSRDJPaHlGaEdlNis0bEQzRHVWdz09OmJUUmtjalJ6TkdoaU1YTTBaREJ1T1E9PQ', 2024, 2, 9, 2024100000000000003, 131, 2024200000000000081, 3055640000007, 1, 362, 84, '', 'Menunjukkan penguasaan yang baik dalam memahami dan mengetahui definisi dan bentuk-bentuk paduan suara', ''),
(2024200000000006669, 'b0JSRDJPaHlGaEdlNis0bEQzRHVWdz09OmJUUmtjalJ6TkdoaU1YTTBaREJ1T1E9PQ', 2024, 2, 9, 2024100000000000003, 131, 2024200000000000081, 3055640000007, 1, 363, 86, '', 'Menunjukkan penguasaan yang sangat baik dalam memahami dan mengetahui definisi dan bentuk-bentuk paduan suara', ''),
(2024200000000006670, 'b0JSRDJPaHlGaEdlNis0bEQzRHVWdz09OmJUUmtjalJ6TkdoaU1YTTBaREJ1T1E9PQ', 2024, 2, 9, 2024100000000000003, 131, 2024200000000000081, 3055640000007, 1, 3055640000380, 82, '', 'Menunjukkan penguasaan yang baik dalam memahami dan mengetahui definisi dan bentuk-bentuk paduan suara', ''),
(2024200000000006671, 'b0JSRDJPaHlGaEdlNis0bEQzRHVWdz09OmJUUmtjalJ6TkdoaU1YTTBaREJ1T1E9PQ', 2024, 2, 9, 2024100000000000003, 131, 2024200000000000081, 3055640000007, 1, 3055640000381, 88, '', 'Menunjukkan penguasaan yang sangat baik dalam memahami konsep dasar bermain musik ansambel dan not angka', ''),
(2024200000000006672, 'b0JSRDJPaHlGaEdlNis0bEQzRHVWdz09OmJUUmtjalJ6TkdoaU1YTTBaREJ1T1E9PQ', 2024, 2, 9, 2024100000000000003, 131, 2024200000000000081, 3055640000007, 1, 364, 82, '', 'Menunjukkan penguasaan yang baik dalam memahami dan mengetahui definisi dan bentuk-bentuk paduan suara', ''),
(2024200000000006673, 'b0JSRDJPaHlGaEdlNis0bEQzRHVWdz09OmJUUmtjalJ6TkdoaU1YTTBaREJ1T1E9PQ', 2024, 2, 9, 2024100000000000003, 131, 2024200000000000081, 3055640000007, 1, 367, 86, '', 'Menunjukkan penguasaan yang baik dalam memahami dan mengetahui definisi dan bentuk-bentuk paduan suara', ''),
(2024200000000006674, 'b0JSRDJPaHlGaEdlNis0bEQzRHVWdz09OmJUUmtjalJ6TkdoaU1YTTBaREJ1T1E9PQ', 2024, 2, 9, 2024100000000000003, 131, 2024200000000000081, 3055640000007, 1, 368, 84, '', 'Menunjukkan penguasaan yang baik dalam memahami dan mengetahui definisi dan bentuk-bentuk paduan suara', ''),
(2024200000000006675, 'b0JSRDJPaHlGaEdlNis0bEQzRHVWdz09OmJUUmtjalJ6TkdoaU1YTTBaREJ1T1E9PQ', 2024, 2, 9, 2024100000000000003, 131, 2024200000000000081, 3055640000007, 1, 369, 80, '', 'Menunjukkan penguasaan yang baik dalam memahami dan mengetahui definisi dan bentuk-bentuk paduan suara', ''),
(2024200000000006676, 'b0JSRDJPaHlGaEdlNis0bEQzRHVWdz09OmJUUmtjalJ6TkdoaU1YTTBaREJ1T1E9PQ', 2024, 2, 9, 2024100000000000003, 131, 2024200000000000081, 3055640000007, 1, 370, 78, '', 'Menunjukkan penguasaan yang baik dalam memahami konsep dasar bermain musik ansambel dan not angka', ''),
(2024200000000006677, 'b0JSRDJPaHlGaEdlNis0bEQzRHVWdz09OmJUUmtjalJ6TkdoaU1YTTBaREJ1T1E9PQ', 2024, 2, 9, 2024100000000000003, 131, 2024200000000000081, 3055640000007, 1, 371, 87, '', 'Menunjukkan penguasaan yang sangat baik dalam memahami konsep dasar bermain musik ansambel dan not angka', ''),
(2024200000000006678, 'b0JSRDJPaHlGaEdlNis0bEQzRHVWdz09OmJUUmtjalJ6TkdoaU1YTTBaREJ1T1E9PQ', 2024, 2, 9, 2024100000000000003, 131, 2024200000000000081, 3055640000007, 1, 372, 82, '', 'Menunjukkan penguasaan yang baik dalam memahami dan mengetahui definisi dan bentuk-bentuk paduan suara', ''),
(2024200000000006679, 'b0JSRDJPaHlGaEdlNis0bEQzRHVWdz09OmJUUmtjalJ6TkdoaU1YTTBaREJ1T1E9PQ', 2024, 2, 9, 2024100000000000003, 131, 2024200000000000081, 3055640000007, 1, 373, 87, '', 'Menunjukkan penguasaan yang baik dalam memahami dan mengetahui definisi dan bentuk-bentuk paduan suara', ''),
(2024200000000006680, 'b0JSRDJPaHlGaEdlNis0bEQzRHVWdz09OmJUUmtjalJ6TkdoaU1YTTBaREJ1T1E9PQ', 2024, 2, 9, 2024100000000000003, 131, 2024200000000000081, 3055640000007, 1, 3055640000382, 84, '', 'Menunjukkan penguasaan yang sangat baik dalam memahami konsep dasar bermain musik ansambel dan not angka', ''),
(2024200000000006681, 'b0JSRDJPaHlGaEdlNis0bEQzRHVWdz09OmJUUmtjalJ6TkdoaU1YTTBaREJ1T1E9PQ', 2024, 2, 9, 2024100000000000003, 131, 2024200000000000081, 3055640000007, 1, 3055640000379, 82, '', 'Menunjukkan penguasaan yang baik dalam memahami dan mengetahui definisi dan bentuk-bentuk paduan suara', ''),
(2024200000000006682, 'b0JSRDJPaHlGaEdlNis0bEQzRHVWdz09OmJUUmtjalJ6TkdoaU1YTTBaREJ1T1E9PQ', 2024, 2, 9, 2024100000000000003, 131, 2024200000000000081, 3055640000007, 1, 374, 88, '', 'Menunjukkan penguasaan yang baik dalam memahami dan mengetahui definisi dan bentuk-bentuk paduan suara', ''),
(2024200000000006683, 'b0JSRDJPaHlGaEdlNis0bEQzRHVWdz09OmJUUmtjalJ6TkdoaU1YTTBaREJ1T1E9PQ', 2024, 2, 9, 2024100000000000003, 131, 2024200000000000081, 3055640000007, 1, 3055640000383, 82, '', 'Menunjukkan penguasaan yang baik dalam memahami dan mengetahui definisi dan bentuk-bentuk paduan suara', ''),
(2024200000000006684, 'b0JSRDJPaHlGaEdlNis0bEQzRHVWdz09OmJUUmtjalJ6TkdoaU1YTTBaREJ1T1E9PQ', 2024, 2, 9, 2024100000000000003, 131, 2024200000000000081, 3055640000007, 1, 375, 82, '', 'Menunjukkan penguasaan yang baik dalam memahami dan mengetahui definisi dan bentuk-bentuk paduan suara', ''),
(2024200000000006685, 'b0JSRDJPaHlGaEdlNis0bEQzRHVWdz09OmJUUmtjalJ6TkdoaU1YTTBaREJ1T1E9PQ', 2024, 2, 9, 2024100000000000003, 131, 2024200000000000081, 3055640000007, 1, 3055640000384, 86, '', 'Menunjukkan penguasaan yang sangat baik dalam memahami konsep dasar bermain musik ansambel dan not angka', ''),
(2024200000000006686, 'b0JSRDJPaHlGaEdlNis0bEQzRHVWdz09OmJUUmtjalJ6TkdoaU1YTTBaREJ1T1E9PQ', 2024, 2, 9, 2024100000000000003, 131, 2024200000000000081, 3055640000007, 1, 376, 84, '', 'Menunjukkan penguasaan yang baik dalam memahami dan mengetahui definisi dan bentuk-bentuk paduan suara', ''),
(2024200000000006687, 'b0JSRDJPaHlGaEdlNis0bEQzRHVWdz09OmJUUmtjalJ6TkdoaU1YTTBaREJ1T1E9PQ', 2024, 2, 10, 2024100000000000004, 130, 2024200000000000121, 3055640000001, 1, 207, 79, '', 'Menunjukkan penguasaan yang baik dalam Analisis Data', ''),
(2024200000000006688, 'b0JSRDJPaHlGaEdlNis0bEQzRHVWdz09OmJUUmtjalJ6TkdoaU1YTTBaREJ1T1E9PQ', 2024, 2, 10, 2024100000000000004, 130, 2024200000000000121, 3055640000001, 1, 238, 78, '', 'Menunjukkan penguasaan yang baik dalam Dampak Sosial Informatika', ''),
(2024200000000006689, 'b0JSRDJPaHlGaEdlNis0bEQzRHVWdz09OmJUUmtjalJ6TkdoaU1YTTBaREJ1T1E9PQ', 2024, 2, 10, 2024100000000000004, 130, 2024200000000000121, 3055640000001, 1, 240, 78, '', 'Menunjukkan penguasaan yang baik dalam Analisis Data', ''),
(2024200000000006690, 'b0JSRDJPaHlGaEdlNis0bEQzRHVWdz09OmJUUmtjalJ6TkdoaU1YTTBaREJ1T1E9PQ', 2024, 2, 10, 2024100000000000004, 130, 2024200000000000121, 3055640000001, 1, 242, 80, '', 'Menunjukkan penguasaan yang baik dalam Dampak Sosial Informatika', ''),
(2024200000000006691, 'b0JSRDJPaHlGaEdlNis0bEQzRHVWdz09OmJUUmtjalJ6TkdoaU1YTTBaREJ1T1E9PQ', 2024, 2, 10, 2024100000000000004, 130, 2024200000000000121, 3055640000001, 1, 243, 79, '', 'Menunjukkan penguasaan yang baik dalam Dampak Sosial Informatika', ''),
(2024200000000006692, 'b0JSRDJPaHlGaEdlNis0bEQzRHVWdz09OmJUUmtjalJ6TkdoaU1YTTBaREJ1T1E9PQ', 2024, 2, 10, 2024100000000000004, 130, 2024200000000000121, 3055640000001, 1, 215, 78, '', 'Menunjukkan penguasaan yang baik dalam Dampak Sosial Informatika', ''),
(2024200000000006693, 'b0JSRDJPaHlGaEdlNis0bEQzRHVWdz09OmJUUmtjalJ6TkdoaU1YTTBaREJ1T1E9PQ', 2024, 2, 10, 2024100000000000004, 130, 2024200000000000121, 3055640000001, 1, 245, 78, '', 'Menunjukkan penguasaan yang baik dalam Dampak Sosial Informatika', ''),
(2024200000000006694, 'b0JSRDJPaHlGaEdlNis0bEQzRHVWdz09OmJUUmtjalJ6TkdoaU1YTTBaREJ1T1E9PQ', 2024, 2, 10, 2024100000000000004, 130, 2024200000000000121, 3055640000001, 1, 246, 77, '', 'Menunjukkan penguasaan yang baik dalam Dampak Sosial Informatika', ''),
(2024200000000006695, 'b0JSRDJPaHlGaEdlNis0bEQzRHVWdz09OmJUUmtjalJ6TkdoaU1YTTBaREJ1T1E9PQ', 2024, 2, 10, 2024100000000000004, 130, 2024200000000000121, 3055640000001, 1, 248, 79, '', 'Menunjukkan penguasaan yang baik dalam Dampak Sosial Informatika', ''),
(2024200000000006696, 'b0JSRDJPaHlGaEdlNis0bEQzRHVWdz09OmJUUmtjalJ6TkdoaU1YTTBaREJ1T1E9PQ', 2024, 2, 10, 2024100000000000004, 130, 2024200000000000121, 3055640000001, 1, 267, 80, '', 'Menunjukkan penguasaan yang baik dalam Dampak Sosial Informatika', ''),
(2024200000000006697, 'b0JSRDJPaHlGaEdlNis0bEQzRHVWdz09OmJUUmtjalJ6TkdoaU1YTTBaREJ1T1E9PQ', 2024, 2, 10, 2024100000000000004, 130, 2024200000000000121, 3055640000001, 1, 216, 78, '', 'Menunjukkan penguasaan yang baik dalam Dampak Sosial Informatika', ''),
(2024200000000006698, 'b0JSRDJPaHlGaEdlNis0bEQzRHVWdz09OmJUUmtjalJ6TkdoaU1YTTBaREJ1T1E9PQ', 2024, 2, 10, 2024100000000000004, 130, 2024200000000000121, 3055640000001, 1, 249, 78, '', 'Menunjukkan penguasaan yang baik dalam Dampak Sosial Informatika', ''),
(2024200000000006699, 'b0JSRDJPaHlGaEdlNis0bEQzRHVWdz09OmJUUmtjalJ6TkdoaU1YTTBaREJ1T1E9PQ', 2024, 2, 10, 2024100000000000004, 130, 2024200000000000121, 3055640000001, 1, 182, 79, '', 'Menunjukkan penguasaan yang baik dalam Algoritma dan Pemrograman', ''),
(2024200000000006700, 'b0JSRDJPaHlGaEdlNis0bEQzRHVWdz09OmJUUmtjalJ6TkdoaU1YTTBaREJ1T1E9PQ', 2024, 2, 10, 2024100000000000004, 130, 2024200000000000121, 3055640000001, 1, 219, 78, '', 'Menunjukkan penguasaan yang baik dalam Analisis Data', ''),
(2024200000000006701, 'b0JSRDJPaHlGaEdlNis0bEQzRHVWdz09OmJUUmtjalJ6TkdoaU1YTTBaREJ1T1E9PQ', 2024, 2, 10, 2024100000000000004, 130, 2024200000000000121, 3055640000001, 1, 188, 79, '', 'Menunjukkan penguasaan yang baik dalam Analisis Data', ''),
(2024200000000006702, 'b0JSRDJPaHlGaEdlNis0bEQzRHVWdz09OmJUUmtjalJ6TkdoaU1YTTBaREJ1T1E9PQ', 2024, 2, 10, 2024100000000000004, 130, 2024200000000000121, 3055640000001, 1, 220, 79, '', 'Menunjukkan penguasaan yang baik dalam Analisis Data', ''),
(2024200000000006703, 'b0JSRDJPaHlGaEdlNis0bEQzRHVWdz09OmJUUmtjalJ6TkdoaU1YTTBaREJ1T1E9PQ', 2024, 2, 10, 2024100000000000004, 130, 2024200000000000121, 3055640000001, 1, 191, 78, '', 'Menunjukkan penguasaan yang baik dalam Dampak Sosial Informatika', ''),
(2024200000000006704, 'b0JSRDJPaHlGaEdlNis0bEQzRHVWdz09OmJUUmtjalJ6TkdoaU1YTTBaREJ1T1E9PQ', 2024, 2, 10, 2024100000000000004, 130, 2024200000000000121, 3055640000001, 1, 252, 78, '', 'Menunjukkan penguasaan yang baik dalam Dampak Sosial Informatika', ''),
(2024200000000006705, 'b0JSRDJPaHlGaEdlNis0bEQzRHVWdz09OmJUUmtjalJ6TkdoaU1YTTBaREJ1T1E9PQ', 2024, 2, 10, 2024100000000000004, 130, 2024200000000000121, 3055640000001, 1, 273, 78, '', 'Menunjukkan penguasaan yang baik dalam Dampak Sosial Informatika', ''),
(2024200000000006706, 'b0JSRDJPaHlGaEdlNis0bEQzRHVWdz09OmJUUmtjalJ6TkdoaU1YTTBaREJ1T1E9PQ', 2024, 2, 10, 2024100000000000004, 130, 2024200000000000121, 3055640000001, 1, 255, 78, '', 'Menunjukkan penguasaan yang baik dalam Dampak Sosial Informatika', ''),
(2024200000000006707, 'b0JSRDJPaHlGaEdlNis0bEQzRHVWdz09OmJUUmtjalJ6TkdoaU1YTTBaREJ1T1E9PQ', 2024, 2, 10, 2024100000000000004, 130, 2024200000000000121, 3055640000001, 1, 195, 78, '', 'Menunjukkan penguasaan yang baik dalam Dampak Sosial Informatika', ''),
(2024200000000006708, 'b0JSRDJPaHlGaEdlNis0bEQzRHVWdz09OmJUUmtjalJ6TkdoaU1YTTBaREJ1T1E9PQ', 2024, 2, 10, 2024100000000000004, 130, 2024200000000000121, 3055640000001, 1, 256, 79, '', 'Menunjukkan penguasaan yang baik dalam Analisis Data', ''),
(2024200000000006709, 'b0JSRDJPaHlGaEdlNis0bEQzRHVWdz09OmJUUmtjalJ6TkdoaU1YTTBaREJ1T1E9PQ', 2024, 2, 10, 2024100000000000004, 130, 2024200000000000121, 3055640000001, 1, 378, 78, '', 'Menunjukkan penguasaan yang baik dalam Dampak Sosial Informatika', ''),
(2024200000000006710, 'b0JSRDJPaHlGaEdlNis0bEQzRHVWdz09OmJUUmtjalJ6TkdoaU1YTTBaREJ1T1E9PQ', 2024, 2, 10, 2024100000000000004, 130, 2024200000000000121, 3055640000001, 1, 232, 78, '', 'Menunjukkan penguasaan yang baik dalam Dampak Sosial Informatika', ''),
(2024200000000006711, 'b0JSRDJPaHlGaEdlNis0bEQzRHVWdz09OmJUUmtjalJ6TkdoaU1YTTBaREJ1T1E9PQ', 2024, 2, 10, 2024100000000000004, 130, 2024200000000000121, 3055640000001, 1, 274, 78, '', 'Menunjukkan penguasaan yang baik dalam Dampak Sosial Informatika', ''),
(2024200000000006712, 'b0JSRDJPaHlGaEdlNis0bEQzRHVWdz09OmJUUmtjalJ6TkdoaU1YTTBaREJ1T1E9PQ', 2024, 2, 10, 2024100000000000004, 130, 2024200000000000121, 3055640000001, 1, 270, 78, '', 'Menunjukkan penguasaan yang baik dalam Dampak Sosial Informatika', ''),
(2024200000000006713, 'b0JSRDJPaHlGaEdlNis0bEQzRHVWdz09OmJUUmtjalJ6TkdoaU1YTTBaREJ1T1E9PQ', 2024, 2, 10, 2024100000000000004, 130, 2024200000000000121, 3055640000001, 1, 260, 78, '', 'Menunjukkan penguasaan yang baik dalam Dampak Sosial Informatika', ''),
(2024200000000006714, 'b0JSRDJPaHlGaEdlNis0bEQzRHVWdz09OmJUUmtjalJ6TkdoaU1YTTBaREJ1T1E9PQ', 2024, 2, 10, 2024100000000000004, 130, 2024200000000000121, 3055640000001, 1, 261, 79, '', 'Menunjukkan penguasaan yang baik dalam Analisis Data', ''),
(2024200000000006715, 'b0JSRDJPaHlGaEdlNis0bEQzRHVWdz09OmJUUmtjalJ6TkdoaU1YTTBaREJ1T1E9PQ', 2024, 2, 10, 2024100000000000004, 130, 2024200000000000121, 3055640000001, 1, 234, 80, '', 'Menunjukkan penguasaan yang baik dalam Analisis Data', ''),
(2024200000000006716, 'b0JSRDJPaHlGaEdlNis0bEQzRHVWdz09OmJUUmtjalJ6TkdoaU1YTTBaREJ1T1E9PQ', 2024, 2, 10, 2024100000000000004, 130, 2024200000000000121, 3055640000001, 1, 235, 80, '', 'Menunjukkan penguasaan yang baik dalam Analisis Data', ''),
(2024200000000006717, 'b0JSRDJPaHlGaEdlNis0bEQzRHVWdz09OmJUUmtjalJ6TkdoaU1YTTBaREJ1T1E9PQ', 2024, 2, 10, 2024100000000000005, 130, 2024200000000000122, 3055640000001, 1, 236, 79, '', 'Menunjukkan penguasaan yang baik dalam Dampak Sosial Informatika', ''),
(2024200000000006718, 'b0JSRDJPaHlGaEdlNis0bEQzRHVWdz09OmJUUmtjalJ6TkdoaU1YTTBaREJ1T1E9PQ', 2024, 2, 10, 2024100000000000005, 130, 2024200000000000122, 3055640000001, 1, 174, 80, '', 'Menunjukkan penguasaan yang baik dalam Dampak Sosial Informatika', ''),
(2024200000000006719, 'b0JSRDJPaHlGaEdlNis0bEQzRHVWdz09OmJUUmtjalJ6TkdoaU1YTTBaREJ1T1E9PQ', 2024, 2, 10, 2024100000000000005, 130, 2024200000000000122, 3055640000001, 1, 208, 79, '', 'Menunjukkan penguasaan yang baik dalam Dampak Sosial Informatika', ''),
(2024200000000006720, 'b0JSRDJPaHlGaEdlNis0bEQzRHVWdz09OmJUUmtjalJ6TkdoaU1YTTBaREJ1T1E9PQ', 2024, 2, 10, 2024100000000000005, 130, 2024200000000000122, 3055640000001, 1, 210, 79, '', 'Menunjukkan penguasaan yang baik dalam Dampak Sosial Informatika', ''),
(2024200000000006721, 'b0JSRDJPaHlGaEdlNis0bEQzRHVWdz09OmJUUmtjalJ6TkdoaU1YTTBaREJ1T1E9PQ', 2024, 2, 10, 2024100000000000005, 130, 2024200000000000122, 3055640000001, 1, 177, 82, '', 'Menunjukkan penguasaan yang baik dalam Dampak Sosial Informatika', ''),
(2024200000000006722, 'b0JSRDJPaHlGaEdlNis0bEQzRHVWdz09OmJUUmtjalJ6TkdoaU1YTTBaREJ1T1E9PQ', 2024, 2, 10, 2024100000000000005, 130, 2024200000000000122, 3055640000001, 1, 211, 79, '', 'Menunjukkan penguasaan yang baik dalam Dampak Sosial Informatika', ''),
(2024200000000006723, 'b0JSRDJPaHlGaEdlNis0bEQzRHVWdz09OmJUUmtjalJ6TkdoaU1YTTBaREJ1T1E9PQ', 2024, 2, 10, 2024100000000000005, 130, 2024200000000000122, 3055640000001, 1, 212, 81, '', 'Menunjukkan penguasaan yang baik dalam Dampak Sosial Informatika', ''),
(2024200000000006724, 'b0JSRDJPaHlGaEdlNis0bEQzRHVWdz09OmJUUmtjalJ6TkdoaU1YTTBaREJ1T1E9PQ', 2024, 2, 10, 2024100000000000005, 130, 2024200000000000122, 3055640000001, 1, 265, 80, '', 'Menunjukkan penguasaan yang baik dalam Dampak Sosial Informatika', ''),
(2024200000000006725, 'b0JSRDJPaHlGaEdlNis0bEQzRHVWdz09OmJUUmtjalJ6TkdoaU1YTTBaREJ1T1E9PQ', 2024, 2, 10, 2024100000000000005, 130, 2024200000000000122, 3055640000001, 1, 247, 79, '', 'Menunjukkan penguasaan yang baik dalam Dampak Sosial Informatika', ''),
(2024200000000006726, 'b0JSRDJPaHlGaEdlNis0bEQzRHVWdz09OmJUUmtjalJ6TkdoaU1YTTBaREJ1T1E9PQ', 2024, 2, 10, 2024100000000000005, 130, 2024200000000000122, 3055640000001, 1, 181, 80, '', 'Menunjukkan penguasaan yang baik dalam Dampak Sosial Informatika', ''),
(2024200000000006727, 'b0JSRDJPaHlGaEdlNis0bEQzRHVWdz09OmJUUmtjalJ6TkdoaU1YTTBaREJ1T1E9PQ', 2024, 2, 10, 2024100000000000005, 130, 2024200000000000122, 3055640000001, 1, 251, 79, '', 'Menunjukkan penguasaan yang baik dalam Dampak Sosial Informatika', ''),
(2024200000000006728, 'b0JSRDJPaHlGaEdlNis0bEQzRHVWdz09OmJUUmtjalJ6TkdoaU1YTTBaREJ1T1E9PQ', 2024, 2, 10, 2024100000000000005, 130, 2024200000000000122, 3055640000001, 1, 221, 79, '', 'Menunjukkan penguasaan yang baik dalam Dampak Sosial Informatika', ''),
(2024200000000006729, 'b0JSRDJPaHlGaEdlNis0bEQzRHVWdz09OmJUUmtjalJ6TkdoaU1YTTBaREJ1T1E9PQ', 2024, 2, 10, 2024100000000000005, 130, 2024200000000000122, 3055640000001, 1, 192, 79, '', 'Menunjukkan penguasaan yang baik dalam Dampak Sosial Informatika', ''),
(2024200000000006730, 'b0JSRDJPaHlGaEdlNis0bEQzRHVWdz09OmJUUmtjalJ6TkdoaU1YTTBaREJ1T1E9PQ', 2024, 2, 10, 2024100000000000005, 130, 2024200000000000122, 3055640000001, 1, 193, 76, '', 'Menunjukkan penguasaan yang cukup baik dalam Analisis Data', ''),
(2024200000000006731, 'b0JSRDJPaHlGaEdlNis0bEQzRHVWdz09OmJUUmtjalJ6TkdoaU1YTTBaREJ1T1E9PQ', 2024, 2, 10, 2024100000000000005, 130, 2024200000000000122, 3055640000001, 1, 253, 78, '', 'Menunjukkan penguasaan yang baik dalam Dampak Sosial Informatika', ''),
(2024200000000006732, 'b0JSRDJPaHlGaEdlNis0bEQzRHVWdz09OmJUUmtjalJ6TkdoaU1YTTBaREJ1T1E9PQ', 2024, 2, 10, 2024100000000000005, 130, 2024200000000000122, 3055640000001, 1, 223, 79, '', 'Menunjukkan penguasaan yang baik dalam Dampak Sosial Informatika', ''),
(2024200000000006733, 'b0JSRDJPaHlGaEdlNis0bEQzRHVWdz09OmJUUmtjalJ6TkdoaU1YTTBaREJ1T1E9PQ', 2024, 2, 10, 2024100000000000005, 130, 2024200000000000122, 3055640000001, 1, 224, 79, '', 'Menunjukkan penguasaan yang baik dalam Dampak Sosial Informatika', ''),
(2024200000000006734, 'b0JSRDJPaHlGaEdlNis0bEQzRHVWdz09OmJUUmtjalJ6TkdoaU1YTTBaREJ1T1E9PQ', 2024, 2, 10, 2024100000000000005, 130, 2024200000000000122, 3055640000001, 1, 226, 82, '', 'Menunjukkan penguasaan yang baik dalam Dampak Sosial Informatika', ''),
(2024200000000006735, 'b0JSRDJPaHlGaEdlNis0bEQzRHVWdz09OmJUUmtjalJ6TkdoaU1YTTBaREJ1T1E9PQ', 2024, 2, 10, 2024100000000000005, 130, 2024200000000000122, 3055640000001, 1, 275, 79, '', 'Menunjukkan penguasaan yang baik dalam Dampak Sosial Informatika', ''),
(2024200000000006736, 'b0JSRDJPaHlGaEdlNis0bEQzRHVWdz09OmJUUmtjalJ6TkdoaU1YTTBaREJ1T1E9PQ', 2024, 2, 10, 2024100000000000005, 130, 2024200000000000122, 3055640000001, 1, 268, 80, '', 'Menunjukkan penguasaan yang baik dalam Dampak Sosial Informatika', ''),
(2024200000000006737, 'b0JSRDJPaHlGaEdlNis0bEQzRHVWdz09OmJUUmtjalJ6TkdoaU1YTTBaREJ1T1E9PQ', 2024, 2, 10, 2024100000000000005, 130, 2024200000000000122, 3055640000001, 1, 257, 79, '', 'Menunjukkan penguasaan yang baik dalam Dampak Sosial Informatika', ''),
(2024200000000006738, 'b0JSRDJPaHlGaEdlNis0bEQzRHVWdz09OmJUUmtjalJ6TkdoaU1YTTBaREJ1T1E9PQ', 2024, 2, 10, 2024100000000000005, 130, 2024200000000000122, 3055640000001, 1, 258, 77, '', 'Menunjukkan penguasaan yang baik dalam Dampak Sosial Informatika', ''),
(2024200000000006739, 'b0JSRDJPaHlGaEdlNis0bEQzRHVWdz09OmJUUmtjalJ6TkdoaU1YTTBaREJ1T1E9PQ', 2024, 2, 10, 2024100000000000005, 130, 2024200000000000122, 3055640000001, 1, 231, 79, '', 'Menunjukkan penguasaan yang baik dalam Analisis Data', ''),
(2024200000000006740, 'b0JSRDJPaHlGaEdlNis0bEQzRHVWdz09OmJUUmtjalJ6TkdoaU1YTTBaREJ1T1E9PQ', 2024, 2, 10, 2024100000000000005, 130, 2024200000000000122, 3055640000001, 1, 269, 81, '', 'Menunjukkan penguasaan yang baik dalam Dampak Sosial Informatika', ''),
(2024200000000006741, 'b0JSRDJPaHlGaEdlNis0bEQzRHVWdz09OmJUUmtjalJ6TkdoaU1YTTBaREJ1T1E9PQ', 2024, 2, 10, 2024100000000000005, 130, 2024200000000000122, 3055640000001, 1, 197, 77, '', 'Menunjukkan penguasaan yang baik dalam Analisis Data', ''),
(2024200000000006742, 'b0JSRDJPaHlGaEdlNis0bEQzRHVWdz09OmJUUmtjalJ6TkdoaU1YTTBaREJ1T1E9PQ', 2024, 2, 10, 2024100000000000005, 130, 2024200000000000122, 3055640000001, 1, 200, 79, '', 'Menunjukkan penguasaan yang baik dalam Dampak Sosial Informatika', ''),
(2024200000000006743, 'b0JSRDJPaHlGaEdlNis0bEQzRHVWdz09OmJUUmtjalJ6TkdoaU1YTTBaREJ1T1E9PQ', 2024, 2, 10, 2024100000000000005, 130, 2024200000000000122, 3055640000001, 1, 202, 80, '', 'Menunjukkan penguasaan yang baik dalam Dampak Sosial Informatika', ''),
(2024200000000006744, 'b0JSRDJPaHlGaEdlNis0bEQzRHVWdz09OmJUUmtjalJ6TkdoaU1YTTBaREJ1T1E9PQ', 2024, 2, 10, 2024100000000000005, 130, 2024200000000000122, 3055640000001, 1, 203, 79, '', 'Menunjukkan penguasaan yang baik dalam Dampak Sosial Informatika', ''),
(2024200000000006745, 'b0JSRDJPaHlGaEdlNis0bEQzRHVWdz09OmJUUmtjalJ6TkdoaU1YTTBaREJ1T1E9PQ', 2024, 2, 10, 2024100000000000005, 130, 2024200000000000122, 3055640000001, 1, 264, 80, '', 'Menunjukkan penguasaan yang baik dalam Dampak Sosial Informatika', ''),
(2024200000000006746, 'b0JSRDJPaHlGaEdlNis0bEQzRHVWdz09OmJUUmtjalJ6TkdoaU1YTTBaREJ1T1E9PQ', 2024, 2, 9, 2024100000000000001, 3055640000133, 2024200000000000070, 3055640000009, 1, 280, 86, '', 'Menunjukkan penguasaan yang baik dalam Hukum nun sukun dan tanwin', ''),
(2024200000000006747, 'b0JSRDJPaHlGaEdlNis0bEQzRHVWdz09OmJUUmtjalJ6TkdoaU1YTTBaREJ1T1E9PQ', 2024, 2, 9, 2024100000000000001, 3055640000133, 2024200000000000070, 3055640000009, 1, 281, 83, '', 'Menunjukkan penguasaan yang baik dalam Makhorijul huruf', ''),
(2024200000000006748, 'b0JSRDJPaHlGaEdlNis0bEQzRHVWdz09OmJUUmtjalJ6TkdoaU1YTTBaREJ1T1E9PQ', 2024, 2, 9, 2024100000000000001, 3055640000133, 2024200000000000070, 3055640000009, 1, 282, 82, '', 'Menunjukkan penguasaan yang baik dalam Makhorijul huruf', ''),
(2024200000000006749, 'b0JSRDJPaHlGaEdlNis0bEQzRHVWdz09OmJUUmtjalJ6TkdoaU1YTTBaREJ1T1E9PQ', 2024, 2, 9, 2024100000000000001, 3055640000133, 2024200000000000070, 3055640000009, 1, 283, 82, '', 'Menunjukkan penguasaan yang baik dalam Makhorijul huruf', ''),
(2024200000000006750, 'b0JSRDJPaHlGaEdlNis0bEQzRHVWdz09OmJUUmtjalJ6TkdoaU1YTTBaREJ1T1E9PQ', 2024, 2, 9, 2024100000000000001, 3055640000133, 2024200000000000070, 3055640000009, 1, 284, 89, '', 'Menunjukkan penguasaan yang sangat baik dalam Makhorijul huruf', ''),
(2024200000000006751, 'b0JSRDJPaHlGaEdlNis0bEQzRHVWdz09OmJUUmtjalJ6TkdoaU1YTTBaREJ1T1E9PQ', 2024, 2, 9, 2024100000000000001, 3055640000133, 2024200000000000070, 3055640000009, 1, 285, 82, '', 'Menunjukkan penguasaan yang baik dalam Makhorijul huruf', ''),
(2024200000000006752, 'b0JSRDJPaHlGaEdlNis0bEQzRHVWdz09OmJUUmtjalJ6TkdoaU1YTTBaREJ1T1E9PQ', 2024, 2, 9, 2024100000000000001, 3055640000133, 2024200000000000070, 3055640000009, 1, 286, 84, '', 'Menunjukkan penguasaan yang sangat baik dalam Makhorijul huruf', ''),
(2024200000000006753, 'b0JSRDJPaHlGaEdlNis0bEQzRHVWdz09OmJUUmtjalJ6TkdoaU1YTTBaREJ1T1E9PQ', 2024, 2, 9, 2024100000000000001, 3055640000133, 2024200000000000070, 3055640000009, 1, 287, 82, '', 'Menunjukkan penguasaan yang baik dalam Makhorijul huruf', ''),
(2024200000000006754, 'b0JSRDJPaHlGaEdlNis0bEQzRHVWdz09OmJUUmtjalJ6TkdoaU1YTTBaREJ1T1E9PQ', 2024, 2, 9, 2024100000000000001, 3055640000133, 2024200000000000070, 3055640000009, 1, 288, 85, '', 'Menunjukkan penguasaan yang sangat baik dalam Makhorijul huruf', ''),
(2024200000000006755, 'b0JSRDJPaHlGaEdlNis0bEQzRHVWdz09OmJUUmtjalJ6TkdoaU1YTTBaREJ1T1E9PQ', 2024, 2, 9, 2024100000000000001, 3055640000133, 2024200000000000070, 3055640000009, 1, 289, 82, '', 'Menunjukkan penguasaan yang baik dalam Makhorijul huruf', ''),
(2024200000000006756, 'b0JSRDJPaHlGaEdlNis0bEQzRHVWdz09OmJUUmtjalJ6TkdoaU1YTTBaREJ1T1E9PQ', 2024, 2, 9, 2024100000000000001, 3055640000133, 2024200000000000070, 3055640000009, 1, 290, 91, '', 'Menunjukkan penguasaan yang sangat baik dalam Makhorijul huruf', ''),
(2024200000000006757, 'b0JSRDJPaHlGaEdlNis0bEQzRHVWdz09OmJUUmtjalJ6TkdoaU1YTTBaREJ1T1E9PQ', 2024, 2, 9, 2024100000000000001, 3055640000133, 2024200000000000070, 3055640000009, 1, 291, 83, '', 'Menunjukkan penguasaan yang baik dalam Makhorijul huruf', ''),
(2024200000000006758, 'b0JSRDJPaHlGaEdlNis0bEQzRHVWdz09OmJUUmtjalJ6TkdoaU1YTTBaREJ1T1E9PQ', 2024, 2, 9, 2024100000000000001, 3055640000133, 2024200000000000070, 3055640000009, 1, 292, 91, '', 'Menunjukkan penguasaan yang sangat baik dalam Makhorijul huruf', ''),
(2024200000000006759, 'b0JSRDJPaHlGaEdlNis0bEQzRHVWdz09OmJUUmtjalJ6TkdoaU1YTTBaREJ1T1E9PQ', 2024, 2, 9, 2024100000000000001, 3055640000133, 2024200000000000070, 3055640000009, 1, 293, 85, '', 'Menunjukkan penguasaan yang baik dalam Makhorijul huruf', ''),
(2024200000000006760, 'b0JSRDJPaHlGaEdlNis0bEQzRHVWdz09OmJUUmtjalJ6TkdoaU1YTTBaREJ1T1E9PQ', 2024, 2, 9, 2024100000000000001, 3055640000133, 2024200000000000070, 3055640000009, 1, 294, 85, '', 'Menunjukkan penguasaan yang baik dalam Makhorijul huruf', ''),
(2024200000000006761, 'b0JSRDJPaHlGaEdlNis0bEQzRHVWdz09OmJUUmtjalJ6TkdoaU1YTTBaREJ1T1E9PQ', 2024, 2, 9, 2024100000000000001, 3055640000133, 2024200000000000070, 3055640000009, 1, 295, 91, '', 'Menunjukkan penguasaan yang sangat baik dalam Makhorijul huruf', ''),
(2024200000000006762, 'b0JSRDJPaHlGaEdlNis0bEQzRHVWdz09OmJUUmtjalJ6TkdoaU1YTTBaREJ1T1E9PQ', 2024, 2, 9, 2024100000000000001, 3055640000133, 2024200000000000070, 3055640000009, 1, 296, 82, '', 'Menunjukkan penguasaan yang baik dalam Makhorijul huruf', ''),
(2024200000000006763, 'b0JSRDJPaHlGaEdlNis0bEQzRHVWdz09OmJUUmtjalJ6TkdoaU1YTTBaREJ1T1E9PQ', 2024, 2, 9, 2024100000000000001, 3055640000133, 2024200000000000070, 3055640000009, 1, 297, 82, '', 'Menunjukkan penguasaan yang baik dalam Makhorijul huruf', ''),
(2024200000000006764, 'b0JSRDJPaHlGaEdlNis0bEQzRHVWdz09OmJUUmtjalJ6TkdoaU1YTTBaREJ1T1E9PQ', 2024, 2, 9, 2024100000000000001, 3055640000133, 2024200000000000070, 3055640000009, 1, 298, 82, '', 'Menunjukkan penguasaan yang baik dalam Makhorijul huruf', ''),
(2024200000000006765, 'b0JSRDJPaHlGaEdlNis0bEQzRHVWdz09OmJUUmtjalJ6TkdoaU1YTTBaREJ1T1E9PQ', 2024, 2, 9, 2024100000000000001, 3055640000133, 2024200000000000070, 3055640000009, 1, 299, 85, '', 'Menunjukkan penguasaan yang baik dalam Makhorijul huruf', ''),
(2024200000000006766, 'b0JSRDJPaHlGaEdlNis0bEQzRHVWdz09OmJUUmtjalJ6TkdoaU1YTTBaREJ1T1E9PQ', 2024, 2, 9, 2024100000000000001, 3055640000133, 2024200000000000070, 3055640000009, 1, 300, 88, '', 'Menunjukkan penguasaan yang sangat baik dalam Makhorijul huruf', ''),
(2024200000000006767, 'b0JSRDJPaHlGaEdlNis0bEQzRHVWdz09OmJUUmtjalJ6TkdoaU1YTTBaREJ1T1E9PQ', 2024, 2, 9, 2024100000000000001, 3055640000133, 2024200000000000070, 3055640000009, 1, 301, 82, '', 'Menunjukkan penguasaan yang baik dalam Makhorijul huruf', ''),
(2024200000000006768, 'b0JSRDJPaHlGaEdlNis0bEQzRHVWdz09OmJUUmtjalJ6TkdoaU1YTTBaREJ1T1E9PQ', 2024, 2, 9, 2024100000000000001, 3055640000133, 2024200000000000070, 3055640000009, 1, 302, 82, '', 'Menunjukkan penguasaan yang baik dalam Makhorijul huruf', ''),
(2024200000000006769, 'b0JSRDJPaHlGaEdlNis0bEQzRHVWdz09OmJUUmtjalJ6TkdoaU1YTTBaREJ1T1E9PQ', 2024, 2, 9, 2024100000000000001, 3055640000133, 2024200000000000070, 3055640000009, 1, 303, 91, '', 'Menunjukkan penguasaan yang sangat baik dalam Makhorijul huruf', ''),
(2024200000000006770, 'b0JSRDJPaHlGaEdlNis0bEQzRHVWdz09OmJUUmtjalJ6TkdoaU1YTTBaREJ1T1E9PQ', 2024, 2, 9, 2024100000000000001, 3055640000133, 2024200000000000070, 3055640000009, 1, 304, 85, '', 'Menunjukkan penguasaan yang baik dalam Makhorijul huruf', ''),
(2024200000000006771, 'b0JSRDJPaHlGaEdlNis0bEQzRHVWdz09OmJUUmtjalJ6TkdoaU1YTTBaREJ1T1E9PQ', 2024, 2, 9, 2024100000000000001, 3055640000133, 2024200000000000070, 3055640000009, 1, 305, 82, '', 'Menunjukkan penguasaan yang baik dalam Makhorijul huruf', ''),
(2024200000000006772, 'b0JSRDJPaHlGaEdlNis0bEQzRHVWdz09OmJUUmtjalJ6TkdoaU1YTTBaREJ1T1E9PQ', 2024, 2, 9, 2024100000000000001, 3055640000133, 2024200000000000070, 3055640000009, 1, 306, 95, '', 'Menunjukkan penguasaan yang sangat baik dalam Makhorijul huruf', ''),
(2024200000000006773, 'b0JSRDJPaHlGaEdlNis0bEQzRHVWdz09OmJUUmtjalJ6TkdoaU1YTTBaREJ1T1E9PQ', 2024, 2, 9, 2024100000000000001, 3055640000133, 2024200000000000070, 3055640000009, 1, 307, 82, '', 'Menunjukkan penguasaan yang baik dalam Makhorijul huruf', ''),
(2024200000000006774, 'b0JSRDJPaHlGaEdlNis0bEQzRHVWdz09OmJUUmtjalJ6TkdoaU1YTTBaREJ1T1E9PQ', 2024, 2, 9, 2024100000000000001, 3055640000133, 2024200000000000070, 3055640000009, 1, 308, 89, '', 'Menunjukkan penguasaan yang sangat baik dalam Makhorijul huruf', ''),
(2024200000000006775, 'b0JSRDJPaHlGaEdlNis0bEQzRHVWdz09OmJUUmtjalJ6TkdoaU1YTTBaREJ1T1E9PQ', 2024, 2, 9, 2024100000000000001, 3055640000133, 2024200000000000070, 3055640000009, 1, 309, 83, '', 'Menunjukkan penguasaan yang baik dalam Makhorijul huruf', ''),
(2024200000000006776, 'b0JSRDJPaHlGaEdlNis0bEQzRHVWdz09OmJUUmtjalJ6TkdoaU1YTTBaREJ1T1E9PQ', 2024, 2, 9, 2024100000000000001, 3055640000133, 2024200000000000070, 3055640000009, 1, 310, 83, '', 'Menunjukkan penguasaan yang baik dalam Makhorijul huruf', ''),
(2024200000000006777, 'b0JSRDJPaHlGaEdlNis0bEQzRHVWdz09OmJUUmtjalJ6TkdoaU1YTTBaREJ1T1E9PQ', 2024, 2, 9, 2024100000000000001, 3055640000133, 2024200000000000070, 3055640000009, 1, 311, 87, '', 'Menunjukkan penguasaan yang sangat baik dalam Makhorijul huruf', ''),
(2024200000000006778, 'b0JSRDJPaHlGaEdlNis0bEQzRHVWdz09OmJUUmtjalJ6TkdoaU1YTTBaREJ1T1E9PQ', 2024, 2, 9, 2024100000000000001, 3055640000133, 2024200000000000070, 3055640000009, 1, 312, 83, '', 'Menunjukkan penguasaan yang baik dalam Makhorijul huruf', ''),
(2024200000000006779, 'b0JSRDJPaHlGaEdlNis0bEQzRHVWdz09OmJUUmtjalJ6TkdoaU1YTTBaREJ1T1E9PQ', 2024, 2, 9, 2024100000000000003, 123, 2024200000000000090, 3055640000027, 1, 348, 82, '', 'Menunjukkan penguasaan yang baik dalam Keberagaman Bangsa Indonesia dalam bingkai', ''),
(2024200000000006780, 'b0JSRDJPaHlGaEdlNis0bEQzRHVWdz09OmJUUmtjalJ6TkdoaU1YTTBaREJ1T1E9PQ', 2024, 2, 9, 2024100000000000003, 123, 2024200000000000090, 3055640000027, 1, 349, 82, '', 'Menunjukkan penguasaan yang baik dalam Keberagaman Bangsa Indonesia dalam bingkai', ''),
(2024200000000006781, 'b0JSRDJPaHlGaEdlNis0bEQzRHVWdz09OmJUUmtjalJ6TkdoaU1YTTBaREJ1T1E9PQ', 2024, 2, 9, 2024100000000000003, 123, 2024200000000000090, 3055640000027, 1, 350, 83, '', 'Menunjukkan penguasaan yang baik dalam Keberagaman Bangsa Indonesia dalam bingkai', ''),
(2024200000000006782, 'b0JSRDJPaHlGaEdlNis0bEQzRHVWdz09OmJUUmtjalJ6TkdoaU1YTTBaREJ1T1E9PQ', 2024, 2, 9, 2024100000000000003, 123, 2024200000000000090, 3055640000027, 1, 351, 82, '', 'Menunjukkan penguasaan yang baik dalam Keberagaman Bangsa Indonesia dalam bingkai', ''),
(2024200000000006783, 'b0JSRDJPaHlGaEdlNis0bEQzRHVWdz09OmJUUmtjalJ6TkdoaU1YTTBaREJ1T1E9PQ', 2024, 2, 9, 2024100000000000003, 123, 2024200000000000090, 3055640000027, 1, 352, 87, '', 'Menunjukkan penguasaan yang baik dalam Keberagaman Bangsa Indonesia dalam bingkai', ''),
(2024200000000006784, 'b0JSRDJPaHlGaEdlNis0bEQzRHVWdz09OmJUUmtjalJ6TkdoaU1YTTBaREJ1T1E9PQ', 2024, 2, 9, 2024100000000000003, 123, 2024200000000000090, 3055640000027, 1, 354, 83, '', 'Menunjukkan penguasaan yang baik dalam Keberagaman Bangsa Indonesia dalam bingkai', ''),
(2024200000000006785, 'b0JSRDJPaHlGaEdlNis0bEQzRHVWdz09OmJUUmtjalJ6TkdoaU1YTTBaREJ1T1E9PQ', 2024, 2, 9, 2024100000000000003, 123, 2024200000000000090, 3055640000027, 1, 355, 82, '', 'Menunjukkan penguasaan yang baik dalam Keberagaman Bangsa Indonesia dalam bingkai', ''),
(2024200000000006786, 'b0JSRDJPaHlGaEdlNis0bEQzRHVWdz09OmJUUmtjalJ6TkdoaU1YTTBaREJ1T1E9PQ', 2024, 2, 9, 2024100000000000003, 123, 2024200000000000090, 3055640000027, 1, 357, 87, '', 'Menunjukkan penguasaan yang baik dalam Keberagaman Bangsa Indonesia dalam bingkai', ''),
(2024200000000006787, 'b0JSRDJPaHlGaEdlNis0bEQzRHVWdz09OmJUUmtjalJ6TkdoaU1YTTBaREJ1T1E9PQ', 2024, 2, 9, 2024100000000000003, 123, 2024200000000000090, 3055640000027, 1, 358, 85, '', 'Menunjukkan penguasaan yang baik dalam Keberagaman Bangsa Indonesia dalam bingkai', ''),
(2024200000000006788, 'b0JSRDJPaHlGaEdlNis0bEQzRHVWdz09OmJUUmtjalJ6TkdoaU1YTTBaREJ1T1E9PQ', 2024, 2, 9, 2024100000000000003, 123, 2024200000000000090, 3055640000027, 1, 359, 83, '', 'Menunjukkan penguasaan yang baik dalam Keberagaman Bangsa Indonesia dalam bingkai', ''),
(2024200000000006789, 'b0JSRDJPaHlGaEdlNis0bEQzRHVWdz09OmJUUmtjalJ6TkdoaU1YTTBaREJ1T1E9PQ', 2024, 2, 9, 2024100000000000003, 123, 2024200000000000090, 3055640000027, 1, 360, 83, '', 'Menunjukkan penguasaan yang baik dalam Keberagaman Bangsa Indonesia dalam bingkai', ''),
(2024200000000006790, 'b0JSRDJPaHlGaEdlNis0bEQzRHVWdz09OmJUUmtjalJ6TkdoaU1YTTBaREJ1T1E9PQ', 2024, 2, 9, 2024100000000000003, 123, 2024200000000000090, 3055640000027, 1, 361, 82, '', 'Menunjukkan penguasaan yang baik dalam Keberagaman Bangsa Indonesia dalam bingkai', ''),
(2024200000000006791, 'b0JSRDJPaHlGaEdlNis0bEQzRHVWdz09OmJUUmtjalJ6TkdoaU1YTTBaREJ1T1E9PQ', 2024, 2, 9, 2024100000000000003, 123, 2024200000000000090, 3055640000027, 1, 362, 83, '', 'Menunjukkan penguasaan yang baik dalam Keberagaman Bangsa Indonesia dalam bingkai', ''),
(2024200000000006792, 'b0JSRDJPaHlGaEdlNis0bEQzRHVWdz09OmJUUmtjalJ6TkdoaU1YTTBaREJ1T1E9PQ', 2024, 2, 9, 2024100000000000003, 123, 2024200000000000090, 3055640000027, 1, 363, 85, '', 'Menunjukkan penguasaan yang baik dalam Keberagaman Bangsa Indonesia dalam bingkai', ''),
(2024200000000006793, 'b0JSRDJPaHlGaEdlNis0bEQzRHVWdz09OmJUUmtjalJ6TkdoaU1YTTBaREJ1T1E9PQ', 2024, 2, 9, 2024100000000000003, 123, 2024200000000000090, 3055640000027, 1, 3055640000380, 82, '', 'Menunjukkan penguasaan yang baik dalam Keberagaman Bangsa Indonesia dalam bingkai', ''),
(2024200000000006794, 'b0JSRDJPaHlGaEdlNis0bEQzRHVWdz09OmJUUmtjalJ6TkdoaU1YTTBaREJ1T1E9PQ', 2024, 2, 9, 2024100000000000003, 123, 2024200000000000090, 3055640000027, 1, 3055640000381, 83, '', 'Menunjukkan penguasaan yang baik dalam Keberagaman Bangsa Indonesia dalam bingkai', ''),
(2024200000000006795, 'b0JSRDJPaHlGaEdlNis0bEQzRHVWdz09OmJUUmtjalJ6TkdoaU1YTTBaREJ1T1E9PQ', 2024, 2, 9, 2024100000000000003, 123, 2024200000000000090, 3055640000027, 1, 364, 82, '', 'Menunjukkan penguasaan yang baik dalam Keberagaman Bangsa Indonesia dalam bingkai', ''),
(2024200000000006796, 'b0JSRDJPaHlGaEdlNis0bEQzRHVWdz09OmJUUmtjalJ6TkdoaU1YTTBaREJ1T1E9PQ', 2024, 2, 9, 2024100000000000003, 123, 2024200000000000090, 3055640000027, 1, 367, 86, '', 'Menunjukkan penguasaan yang baik dalam Keberagaman Bangsa Indonesia dalam bingkai', ''),
(2024200000000006797, 'b0JSRDJPaHlGaEdlNis0bEQzRHVWdz09OmJUUmtjalJ6TkdoaU1YTTBaREJ1T1E9PQ', 2024, 2, 9, 2024100000000000003, 123, 2024200000000000090, 3055640000027, 1, 368, 88, '', 'Menunjukkan penguasaan yang baik dalam Keberagaman Bangsa Indonesia dalam bingkai', ''),
(2024200000000006798, 'b0JSRDJPaHlGaEdlNis0bEQzRHVWdz09OmJUUmtjalJ6TkdoaU1YTTBaREJ1T1E9PQ', 2024, 2, 9, 2024100000000000003, 123, 2024200000000000090, 3055640000027, 1, 369, 82, '', 'Menunjukkan penguasaan yang baik dalam Keberagaman Bangsa Indonesia dalam bingkai', ''),
(2024200000000006799, 'b0JSRDJPaHlGaEdlNis0bEQzRHVWdz09OmJUUmtjalJ6TkdoaU1YTTBaREJ1T1E9PQ', 2024, 2, 9, 2024100000000000003, 123, 2024200000000000090, 3055640000027, 1, 370, 91, '', 'Menunjukkan penguasaan yang sangat baik dalam Keberagaman Bangsa Indonesia dalam bingkai', ''),
(2024200000000006800, 'b0JSRDJPaHlGaEdlNis0bEQzRHVWdz09OmJUUmtjalJ6TkdoaU1YTTBaREJ1T1E9PQ', 2024, 2, 9, 2024100000000000003, 123, 2024200000000000090, 3055640000027, 1, 371, 87, '', 'Menunjukkan penguasaan yang baik dalam Keberagaman Bangsa Indonesia dalam bingkai', ''),
(2024200000000006801, 'b0JSRDJPaHlGaEdlNis0bEQzRHVWdz09OmJUUmtjalJ6TkdoaU1YTTBaREJ1T1E9PQ', 2024, 2, 9, 2024100000000000003, 123, 2024200000000000090, 3055640000027, 1, 372, 82, '', 'Menunjukkan penguasaan yang baik dalam Keberagaman Bangsa Indonesia dalam bingkai', ''),
(2024200000000006802, 'b0JSRDJPaHlGaEdlNis0bEQzRHVWdz09OmJUUmtjalJ6TkdoaU1YTTBaREJ1T1E9PQ', 2024, 2, 9, 2024100000000000003, 123, 2024200000000000090, 3055640000027, 1, 373, 83, '', 'Menunjukkan penguasaan yang baik dalam Keberagaman Bangsa Indonesia dalam bingkai', ''),
(2024200000000006803, 'b0JSRDJPaHlGaEdlNis0bEQzRHVWdz09OmJUUmtjalJ6TkdoaU1YTTBaREJ1T1E9PQ', 2024, 2, 9, 2024100000000000003, 123, 2024200000000000090, 3055640000027, 1, 3055640000382, 82, '', 'Menunjukkan penguasaan yang baik dalam Keberagaman Bangsa Indonesia dalam bingkai', ''),
(2024200000000006804, 'b0JSRDJPaHlGaEdlNis0bEQzRHVWdz09OmJUUmtjalJ6TkdoaU1YTTBaREJ1T1E9PQ', 2024, 2, 9, 2024100000000000003, 123, 2024200000000000090, 3055640000027, 1, 3055640000379, 82, '', 'Menunjukkan penguasaan yang baik dalam Keberagaman Bangsa Indonesia dalam bingkai', ''),
(2024200000000006805, 'b0JSRDJPaHlGaEdlNis0bEQzRHVWdz09OmJUUmtjalJ6TkdoaU1YTTBaREJ1T1E9PQ', 2024, 2, 9, 2024100000000000003, 123, 2024200000000000090, 3055640000027, 1, 374, 84, '', 'Menunjukkan penguasaan yang baik dalam Keberagaman Bangsa Indonesia dalam bingkai', ''),
(2024200000000006806, 'b0JSRDJPaHlGaEdlNis0bEQzRHVWdz09OmJUUmtjalJ6TkdoaU1YTTBaREJ1T1E9PQ', 2024, 2, 9, 2024100000000000003, 123, 2024200000000000090, 3055640000027, 1, 3055640000383, 91, '', 'Menunjukkan penguasaan yang sangat baik dalam Wilayah negara kesatuan Repuplik Indonesia', ''),
(2024200000000006807, 'b0JSRDJPaHlGaEdlNis0bEQzRHVWdz09OmJUUmtjalJ6TkdoaU1YTTBaREJ1T1E9PQ', 2024, 2, 9, 2024100000000000003, 123, 2024200000000000090, 3055640000027, 1, 375, 82, '', 'Menunjukkan penguasaan yang baik dalam Keberagaman Bangsa Indonesia dalam bingkai', ''),
(2024200000000006808, 'b0JSRDJPaHlGaEdlNis0bEQzRHVWdz09OmJUUmtjalJ6TkdoaU1YTTBaREJ1T1E9PQ', 2024, 2, 9, 2024100000000000003, 123, 2024200000000000090, 3055640000027, 1, 3055640000384, 87, '', 'Menunjukkan penguasaan yang sangat baik dalam Keberagaman Bangsa Indonesia dalam bingkai', ''),
(2024200000000006809, 'b0JSRDJPaHlGaEdlNis0bEQzRHVWdz09OmJUUmtjalJ6TkdoaU1YTTBaREJ1T1E9PQ', 2024, 2, 9, 2024100000000000003, 123, 2024200000000000090, 3055640000027, 1, 376, 82, '', 'Menunjukkan penguasaan yang baik dalam Keberagaman Bangsa Indonesia dalam bingkai', ''),
(2024200000000006810, 'b0JSRDJPaHlGaEdlNis0bEQzRHVWdz09OmJUUmtjalJ6TkdoaU1YTTBaREJ1T1E9PQ', 2024, 2, 10, 2024100000000000005, 121, 2024200000000000134, 3055640000020, 1, 236, 89, '', 'Menunjukkan penguasaan yang sangat baik dalam Menganalisis serta memahami sejarah berdirinya Daulah Ayubiyah dan perkembangan peradabannya', ''),
(2024200000000006811, 'b0JSRDJPaHlGaEdlNis0bEQzRHVWdz09OmJUUmtjalJ6TkdoaU1YTTBaREJ1T1E9PQ', 2024, 2, 10, 2024100000000000005, 121, 2024200000000000134, 3055640000020, 1, 174, 88, '', 'Menunjukkan penguasaan yang sangat baik dalam Menganalisis serta memahami sejarah berdirinya Daulah Ayubiyah dan perkembangan peradabannya', ''),
(2024200000000006812, 'b0JSRDJPaHlGaEdlNis0bEQzRHVWdz09OmJUUmtjalJ6TkdoaU1YTTBaREJ1T1E9PQ', 2024, 2, 10, 2024100000000000005, 121, 2024200000000000134, 3055640000020, 1, 208, 92, '', 'Menunjukkan penguasaan yang sangat baik dalam Menganalisis serta memahami sejarah berdirinya Daulah Ayubiyah dan perkembangan peradabannya', ''),
(2024200000000006813, 'b0JSRDJPaHlGaEdlNis0bEQzRHVWdz09OmJUUmtjalJ6TkdoaU1YTTBaREJ1T1E9PQ', 2024, 2, 10, 2024100000000000005, 121, 2024200000000000134, 3055640000020, 1, 210, 86, '', 'Menunjukkan penguasaan yang baik dalam Menganalisi semangat juang serta berpikir kritis dan ilmiah dalam ilmu pengetahuan sebagaimana ilmuan muslim pada masa Daulah ayubuyah', ''),
(2024200000000006814, 'b0JSRDJPaHlGaEdlNis0bEQzRHVWdz09OmJUUmtjalJ6TkdoaU1YTTBaREJ1T1E9PQ', 2024, 2, 10, 2024100000000000005, 121, 2024200000000000134, 3055640000020, 1, 177, 89, '', 'Menunjukkan penguasaan yang sangat baik dalam Menganalisis serta memahami sejarah berdirinya Daulah Ayubiyah dan perkembangan peradabannya', ''),
(2024200000000006815, 'b0JSRDJPaHlGaEdlNis0bEQzRHVWdz09OmJUUmtjalJ6TkdoaU1YTTBaREJ1T1E9PQ', 2024, 2, 10, 2024100000000000005, 121, 2024200000000000134, 3055640000020, 1, 211, 87, '', 'Menunjukkan penguasaan yang sangat baik dalam Memahami dan meneladani sikap kepemimpinan Shalahudin Al-Ayyubi', ''),
(2024200000000006816, 'b0JSRDJPaHlGaEdlNis0bEQzRHVWdz09OmJUUmtjalJ6TkdoaU1YTTBaREJ1T1E9PQ', 2024, 2, 10, 2024100000000000005, 121, 2024200000000000134, 3055640000020, 1, 212, 87, '', 'Menunjukkan penguasaan yang sangat baik dalam Menganalisi semangat juang serta berpikir kritis dan ilmiah dalam ilmu pengetahuan sebagaimana ilmuan muslim pada masa Daulah ayubuyah', ''),
(2024200000000006817, 'b0JSRDJPaHlGaEdlNis0bEQzRHVWdz09OmJUUmtjalJ6TkdoaU1YTTBaREJ1T1E9PQ', 2024, 2, 10, 2024100000000000005, 121, 2024200000000000134, 3055640000020, 1, 265, 88, '', 'Menunjukkan penguasaan yang sangat baik dalam Menganalisis serta memahami sejarah berdirinya Daulah Ayubiyah dan perkembangan peradabannya', ''),
(2024200000000006818, 'b0JSRDJPaHlGaEdlNis0bEQzRHVWdz09OmJUUmtjalJ6TkdoaU1YTTBaREJ1T1E9PQ', 2024, 2, 10, 2024100000000000005, 121, 2024200000000000134, 3055640000020, 1, 247, 86, '', 'Menunjukkan penguasaan yang baik dalam Menganalisi semangat juang serta berpikir kritis dan ilmiah dalam ilmu pengetahuan sebagaimana ilmuan muslim pada masa Daulah ayubuyah', ''),
(2024200000000006819, 'b0JSRDJPaHlGaEdlNis0bEQzRHVWdz09OmJUUmtjalJ6TkdoaU1YTTBaREJ1T1E9PQ', 2024, 2, 10, 2024100000000000005, 121, 2024200000000000134, 3055640000020, 1, 181, 86, '', 'Menunjukkan penguasaan yang baik dalam Menganalisi semangat juang serta berpikir kritis dan ilmiah dalam ilmu pengetahuan sebagaimana ilmuan muslim pada masa Daulah ayubuyah', ''),
(2024200000000006820, 'b0JSRDJPaHlGaEdlNis0bEQzRHVWdz09OmJUUmtjalJ6TkdoaU1YTTBaREJ1T1E9PQ', 2024, 2, 10, 2024100000000000005, 121, 2024200000000000134, 3055640000020, 1, 251, 85, '', 'Menunjukkan penguasaan yang baik dalam Menganalisis serta memahami sejarah berdirinya Daulah Ayubiyah dan perkembangan peradabannya', ''),
(2024200000000006821, 'b0JSRDJPaHlGaEdlNis0bEQzRHVWdz09OmJUUmtjalJ6TkdoaU1YTTBaREJ1T1E9PQ', 2024, 2, 10, 2024100000000000005, 121, 2024200000000000134, 3055640000020, 1, 221, 87, '', 'Menunjukkan penguasaan yang baik dalam Memahami dan meneladani sikap kepemimpinan Shalahudin Al-Ayyubi', ''),
(2024200000000006822, 'b0JSRDJPaHlGaEdlNis0bEQzRHVWdz09OmJUUmtjalJ6TkdoaU1YTTBaREJ1T1E9PQ', 2024, 2, 10, 2024100000000000005, 121, 2024200000000000134, 3055640000020, 1, 192, 87, '', 'Menunjukkan penguasaan yang baik dalam Menganalisi semangat juang serta berpikir kritis dan ilmiah dalam ilmu pengetahuan sebagaimana ilmuan muslim pada masa Daulah ayubuyah', ''),
(2024200000000006823, 'b0JSRDJPaHlGaEdlNis0bEQzRHVWdz09OmJUUmtjalJ6TkdoaU1YTTBaREJ1T1E9PQ', 2024, 2, 10, 2024100000000000005, 121, 2024200000000000134, 3055640000020, 1, 193, 89, '', 'Menunjukkan penguasaan yang sangat baik dalam Menganalisis serta memahami sejarah berdirinya Daulah Ayubiyah dan perkembangan peradabannya', ''),
(2024200000000006824, 'b0JSRDJPaHlGaEdlNis0bEQzRHVWdz09OmJUUmtjalJ6TkdoaU1YTTBaREJ1T1E9PQ', 2024, 2, 10, 2024100000000000005, 121, 2024200000000000134, 3055640000020, 1, 253, 86, '', 'Menunjukkan penguasaan yang baik dalam Menganalisi semangat juang serta berpikir kritis dan ilmiah dalam ilmu pengetahuan sebagaimana ilmuan muslim pada masa Daulah ayubuyah', ''),
(2024200000000006825, 'b0JSRDJPaHlGaEdlNis0bEQzRHVWdz09OmJUUmtjalJ6TkdoaU1YTTBaREJ1T1E9PQ', 2024, 2, 10, 2024100000000000005, 121, 2024200000000000134, 3055640000020, 1, 223, 87, '', 'Menunjukkan penguasaan yang baik dalam Memahami dan meneladani sikap kepemimpinan Shalahudin Al-Ayyubi', ''),
(2024200000000006826, 'b0JSRDJPaHlGaEdlNis0bEQzRHVWdz09OmJUUmtjalJ6TkdoaU1YTTBaREJ1T1E9PQ', 2024, 2, 10, 2024100000000000005, 121, 2024200000000000134, 3055640000020, 1, 224, 88, '', 'Menunjukkan penguasaan yang sangat baik dalam Memahami dan meneladani sikap kepemimpinan Shalahudin Al-Ayyubi', ''),
(2024200000000006827, 'b0JSRDJPaHlGaEdlNis0bEQzRHVWdz09OmJUUmtjalJ6TkdoaU1YTTBaREJ1T1E9PQ', 2024, 2, 10, 2024100000000000005, 121, 2024200000000000134, 3055640000020, 1, 226, 89, '', 'Menunjukkan penguasaan yang sangat baik dalam Menganalisis serta memahami sejarah berdirinya Daulah Ayubiyah dan perkembangan peradabannya', ''),
(2024200000000006828, 'b0JSRDJPaHlGaEdlNis0bEQzRHVWdz09OmJUUmtjalJ6TkdoaU1YTTBaREJ1T1E9PQ', 2024, 2, 10, 2024100000000000005, 121, 2024200000000000134, 3055640000020, 1, 275, 87, '', 'Menunjukkan penguasaan yang baik dalam Menganalisis serta memahami sejarah berdirinya Daulah Ayubiyah dan perkembangan peradabannya', ''),
(2024200000000006829, 'b0JSRDJPaHlGaEdlNis0bEQzRHVWdz09OmJUUmtjalJ6TkdoaU1YTTBaREJ1T1E9PQ', 2024, 2, 10, 2024100000000000005, 121, 2024200000000000134, 3055640000020, 1, 268, 87, '', 'Menunjukkan penguasaan yang sangat baik dalam Menganalisi semangat juang serta berpikir kritis dan ilmiah dalam ilmu pengetahuan sebagaimana ilmuan muslim pada masa Daulah ayubuyah', ''),
(2024200000000006830, 'b0JSRDJPaHlGaEdlNis0bEQzRHVWdz09OmJUUmtjalJ6TkdoaU1YTTBaREJ1T1E9PQ', 2024, 2, 10, 2024100000000000005, 121, 2024200000000000134, 3055640000020, 1, 257, 86, '', 'Menunjukkan penguasaan yang baik dalam Memahami dan meneladani sikap kepemimpinan Shalahudin Al-Ayyubi', ''),
(2024200000000006831, 'b0JSRDJPaHlGaEdlNis0bEQzRHVWdz09OmJUUmtjalJ6TkdoaU1YTTBaREJ1T1E9PQ', 2024, 2, 10, 2024100000000000005, 121, 2024200000000000134, 3055640000020, 1, 258, 86, '', 'Menunjukkan penguasaan yang sangat baik dalam Memahami dan meneladani sikap kepemimpinan Shalahudin Al-Ayyubi', ''),
(2024200000000006832, 'b0JSRDJPaHlGaEdlNis0bEQzRHVWdz09OmJUUmtjalJ6TkdoaU1YTTBaREJ1T1E9PQ', 2024, 2, 10, 2024100000000000005, 121, 2024200000000000134, 3055640000020, 1, 231, 86, '', 'Menunjukkan penguasaan yang baik dalam Memahami dan meneladani sikap kepemimpinan Shalahudin Al-Ayyubi', ''),
(2024200000000006833, 'b0JSRDJPaHlGaEdlNis0bEQzRHVWdz09OmJUUmtjalJ6TkdoaU1YTTBaREJ1T1E9PQ', 2024, 2, 10, 2024100000000000005, 121, 2024200000000000134, 3055640000020, 1, 269, 88, '', 'Menunjukkan penguasaan yang sangat baik dalam Menganalisis serta memahami sejarah berdirinya Daulah Ayubiyah dan perkembangan peradabannya', ''),
(2024200000000006834, 'b0JSRDJPaHlGaEdlNis0bEQzRHVWdz09OmJUUmtjalJ6TkdoaU1YTTBaREJ1T1E9PQ', 2024, 2, 10, 2024100000000000005, 121, 2024200000000000134, 3055640000020, 1, 197, 85, '', 'Menunjukkan penguasaan yang baik dalam Menganalisis serta memahami sejarah berdirinya Daulah Ayubiyah dan perkembangan peradabannya', ''),
(2024200000000006835, 'b0JSRDJPaHlGaEdlNis0bEQzRHVWdz09OmJUUmtjalJ6TkdoaU1YTTBaREJ1T1E9PQ', 2024, 2, 10, 2024100000000000005, 121, 2024200000000000134, 3055640000020, 1, 200, 89, '', 'Menunjukkan penguasaan yang sangat baik dalam Menganalisis serta memahami sejarah berdirinya Daulah Ayubiyah dan perkembangan peradabannya', ''),
(2024200000000006836, 'b0JSRDJPaHlGaEdlNis0bEQzRHVWdz09OmJUUmtjalJ6TkdoaU1YTTBaREJ1T1E9PQ', 2024, 2, 10, 2024100000000000005, 121, 2024200000000000134, 3055640000020, 1, 202, 86, '', 'Menunjukkan penguasaan yang baik dalam Menganalisis serta memahami sejarah berdirinya Daulah Ayubiyah dan perkembangan peradabannya', ''),
(2024200000000006837, 'b0JSRDJPaHlGaEdlNis0bEQzRHVWdz09OmJUUmtjalJ6TkdoaU1YTTBaREJ1T1E9PQ', 2024, 2, 10, 2024100000000000005, 121, 2024200000000000134, 3055640000020, 1, 203, 87, '', 'Menunjukkan penguasaan yang sangat baik dalam Memahami dan meneladani sikap kepemimpinan Shalahudin Al-Ayyubi', ''),
(2024200000000006838, 'b0JSRDJPaHlGaEdlNis0bEQzRHVWdz09OmJUUmtjalJ6TkdoaU1YTTBaREJ1T1E9PQ', 2024, 2, 10, 2024100000000000005, 121, 2024200000000000134, 3055640000020, 1, 264, 87, '', 'Menunjukkan penguasaan yang sangat baik dalam Menganalisi semangat juang serta berpikir kritis dan ilmiah dalam ilmu pengetahuan sebagaimana ilmuan muslim pada masa Daulah ayubuyah', ''),
(2024200000000006839, 'b0JSRDJPaHlGaEdlNis0bEQzRHVWdz09OmJUUmtjalJ6TkdoaU1YTTBaREJ1T1E9PQ', 2024, 2, 10, 2024100000000000006, 121, 2024200000000000135, 3055640000020, 1, 173, 89, '', 'Menunjukkan penguasaan yang sangat baik dalam Menganalisis serta memahami sejarah berdirinya Daulah Ayubiyah dan perkembangan peradabannya', ''),
(2024200000000006840, 'b0JSRDJPaHlGaEdlNis0bEQzRHVWdz09OmJUUmtjalJ6TkdoaU1YTTBaREJ1T1E9PQ', 2024, 2, 10, 2024100000000000006, 121, 2024200000000000135, 3055640000020, 1, 206, 83, '', 'Menunjukkan penguasaan yang baik dalam Menganalisis serta memahami sejarah berdirinya Daulah Ayubiyah dan perkembangan peradabannya', ''),
(2024200000000006841, 'b0JSRDJPaHlGaEdlNis0bEQzRHVWdz09OmJUUmtjalJ6TkdoaU1YTTBaREJ1T1E9PQ', 2024, 2, 10, 2024100000000000006, 121, 2024200000000000135, 3055640000020, 1, 175, 86, '', 'Menunjukkan penguasaan yang sangat baik dalam Memahami dan meneladani sikap kepemimpinan Shalahudin Al-Ayyubi', '');
INSERT INTO `e_rapor` (`rapor_id`, `lembaga_id`, `tahunajaran_id`, `semester_id`, `tingkat_id`, `kelas_id`, `mapel_id`, `ajar_id`, `guru_id`, `jenisnilai_id`, `siswa_id`, `rapor_nilai`, `rapor_predikat`, `rapor_deskripsi`, `rapor_deskmin`) VALUES
(2024200000000006842, 'b0JSRDJPaHlGaEdlNis0bEQzRHVWdz09OmJUUmtjalJ6TkdoaU1YTTBaREJ1T1E9PQ', 2024, 2, 10, 2024100000000000006, 121, 2024200000000000135, 3055640000020, 1, 209, 88, '', 'Menunjukkan penguasaan yang sangat baik dalam Menganalisis serta memahami sejarah berdirinya Daulah Ayubiyah dan perkembangan peradabannya', ''),
(2024200000000006843, 'b0JSRDJPaHlGaEdlNis0bEQzRHVWdz09OmJUUmtjalJ6TkdoaU1YTTBaREJ1T1E9PQ', 2024, 2, 10, 2024100000000000006, 121, 2024200000000000135, 3055640000020, 1, 176, 84, '', 'Menunjukkan penguasaan yang baik dalam Memahami dan meneladani sikap kepemimpinan Shalahudin Al-Ayyubi', ''),
(2024200000000006844, 'b0JSRDJPaHlGaEdlNis0bEQzRHVWdz09OmJUUmtjalJ6TkdoaU1YTTBaREJ1T1E9PQ', 2024, 2, 10, 2024100000000000006, 121, 2024200000000000135, 3055640000020, 1, 237, 87, '', 'Menunjukkan penguasaan yang sangat baik dalam Menganalisi semangat juang serta berpikir kritis dan ilmiah dalam ilmu pengetahuan sebagaimana ilmuan muslim pada masa Daulah ayubuyah', ''),
(2024200000000006845, 'b0JSRDJPaHlGaEdlNis0bEQzRHVWdz09OmJUUmtjalJ6TkdoaU1YTTBaREJ1T1E9PQ', 2024, 2, 10, 2024100000000000006, 121, 2024200000000000135, 3055640000020, 1, 178, 88, '', 'Menunjukkan penguasaan yang sangat baik dalam Menganalisis serta memahami sejarah berdirinya Daulah Ayubiyah dan perkembangan peradabannya', ''),
(2024200000000006846, 'b0JSRDJPaHlGaEdlNis0bEQzRHVWdz09OmJUUmtjalJ6TkdoaU1YTTBaREJ1T1E9PQ', 2024, 2, 10, 2024100000000000006, 121, 2024200000000000135, 3055640000020, 1, 179, 88, '', 'Menunjukkan penguasaan yang sangat baik dalam Menganalisis serta memahami sejarah berdirinya Daulah Ayubiyah dan perkembangan peradabannya', ''),
(2024200000000006847, 'b0JSRDJPaHlGaEdlNis0bEQzRHVWdz09OmJUUmtjalJ6TkdoaU1YTTBaREJ1T1E9PQ', 2024, 2, 10, 2024100000000000006, 121, 2024200000000000135, 3055640000020, 1, 239, 85, '', 'Menunjukkan penguasaan yang sangat baik dalam Memahami dan meneladani sikap kepemimpinan Shalahudin Al-Ayyubi', ''),
(2024200000000006848, 'b0JSRDJPaHlGaEdlNis0bEQzRHVWdz09OmJUUmtjalJ6TkdoaU1YTTBaREJ1T1E9PQ', 2024, 2, 10, 2024100000000000006, 121, 2024200000000000135, 3055640000020, 1, 213, 88, '', 'Menunjukkan penguasaan yang sangat baik dalam Menganalisis serta memahami sejarah berdirinya Daulah Ayubiyah dan perkembangan peradabannya', ''),
(2024200000000006849, 'b0JSRDJPaHlGaEdlNis0bEQzRHVWdz09OmJUUmtjalJ6TkdoaU1YTTBaREJ1T1E9PQ', 2024, 2, 10, 2024100000000000006, 121, 2024200000000000135, 3055640000020, 1, 180, 84, '', 'Menunjukkan penguasaan yang sangat baik dalam Memahami dan meneladani sikap kepemimpinan Shalahudin Al-Ayyubi', ''),
(2024200000000006850, 'b0JSRDJPaHlGaEdlNis0bEQzRHVWdz09OmJUUmtjalJ6TkdoaU1YTTBaREJ1T1E9PQ', 2024, 2, 10, 2024100000000000006, 121, 2024200000000000135, 3055640000020, 1, 250, 86, '', 'Menunjukkan penguasaan yang sangat baik dalam Menganalisi semangat juang serta berpikir kritis dan ilmiah dalam ilmu pengetahuan sebagaimana ilmuan muslim pada masa Daulah ayubuyah', ''),
(2024200000000006851, 'b0JSRDJPaHlGaEdlNis0bEQzRHVWdz09OmJUUmtjalJ6TkdoaU1YTTBaREJ1T1E9PQ', 2024, 2, 10, 2024100000000000006, 121, 2024200000000000135, 3055640000020, 1, 183, 91, '', 'Menunjukkan penguasaan yang sangat baik dalam Menganalisis serta memahami sejarah berdirinya Daulah Ayubiyah dan perkembangan peradabannya', ''),
(2024200000000006852, 'b0JSRDJPaHlGaEdlNis0bEQzRHVWdz09OmJUUmtjalJ6TkdoaU1YTTBaREJ1T1E9PQ', 2024, 2, 10, 2024100000000000006, 121, 2024200000000000135, 3055640000020, 1, 218, 88, '', 'Menunjukkan penguasaan yang sangat baik dalam Menganalisi semangat juang serta berpikir kritis dan ilmiah dalam ilmu pengetahuan sebagaimana ilmuan muslim pada masa Daulah ayubuyah', ''),
(2024200000000006853, 'b0JSRDJPaHlGaEdlNis0bEQzRHVWdz09OmJUUmtjalJ6TkdoaU1YTTBaREJ1T1E9PQ', 2024, 2, 10, 2024100000000000006, 121, 2024200000000000135, 3055640000020, 1, 185, 85, '', 'Menunjukkan penguasaan yang sangat baik dalam Memahami dan meneladani sikap kepemimpinan Shalahudin Al-Ayyubi', ''),
(2024200000000006854, 'b0JSRDJPaHlGaEdlNis0bEQzRHVWdz09OmJUUmtjalJ6TkdoaU1YTTBaREJ1T1E9PQ', 2024, 2, 10, 2024100000000000006, 121, 2024200000000000135, 3055640000020, 1, 186, 84, '', 'Menunjukkan penguasaan yang baik dalam Menganalisis serta memahami sejarah berdirinya Daulah Ayubiyah dan perkembangan peradabannya', ''),
(2024200000000006855, 'b0JSRDJPaHlGaEdlNis0bEQzRHVWdz09OmJUUmtjalJ6TkdoaU1YTTBaREJ1T1E9PQ', 2024, 2, 10, 2024100000000000006, 121, 2024200000000000135, 3055640000020, 1, 189, 84, '', 'Menunjukkan penguasaan yang baik dalam Menganalisis serta memahami sejarah berdirinya Daulah Ayubiyah dan perkembangan peradabannya', ''),
(2024200000000006856, 'b0JSRDJPaHlGaEdlNis0bEQzRHVWdz09OmJUUmtjalJ6TkdoaU1YTTBaREJ1T1E9PQ', 2024, 2, 10, 2024100000000000006, 121, 2024200000000000135, 3055640000020, 1, 222, 85, '', 'Menunjukkan penguasaan yang baik dalam Menganalisi semangat juang serta berpikir kritis dan ilmiah dalam ilmu pengetahuan sebagaimana ilmuan muslim pada masa Daulah ayubuyah', ''),
(2024200000000006857, 'b0JSRDJPaHlGaEdlNis0bEQzRHVWdz09OmJUUmtjalJ6TkdoaU1YTTBaREJ1T1E9PQ', 2024, 2, 10, 2024100000000000006, 121, 2024200000000000135, 3055640000020, 1, 194, 84, '', 'Menunjukkan penguasaan yang sangat baik dalam Menganalisis serta memahami sejarah berdirinya Daulah Ayubiyah dan perkembangan peradabannya', ''),
(2024200000000006858, 'b0JSRDJPaHlGaEdlNis0bEQzRHVWdz09OmJUUmtjalJ6TkdoaU1YTTBaREJ1T1E9PQ', 2024, 2, 10, 2024100000000000006, 121, 2024200000000000135, 3055640000020, 1, 254, 83, '', 'Menunjukkan penguasaan yang sangat baik dalam Menganalisi semangat juang serta berpikir kritis dan ilmiah dalam ilmu pengetahuan sebagaimana ilmuan muslim pada masa Daulah ayubuyah', ''),
(2024200000000006859, 'b0JSRDJPaHlGaEdlNis0bEQzRHVWdz09OmJUUmtjalJ6TkdoaU1YTTBaREJ1T1E9PQ', 2024, 2, 10, 2024100000000000006, 121, 2024200000000000135, 3055640000020, 1, 225, 88, '', 'Menunjukkan penguasaan yang sangat baik dalam Menganalisis serta memahami sejarah berdirinya Daulah Ayubiyah dan perkembangan peradabannya', ''),
(2024200000000006860, 'b0JSRDJPaHlGaEdlNis0bEQzRHVWdz09OmJUUmtjalJ6TkdoaU1YTTBaREJ1T1E9PQ', 2024, 2, 10, 2024100000000000006, 121, 2024200000000000135, 3055640000020, 1, 227, 86, '', 'Menunjukkan penguasaan yang sangat baik dalam Menganalisi semangat juang serta berpikir kritis dan ilmiah dalam ilmu pengetahuan sebagaimana ilmuan muslim pada masa Daulah ayubuyah', ''),
(2024200000000006861, 'b0JSRDJPaHlGaEdlNis0bEQzRHVWdz09OmJUUmtjalJ6TkdoaU1YTTBaREJ1T1E9PQ', 2024, 2, 10, 2024100000000000006, 121, 2024200000000000135, 3055640000020, 1, 196, 90, '', 'Menunjukkan penguasaan yang sangat baik dalam Memahami dan meneladani sikap kepemimpinan Shalahudin Al-Ayyubi', ''),
(2024200000000006862, 'b0JSRDJPaHlGaEdlNis0bEQzRHVWdz09OmJUUmtjalJ6TkdoaU1YTTBaREJ1T1E9PQ', 2024, 2, 10, 2024100000000000006, 121, 2024200000000000135, 3055640000020, 1, 228, 83, '', 'Menunjukkan penguasaan yang baik dalam Menganalisis serta memahami sejarah berdirinya Daulah Ayubiyah dan perkembangan peradabannya', ''),
(2024200000000006863, 'b0JSRDJPaHlGaEdlNis0bEQzRHVWdz09OmJUUmtjalJ6TkdoaU1YTTBaREJ1T1E9PQ', 2024, 2, 10, 2024100000000000006, 121, 2024200000000000135, 3055640000020, 1, 205, 85, '', 'Menunjukkan penguasaan yang baik dalam Menganalisi semangat juang serta berpikir kritis dan ilmiah dalam ilmu pengetahuan sebagaimana ilmuan muslim pada masa Daulah ayubuyah', ''),
(2024200000000006864, 'b0JSRDJPaHlGaEdlNis0bEQzRHVWdz09OmJUUmtjalJ6TkdoaU1YTTBaREJ1T1E9PQ', 2024, 2, 10, 2024100000000000006, 121, 2024200000000000135, 3055640000020, 1, 229, 87, '', 'Menunjukkan penguasaan yang sangat baik dalam Menganalisi semangat juang serta berpikir kritis dan ilmiah dalam ilmu pengetahuan sebagaimana ilmuan muslim pada masa Daulah ayubuyah', ''),
(2024200000000006865, 'b0JSRDJPaHlGaEdlNis0bEQzRHVWdz09OmJUUmtjalJ6TkdoaU1YTTBaREJ1T1E9PQ', 2024, 2, 10, 2024100000000000006, 121, 2024200000000000135, 3055640000020, 1, 230, 90, '', 'Menunjukkan penguasaan yang sangat baik dalam Memahami dan meneladani sikap kepemimpinan Shalahudin Al-Ayyubi', ''),
(2024200000000006866, 'b0JSRDJPaHlGaEdlNis0bEQzRHVWdz09OmJUUmtjalJ6TkdoaU1YTTBaREJ1T1E9PQ', 2024, 2, 10, 2024100000000000006, 121, 2024200000000000135, 3055640000020, 1, 266, 85, '', 'Menunjukkan penguasaan yang baik dalam Memahami dan meneladani sikap kepemimpinan Shalahudin Al-Ayyubi', ''),
(2024200000000006867, 'b0JSRDJPaHlGaEdlNis0bEQzRHVWdz09OmJUUmtjalJ6TkdoaU1YTTBaREJ1T1E9PQ', 2024, 2, 10, 2024100000000000006, 121, 2024200000000000135, 3055640000020, 1, 198, 89, '', 'Menunjukkan penguasaan yang sangat baik dalam Menganalisis serta memahami sejarah berdirinya Daulah Ayubiyah dan perkembangan peradabannya', ''),
(2024200000000006868, 'b0JSRDJPaHlGaEdlNis0bEQzRHVWdz09OmJUUmtjalJ6TkdoaU1YTTBaREJ1T1E9PQ', 2024, 2, 10, 2024100000000000006, 121, 2024200000000000135, 3055640000020, 1, 259, 84, '', 'Menunjukkan penguasaan yang baik dalam Memahami dan meneladani sikap kepemimpinan Shalahudin Al-Ayyubi', ''),
(2024200000000006869, 'b0JSRDJPaHlGaEdlNis0bEQzRHVWdz09OmJUUmtjalJ6TkdoaU1YTTBaREJ1T1E9PQ', 2024, 2, 10, 2024100000000000006, 121, 2024200000000000135, 3055640000020, 1, 233, 84, '', 'Menunjukkan penguasaan yang baik dalam Menganalisi semangat juang serta berpikir kritis dan ilmiah dalam ilmu pengetahuan sebagaimana ilmuan muslim pada masa Daulah ayubuyah', ''),
(2024200000000006870, 'b0JSRDJPaHlGaEdlNis0bEQzRHVWdz09OmJUUmtjalJ6TkdoaU1YTTBaREJ1T1E9PQ', 2024, 2, 10, 2024100000000000006, 121, 2024200000000000135, 3055640000020, 1, 199, 85, '', 'Menunjukkan penguasaan yang sangat baik dalam Menganalisi semangat juang serta berpikir kritis dan ilmiah dalam ilmu pengetahuan sebagaimana ilmuan muslim pada masa Daulah ayubuyah', ''),
(2024200000000006871, 'b0JSRDJPaHlGaEdlNis0bEQzRHVWdz09OmJUUmtjalJ6TkdoaU1YTTBaREJ1T1E9PQ', 2024, 2, 10, 2024100000000000006, 121, 2024200000000000135, 3055640000020, 1, 201, 86, '', 'Menunjukkan penguasaan yang baik dalam Memahami dan meneladani sikap kepemimpinan Shalahudin Al-Ayyubi', ''),
(2024200000000006872, 'b0JSRDJPaHlGaEdlNis0bEQzRHVWdz09OmJUUmtjalJ6TkdoaU1YTTBaREJ1T1E9PQ', 2024, 2, 10, 2024100000000000006, 121, 2024200000000000135, 3055640000020, 1, 263, 86, '', 'Menunjukkan penguasaan yang sangat baik dalam Menganalisi semangat juang serta berpikir kritis dan ilmiah dalam ilmu pengetahuan sebagaimana ilmuan muslim pada masa Daulah ayubuyah', ''),
(2024200000000006873, 'b0JSRDJPaHlGaEdlNis0bEQzRHVWdz09OmJUUmtjalJ6TkdoaU1YTTBaREJ1T1E9PQ', 2024, 2, 10, 2024100000000000006, 127, 2024200000000000117, 3055640000015, 1, 173, 94, '', 'Menunjukkan penguasaan yang sangat baik dalam memahami pembangunan perekonomian Indonesia', ''),
(2024200000000006874, 'b0JSRDJPaHlGaEdlNis0bEQzRHVWdz09OmJUUmtjalJ6TkdoaU1YTTBaREJ1T1E9PQ', 2024, 2, 10, 2024100000000000006, 127, 2024200000000000117, 3055640000015, 1, 206, 92, '', 'Menunjukkan penguasaan yang sangat baik dalam memahami pembangunan perekonomian Indonesia', ''),
(2024200000000006875, 'b0JSRDJPaHlGaEdlNis0bEQzRHVWdz09OmJUUmtjalJ6TkdoaU1YTTBaREJ1T1E9PQ', 2024, 2, 10, 2024100000000000006, 127, 2024200000000000117, 3055640000015, 1, 175, 96, '', 'Menunjukkan penguasaan yang sangat baik dalam memahami pembangunan perekonomian Indonesia', ''),
(2024200000000006876, 'b0JSRDJPaHlGaEdlNis0bEQzRHVWdz09OmJUUmtjalJ6TkdoaU1YTTBaREJ1T1E9PQ', 2024, 2, 10, 2024100000000000006, 127, 2024200000000000117, 3055640000015, 1, 209, 90, '', 'Menunjukkan penguasaan yang sangat baik dalam memahami pembangunan perekonomian Indonesia', ''),
(2024200000000006877, 'b0JSRDJPaHlGaEdlNis0bEQzRHVWdz09OmJUUmtjalJ6TkdoaU1YTTBaREJ1T1E9PQ', 2024, 2, 10, 2024100000000000006, 127, 2024200000000000117, 3055640000015, 1, 176, 92, '', 'Menunjukkan penguasaan yang sangat baik dalam memahami pembangunan perekonomian Indonesia', ''),
(2024200000000006878, 'b0JSRDJPaHlGaEdlNis0bEQzRHVWdz09OmJUUmtjalJ6TkdoaU1YTTBaREJ1T1E9PQ', 2024, 2, 10, 2024100000000000006, 127, 2024200000000000117, 3055640000015, 1, 237, 93, '', 'Menunjukkan penguasaan yang sangat baik dalam memahami pembangunan perekonomian Indonesia', ''),
(2024200000000006879, 'b0JSRDJPaHlGaEdlNis0bEQzRHVWdz09OmJUUmtjalJ6TkdoaU1YTTBaREJ1T1E9PQ', 2024, 2, 10, 2024100000000000006, 127, 2024200000000000117, 3055640000015, 1, 178, 96, '', 'Menunjukkan penguasaan yang sangat baik dalam memahami pembangunan perekonomian Indonesia', ''),
(2024200000000006880, 'b0JSRDJPaHlGaEdlNis0bEQzRHVWdz09OmJUUmtjalJ6TkdoaU1YTTBaREJ1T1E9PQ', 2024, 2, 10, 2024100000000000006, 127, 2024200000000000117, 3055640000015, 1, 179, 90, '', 'Menunjukkan penguasaan yang sangat baik dalam memahami pembangunan perekonomian Indonesia', ''),
(2024200000000006881, 'b0JSRDJPaHlGaEdlNis0bEQzRHVWdz09OmJUUmtjalJ6TkdoaU1YTTBaREJ1T1E9PQ', 2024, 2, 10, 2024100000000000006, 127, 2024200000000000117, 3055640000015, 1, 239, 84, '', 'Menunjukkan penguasaan yang sangat baik dalam memahami pembangunan perekonomian Indonesia', ''),
(2024200000000006882, 'b0JSRDJPaHlGaEdlNis0bEQzRHVWdz09OmJUUmtjalJ6TkdoaU1YTTBaREJ1T1E9PQ', 2024, 2, 10, 2024100000000000006, 127, 2024200000000000117, 3055640000015, 1, 213, 96, '', 'Menunjukkan penguasaan yang sangat baik dalam memahami pembangunan perekonomian Indonesia', ''),
(2024200000000006883, 'b0JSRDJPaHlGaEdlNis0bEQzRHVWdz09OmJUUmtjalJ6TkdoaU1YTTBaREJ1T1E9PQ', 2024, 2, 10, 2024100000000000006, 127, 2024200000000000117, 3055640000015, 1, 180, 94, '', 'Menunjukkan penguasaan yang sangat baik dalam memahami pembangunan perekonomian Indonesia', ''),
(2024200000000006884, 'b0JSRDJPaHlGaEdlNis0bEQzRHVWdz09OmJUUmtjalJ6TkdoaU1YTTBaREJ1T1E9PQ', 2024, 2, 10, 2024100000000000006, 127, 2024200000000000117, 3055640000015, 1, 250, 87, '', 'Menunjukkan penguasaan yang sangat baik dalam memahami pembangunan perekonomian Indonesia', ''),
(2024200000000006885, 'b0JSRDJPaHlGaEdlNis0bEQzRHVWdz09OmJUUmtjalJ6TkdoaU1YTTBaREJ1T1E9PQ', 2024, 2, 10, 2024100000000000006, 127, 2024200000000000117, 3055640000015, 1, 183, 94, '', 'Menunjukkan penguasaan yang sangat baik dalam memahami pembangunan perekonomian Indonesia', ''),
(2024200000000006886, 'b0JSRDJPaHlGaEdlNis0bEQzRHVWdz09OmJUUmtjalJ6TkdoaU1YTTBaREJ1T1E9PQ', 2024, 2, 10, 2024100000000000006, 127, 2024200000000000117, 3055640000015, 1, 218, 91, '', 'Menunjukkan penguasaan yang sangat baik dalam memahami pembangunan perekonomian Indonesia', ''),
(2024200000000006887, 'b0JSRDJPaHlGaEdlNis0bEQzRHVWdz09OmJUUmtjalJ6TkdoaU1YTTBaREJ1T1E9PQ', 2024, 2, 10, 2024100000000000006, 127, 2024200000000000117, 3055640000015, 1, 185, 78, '', 'Menunjukkan penguasaan yang baik dalam memahami pembangunan perekonomian Indonesia', ''),
(2024200000000006888, 'b0JSRDJPaHlGaEdlNis0bEQzRHVWdz09OmJUUmtjalJ6TkdoaU1YTTBaREJ1T1E9PQ', 2024, 2, 10, 2024100000000000006, 127, 2024200000000000117, 3055640000015, 1, 186, 91, '', 'Menunjukkan penguasaan yang sangat baik dalam memahami pembangunan perekonomian Indonesia', ''),
(2024200000000006889, 'b0JSRDJPaHlGaEdlNis0bEQzRHVWdz09OmJUUmtjalJ6TkdoaU1YTTBaREJ1T1E9PQ', 2024, 2, 10, 2024100000000000006, 127, 2024200000000000117, 3055640000015, 1, 189, 91, '', 'Menunjukkan penguasaan yang sangat baik dalam memahami pembangunan perekonomian Indonesia', ''),
(2024200000000006890, 'b0JSRDJPaHlGaEdlNis0bEQzRHVWdz09OmJUUmtjalJ6TkdoaU1YTTBaREJ1T1E9PQ', 2024, 2, 10, 2024100000000000006, 127, 2024200000000000117, 3055640000015, 1, 222, 86, '', 'Menunjukkan penguasaan yang sangat baik dalam memahami pembangunan perekonomian Indonesia', ''),
(2024200000000006891, 'b0JSRDJPaHlGaEdlNis0bEQzRHVWdz09OmJUUmtjalJ6TkdoaU1YTTBaREJ1T1E9PQ', 2024, 2, 10, 2024100000000000006, 127, 2024200000000000117, 3055640000015, 1, 194, 86, '', 'Menunjukkan penguasaan yang sangat baik dalam memahami pembangunan perekonomian Indonesia', ''),
(2024200000000006892, 'b0JSRDJPaHlGaEdlNis0bEQzRHVWdz09OmJUUmtjalJ6TkdoaU1YTTBaREJ1T1E9PQ', 2024, 2, 10, 2024100000000000006, 127, 2024200000000000117, 3055640000015, 1, 254, 86, '', 'Menunjukkan penguasaan yang sangat baik dalam memahami pembangunan perekonomian Indonesia', ''),
(2024200000000006893, 'b0JSRDJPaHlGaEdlNis0bEQzRHVWdz09OmJUUmtjalJ6TkdoaU1YTTBaREJ1T1E9PQ', 2024, 2, 10, 2024100000000000006, 127, 2024200000000000117, 3055640000015, 1, 225, 95, '', 'Menunjukkan penguasaan yang sangat baik dalam memahami pembangunan perekonomian Indonesia', ''),
(2024200000000006894, 'b0JSRDJPaHlGaEdlNis0bEQzRHVWdz09OmJUUmtjalJ6TkdoaU1YTTBaREJ1T1E9PQ', 2024, 2, 10, 2024100000000000006, 127, 2024200000000000117, 3055640000015, 1, 227, 86, '', 'Menunjukkan penguasaan yang sangat baik dalam memahami pembangunan perekonomian Indonesia', ''),
(2024200000000006895, 'b0JSRDJPaHlGaEdlNis0bEQzRHVWdz09OmJUUmtjalJ6TkdoaU1YTTBaREJ1T1E9PQ', 2024, 2, 10, 2024100000000000006, 127, 2024200000000000117, 3055640000015, 1, 196, 96, '', 'Menunjukkan penguasaan yang sangat baik dalam memahami pembangunan perekonomian Indonesia', ''),
(2024200000000006896, 'b0JSRDJPaHlGaEdlNis0bEQzRHVWdz09OmJUUmtjalJ6TkdoaU1YTTBaREJ1T1E9PQ', 2024, 2, 10, 2024100000000000006, 127, 2024200000000000117, 3055640000015, 1, 228, 83, '', 'Menunjukkan penguasaan yang sangat baik dalam memahami pembangunan perekonomian Indonesia', ''),
(2024200000000006897, 'b0JSRDJPaHlGaEdlNis0bEQzRHVWdz09OmJUUmtjalJ6TkdoaU1YTTBaREJ1T1E9PQ', 2024, 2, 10, 2024100000000000006, 127, 2024200000000000117, 3055640000015, 1, 205, 88, '', 'Menunjukkan penguasaan yang sangat baik dalam memahami pembangunan perekonomian Indonesia', ''),
(2024200000000006898, 'b0JSRDJPaHlGaEdlNis0bEQzRHVWdz09OmJUUmtjalJ6TkdoaU1YTTBaREJ1T1E9PQ', 2024, 2, 10, 2024100000000000006, 127, 2024200000000000117, 3055640000015, 1, 229, 80, '', 'Menunjukkan penguasaan yang sangat baik dalam memahami pembangunan perekonomian Indonesia', ''),
(2024200000000006899, 'b0JSRDJPaHlGaEdlNis0bEQzRHVWdz09OmJUUmtjalJ6TkdoaU1YTTBaREJ1T1E9PQ', 2024, 2, 10, 2024100000000000006, 127, 2024200000000000117, 3055640000015, 1, 230, 96, '', 'Menunjukkan penguasaan yang sangat baik dalam memahami pembangunan perekonomian Indonesia', ''),
(2024200000000006900, 'b0JSRDJPaHlGaEdlNis0bEQzRHVWdz09OmJUUmtjalJ6TkdoaU1YTTBaREJ1T1E9PQ', 2024, 2, 10, 2024100000000000006, 127, 2024200000000000117, 3055640000015, 1, 266, 93, '', 'Menunjukkan penguasaan yang sangat baik dalam memahami pembangunan perekonomian Indonesia', ''),
(2024200000000006901, 'b0JSRDJPaHlGaEdlNis0bEQzRHVWdz09OmJUUmtjalJ6TkdoaU1YTTBaREJ1T1E9PQ', 2024, 2, 10, 2024100000000000006, 127, 2024200000000000117, 3055640000015, 1, 198, 97, '', 'Menunjukkan penguasaan yang sangat baik dalam memahami pembangunan perekonomian Indonesia', ''),
(2024200000000006902, 'b0JSRDJPaHlGaEdlNis0bEQzRHVWdz09OmJUUmtjalJ6TkdoaU1YTTBaREJ1T1E9PQ', 2024, 2, 10, 2024100000000000006, 127, 2024200000000000117, 3055640000015, 1, 259, 83, '', 'Menunjukkan penguasaan yang sangat baik dalam memahami pembangunan perekonomian Indonesia', ''),
(2024200000000006903, 'b0JSRDJPaHlGaEdlNis0bEQzRHVWdz09OmJUUmtjalJ6TkdoaU1YTTBaREJ1T1E9PQ', 2024, 2, 10, 2024100000000000006, 127, 2024200000000000117, 3055640000015, 1, 233, 90, '', 'Menunjukkan penguasaan yang sangat baik dalam memahami pembangunan perekonomian Indonesia', ''),
(2024200000000006904, 'b0JSRDJPaHlGaEdlNis0bEQzRHVWdz09OmJUUmtjalJ6TkdoaU1YTTBaREJ1T1E9PQ', 2024, 2, 10, 2024100000000000006, 127, 2024200000000000117, 3055640000015, 1, 199, 90, '', 'Menunjukkan penguasaan yang sangat baik dalam memahami pembangunan perekonomian Indonesia', ''),
(2024200000000006905, 'b0JSRDJPaHlGaEdlNis0bEQzRHVWdz09OmJUUmtjalJ6TkdoaU1YTTBaREJ1T1E9PQ', 2024, 2, 10, 2024100000000000006, 127, 2024200000000000117, 3055640000015, 1, 201, 89, '', 'Menunjukkan penguasaan yang sangat baik dalam memahami pembangunan perekonomian Indonesia', ''),
(2024200000000006906, 'b0JSRDJPaHlGaEdlNis0bEQzRHVWdz09OmJUUmtjalJ6TkdoaU1YTTBaREJ1T1E9PQ', 2024, 2, 10, 2024100000000000006, 127, 2024200000000000117, 3055640000015, 1, 263, 91, '', 'Menunjukkan penguasaan yang sangat baik dalam memahami pembangunan perekonomian Indonesia', '');

-- --------------------------------------------------------

--
-- Table structure for table `e_riwayatsiswa`
--

CREATE TABLE `e_riwayatsiswa` (
  `riwayat_id` bigint(20) NOT NULL,
  `siswa_id` bigint(13) DEFAULT NULL,
  `tahunajaran_id` int(11) DEFAULT NULL,
  `kelas_id` bigint(20) DEFAULT NULL,
  `lembaga_id` varchar(100) DEFAULT NULL,
  `semester_id` int(11) DEFAULT NULL
) ENGINE=InnoDB DEFAULT CHARSET=latin1 COLLATE=latin1_swedish_ci;

--
-- Dumping data for table `e_riwayatsiswa`
--

INSERT INTO `e_riwayatsiswa` (`riwayat_id`, `siswa_id`, `tahunajaran_id`, `kelas_id`, `lembaga_id`, `semester_id`) VALUES
(1, 1, 2023, 2023100000000000006, NULL, NULL),
(2, 2, 2023, 2023100000000000006, NULL, NULL),
(3, 3, 2023, 2023100000000000006, NULL, NULL),
(4, 4, 2023, 2023100000000000006, NULL, NULL),
(5, 5, 2023, 2023100000000000006, NULL, NULL),
(6, 6, 2023, 2023100000000000006, NULL, NULL),
(7, 7, 2023, 2023100000000000006, NULL, NULL),
(8, 8, 2023, 2023100000000000006, NULL, NULL),
(9, 9, 2023, 2023100000000000006, NULL, NULL),
(10, 10, 2023, 2023100000000000006, NULL, NULL),
(11, 11, 2023, 2023100000000000006, NULL, NULL),
(12, 12, 2023, 2023100000000000006, NULL, NULL),
(13, 13, 2023, 2023100000000000006, NULL, NULL),
(14, 14, 2023, 2023100000000000006, NULL, NULL),
(15, 15, 2023, 2023100000000000006, NULL, NULL),
(16, 16, 2023, 2023100000000000006, NULL, NULL),
(17, 17, 2023, 2023100000000000006, NULL, NULL),
(18, 18, 2023, 2023100000000000006, NULL, NULL),
(19, 19, 2023, 2023100000000000006, NULL, NULL),
(20, 20, 2023, 2023100000000000006, NULL, NULL),
(21, 21, 2023, 2023100000000000006, NULL, NULL),
(22, 22, 2023, 2023100000000000006, NULL, NULL),
(23, 23, 2023, 2023100000000000006, NULL, NULL),
(24, 24, 2023, 2023100000000000006, NULL, NULL),
(25, 25, 2023, 2023100000000000006, NULL, NULL),
(26, 26, 2023, 2023100000000000006, NULL, NULL),
(27, 27, 2023, 2023100000000000006, NULL, NULL),
(28, 28, 2023, 2023100000000000006, NULL, NULL),
(29, 29, 2023, 2023100000000000006, NULL, NULL),
(30, 30, 2023, 2023100000000000006, NULL, NULL),
(31, 31, 2023, 2023100000000000007, NULL, NULL),
(32, 32, 2023, 2023100000000000007, NULL, NULL),
(33, 33, 2023, 2023100000000000007, NULL, NULL),
(34, 34, 2023, 2023100000000000007, NULL, NULL),
(35, 35, 2023, 2023100000000000007, NULL, NULL),
(36, 36, 2023, 2023100000000000007, NULL, NULL),
(37, 37, 2023, 2023100000000000007, NULL, NULL),
(38, 38, 2023, 2023100000000000007, NULL, NULL),
(39, 39, 2023, 2023100000000000007, NULL, NULL),
(40, 40, 2023, 2023100000000000007, NULL, NULL),
(41, 41, 2023, 2023100000000000007, NULL, NULL),
(42, 42, 2023, 2023100000000000007, NULL, NULL),
(43, 43, 2023, 2023100000000000007, NULL, NULL),
(44, 44, 2023, 2023100000000000007, NULL, NULL),
(45, 45, 2023, 2023100000000000007, NULL, NULL),
(46, 46, 2023, 2023100000000000007, NULL, NULL),
(47, 47, 2023, 2023100000000000007, NULL, NULL),
(48, 48, 2023, 2023100000000000007, NULL, NULL),
(49, 49, 2023, 2023100000000000007, NULL, NULL),
(50, 50, 2023, 2023100000000000007, NULL, NULL),
(51, 51, 2023, 2023100000000000007, NULL, NULL),
(52, 52, 2023, 2023100000000000007, NULL, NULL),
(53, 53, 2023, 2023100000000000007, NULL, NULL),
(54, 54, 2023, 2023100000000000007, NULL, NULL),
(55, 55, 2023, 2023100000000000007, NULL, NULL),
(56, 56, 2023, 2023100000000000007, NULL, NULL),
(57, 57, 2023, 2023100000000000007, NULL, NULL),
(58, 58, 2023, 2023100000000000007, NULL, NULL),
(59, 59, 2023, 2023100000000000007, NULL, NULL),
(60, 60, 2023, 2023100000000000007, NULL, NULL),
(61, 61, 2023, 2023100000000000008, NULL, NULL),
(62, 62, 2023, 2023100000000000008, NULL, NULL),
(63, 63, 2023, 2023100000000000008, NULL, NULL),
(64, 64, 2023, 2023100000000000008, NULL, NULL),
(65, 65, 2023, 2023100000000000008, NULL, NULL),
(66, 66, 2023, 2023100000000000008, NULL, NULL),
(67, 67, 2023, 2023100000000000008, NULL, NULL),
(68, 68, 2023, 2023100000000000008, NULL, NULL),
(69, 69, 2023, 2023100000000000008, NULL, NULL),
(70, 70, 2023, 2023100000000000008, NULL, NULL),
(71, 71, 2023, 2023100000000000008, NULL, NULL),
(72, 72, 2023, 2023100000000000008, NULL, NULL),
(73, 73, 2023, 2023100000000000008, NULL, NULL),
(74, 74, 2023, 2023100000000000008, NULL, NULL),
(75, 75, 2023, 2023100000000000008, NULL, NULL),
(76, 76, 2023, 2023100000000000008, NULL, NULL),
(77, 77, 2023, 2023100000000000008, NULL, NULL),
(78, 78, 2023, 2023100000000000008, NULL, NULL),
(79, 79, 2023, 2023100000000000008, NULL, NULL),
(80, 80, 2023, 2023100000000000008, NULL, NULL),
(81, 81, 2023, 2023100000000000008, NULL, NULL),
(82, 82, 2023, 2023100000000000008, NULL, NULL),
(83, 83, 2023, 2023100000000000008, NULL, NULL),
(84, 84, 2023, 2023100000000000004, NULL, NULL),
(85, 85, 2023, 2023100000000000004, NULL, NULL),
(86, 86, 2023, 2023100000000000004, NULL, NULL),
(87, 87, 2023, 2023100000000000004, NULL, NULL),
(88, 88, 2023, 2023100000000000004, NULL, NULL),
(89, 89, 2023, 2023100000000000004, NULL, NULL),
(90, 90, 2023, 2023100000000000004, NULL, NULL),
(91, 91, 2023, 2023100000000000004, NULL, NULL),
(92, 92, 2023, 2023100000000000004, NULL, NULL),
(93, 93, 2023, 2023100000000000004, NULL, NULL),
(94, 94, 2023, 2023100000000000004, NULL, NULL),
(95, 95, 2023, 2023100000000000004, NULL, NULL),
(96, 96, 2023, 2023100000000000004, NULL, NULL),
(97, 97, 2023, 2023100000000000004, NULL, NULL),
(98, 98, 2023, 2023100000000000004, NULL, NULL),
(99, 99, 2023, 2023100000000000004, NULL, NULL),
(100, 100, 2023, 2023100000000000004, NULL, NULL),
(101, 101, 2023, 2023100000000000004, NULL, NULL),
(102, 102, 2023, 2023100000000000004, NULL, NULL),
(103, 103, 2023, 2023100000000000004, NULL, NULL),
(104, 104, 2023, 2023100000000000004, NULL, NULL),
(105, 105, 2023, 2023100000000000004, NULL, NULL),
(106, 106, 2023, 2023100000000000004, NULL, NULL),
(107, 107, 2023, 2023100000000000004, NULL, NULL),
(108, 108, 2023, 2023100000000000004, NULL, NULL),
(109, 109, 2023, 2023100000000000004, NULL, NULL),
(110, 110, 2023, 2023100000000000004, NULL, NULL),
(111, 111, 2023, 2023100000000000004, NULL, NULL),
(112, 112, 2023, 2023100000000000004, NULL, NULL),
(113, 113, 2023, 2023100000000000004, NULL, NULL),
(114, 114, 2023, 2023100000000000009, NULL, NULL),
(115, 115, 2023, 2023100000000000009, NULL, NULL),
(116, 116, 2023, 2023100000000000009, NULL, NULL),
(117, 117, 2023, 2023100000000000009, NULL, NULL),
(118, 118, 2023, 2023100000000000009, NULL, NULL),
(119, 119, 2023, 2023100000000000009, NULL, NULL),
(120, 120, 2023, 2023100000000000009, NULL, NULL),
(121, 121, 2023, 2023100000000000009, NULL, NULL),
(122, 122, 2023, 2023100000000000009, NULL, NULL),
(123, 123, 2023, 2023100000000000009, NULL, NULL),
(124, 124, 2023, 2023100000000000009, NULL, NULL),
(125, 125, 2023, 2023100000000000009, NULL, NULL),
(126, 126, 2023, 2023100000000000009, NULL, NULL),
(127, 127, 2023, 2023100000000000009, NULL, NULL),
(128, 128, 2023, 2023100000000000009, NULL, NULL),
(129, 129, 2023, 2023100000000000009, NULL, NULL),
(130, 130, 2023, 2023100000000000009, NULL, NULL),
(131, 131, 2023, 2023100000000000009, NULL, NULL),
(132, 132, 2023, 2023100000000000009, NULL, NULL),
(133, 133, 2023, 2023100000000000009, NULL, NULL),
(134, 134, 2023, 2023100000000000009, NULL, NULL),
(135, 135, 2023, 2023100000000000009, NULL, NULL),
(136, 136, 2023, 2023100000000000009, NULL, NULL),
(137, 137, 2023, 2023100000000000009, NULL, NULL),
(138, 138, 2023, 2023100000000000009, NULL, NULL),
(139, 139, 2023, 2023100000000000009, NULL, NULL),
(140, 140, 2023, 2023100000000000009, NULL, NULL),
(141, 141, 2023, 2023100000000000009, NULL, NULL),
(142, 142, 2023, 2023100000000000009, NULL, NULL),
(143, 143, 2023, 2023100000000000005, NULL, NULL),
(144, 144, 2023, 2023100000000000005, NULL, NULL),
(145, 145, 2023, 2023100000000000005, NULL, NULL),
(146, 146, 2023, 2023100000000000005, NULL, NULL),
(147, 147, 2023, 2023100000000000005, NULL, NULL),
(148, 148, 2023, 2023100000000000005, NULL, NULL),
(149, 149, 2023, 2023100000000000005, NULL, NULL),
(150, 150, 2023, 2023100000000000005, NULL, NULL),
(151, 151, 2023, 2023100000000000005, NULL, NULL),
(152, 152, 2023, 2023100000000000005, NULL, NULL),
(153, 153, 2023, 2023100000000000005, NULL, NULL),
(154, 154, 2023, 2023100000000000005, NULL, NULL),
(155, 155, 2023, 2023100000000000005, NULL, NULL),
(156, 156, 2023, 2023100000000000005, NULL, NULL),
(157, 157, 2023, 2023100000000000005, NULL, NULL),
(158, 158, 2023, 2023100000000000005, NULL, NULL),
(159, 159, 2023, 2023100000000000005, NULL, NULL),
(160, 160, 2023, 2023100000000000005, NULL, NULL),
(161, 161, 2023, 2023100000000000005, NULL, NULL),
(162, 162, 2023, 2023100000000000005, NULL, NULL),
(163, 163, 2023, 2023100000000000005, NULL, NULL),
(164, 164, 2023, 2023100000000000005, NULL, NULL),
(165, 165, 2023, 2023100000000000005, NULL, NULL),
(166, 166, 2023, 2023100000000000005, NULL, NULL),
(167, 167, 2023, 2023100000000000005, NULL, NULL),
(168, 168, 2023, 2023100000000000005, NULL, NULL),
(169, 169, 2023, 2023100000000000005, NULL, NULL),
(170, 170, 2023, 2023100000000000005, NULL, NULL),
(171, 171, 2023, 2023100000000000005, NULL, NULL),
(172, 172, 2023, 2023100000000000005, NULL, NULL),
(173, 173, 2023, 2023100000000000001, NULL, NULL),
(174, 174, 2023, 2023100000000000002, NULL, NULL),
(175, 175, 2023, 2023100000000000001, NULL, NULL),
(176, 176, 2023, 2023100000000000001, NULL, NULL),
(177, 177, 2023, 2023100000000000001, NULL, NULL),
(178, 178, 2023, 2023100000000000001, NULL, NULL),
(179, 179, 2023, 2023100000000000001, NULL, NULL),
(180, 180, 2023, 2023100000000000001, NULL, NULL),
(181, 181, 2023, 2023100000000000001, NULL, NULL),
(182, 182, 2023, 2023100000000000001, NULL, NULL),
(183, 183, 2023, 2023100000000000001, NULL, NULL),
(184, 184, 2023, 2023100000000000001, NULL, NULL),
(185, 185, 2023, 2023100000000000001, NULL, NULL),
(186, 186, 2023, 2023100000000000001, NULL, NULL),
(187, 187, 2023, 2023100000000000001, NULL, NULL),
(188, 188, 2023, 2023100000000000001, NULL, NULL),
(189, 189, 2023, 2023100000000000001, NULL, NULL),
(190, 190, 2023, 2023100000000000001, NULL, NULL),
(191, 191, 2023, 2023100000000000001, NULL, NULL),
(192, 192, 2023, 2023100000000000001, NULL, NULL),
(193, 193, 2023, 2023100000000000001, NULL, NULL),
(194, 194, 2023, 2023100000000000001, NULL, NULL),
(195, 195, 2023, 2023100000000000001, NULL, NULL),
(196, 196, 2023, 2023100000000000001, NULL, NULL),
(197, 197, 2023, 2023100000000000001, NULL, NULL),
(198, 198, 2023, 2023100000000000001, NULL, NULL),
(199, 199, 2023, 2023100000000000001, NULL, NULL),
(200, 200, 2023, 2023100000000000001, NULL, NULL),
(201, 201, 2023, 2023100000000000001, NULL, NULL),
(202, 202, 2023, 2023100000000000001, NULL, NULL),
(203, 203, 2023, 2023100000000000001, NULL, NULL),
(204, 204, 2023, 2023100000000000001, NULL, NULL),
(205, 205, 2023, 2023100000000000001, NULL, NULL),
(206, 206, 2023, 2023100000000000002, NULL, NULL),
(207, 207, 2023, 2023100000000000002, NULL, NULL),
(208, 208, 2023, 2023100000000000002, NULL, NULL),
(209, 209, 2023, 2023100000000000002, NULL, NULL),
(210, 210, 2023, 2023100000000000002, NULL, NULL),
(211, 211, 2023, 2023100000000000002, NULL, NULL),
(212, 212, 2023, 2023100000000000002, NULL, NULL),
(213, 213, 2023, 2023100000000000002, NULL, NULL),
(214, 214, 2023, 2023100000000000002, NULL, NULL),
(215, 215, 2023, 2023100000000000002, NULL, NULL),
(216, 216, 2023, 2023100000000000002, NULL, NULL),
(217, 217, 2023, 2023100000000000002, NULL, NULL),
(218, 218, 2023, 2023100000000000002, NULL, NULL),
(219, 219, 2023, 2023100000000000002, NULL, NULL),
(220, 220, 2023, 2023100000000000002, NULL, NULL),
(221, 221, 2023, 2023100000000000002, NULL, NULL),
(222, 222, 2023, 2023100000000000002, NULL, NULL),
(223, 223, 2023, 2023100000000000002, NULL, NULL),
(224, 224, 2023, 2023100000000000002, NULL, NULL),
(225, 225, 2023, 2023100000000000002, NULL, NULL),
(226, 226, 2023, 2023100000000000002, NULL, NULL),
(227, 227, 2023, 2023100000000000002, NULL, NULL),
(228, 228, 2023, 2023100000000000002, NULL, NULL),
(229, 229, 2023, 2023100000000000002, NULL, NULL),
(230, 230, 2023, 2023100000000000002, NULL, NULL),
(231, 231, 2023, 2023100000000000002, NULL, NULL),
(232, 232, 2023, 2023100000000000002, NULL, NULL),
(233, 233, 2023, 2023100000000000002, NULL, NULL),
(234, 234, 2023, 2023100000000000002, NULL, NULL),
(235, 235, 2023, 2023100000000000002, NULL, NULL),
(236, 236, 2023, 2023100000000000003, NULL, NULL),
(237, 237, 2023, 2023100000000000003, NULL, NULL),
(238, 238, 2023, 2023100000000000003, NULL, NULL),
(239, 239, 2023, 2023100000000000003, NULL, NULL),
(240, 240, 2023, 2023100000000000003, NULL, NULL),
(241, 241, 2023, 2023100000000000003, NULL, NULL),
(242, 242, 2023, 2023100000000000003, NULL, NULL),
(243, 243, 2023, 2023100000000000003, NULL, NULL),
(244, 244, 2023, 2023100000000000003, NULL, NULL),
(245, 245, 2023, 2023100000000000003, NULL, NULL),
(246, 246, 2023, 2023100000000000003, NULL, NULL),
(247, 247, 2023, 2023100000000000003, NULL, NULL),
(248, 248, 2023, 2023100000000000003, NULL, NULL),
(249, 249, 2023, 2023100000000000003, NULL, NULL),
(250, 250, 2023, 2023100000000000003, NULL, NULL),
(251, 251, 2023, 2023100000000000003, NULL, NULL),
(252, 252, 2023, 2023100000000000003, NULL, NULL),
(253, 253, 2023, 2023100000000000003, NULL, NULL),
(254, 254, 2023, 2023100000000000003, NULL, NULL),
(255, 255, 2023, 2023100000000000003, NULL, NULL),
(256, 256, 2023, 2023100000000000003, NULL, NULL),
(257, 257, 2023, 2023100000000000003, NULL, NULL),
(258, 258, 2023, 2023100000000000003, NULL, NULL),
(259, 259, 2023, 2023100000000000003, NULL, NULL),
(260, 260, 2023, 2023100000000000003, NULL, NULL),
(261, 261, 2023, 2023100000000000003, NULL, NULL),
(262, 262, 2023, 2023100000000000003, NULL, NULL),
(263, 263, 2023, 2023100000000000003, NULL, NULL),
(264, 264, 2023, 2023100000000000001, NULL, NULL),
(265, 265, 2023, 2023100000000000001, NULL, NULL),
(266, 266, 2023, 2023100000000000001, NULL, NULL),
(267, 267, 2023, 2023100000000000002, NULL, NULL),
(268, 268, 2023, 2023100000000000003, NULL, NULL),
(269, 269, 2023, 2023100000000000003, NULL, NULL),
(270, 270, 2023, 2023100000000000003, NULL, NULL),
(271, 271, 2023, 2023100000000000009, NULL, NULL),
(272, 272, 2023, 2023100000000000004, NULL, NULL),
(273, 173, 2024, 2024100000000000006, NULL, NULL),
(274, 206, 2024, 2024100000000000006, NULL, NULL),
(275, 175, 2024, 2024100000000000006, NULL, NULL),
(276, 209, 2024, 2024100000000000006, NULL, NULL),
(277, 176, 2024, 2024100000000000006, NULL, NULL),
(278, 237, 2024, 2024100000000000006, NULL, NULL),
(279, 178, 2024, 2024100000000000006, NULL, NULL),
(280, 179, 2024, 2024100000000000006, NULL, NULL),
(281, 239, 2024, 2024100000000000006, NULL, NULL),
(282, 213, 2024, 2024100000000000006, NULL, NULL),
(283, 180, 2024, 2024100000000000006, NULL, NULL),
(284, 250, 2024, 2024100000000000006, NULL, NULL),
(285, 183, 2024, 2024100000000000006, NULL, NULL),
(286, 218, 2024, 2024100000000000006, NULL, NULL),
(287, 185, 2024, 2024100000000000006, NULL, NULL),
(288, 186, 2024, 2024100000000000006, NULL, NULL),
(289, 189, 2024, 2024100000000000006, NULL, NULL),
(290, 222, 2024, 2024100000000000006, NULL, NULL),
(291, 194, 2024, 2024100000000000006, NULL, NULL),
(292, 254, 2024, 2024100000000000006, NULL, NULL),
(293, 225, 2024, 2024100000000000006, NULL, NULL),
(294, 227, 2024, 2024100000000000006, NULL, NULL),
(295, 196, 2024, 2024100000000000006, NULL, NULL),
(296, 205, 2024, 2024100000000000006, NULL, NULL),
(297, 229, 2024, 2024100000000000006, NULL, NULL),
(298, 230, 2024, 2024100000000000006, NULL, NULL),
(299, 266, 2024, 2024100000000000006, NULL, NULL),
(300, 198, 2024, 2024100000000000006, NULL, NULL),
(301, 259, 2024, 2024100000000000006, NULL, NULL),
(302, 233, 2024, 2024100000000000006, NULL, NULL),
(303, 199, 2024, 2024100000000000006, NULL, NULL),
(304, 201, 2024, 2024100000000000006, NULL, NULL),
(305, 263, 2024, 2024100000000000006, NULL, NULL),
(2023200000000000001, 84, 2024, 2024100000000000007, NULL, NULL),
(2023200000000000002, 89, 2024, 2024100000000000007, NULL, NULL),
(2023200000000000003, 91, 2024, 2024100000000000007, NULL, NULL),
(2023200000000000004, 98, 2024, 2024100000000000007, NULL, NULL),
(2023200000000000005, 99, 2024, 2024100000000000007, NULL, NULL),
(2023200000000000006, 115, 2024, 2024100000000000007, NULL, NULL),
(2023200000000000007, 116, 2024, 2024100000000000007, NULL, NULL),
(2023200000000000008, 118, 2024, 2024100000000000007, NULL, NULL),
(2023200000000000009, 119, 2024, 2024100000000000007, NULL, NULL),
(2023200000000000010, 120, 2024, 2024100000000000007, NULL, NULL),
(2023200000000000011, 125, 2024, 2024100000000000007, NULL, NULL),
(2023200000000000012, 129, 2024, 2024100000000000007, NULL, NULL),
(2023200000000000013, 136, 2024, 2024100000000000007, NULL, NULL),
(2023200000000000014, 140, 2024, 2024100000000000007, NULL, NULL),
(2023200000000000015, 172, 2024, 2024100000000000007, NULL, NULL),
(2023200000000000016, 144, 2024, 2024100000000000007, NULL, NULL),
(2023200000000000017, 151, 2024, 2024100000000000007, NULL, NULL),
(2023200000000000018, 155, 2024, 2024100000000000007, NULL, NULL),
(2023200000000000019, 158, 2024, 2024100000000000007, NULL, NULL),
(2023200000000000020, 160, 2024, 2024100000000000007, NULL, NULL),
(2023200000000000021, 163, 2024, 2024100000000000007, NULL, NULL),
(2023200000000000022, 164, 2024, 2024100000000000007, NULL, NULL),
(2023200000000000023, 169, 2024, 2024100000000000007, NULL, NULL),
(2023200000000000024, 171, 2024, 2024100000000000007, NULL, NULL),
(2023200000000000025, 88, 2024, 2024100000000000007, NULL, NULL),
(2023200000000000026, 95, 2024, 2024100000000000007, NULL, NULL),
(2023200000000000027, 96, 2024, 2024100000000000007, NULL, NULL),
(2023200000000000028, 271, 2024, 2024100000000000007, NULL, NULL),
(2023200000000000029, 114, 2024, 2024100000000000009, NULL, NULL),
(2023200000000000030, 124, 2024, 2024100000000000009, NULL, NULL),
(2023200000000000031, 133, 2024, 2024100000000000009, NULL, NULL),
(2023200000000000032, 134, 2024, 2024100000000000009, NULL, NULL),
(2023200000000000033, 135, 2024, 2024100000000000009, NULL, NULL),
(2023200000000000034, 139, 2024, 2024100000000000009, NULL, NULL),
(2023200000000000035, 141, 2024, 2024100000000000009, NULL, NULL),
(2023200000000000036, 85, 2024, 2024100000000000009, NULL, NULL),
(2023200000000000037, 112, 2024, 2024100000000000009, NULL, NULL),
(2023200000000000038, 90, 2024, 2024100000000000009, NULL, NULL),
(2023200000000000039, 104, 2024, 2024100000000000009, NULL, NULL),
(2023200000000000040, 107, 2024, 2024100000000000009, NULL, NULL),
(2023200000000000041, 109, 2024, 2024100000000000009, NULL, NULL),
(2023200000000000042, 143, 2024, 2024100000000000009, NULL, NULL),
(2023200000000000043, 145, 2024, 2024100000000000009, NULL, NULL),
(2023200000000000044, 147, 2024, 2024100000000000009, NULL, NULL),
(2023200000000000045, 149, 2024, 2024100000000000009, NULL, NULL),
(2023200000000000046, 156, 2024, 2024100000000000009, NULL, NULL),
(2023200000000000047, 157, 2024, 2024100000000000009, NULL, NULL),
(2023200000000000048, 162, 2024, 2024100000000000009, NULL, NULL),
(2023200000000000049, 170, 2024, 2024100000000000009, NULL, NULL),
(2023200000000000050, 86, 2024, 2024100000000000008, NULL, NULL),
(2023200000000000051, 87, 2024, 2024100000000000008, NULL, NULL),
(2023200000000000052, 113, 2024, 2024100000000000008, NULL, NULL),
(2023200000000000053, 94, 2024, 2024100000000000008, NULL, NULL),
(2023200000000000054, 272, 2024, 2024100000000000008, NULL, NULL),
(2023200000000000055, 97, 2024, 2024100000000000008, NULL, NULL),
(2023200000000000056, 100, 2024, 2024100000000000008, NULL, NULL),
(2023200000000000057, 101, 2024, 2024100000000000008, NULL, NULL),
(2023200000000000058, 102, 2024, 2024100000000000008, NULL, NULL),
(2023200000000000059, 105, 2024, 2024100000000000008, NULL, NULL),
(2023200000000000060, 106, 2024, 2024100000000000008, NULL, NULL),
(2023200000000000061, 110, 2024, 2024100000000000008, NULL, NULL),
(2023200000000000062, 111, 2024, 2024100000000000008, NULL, NULL),
(2023200000000000063, 148, 2024, 2024100000000000008, NULL, NULL),
(2023200000000000064, 150, 2024, 2024100000000000008, NULL, NULL),
(2023200000000000065, 152, 2024, 2024100000000000008, NULL, NULL),
(2023200000000000066, 153, 2024, 2024100000000000008, NULL, NULL),
(2023200000000000067, 154, 2024, 2024100000000000008, NULL, NULL),
(2023200000000000068, 159, 2024, 2024100000000000008, NULL, NULL),
(2023200000000000069, 165, 2024, 2024100000000000008, NULL, NULL),
(2023200000000000070, 167, 2024, 2024100000000000008, NULL, NULL),
(2023200000000000071, 168, 2024, 2024100000000000008, NULL, NULL),
(2023200000000000072, 142, 2024, 2024100000000000008, NULL, NULL),
(2023200000000000073, 117, 2024, 2024100000000000008, NULL, NULL),
(2023200000000000074, 121, 2024, 2024100000000000008, NULL, NULL),
(2023200000000000075, 122, 2024, 2024100000000000008, NULL, NULL),
(2023200000000000076, 123, 2024, 2024100000000000008, NULL, NULL),
(2023200000000000077, 126, 2024, 2024100000000000008, NULL, NULL),
(2023200000000000078, 131, 2024, 2024100000000000008, NULL, NULL),
(2023200000000000079, 137, 2024, 2024100000000000008, NULL, NULL),
(2023200000000000080, 138, 2024, 2024100000000000009, NULL, NULL),
(2023200000000000081, 93, 2024, 2024100000000000009, NULL, NULL),
(2023200000000000082, 103, 2024, 2024100000000000009, NULL, NULL),
(2023200000000000083, 228, 2024, 2024100000000000006, NULL, NULL),
(2023200000000000084, 207, 2024, 2024100000000000004, NULL, NULL),
(2023200000000000085, 238, 2024, 2024100000000000004, NULL, NULL),
(2023200000000000086, 240, 2024, 2024100000000000004, NULL, NULL),
(2023200000000000087, 215, 2024, 2024100000000000004, NULL, NULL),
(2023200000000000088, 245, 2024, 2024100000000000004, NULL, NULL),
(2023200000000000089, 246, 2024, 2024100000000000004, NULL, NULL),
(2023200000000000090, 248, 2024, 2024100000000000004, NULL, NULL),
(2023200000000000091, 267, 2024, 2024100000000000004, NULL, NULL),
(2023200000000000092, 249, 2024, 2024100000000000004, NULL, NULL),
(2023200000000000093, 182, 2024, 2024100000000000004, NULL, NULL),
(2023200000000000094, 219, 2024, 2024100000000000004, NULL, NULL),
(2023200000000000095, 188, 2024, 2024100000000000004, NULL, NULL),
(2023200000000000096, 220, 2024, 2024100000000000004, NULL, NULL),
(2023200000000000097, 273, 2024, 2024100000000000004, NULL, NULL),
(2023200000000000098, 255, 2024, 2024100000000000004, NULL, NULL),
(2023200000000000099, 195, 2024, 2024100000000000004, NULL, NULL),
(2023200000000000100, 256, 2024, 2024100000000000004, NULL, NULL),
(2023200000000000101, 232, 2024, 2024100000000000004, NULL, NULL),
(2023200000000000102, 274, 2024, 2024100000000000004, NULL, NULL),
(2023200000000000103, 260, 2024, 2024100000000000004, NULL, NULL),
(2023200000000000104, 234, 2024, 2024100000000000004, NULL, NULL),
(2023200000000000105, 235, 2024, 2024100000000000004, NULL, NULL),
(2023200000000000106, 204, 2024, 2024100000000000004, NULL, NULL),
(2023200000000000107, 242, 2024, 2024100000000000004, NULL, NULL),
(2023200000000000108, 243, 2024, 2024100000000000004, NULL, NULL),
(2023200000000000109, 216, 2024, 2024100000000000004, NULL, NULL),
(2023200000000000110, 191, 2024, 2024100000000000004, NULL, NULL),
(2023200000000000111, 252, 2024, 2024100000000000004, NULL, NULL),
(2023200000000000112, 270, 2024, 2024100000000000004, NULL, NULL),
(2023200000000000113, 261, 2024, 2024100000000000004, NULL, NULL),
(2023200000000000114, 236, 2024, 2024100000000000005, NULL, NULL),
(2023200000000000115, 174, 2024, 2024100000000000005, NULL, NULL),
(2023200000000000116, 208, 2024, 2024100000000000005, NULL, NULL),
(2023200000000000117, 210, 2024, 2024100000000000005, NULL, NULL),
(2023200000000000118, 177, 2024, 2024100000000000005, NULL, NULL),
(2023200000000000119, 211, 2024, 2024100000000000005, NULL, NULL),
(2023200000000000120, 212, 2024, 2024100000000000005, NULL, NULL),
(2023200000000000121, 265, 2024, 2024100000000000005, NULL, NULL),
(2023200000000000122, 247, 2024, 2024100000000000005, NULL, NULL),
(2023200000000000123, 181, 2024, 2024100000000000005, NULL, NULL),
(2023200000000000124, 217, 2024, 2024100000000000005, NULL, NULL),
(2023200000000000125, 187, 2024, 2024100000000000005, NULL, NULL),
(2023200000000000126, 251, 2024, 2024100000000000005, NULL, NULL),
(2023200000000000127, 221, 2024, 2024100000000000005, NULL, NULL),
(2023200000000000128, 192, 2024, 2024100000000000005, NULL, NULL),
(2023200000000000129, 193, 2024, 2024100000000000005, NULL, NULL),
(2023200000000000130, 253, 2024, 2024100000000000005, NULL, NULL),
(2023200000000000131, 223, 2024, 2024100000000000005, NULL, NULL),
(2023200000000000132, 224, 2024, 2024100000000000005, NULL, NULL),
(2023200000000000133, 226, 2024, 2024100000000000005, NULL, NULL),
(2023200000000000134, 275, 2024, 2024100000000000005, NULL, NULL),
(2023200000000000135, 268, 2024, 2024100000000000005, NULL, NULL),
(2023200000000000136, 257, 2024, 2024100000000000005, NULL, NULL),
(2023200000000000137, 258, 2024, 2024100000000000005, NULL, NULL),
(2023200000000000138, 231, 2024, 2024100000000000005, NULL, NULL),
(2023200000000000139, 269, 2024, 2024100000000000005, NULL, NULL),
(2023200000000000140, 197, 2024, 2024100000000000005, NULL, NULL),
(2023200000000000141, 200, 2024, 2024100000000000005, NULL, NULL),
(2023200000000000142, 202, 2024, 2024100000000000005, NULL, NULL),
(2023200000000000143, 203, 2024, 2024100000000000005, NULL, NULL),
(2023200000000000144, 264, 2024, 2024100000000000005, NULL, NULL),
(2023200000000000145, 146, 2024, 2024100000000000007, NULL, NULL),
(2023200000000000146, 166, 2024, 2024100000000000007, NULL, NULL),
(2023200000000000147, 276, 2024, 2024100000000000009, NULL, NULL),
(2023200000000000148, 277, 2024, 2024100000000000009, NULL, NULL),
(2023200000000000149, 278, 2024, 2024100000000000008, NULL, NULL),
(2023200000000000150, 279, 2024, 2024100000000000008, NULL, NULL),
(2023200000000000151, 280, 2024, 2024100000000000001, NULL, NULL),
(2023200000000000152, 281, 2024, 2024100000000000001, NULL, NULL),
(2023200000000000153, 282, 2024, 2024100000000000001, NULL, NULL),
(2023200000000000154, 283, 2024, 2024100000000000001, NULL, NULL),
(2023200000000000155, 284, 2024, 2024100000000000001, NULL, NULL),
(2023200000000000156, 285, 2024, 2024100000000000001, NULL, NULL),
(2023200000000000157, 286, 2024, 2024100000000000001, NULL, NULL),
(2023200000000000158, 287, 2024, 2024100000000000001, NULL, NULL),
(2023200000000000159, 288, 2024, 2024100000000000001, NULL, NULL),
(2023200000000000160, 289, 2024, 2024100000000000001, NULL, NULL),
(2023200000000000161, 290, 2024, 2024100000000000001, NULL, NULL),
(2023200000000000162, 291, 2024, 2024100000000000001, NULL, NULL),
(2023200000000000163, 292, 2024, 2024100000000000001, NULL, NULL),
(2023200000000000164, 293, 2024, 2024100000000000001, NULL, NULL),
(2023200000000000165, 294, 2024, 2024100000000000001, NULL, NULL),
(2023200000000000166, 295, 2024, 2024100000000000001, NULL, NULL),
(2023200000000000167, 296, 2024, 2024100000000000001, NULL, NULL),
(2023200000000000168, 297, 2024, 2024100000000000001, NULL, NULL),
(2023200000000000169, 298, 2024, 2024100000000000001, NULL, NULL),
(2023200000000000170, 299, 2024, 2024100000000000001, NULL, NULL),
(2023200000000000171, 300, 2024, 2024100000000000001, NULL, NULL),
(2023200000000000172, 301, 2024, 2024100000000000001, NULL, NULL),
(2023200000000000173, 302, 2024, 2024100000000000001, NULL, NULL),
(2023200000000000174, 303, 2024, 2024100000000000001, NULL, NULL),
(2023200000000000175, 304, 2024, 2024100000000000001, NULL, NULL),
(2023200000000000176, 305, 2024, 2024100000000000001, NULL, NULL),
(2023200000000000177, 306, 2024, 2024100000000000001, NULL, NULL),
(2023200000000000178, 307, 2024, 2024100000000000001, NULL, NULL),
(2023200000000000179, 308, 2024, 2024100000000000001, NULL, NULL),
(2023200000000000180, 309, 2024, 2024100000000000001, NULL, NULL),
(2023200000000000181, 310, 2024, 2024100000000000001, NULL, NULL),
(2023200000000000182, 311, 2024, 2024100000000000001, NULL, NULL),
(2023200000000000183, 312, 2024, 2024100000000000001, NULL, NULL),
(2023200000000000184, 313, 2024, 2024100000000000002, NULL, NULL),
(2023200000000000185, 314, 2024, 2024100000000000002, NULL, NULL),
(2023200000000000186, 315, 2024, 2024100000000000002, NULL, NULL),
(2023200000000000187, 316, 2024, 2024100000000000002, NULL, NULL),
(2023200000000000188, 317, 2024, 2024100000000000002, NULL, NULL),
(2023200000000000189, 318, 2024, 2024100000000000002, NULL, NULL),
(2023200000000000190, 319, 2024, 2024100000000000002, NULL, NULL),
(2023200000000000191, 320, 2024, 2024100000000000002, NULL, NULL),
(2023200000000000192, 321, 2024, 2024100000000000002, NULL, NULL),
(2023200000000000193, 322, 2024, 2024100000000000002, NULL, NULL),
(2023200000000000194, 323, 2024, 2024100000000000002, NULL, NULL),
(2023200000000000195, 324, 2024, 2024100000000000002, NULL, NULL),
(2023200000000000196, 325, 2024, 2024100000000000002, NULL, NULL),
(2023200000000000197, 326, 2024, 2024100000000000002, NULL, NULL),
(2023200000000000198, 327, 2024, 2024100000000000002, NULL, NULL),
(2023200000000000199, 328, 2024, 2024100000000000002, NULL, NULL),
(2023200000000000200, 329, 2024, 2024100000000000002, NULL, NULL),
(2023200000000000201, 330, 2024, 2024100000000000002, NULL, NULL),
(2023200000000000202, 331, 2024, 2024100000000000002, NULL, NULL),
(2023200000000000203, 332, 2024, 2024100000000000002, NULL, NULL),
(2023200000000000204, 333, 2024, 2024100000000000002, NULL, NULL),
(2023200000000000205, 334, 2024, 2024100000000000002, NULL, NULL),
(2023200000000000206, 335, 2024, 2024100000000000002, NULL, NULL),
(2023200000000000207, 336, 2024, 2024100000000000002, NULL, NULL),
(2023200000000000208, 337, 2024, 2024100000000000002, NULL, NULL),
(2023200000000000209, 338, 2024, 2024100000000000002, NULL, NULL),
(2023200000000000210, 339, 2024, 2024100000000000002, NULL, NULL),
(2023200000000000211, 340, 2024, 2024100000000000002, NULL, NULL),
(2023200000000000212, 341, 2024, 2024100000000000002, NULL, NULL),
(2023200000000000213, 342, 2024, 2024100000000000002, NULL, NULL),
(2023200000000000214, 343, 2024, 2024100000000000002, NULL, NULL),
(2023200000000000215, 344, 2024, 2024100000000000002, NULL, NULL),
(2023200000000000216, 345, 2024, 2024100000000000002, NULL, NULL),
(2023200000000000217, 346, 2024, 2024100000000000002, NULL, NULL),
(2023200000000000218, 347, 2024, 2024100000000000002, NULL, NULL),
(2023200000000000219, 348, 2024, 2024100000000000003, NULL, NULL),
(2023200000000000220, 349, 2024, 2024100000000000003, NULL, NULL),
(2023200000000000221, 350, 2024, 2024100000000000003, NULL, NULL),
(2023200000000000222, 351, 2024, 2024100000000000003, NULL, NULL),
(2023200000000000223, 352, 2024, 2024100000000000003, NULL, NULL),
(2023200000000000224, 353, 2024, 2024100000000000003, NULL, NULL),
(2023200000000000225, 354, 2024, 2024100000000000003, NULL, NULL),
(2023200000000000226, 355, 2024, 2024100000000000003, NULL, NULL),
(2023200000000000227, 356, 2024, 2024100000000000003, NULL, NULL),
(2023200000000000228, 357, 2024, 2024100000000000003, NULL, NULL),
(2023200000000000229, 358, 2024, 2024100000000000003, NULL, NULL),
(2023200000000000230, 359, 2024, 2024100000000000003, NULL, NULL),
(2023200000000000231, 360, 2024, 2024100000000000003, NULL, NULL),
(2023200000000000232, 361, 2024, 2024100000000000003, NULL, NULL),
(2023200000000000233, 362, 2024, 2024100000000000003, NULL, NULL),
(2023200000000000234, 363, 2024, 2024100000000000003, NULL, NULL),
(2023200000000000235, 364, 2024, 2024100000000000003, NULL, NULL),
(2023200000000000236, 365, 2024, 2024100000000000003, NULL, NULL),
(2023200000000000237, 366, 2024, 2024100000000000003, NULL, NULL),
(2023200000000000238, 367, 2024, 2024100000000000003, NULL, NULL),
(2023200000000000239, 368, 2024, 2024100000000000003, NULL, NULL),
(2023200000000000240, 369, 2024, 2024100000000000003, NULL, NULL),
(2023200000000000241, 370, 2024, 2024100000000000003, NULL, NULL),
(2023200000000000242, 371, 2024, 2024100000000000003, NULL, NULL),
(2023200000000000243, 372, 2024, 2024100000000000003, NULL, NULL),
(2023200000000000244, 373, 2024, 2024100000000000003, NULL, NULL),
(2023200000000000245, 374, 2024, 2024100000000000003, NULL, NULL),
(2023200000000000246, 375, 2024, 2024100000000000003, NULL, NULL),
(2023200000000000247, 376, 2024, 2024100000000000003, NULL, NULL),
(2023200000000000248, 377, 2024, 2024100000000000003, NULL, NULL),
(2023200000000000249, 378, 2024, 2024100000000000004, NULL, NULL),
(2023200000000000250, 3055640000379, 2024, 2024100000000000003, NULL, NULL),
(2023200000000000251, 3055640000380, 2024, 2024100000000000003, NULL, NULL),
(2023200000000000252, 3055640000381, 2024, 2024100000000000003, NULL, NULL),
(2023200000000000253, 3055640000382, 2024, 2024100000000000003, NULL, NULL),
(2023200000000000254, 3055640000383, 2024, 2024100000000000003, NULL, NULL),
(2023200000000000255, 3055640000384, 2024, 2024100000000000003, NULL, NULL);

-- --------------------------------------------------------

--
-- Table structure for table `e_semester`
--

CREATE TABLE `e_semester` (
  `semester_id` int(11) NOT NULL,
  `semester_nama` varchar(10) DEFAULT NULL,
  `semester_status` int(1) DEFAULT NULL,
  `keterangan` varchar(50) DEFAULT NULL,
  `semester_jenis` int(1) DEFAULT 1
) ENGINE=InnoDB DEFAULT CHARSET=latin1 COLLATE=latin1_swedish_ci;

--
-- Dumping data for table `e_semester`
--

INSERT INTO `e_semester` (`semester_id`, `semester_nama`, `semester_status`, `keterangan`, `semester_jenis`) VALUES
(1, 'Ganjil', 1, '', 1),
(2, 'Genap', 0, '', 1),
(3, 'I (Satu)', 0, '', 2),
(4, 'II (Dua)', 0, '', 2),
(5, 'III (Tiga)', 0, '', 2),
(6, 'IV (Empat)', 0, '', 2),
(7, 'V (Lima)', 0, '', 2),
(8, 'VI (Enam)', 0, '', 2);

-- --------------------------------------------------------

--
-- Table structure for table `e_settings`
--

CREATE TABLE `e_settings` (
  `settings_id` int(11) NOT NULL,
  `settings_nama` varchar(100) DEFAULT NULL,
  `settings_value` text DEFAULT NULL
) ENGINE=InnoDB DEFAULT CHARSET=latin1 COLLATE=latin1_swedish_ci;

--
-- Dumping data for table `e_settings`
--

INSERT INTO `e_settings` (`settings_id`, `settings_nama`, `settings_value`) VALUES
(1, 'revision', '20241222062403'),
(2, 'updatechektime', '2025-06-18'),
(3, 'newupdate', '20241222062403'),
(4, 'infochektime', '2025-06-18 07:00:00'),
(5, 'info_rdm', '<p>Selamat datang di aplikasi Rapor Digital Madrasah (RDM), kami berharap aplikasi ini dapat membantu madrasah dalam mengelola penilaian hasil belajar dan sebagai Database Nilai&nbsp;Rapor Siswa Madrasah secara Nasional .<br>Aplikasi RDM dikembangkan oleh Tim IT/HD Direktorat KSKK Madrasah Ditjen Pendis Kementerian Agama RI.<br><br>RDM versi 3.0 sudah mendukung pembuatan rapor untuk P5RA</p>\r\n<p><i>Salam \"<b>Madrasah Maju, Bermutu, Mendunia\".</b></i><br></p>\r\n<p> <b>Dari HD untuk Madrasah Indonesia</b></p>'),
(6, 'patch', '/krGTZZBpYd7ZYvejbLYbORmLGpZBXkZ5gWm9zsOLN3hQroo4h1uvV593c/wEVLut8Vx6EHRf4b3S2GSnRZo7D8bLym3bgP52+Esr5A7rYBTcMk3z3CffOWCRjcHyBUmhsK3IpGdZPSSQ6IrFnDELOTwIyH9dDsSuG5/UA3AAXon/mt+/MJlfSAVh/txd1Pl7qDyTwEsHjNsfjddbzyNvlMoqcSlmqzZyiFk3ImxOPkZmR9/72xOW9trkRl1fCrb7ODypMP+ZYRKxl1vm3EVs52sPbhvdFJRE1f95oxrVxCjepMbnG1doxYsCFvDaf5UNzs2bG72jWPwbfr0A8mQ3rB6n/ALSqynEU4U603POhjenxneYk4gkMYAIMln0BA/MmmX3UNHnK363mGgWhvPVg==:bTRkcjRzNGhiMXM0ZDBuOQ=='),
(7, 'public_key', 'NzZaRkVXVVBpVXhqR0FaSFRwbE8rZWZDNkxXQ0V2UnNrSXVsMnNHbkFzai9Ed0R0eTBaR2lSTGpZd1Y2QVA4STpiVFJrY2pSek5HaGlNWE0wWkRCdU9RPT0'),
(8, 'private_key', 'OUhIRWJQWHRVaGlyVE9LblpwOFRvdmZhYnVvdDJDci91d0tVL1ZYdTNHdTF3ejAxZ2k0ZjlxTnU4YjFNZVh5dTpiVFJrY2pSek5HaGlNWE0wWkRCdU9RPT0'),
(9, 'rechapcha_key', ''),
(10, 'rechapcha_secret', ''),
(11, 'mobile', '0'),
(12, 'rechapcha', ''),
(13, 'migrate', '113');

-- --------------------------------------------------------

--
-- Table structure for table `e_tahunajaran`
--

CREATE TABLE `e_tahunajaran` (
  `tahunajaran_id` int(11) NOT NULL,
  `tahunajaran_nama` varchar(10) DEFAULT NULL,
  `tahunajaran_status` int(1) DEFAULT NULL,
  `keterangan` varchar(50) DEFAULT NULL
) ENGINE=InnoDB DEFAULT CHARSET=latin1 COLLATE=latin1_swedish_ci;

--
-- Dumping data for table `e_tahunajaran`
--

INSERT INTO `e_tahunajaran` (`tahunajaran_id`, `tahunajaran_nama`, `tahunajaran_status`, `keterangan`) VALUES
(2019, '2019/2020', 0, ''),
(2020, '2020/2021', 0, ''),
(2021, '2021/2022', 0, ''),
(2022, '2022/2023', 0, ''),
(2023, '2023/2024', 0, ''),
(2024, '2024/2025', 1, ''),
(2025, '2025/2026', 0, '');

-- --------------------------------------------------------

--
-- Table structure for table `e_tingkat`
--

CREATE TABLE `e_tingkat` (
  `tingkat_id` int(11) NOT NULL,
  `jenjang_id` int(11) DEFAULT NULL,
  `tingkat_nama` varchar(300) DEFAULT NULL,
  `tingkat_urutan` int(11) DEFAULT NULL
) ENGINE=InnoDB DEFAULT CHARSET=latin1 COLLATE=latin1_swedish_ci;

--
-- Dumping data for table `e_tingkat`
--

INSERT INTO `e_tingkat` (`tingkat_id`, `jenjang_id`, `tingkat_nama`, `tingkat_urutan`) VALUES
(1, 1, 'Kelompok A', 1),
(2, 1, 'Kelompok B', 2),
(3, 2, 'I', 1),
(4, 2, 'II', 2),
(5, 2, 'III', 3),
(6, 2, 'IV', 4),
(7, 2, 'V', 5),
(8, 2, 'VI', 6),
(9, 3, 'VII', 1),
(10, 3, 'VIII', 2),
(11, 3, 'IX', 3),
(12, 4, 'X', 1),
(13, 4, 'XI', 2),
(14, 4, 'XII', 3);

-- --------------------------------------------------------

--
-- Table structure for table `e_walas`
--

CREATE TABLE `e_walas` (
  `walas_id` int(11) NOT NULL,
  `kelas_id` bigint(20) DEFAULT NULL,
  `lembaga_id` varchar(100) DEFAULT NULL,
  `guru_id` bigint(13) DEFAULT NULL,
  `semester_id` int(11) DEFAULT NULL,
  `tahunajaran_id` char(4) DEFAULT NULL
) ENGINE=InnoDB DEFAULT CHARSET=utf8mb3 COLLATE=utf8mb3_general_ci;

-- --------------------------------------------------------

--
-- Table structure for table `p_catatan`
--

CREATE TABLE `p_catatan` (
  `catatan_id` int(11) NOT NULL,
  `proyek_id` int(11) DEFAULT NULL,
  `siswa_id` bigint(13) DEFAULT NULL,
  `catatan_detail` text DEFAULT NULL
) ENGINE=InnoDB DEFAULT CHARSET=utf8mb4 COLLATE=utf8mb4_general_ci;

--
-- Dumping data for table `p_catatan`
--

INSERT INTO `p_catatan` (`catatan_id`, `proyek_id`, `siswa_id`, `catatan_detail`) VALUES
(1, 1, 207, 'Bapak harap dengan adanya P5 tema Anti Bullying kamu bisa menghindari perilaku bullying atau mengganggu teman sekelas. Setiap individu memiliki hak untuk merasa aman dan nyaman di lingkungan belajar. Mari kita hargai dan bangun hubungan yang positif dan pelajaran P5 di semester ini sudah cukup baik. Tetap semangat tingkatkan lagi di semester II.'),
(2, 1, 238, 'Bapak harap dengan adanya P5 tema Anti Bullying kamu bisa menghindari perilaku bullying atau mengganggu teman sekelas. Setiap individu memiliki hak untuk merasa aman dan nyaman di lingkungan belajar. Mari kita hargai dan bangun hubungan yang positif, dan pelajaran P5 di semester ini sudah cukup baik. Tetap semangat tingkatkan lagi di semester II.'),
(3, 1, 240, 'Bapak harap dengan adanya P5 tema Anti Bullying kamu bisa menghindari perilaku bullying atau mengganggu teman sekelas. Setiap individu memiliki hak untuk merasa aman dan nyaman di lingkungan belajar. Mari kita hargai dan bangun hubungan yang positif, dan pelajaran P5 di semester ini sudah sangat baik. Tetap semangat tingkatkan lagi di semester II.'),
(4, 1, 242, 'Bapak harap dengan adanya P5 tema Anti Bullying kamu bisa menghindari perilaku bullying atau mengganggu teman sekelas. Setiap individu memiliki hak untuk merasa aman dan nyaman di lingkungan belajar. Mari kita hargai dan bangun hubungan yang positif, dan pelajaran P5 di semester ini sudah sangat baik. Tetap semangat tingkatkan lagi di semester II.'),
(5, 1, 243, 'Bapak harap dengan adanya P5 tema Anti Bullying kamu bisa menghindari perilaku bullying atau mengganggu teman sekelas. Setiap individu memiliki hak untuk merasa aman dan nyaman di lingkungan belajar. Mari kita hargai dan bangun hubungan yang positif, dan pelajaran P5 di semester ini sudah sangat baik. Tetap semangat tingkatkan lagi di semester II.'),
(6, 1, 215, 'Bapak harap dengan adanya P5 tema Anti Bullying kamu bisa menghindari perilaku bullying atau mengganggu teman sekelas. Setiap individu memiliki hak untuk merasa aman dan nyaman di lingkungan belajar. Mari kita hargai dan bangun hubungan yang positif, dan pelajaran P5 di semester ini sudah sangat baik. Tetap semangat tingkatkan lagi di semester II.'),
(7, 1, 245, 'Bapak harap dengan adanya P5 tema Anti Bullying kamu bisa menghindari perilaku bullying atau mengganggu teman sekelas. Setiap individu memiliki hak untuk merasa aman dan nyaman di lingkungan belajar. Mari kita hargai dan bangun hubungan yang positif, dan pelajaran P5 di semester ini sudah cukup baik. Tetap semangat tingkatkan lagi di semester II.'),
(8, 1, 246, 'Bapak harap dengan adanya P5 tema Anti Bullying kamu bisa menghindari perilaku bullying atau mengganggu teman sekelas. Setiap individu memiliki hak untuk merasa aman dan nyaman di lingkungan belajar. Mari kita hargai dan bangun hubungan yang positif, dan pelajaran P5 di semester ini sudah cukup baik. Tetap semangat tingkatkan lagi di semester II.'),
(9, 1, 248, 'Bapak harap dengan adanya P5 tema Anti Bullying kamu bisa menghindari perilaku bullying atau mengganggu teman sekelas. Setiap individu memiliki hak untuk merasa aman dan nyaman di lingkungan belajar. Mari kita hargai dan bangun hubungan yang positif, dan pelajaran P5 di semester ini sudah cukup baik. Tetap semangat tingkatkan lagi di semester II.'),
(10, 1, 267, 'Bapak harap dengan adanya P5 tema Anti Bullying kamu bisa menghindari perilaku bullying atau mengganggu teman sekelas. Setiap individu memiliki hak untuk merasa aman dan nyaman di lingkungan belajar. Mari kita hargai dan bangun hubungan yang positif, dan pelajaran P5 di semester ini sudah sangat baik. Tetap semangat tingkatkan lagi di semester II.'),
(11, 1, 216, 'Bapak harap dengan adanya P5 tema Anti Bullying kamu bisa menghindari perilaku bullying atau mengganggu teman sekelas. Setiap individu memiliki hak untuk merasa aman dan nyaman di lingkungan belajar. Mari kita hargai dan bangun hubungan yang positif, dan pelajaran P5 di semester ini sudah cukup baik. Tetap semangat tingkatkan lagi di semester II.'),
(12, 1, 249, 'Bapak harap dengan adanya P5 tema Anti Bullying kamu bisa menghindari perilaku bullying atau mengganggu teman sekelas. Setiap individu memiliki hak untuk merasa aman dan nyaman di lingkungan belajar. Mari kita hargai dan bangun hubungan yang positif, dan pelajaran P5 di semester ini sudah sangat baik. Tetap semangat tingkatkan lagi di semester II.'),
(13, 1, 182, 'Bapak harap dengan adanya P5 tema Anti Bullying kamu bisa menghindari perilaku bullying atau mengganggu teman sekelas. Setiap individu memiliki hak untuk merasa aman dan nyaman di lingkungan belajar. Mari kita hargai dan bangun hubungan yang positif, dan pelajaran P5 di semester ini sudah cukup baik. Tetap semangat tingkatkan lagi di semester II.'),
(14, 1, 219, 'Bapak harap dengan adanya P5 tema Anti Bullying kamu bisa menghindari perilaku bullying atau mengganggu teman sekelas. Setiap individu memiliki hak untuk merasa aman dan nyaman di lingkungan belajar. Mari kita hargai dan bangun hubungan yang positif, dan pelajaran P5 di semester ini sudah cukup baik. Tetap semangat tingkatkan lagi di semester II.'),
(15, 1, 188, 'Bapak harap dengan adanya P5 tema Anti Bullying kamu bisa menghindari perilaku bullying atau mengganggu teman sekelas. Setiap individu memiliki hak untuk merasa aman dan nyaman di lingkungan belajar. Mari kita hargai dan bangun hubungan yang positif, dan pelajaran P5 di semester ini sudah sangat baik. Tetap semangat tingkatkan lagi di semester II.'),
(16, 1, 220, 'Bapak harap dengan adanya P5 tema Anti Bullying kamu bisa menghindari perilaku bullying atau mengganggu teman sekelas. Setiap individu memiliki hak untuk merasa aman dan nyaman di lingkungan belajar. Mari kita hargai dan bangun hubungan yang positif, dan pelajaran P5 di semester ini sudah sangat baik. Tetap semangat tingkatkan lagi di semester II.'),
(17, 1, 191, 'Bapak harap dengan adanya P5 tema Anti Bullying kamu bisa menghindari perilaku bullying atau mengganggu teman sekelas. Setiap individu memiliki hak untuk merasa aman dan nyaman di lingkungan belajar. Mari kita hargai dan bangun hubungan yang positif, dan pelajaran P5 di semester ini sudah cukup baik. Tetap semangat tingkatkan lagi di semester II.'),
(18, 1, 252, 'Bapak harap dengan adanya P5 tema Anti Bullying kamu bisa menghindari perilaku bullying atau mengganggu teman sekelas. Setiap individu memiliki hak untuk merasa aman dan nyaman di lingkungan belajar. Mari kita hargai dan bangun hubungan yang positif, dan pelajaran P5 di semester ini sudah sangat baik. Tetap semangat tingkatkan lagi di semester II.'),
(19, 1, 273, 'Bapak harap dengan adanya P5 tema Anti Bullying kamu bisa menghindari perilaku bullying atau mengganggu teman sekelas. Setiap individu memiliki hak untuk merasa aman dan nyaman di lingkungan belajar. Mari kita hargai dan bangun hubungan yang positif, dan pelajaran P5 di semester ini sudah cukup baik. Tetap semangat tingkatkan lagi di semester II.'),
(20, 1, 255, 'Bapak harap dengan adanya P5 tema Anti Bullying kamu bisa menghindari perilaku bullying atau mengganggu teman sekelas. Setiap individu memiliki hak untuk merasa aman dan nyaman di lingkungan belajar. Mari kita hargai dan bangun hubungan yang positif, dan pelajaran P5 di semester ini sudah sangat baik. Tetap semangat tingkatkan lagi di semester II.'),
(21, 1, 195, 'Bapak harap dengan adanya P5 tema Anti Bullying kamu bisa menghindari perilaku bullying atau mengganggu teman sekelas. Setiap individu memiliki hak untuk merasa aman dan nyaman di lingkungan belajar. Mari kita hargai dan bangun hubungan yang positif, dan pelajaran P5 di semester ini sudah sangat baik. Tetap semangat tingkatkan lagi di semester II.'),
(22, 1, 256, 'Bapak harap dengan adanya P5 tema Anti Bullying kamu bisa menghindari perilaku bullying atau mengganggu teman sekelas. Setiap individu memiliki hak untuk merasa aman dan nyaman di lingkungan belajar. Mari kita hargai dan bangun hubungan yang positif, dan pelajaran P5 di semester ini sudah sangat baik. Tetap semangat tingkatkan lagi di semester II.'),
(23, 1, 232, 'Bapak harap dengan adanya P5 tema Anti Bullying kamu bisa menghindari perilaku bullying atau mengganggu teman sekelas. Setiap individu memiliki hak untuk merasa aman dan nyaman di lingkungan belajar. Mari kita hargai dan bangun hubungan yang positif, dan pelajaran P5 di semester ini sudah sangat baik. Tetap semangat tingkatkan lagi di semester II.'),
(24, 1, 274, 'Bapak harap dengan adanya P5 tema Anti Bullying kamu bisa menghindari perilaku bullying atau mengganggu teman sekelas. Setiap individu memiliki hak untuk merasa aman dan nyaman di lingkungan belajar. Mari kita hargai dan bangun hubungan yang positif, dan pelajaran P5 di semester ini sudah sangat baik. Tetap semangat tingkatkan lagi di semester II.'),
(25, 1, 270, 'Bapak harap dengan adanya P5 tema Anti Bullying kamu bisa menghindari perilaku bullying atau mengganggu teman sekelas. Setiap individu memiliki hak untuk merasa aman dan nyaman di lingkungan belajar. Mari kita hargai dan bangun hubungan yang positif, dan pelajaran P5 di semester ini sudah sangat baik. Tetap semangat tingkatkan lagi di semester II.'),
(26, 1, 260, 'Bapak harap dengan adanya P5 tema Anti Bullying kamu bisa menghindari perilaku bullying atau mengganggu teman sekelas. Setiap individu memiliki hak untuk merasa aman dan nyaman di lingkungan belajar. Mari kita hargai dan bangun hubungan yang positif, dan pelajaran P5 di semester ini sudah cukup baik. Tetap semangat tingkatkan lagi di semester II.'),
(27, 1, 261, 'Bapak harap dengan adanya P5 tema Anti Bullying kamu bisa menghindari perilaku bullying atau mengganggu teman sekelas. Setiap individu memiliki hak untuk merasa aman dan nyaman di lingkungan belajar. Mari kita hargai dan bangun hubungan yang positif, dan pelajaran P5 di semester ini sudah sangat baik. Tetap semangat tingkatkan lagi di semester II.'),
(28, 1, 234, 'Bapak harap dengan adanya P5 tema Anti Bullying kamu bisa menghindari perilaku bullying atau mengganggu teman sekelas. Setiap individu memiliki hak untuk merasa aman dan nyaman di lingkungan belajar. Mari kita hargai dan bangun hubungan yang positif, dan pelajaran P5 di semester ini sudah sangat baik. Tetap semangat tingkatkan lagi di semester II.'),
(29, 1, 235, 'Bapak harap dengan adanya P5 tema Anti Bullying kamu bisa menghindari perilaku bullying atau mengganggu teman sekelas. Setiap individu memiliki hak untuk merasa aman dan nyaman di lingkungan belajar. Mari kita hargai dan bangun hubungan yang positif, dan pelajaran P5 di semester ini sudah cukup baik. Tetap semangat tingkatkan lagi di semester II.'),
(30, 1, 204, 'Bapak harap dengan adanya P5 tema Anti Bullying kamu bisa menghindari perilaku bullying atau mengganggu teman sekelas. Setiap individu memiliki hak untuk merasa aman dan nyaman di lingkungan belajar. Mari kita hargai dan bangun hubungan yang positif, dan pelajaran P5 di semester ini sudah cukup baik. Tetap semangat tingkatkan lagi di semester II.'),
(31, 3, 236, 'Bapak harap dengan adanya P5 tema Anti Bullying kamu bisa menghindari perilaku bullying atau mengganggu teman sekelas. Setiap individu memiliki hak untuk merasa aman dan nyaman di lingkungan belajar. Mari kita hargai dan bangun hubungan yang positif dan pelajaran P5 di semester ini sudah Sangat baik. Tetap semangat tingkatkan lagi di semester II. pelajaran P5 di semester ini sudah Sangat baik. Tetap semangat tingkatkan lagi di semester II.'),
(32, 3, 174, 'Bapak harap dengan adanya P5 tema Anti Bullying kamu bisa menghindari perilaku bullying atau mengganggu teman sekelas. Setiap individu memiliki hak untuk merasa aman dan nyaman di lingkungan belajar. Mari kita hargai dan bangun hubungan yang positif dan pelajaran P5 di semester ini sudah cukup baik. Tetap semangat tingkatkan lagi di semester II.'),
(33, 3, 208, 'Bapak harap dengan adanya P5 tema Anti Bullying kamu bisa menghindari perilaku bullying atau mengganggu teman sekelas. Setiap individu memiliki hak untuk merasa aman dan nyaman di lingkungan belajar. Mari kita hargai dan bangun hubungan yang positif dan pelajaran P5 di semester ini sudah Sangat baik. Tetap semangat tingkatkan lagi di semester II.'),
(34, 3, 210, 'Bapak harap dengan adanya P5 tema Anti Bullying kamu bisa menghindari perilaku bullying atau mengganggu teman sekelas. Setiap individu memiliki hak untuk merasa aman dan nyaman di lingkungan belajar. Mari kita hargai dan bangun hubungan yang positif dan pelajaran P5 di semester ini sudah cukup baik. Tetap semangat tingkatkan lagi di semester II.'),
(35, 3, 177, 'Bapak harap dengan adanya P5 tema Anti Bullying kamu bisa menghindari perilaku bullying atau mengganggu teman sekelas. Setiap individu memiliki hak untuk merasa aman dan nyaman di lingkungan belajar. Mari kita hargai dan bangun hubungan yang positif dan pelajaran P5 di semester ini sudah cukup baik. Tetap semangat tingkatkan lagi di semester II.'),
(36, 3, 211, 'Bapak harap dengan adanya P5 tema Anti Bullying kamu bisa menghindari perilaku bullying atau mengganggu teman sekelas. Setiap individu memiliki hak untuk merasa aman dan nyaman di lingkungan belajar. Mari kita hargai dan bangun hubungan yang positif dan pelajaran P5 di semester ini sudah Sangat baik. Tetap semangat tingkatkan lagi di semester II.'),
(37, 3, 212, 'Bapak harap dengan adanya P5 tema Anti Bullying kamu bisa menghindari perilaku bullying atau mengganggu teman sekelas. Setiap individu memiliki hak untuk merasa aman dan nyaman di lingkungan belajar. Mari kita hargai dan bangun hubungan yang positif dan pelajaran P5 di semester ini sudah Sangat baik. Tetap semangat tingkatkan lagi di semester II.'),
(38, 3, 265, 'Bapak harap dengan adanya P5 tema Anti Bullying kamu bisa menghindari perilaku bullying atau mengganggu teman sekelas. Setiap individu memiliki hak untuk merasa aman dan nyaman di lingkungan belajar. Mari kita hargai dan bangun hubungan yang positif dan pelajaran P5 di semester ini sudah Sangat baik. Tetap semangat tingkatkan lagi di semester II.'),
(39, 3, 181, 'Bapak harap dengan adanya P5 tema Anti Bullying kamu bisa menghindari perilaku bullying atau mengganggu teman sekelas. Setiap individu memiliki hak untuk merasa aman dan nyaman di lingkungan belajar. Mari kita hargai dan bangun hubungan yang positif dan pelajaran P5 di semester ini sudah Sangat baik. Tetap semangat tingkatkan lagi di semester II.'),
(40, 3, 217, 'Bapak harap dengan adanya P5 tema Anti Bullying kamu bisa menghindari perilaku bullying atau mengganggu teman sekelas. Setiap individu memiliki hak untuk merasa aman dan nyaman di lingkungan belajar. Mari kita hargai dan bangun hubungan yang positif dan pelajaran P5 di semester ini sudah Sangat baik. Tetap semangat tingkatkan lagi di semester II.'),
(41, 3, 251, 'Bapak harap dengan adanya P5 tema Anti Bullying kamu bisa menghindari perilaku bullying atau mengganggu teman sekelas. Setiap individu memiliki hak untuk merasa aman dan nyaman di lingkungan belajar. Mari kita hargai dan bangun hubungan yang positif dan pelajaran P5 di semester ini sudah Sangat baik. Tetap semangat tingkatkan lagi di semester II.'),
(42, 3, 221, 'Bapak harap dengan adanya P5 tema Anti Bullying kamu bisa menghindari perilaku bullying atau mengganggu teman sekelas. Setiap individu memiliki hak untuk merasa aman dan nyaman di lingkungan belajar. Mari kita hargai dan bangun hubungan yang positif dan pelajaran P5 di semester ini sudah cukup baik. Tetap semangat tingkatkan lagi di semester II.'),
(43, 3, 192, 'Bapak harap dengan adanya P5 tema Anti Bullying kamu bisa menghindari perilaku bullying atau mengganggu teman sekelas. Setiap individu memiliki hak untuk merasa aman dan nyaman di lingkungan belajar. Mari kita hargai dan bangun hubungan yang positif dan pelajaran P5 di semester ini sudah Sangat baik. Tetap semangat tingkatkan lagi di semester II.'),
(44, 3, 193, 'Bapak harap dengan adanya P5 tema Anti Bullying kamu bisa menghindari perilaku bullying atau mengganggu teman sekelas. Setiap individu memiliki hak untuk merasa aman dan nyaman di lingkungan belajar. Mari kita hargai dan bangun hubungan yang positif dan pelajaran P5 di semester ini sudah cukup baik. Tetap semangat tingkatkan lagi di semester II.'),
(45, 3, 253, 'Bapak harap dengan adanya P5 tema Anti Bullying kamu bisa menghindari perilaku bullying atau mengganggu teman sekelas. Setiap individu memiliki hak untuk merasa aman dan nyaman di lingkungan belajar. Mari kita hargai dan bangun hubungan yang positif dan pelajaran P5 di semester ini sudah cukup baik. Tetap semangat tingkatkan lagi di semester II.'),
(46, 3, 223, 'Bapak harap dengan adanya P5 tema Anti Bullying kamu bisa menghindari perilaku bullying atau mengganggu teman sekelas. Setiap individu memiliki hak untuk merasa aman dan nyaman di lingkungan belajar. Mari kita hargai dan bangun hubungan yang positif dan pelajaran P5 di semester ini sudah cukup baik. Tetap semangat tingkatkan lagi di semester II.'),
(47, 3, 224, 'Bapak harap dengan adanya P5 tema Anti Bullying kamu bisa menghindari perilaku bullying atau mengganggu teman sekelas. Setiap individu memiliki hak untuk merasa aman dan nyaman di lingkungan belajar. Mari kita hargai dan bangun hubungan yang positif dan pelajaran P5 di semester ini sudah Sangat baik. Tetap semangat tingkatkan lagi di semester II.'),
(48, 3, 226, 'Bapak harap dengan adanya P5 tema Anti Bullying kamu bisa menghindari perilaku bullying atau mengganggu teman sekelas. Setiap individu memiliki hak untuk merasa aman dan nyaman di lingkungan belajar. Mari kita hargai dan bangun hubungan yang positif dan pelajaran P5 di semester ini sudah Sangat baik. Tetap semangat tingkatkan lagi di semester II.'),
(49, 3, 275, 'Bapak harap dengan adanya P5 tema Anti Bullying kamu bisa menghindari perilaku bullying atau mengganggu teman sekelas. Setiap individu memiliki hak untuk merasa aman dan nyaman di lingkungan belajar. Mari kita hargai dan bangun hubungan yang positif dan pelajaran P5 di semester ini sudah Sangat baik. Tetap semangat tingkatkan lagi di semester II.'),
(50, 3, 268, 'Bapak harap dengan adanya P5 tema Anti Bullying kamu bisa menghindari perilaku bullying atau mengganggu teman sekelas. Setiap individu memiliki hak untuk merasa aman dan nyaman di lingkungan belajar. Mari kita hargai dan bangun hubungan yang positif dan pelajaran P5 di semester ini sudah Sangat baik. Tetap semangat tingkatkan lagi di semester II.'),
(51, 3, 257, 'Bapak harap dengan adanya P5 tema Anti Bullying kamu bisa menghindari perilaku bullying atau mengganggu teman sekelas. Setiap individu memiliki hak untuk merasa aman dan nyaman di lingkungan belajar. Mari kita hargai dan bangun hubungan yang positif dan pelajaran P5 di semester ini sudah Sangat baik. Tetap semangat tingkatkan lagi di semester II.'),
(52, 3, 258, 'Bapak harap dengan adanya P5 tema Anti Bullying kamu bisa menghindari perilaku bullying atau mengganggu teman sekelas. Setiap individu memiliki hak untuk merasa aman dan nyaman di lingkungan belajar. Mari kita hargai dan bangun hubungan yang positif dan pelajaran P5 di semester ini sudah cukup baik. Tetap semangat tingkatkan lagi di semester II.'),
(53, 3, 231, 'Bapak harap dengan adanya P5 tema Anti Bullying kamu bisa menghindari perilaku bullying atau mengganggu teman sekelas. Setiap individu memiliki hak untuk merasa aman dan nyaman di lingkungan belajar. Mari kita hargai dan bangun hubungan yang positif dan pelajaran P5 di semester ini sudah cukup baik. Tetap semangat tingkatkan lagi di semester II.'),
(54, 3, 269, 'Bapak harap dengan adanya P5 tema Anti Bullying kamu bisa menghindari perilaku bullying atau mengganggu teman sekelas. Setiap individu memiliki hak untuk merasa aman dan nyaman di lingkungan belajar. Mari kita hargai dan bangun hubungan yang positif dan pelajaran P5 di semester ini sudah Sangat baik. Tetap semangat tingkatkan lagi di semester II.'),
(55, 3, 197, 'Bapak harap dengan adanya P5 tema Anti Bullying kamu bisa menghindari perilaku bullying atau mengganggu teman sekelas. Setiap individu memiliki hak untuk merasa aman dan nyaman di lingkungan belajar. Mari kita hargai dan bangun hubungan yang positif dan pelajaran P5 di semester ini sudah cukup baik. Tetap semangat tingkatkan lagi di semester II.'),
(56, 3, 200, 'Bapak harap dengan adanya P5 tema Anti Bullying kamu bisa menghindari perilaku bullying atau mengganggu teman sekelas. Setiap individu memiliki hak untuk merasa aman dan nyaman di lingkungan belajar. Mari kita hargai dan bangun hubungan yang positif dan pelajaran P5 di semester ini sudah Sangat baik. Tetap semangat tingkatkan lagi di semester II.'),
(57, 3, 202, 'Bapak harap dengan adanya P5 tema Anti Bullying kamu bisa menghindari perilaku bullying atau mengganggu teman sekelas. Setiap individu memiliki hak untuk merasa aman dan nyaman di lingkungan belajar. Mari kita hargai dan bangun hubungan yang positif dan pelajaran P5 di semester ini sudah Sangat baik. Tetap semangat tingkatkan lagi di semester II.'),
(58, 3, 203, 'Bapak harap dengan adanya P5 tema Anti Bullying kamu bisa menghindari perilaku bullying atau mengganggu teman sekelas. Setiap individu memiliki hak untuk merasa aman dan nyaman di lingkungan belajar. Mari kita hargai dan bangun hubungan yang positif dan pelajaran P5 di semester ini sudah Sangat baik. Tetap semangat tingkatkan lagi di semester II.'),
(59, 3, 264, 'Bapak harap dengan adanya P5 tema Anti Bullying kamu bisa menghindari perilaku bullying atau mengganggu teman sekelas. Setiap individu memiliki hak untuk merasa aman dan nyaman di lingkungan belajar. Mari kita hargai dan bangun hubungan yang positif dan pelajaran P5 di semester ini sudah Sangat baik. Tetap semangat tingkatkan lagi di semester II.'),
(60, 4, 173, 'Bapak harap dengan adanya P5 tema Anti Bullying kamu bisa menghindari perilaku bullying atau mengganggu teman sekelas. Setiap individu memiliki hak untuk merasa aman dan nyaman di lingkungan belajar. Mari kita hargai dan bangun hubungan yang positif, dan pelajaran P5 di semester ini sudah Sangat baik. Tetap semangat tingkatkan lagi di semester II.'),
(61, 4, 206, 'Bapak harap dengan adanya P5 tema Anti Bullying kamu bisa menghindari perilaku bullying atau mengganggu teman sekelas. Setiap individu memiliki hak untuk merasa aman dan nyaman di lingkungan belajar. Mari kita hargai dan bangun hubungan yang positif, dan pelajaran P5 di semester ini sudah Sangat baik. Tetap semangat tingkatkan lagi di semester II.'),
(62, 4, 175, 'Bapak harap dengan adanya P5 tema Anti Bullying kamu bisa menghindari perilaku bullying atau mengganggu teman sekelas. Setiap individu memiliki hak untuk merasa aman dan nyaman di lingkungan belajar. Mari kita hargai dan bangun hubungan yang positif, dan pelajaran P5 di semester ini sudah Sangat baik. Tetap semangat tingkatkan lagi di semester II.'),
(63, 4, 209, 'Bapak harap dengan adanya P5 tema Anti Bullying kamu bisa menghindari perilaku bullying atau mengganggu teman sekelas. Setiap individu memiliki hak untuk merasa aman dan nyaman di lingkungan belajar. Mari kita hargai dan bangun hubungan yang positif, dan pelajaran P5 di semester ini sudah Sangat baik. Tetap semangat tingkatkan lagi di semester II.'),
(64, 4, 176, 'Bapak harap dengan adanya P5 tema Anti Bullying kamu bisa menghindari perilaku bullying atau mengganggu teman sekelas. Setiap individu memiliki hak untuk merasa aman dan nyaman di lingkungan belajar. Mari kita hargai dan bangun hubungan yang positif, dan pelajaran P5 di semester ini sudah Sangat baik. Tetap semangat tingkatkan lagi di semester II.'),
(65, 4, 237, 'Bapak harap dengan adanya P5 tema Anti Bullying kamu bisa menghindari perilaku bullying atau mengganggu teman sekelas. Setiap individu memiliki hak untuk merasa aman dan nyaman di lingkungan belajar. Mari kita hargai dan bangun hubungan yang positif, dan pelajaran P5 di semester ini sudah Sangat baik. Tetap semangat tingkatkan lagi di semester II.'),
(66, 4, 178, 'Bapak harap dengan adanya P5 tema Anti Bullying kamu bisa menghindari perilaku bullying atau mengganggu teman sekelas. Setiap individu memiliki hak untuk merasa aman dan nyaman di lingkungan belajar. Mari kita hargai dan bangun hubungan yang positif, dan pelajaran P5 di semester ini sudah Sangat baik. Tetap semangat tingkatkan lagi di semester II.'),
(67, 4, 179, 'Bapak harap dengan adanya P5 tema Anti Bullying kamu bisa menghindari perilaku bullying atau mengganggu teman sekelas. Setiap individu memiliki hak untuk merasa aman dan nyaman di lingkungan belajar. Mari kita hargai dan bangun hubungan yang positif, dan pelajaran P5 di semester ini sudah Sangat baik. Tetap semangat tingkatkan lagi di semester II.'),
(68, 4, 239, 'Bapak harap dengan adanya P5 tema Anti Bullying kamu bisa menghindari perilaku bullying atau mengganggu teman sekelas. Setiap individu memiliki hak untuk merasa aman dan nyaman di lingkungan belajar. Mari kita hargai dan bangun hubungan yang positif, dan pelajaran P5 di semester ini sudah Sangat baik. Tetap semangat tingkatkan lagi di semester II.'),
(69, 4, 213, 'Bapak harap dengan adanya P5 tema Anti Bullying kamu bisa menghindari perilaku bullying atau mengganggu teman sekelas. Setiap individu memiliki hak untuk merasa aman dan nyaman di lingkungan belajar. Mari kita hargai dan bangun hubungan yang positif, dan pelajaran P5 di semester ini sudah Sangat baik. Tetap semangat tingkatkan lagi di semester II.'),
(70, 4, 180, 'Bapak harap dengan adanya P5 tema Anti Bullying kamu bisa menghindari perilaku bullying atau mengganggu teman sekelas. Setiap individu memiliki hak untuk merasa aman dan nyaman di lingkungan belajar. Mari kita hargai dan bangun hubungan yang positif, dan pelajaran P5 di semester ini sudah Sangat baik. Tetap semangat tingkatkan lagi di semester II.'),
(71, 4, 250, 'Bapak harap dengan adanya P5 tema Anti Bullying kamu bisa menghindari perilaku bullying atau mengganggu teman sekelas. Setiap individu memiliki hak untuk merasa aman dan nyaman di lingkungan belajar. Mari kita hargai dan bangun hubungan yang positif, dan pelajaran P5 di semester ini sudah Sangat baik. Tetap semangat tingkatkan lagi di semester II.'),
(72, 4, 183, 'Bapak harap dengan adanya P5 tema Anti Bullying kamu bisa menghindari perilaku bullying atau mengganggu teman sekelas. Setiap individu memiliki hak untuk merasa aman dan nyaman di lingkungan belajar. Mari kita hargai dan bangun hubungan yang positif, dan pelajaran P5 di semester ini sudah Sangat baik. Tetap semangat tingkatkan lagi di semester II.'),
(73, 4, 218, 'Bapak harap dengan adanya P5 tema Anti Bullying kamu bisa menghindari perilaku bullying atau mengganggu teman sekelas. Setiap individu memiliki hak untuk merasa aman dan nyaman di lingkungan belajar. Mari kita hargai dan bangun hubungan yang positif, dan pelajaran P5 di semester ini sudah Sangat baik. Tetap semangat tingkatkan lagi di semester II.'),
(74, 4, 185, 'Bapak harap dengan adanya P5 tema Anti Bullying kamu bisa menghindari perilaku bullying atau mengganggu teman sekelas. Setiap individu memiliki hak untuk merasa aman dan nyaman di lingkungan belajar. Mari kita hargai dan bangun hubungan yang positif, dan pelajaran P5 di semester ini sudah Sangat baik. Tetap semangat tingkatkan lagi di semester II.'),
(75, 4, 186, 'Bapak harap dengan adanya P5 tema Anti Bullying kamu bisa menghindari perilaku bullying atau mengganggu teman sekelas. Setiap individu memiliki hak untuk merasa aman dan nyaman di lingkungan belajar. Mari kita hargai dan bangun hubungan yang positif, dan pelajaran P5 di semester ini sudah Sangat baik. Tetap semangat tingkatkan lagi di semester II.'),
(76, 4, 189, 'Bapak harap dengan adanya P5 tema Anti Bullying kamu bisa menghindari perilaku bullying atau mengganggu teman sekelas. Setiap individu memiliki hak untuk merasa aman dan nyaman di lingkungan belajar. Mari kita hargai dan bangun hubungan yang positif, dan pelajaran P5 di semester ini sudah Sangat baik. Tetap semangat tingkatkan lagi di semester II.'),
(77, 4, 222, 'Bapak harap dengan adanya P5 tema Anti Bullying kamu bisa menghindari perilaku bullying atau mengganggu teman sekelas. Setiap individu memiliki hak untuk merasa aman dan nyaman di lingkungan belajar. Mari kita hargai dan bangun hubungan yang positif, dan pelajaran P5 di semester ini sudah Sangat baik. Tetap semangat tingkatkan lagi di semester II.'),
(78, 4, 194, 'Bapak harap dengan adanya P5 tema Anti Bullying kamu bisa menghindari perilaku bullying atau mengganggu teman sekelas. Setiap individu memiliki hak untuk merasa aman dan nyaman di lingkungan belajar. Mari kita hargai dan bangun hubungan yang positif, dan pelajaran P5 di semester ini sudah Sangat baik. Tetap semangat tingkatkan lagi di semester II.'),
(79, 4, 254, 'Bapak harap dengan adanya P5 tema Anti Bullying kamu bisa menghindari perilaku bullying atau mengganggu teman sekelas. Setiap individu memiliki hak untuk merasa aman dan nyaman di lingkungan belajar. Mari kita hargai dan bangun hubungan yang positif, dan pelajaran P5 di semester ini sudah cukup baik. Tetap semangat tingkatkan lagi di semester II.'),
(80, 4, 225, 'Bapak harap dengan adanya P5 tema Anti Bullying kamu bisa menghindari perilaku bullying atau mengganggu teman sekelas. Setiap individu memiliki hak untuk merasa aman dan nyaman di lingkungan belajar. Mari kita hargai dan bangun hubungan yang positif, dan pelajaran P5 di semester ini sudah Sangat baik. Tetap semangat tingkatkan lagi di semester II.'),
(81, 4, 227, 'Bapak harap dengan adanya P5 tema Anti Bullying kamu bisa menghindari perilaku bullying atau mengganggu teman sekelas. Setiap individu memiliki hak untuk merasa aman dan nyaman di lingkungan belajar. Mari kita hargai dan bangun hubungan yang positif, dan pelajaran P5 di semester ini sudah Sangat baik. Tetap semangat tingkatkan lagi di semester II.'),
(82, 4, 196, 'Bapak harap dengan adanya P5 tema Anti Bullying kamu bisa menghindari perilaku bullying atau mengganggu teman sekelas. Setiap individu memiliki hak untuk merasa aman dan nyaman di lingkungan belajar. Mari kita hargai dan bangun hubungan yang positif, dan pelajaran P5 di semester ini sudah Sangat baik. Tetap semangat tingkatkan lagi di semester II.'),
(83, 4, 228, 'Bapak harap dengan adanya P5 tema Anti Bullying kamu bisa menghindari perilaku bullying atau mengganggu teman sekelas. Setiap individu memiliki hak untuk merasa aman dan nyaman di lingkungan belajar. Mari kita hargai dan bangun hubungan yang positif, dan pelajaran P5 di semester ini sudah Sangat baik. Tetap semangat tingkatkan lagi di semester II.'),
(84, 4, 205, 'Bapak harap dengan adanya P5 tema Anti Bullying kamu bisa menghindari perilaku bullying atau mengganggu teman sekelas. Setiap individu memiliki hak untuk merasa aman dan nyaman di lingkungan belajar. Mari kita hargai dan bangun hubungan yang positif, dan pelajaran P5 di semester ini sudah Sangat baik. Tetap semangat tingkatkan lagi di semester II.'),
(85, 4, 229, 'Bapak harap dengan adanya P5 tema Anti Bullying kamu bisa menghindari perilaku bullying atau mengganggu teman sekelas. Setiap individu memiliki hak untuk merasa aman dan nyaman di lingkungan belajar. Mari kita hargai dan bangun hubungan yang positif, dan pelajaran P5 di semester ini sudah Sangat baik. Tetap semangat tingkatkan lagi di semester II.'),
(86, 4, 230, 'Bapak harap dengan adanya P5 tema Anti Bullying kamu bisa menghindari perilaku bullying atau mengganggu teman sekelas. Setiap individu memiliki hak untuk merasa aman dan nyaman di lingkungan belajar. Mari kita hargai dan bangun hubungan yang positif, dan pelajaran P5 di semester ini sudah Sangat baik. Tetap semangat tingkatkan lagi di semester II.'),
(87, 4, 266, 'Bapak harap dengan adanya P5 tema Anti Bullying kamu bisa menghindari perilaku bullying atau mengganggu teman sekelas. Setiap individu memiliki hak untuk merasa aman dan nyaman di lingkungan belajar. Mari kita hargai dan bangun hubungan yang positif, dan pelajaran P5 di semester ini sudah Sangat baik. Tetap semangat tingkatkan lagi di semester II.'),
(88, 4, 198, 'Bapak harap dengan adanya P5 tema Anti Bullying kamu bisa menghindari perilaku bullying atau mengganggu teman sekelas. Setiap individu memiliki hak untuk merasa aman dan nyaman di lingkungan belajar. Mari kita hargai dan bangun hubungan yang positif, dan pelajaran P5 di semester ini sudah Sangat baik. Tetap semangat tingkatkan lagi di semester II.'),
(89, 4, 259, 'Bapak harap dengan adanya P5 tema Anti Bullying kamu bisa menghindari perilaku bullying atau mengganggu teman sekelas. Setiap individu memiliki hak untuk merasa aman dan nyaman di lingkungan belajar. Mari kita hargai dan bangun hubungan yang positif, dan pelajaran P5 di semester ini sudah Sangat baik. Tetap semangat tingkatkan lagi di semester II.'),
(90, 4, 233, 'Bapak harap dengan adanya P5 tema Anti Bullying kamu bisa menghindari perilaku bullying atau mengganggu teman sekelas. Setiap individu memiliki hak untuk merasa aman dan nyaman di lingkungan belajar. Mari kita hargai dan bangun hubungan yang positif, dan pelajaran P5 di semester ini sudah Sangat baik. Tetap semangat tingkatkan lagi di semester II.'),
(91, 4, 199, 'Bapak harap dengan adanya P5 tema Anti Bullying kamu bisa menghindari perilaku bullying atau mengganggu teman sekelas. Setiap individu memiliki hak untuk merasa aman dan nyaman di lingkungan belajar. Mari kita hargai dan bangun hubungan yang positif, dan pelajaran P5 di semester ini sudah Sangat baik. Tetap semangat tingkatkan lagi di semester II.'),
(92, 4, 201, 'Bapak harap dengan adanya P5 tema Anti Bullying kamu bisa menghindari perilaku bullying atau mengganggu teman sekelas. Setiap individu memiliki hak untuk merasa aman dan nyaman di lingkungan belajar. Mari kita hargai dan bangun hubungan yang positif, dan pelajaran P5 di semester ini sudah Sangat baik. Tetap semangat tingkatkan lagi di semester II.'),
(93, 4, 263, 'Bapak harap dengan adanya P5 tema Anti Bullying kamu bisa menghindari perilaku bullying atau mengganggu teman sekelas. Setiap individu memiliki hak untuk merasa aman dan nyaman di lingkungan belajar. Mari kita hargai dan bangun hubungan yang positif, dan pelajaran P5 di semester ini sudah Sangat baik. Tetap semangat tingkatkan lagi di semester II.'),
(94, 3, 247, 'Bapak harap dengan adanya P5 tema Anti Bullying kamu bisa menghindari perilaku bullying atau mengganggu teman sekelas. Setiap individu memiliki hak untuk merasa aman dan nyaman di lingkungan belajar. Mari kita hargai dan bangun hubungan yang positif dan pelajaran P5 di semester ini sudah Sangat baik. Tetap semangat tingkatkan lagi di semester II.'),
(95, 2, 280, 'Ananda Alfiatus Sholihah sudah sangat baik dalam pembelajaran P5 di semester I ini. Tetap semangat dan tingkatkan lagi di semester II.'),
(96, 2, 281, 'Ananda Allana Hasya Bii sudah baik dalam pembelajaran P5 di semester I ini. Perhatikan lingkungan sekolahmu, temanmu, dan guru yang setiap hari ada untukmu. Bergaullah dengan mereka, jangan hanya belajar, dan menutup diri. Tetap semangat dan tingkatkan lagi di semester II.'),
(97, 2, 282, 'Ananda Annisa Dwi Jayanti sudah baik dalam pembelajaran P5 di semester I ini. Perhatikan lingkungan sekolahmu, temanmu, dan guru yang setiap hari ada untukmu. Bergaullah dengan mereka, jangan hanya belajar, dan menutup diri. Tetap semangat dan tingkatkan lagi di semester II.'),
(98, 2, 283, 'Ananda Aprilia Jihan Aqila sudah baik dalam pembelajaran P5 di semester I ini. Perhatikan lingkungan sekolahmu, temanmu, dan guru yang setiap hari ada untukmu. Bergaullah dengan mereka, jangan hanya belajar, dan menutup diri. Tetap semangat dan tingkatkan lagi di semester II.'),
(99, 2, 284, 'Ananda Arzia Myiesha Putridilia sudah sangat baik dalam pembelajaran P5 di semester I ini. Tetap semangat dan tingkatkan lagi di semester II.'),
(100, 2, 285, 'Ananda Aulia Ramadhani sudah sangat baik dalam pembelajaran P5 di semester I ini. Tetap semangat dan tingkatkan lagi di semester II.'),
(101, 2, 286, 'Ananda Auliana Syadiah sudah sangat baik dalam pembelajaran P5 di semester I ini. Tetap semangat dan tingkatkan lagi di semester II.'),
(102, 2, 287, 'Ananda Azzam Teguh Al Ashrof kurang cukup baik dalam pembelajaran P5 di semester I ini. Masih harus banyak berlatih sambil belajar berdiskusi supaya lebih fokus dan mudah dalam memahami materi P5. Tetap semangat dan tingkatkan lagi di semester II.'),
(103, 2, 288, 'Ananda Fabian Yusuf Heriyanto kurang cukup baik dalam pembelajaran P5 di semester I ini. Masih harus banyak berlatih sambil belajar berdiskusi supaya lebih fokus dan mudah dalam memahami materi P5. Tetap semangat dan tingkatkan lagi di semester II.'),
(104, 2, 289, 'Ananda Fadhil Rama Hermawan sudah sangat baik dalam pembelajaran P5 di semester I ini. Tetap semangat dan tingkatkan lagi di semester II.'),
(105, 2, 290, 'Ananda Hafshah Zahra Almeta Subagiyo sudah sangat baik dalam pembelajaran P5 di semester I ini. Tetap semangat dan tingkatkan lagi di semester II.'),
(106, 2, 291, 'Ananda Justin Anthony Wijaya kurang cukup baik dalam pembelajaran P5 di semester I ini. Masih harus banyak berlatih sambil belajar berdiskusi supaya lebih fokus dan mudah dalam memahami materi P5. Tetap semangat dan tingkatkan lagi di semester II.'),
(107, 2, 292, 'Ananda Kanaya Salwa Azahra sudah sangat baik dalam pembelajaran P5 di semester I ini. Tetap semangat dan tingkatkan lagi di semester II.'),
(108, 2, 293, 'Ananda Khaansaa Raabihah Arza Istiqomah sudah sangat baik dalam pembelajaran P5 di semester I ini. Tetap semangat dan tingkatkan lagi di semester II.'),
(109, 2, 294, 'Ananda Khaira Talita Rumi sudah sangat baik dalam pembelajaran P5 di semester I ini. Tetap semangat dan tingkatkan lagi di semester II.'),
(110, 2, 295, 'Ananda Maryam Kyla Alexandria sudah sangat baik dalam pembelajaran P5 di semester I ini. Tetap semangat dan tingkatkan lagi di semester II.'),
(111, 2, 296, 'Ananda M. Dion Mickail Alfhonzy kurang cukup baik dalam pembelajaran P5 di semester I ini. Masih harus banyak berlatih sambil belajar berdiskusi supaya lebih fokus dan mudah dalam memahami materi P5. Tetap semangat dan tingkatkan lagi di semester II.'),
(112, 2, 297, 'Ananda M. Aditya kurang cukup baik dalam pembelajaran P5 di semester I ini. Masih harus banyak berlatih sambil belajar berdiskusi supaya lebih fokus dan mudah dalam memahami materi P5. Tetap semangat dan tingkatkan lagi di semester II.'),
(113, 2, 298, 'Ananda M. Faris Sahin sudah baik dalam pembelajaran P5 di semester I ini. Perhatikan lingkungan sekolahmu, temanmu, dan guru yang setiap hari ada untukmu. Bergaullah dengan mereka, jangan hanya belajar, dan menutup diri. Tetap semangat dan tingkatkan lagi di semester II.'),
(114, 2, 299, 'Ananda M. Iqbal Muzaki sudah baik dalam pembelajaran P5 di semester I ini. Perhatikan lingkungan sekolahmu, temanmu, dan guru yang setiap hari ada untukmu. Bergaullah dengan mereka, jangan hanya belajar, dan menutup diri. Tetap semangat dan tingkatkan lagi di semester II.'),
(115, 2, 300, 'Ananda M. Nizam Alghifari Raynar sudah sangat baik dalam pembelajaran P5 di semester I ini. Tetap semangat dan tingkatkan lagi di semester II.'),
(116, 2, 301, 'Ananda Naufal Ariq Baihaqi sudah baik dalam pembelajaran P5 di semester I ini. Perhatikan lingkungan sekolahmu, temanmu, dan guru yang setiap hari ada untukmu. Bergaullah dengan mereka, jangan hanya belajar, dan menutup diri. Tetap semangat dan tingkatkan lagi di semester II.'),
(117, 2, 302, 'Ananda Navara Putri Muawwanah sudah baik dalam pembelajaran P5 di semester I ini. Perhatikan lingkungan sekolahmu, temanmu, dan guru yang setiap hari ada untukmu. Bergaullah dengan mereka, jangan hanya belajar, dan menutup diri. Tetap semangat dan tingkatkan lagi di semester II.'),
(118, 2, 303, 'Ananda Patricia Nayla Indah Pratiwi sudah sangat baik dalam pembelajaran P5 di semester I ini. Tetap semangat dan tingkatkan lagi di semester II.'),
(119, 2, 304, 'Ananda Putri Salsabila Zaskia sudah baik dalam pembelajaran P5 di semester I ini. Perhatikan lingkungan sekolahmu, temanmu, dan guru yang setiap hari ada untukmu. Bergaullah dengan mereka, jangan hanya belajar, dan menutup diri. Tetap semangat dan tingkatkan lagi di semester II.'),
(120, 2, 305, 'Ananda Rafa Adila Purwoko sudah baik dalam pembelajaran P5 di semester I ini. Perhatikan lingkungan sekolahmu, temanmu, dan guru yang setiap hari ada untukmu. Bergaullah dengan mereka, jangan hanya belajar, dan menutup diri. Tetap semangat dan tingkatkan lagi di semester II.'),
(121, 2, 306, 'Ananda Rahil Faizah Putri Zamzami sudah sangat baik dalam pembelajaran P5 di semester I ini. Tetap semangat dan tingkatkan lagi di semester II.'),
(122, 2, 307, 'Ananda Rizkia Kana Honiyya sudah sangat baik dalam pembelajaran P5 di semester I ini. Tetap semangat dan tingkatkan lagi di semester II.'),
(123, 2, 308, 'Ananda Satria Alvaro Parama Putra kurang cukup baik dalam pembelajaran P5 di semester I ini. Masih harus banyak berlatih sambil belajar berdiskusi supaya lebih fokus dan mudah dalam memahami materi P5. Tetap semangat dan tingkatkan lagi di semester II.'),
(124, 2, 309, 'Ananda Satya Wiguna Rahardian kurang cukup baik dalam pembelajaran P5 di semester I ini. Masih harus banyak berlatih sambil belajar berdiskusi supaya lebih fokus dan mudah dalam memahami materi P5. Tetap semangat dan tingkatkan lagi di semester II.'),
(125, 2, 310, 'Ananda Valent Wafi Febriansyah sudah sangat baik dalam pembelajaran P5 di semester I ini. Tetap semangat dan tingkatkan lagi di semester II.'),
(126, 2, 311, 'Ananda Yasmin Hafizhah Zahrah sudah sangat baik dalam pembelajaran P5 di semester I ini. Tetap semangat dan tingkatkan lagi di semester II.'),
(127, 2, 312, 'Ananda Zerlina Renata Tertia sudah sangat baik dalam pembelajaran P5 di semester I ini. Tetap semangat dan tingkatkan lagi di semester II.'),
(128, 5, 313, 'Ananda Aditya Firmansyah sudah sangat baik dalam pembelajaran P5 di semester I ini. Tetap semangat dan tingkatkan lagi di semester II.'),
(129, 5, 314, 'Ananda Aditya Naufal Mustaqim sudah sangat baik dalam pembelajaran P5 di semester I ini. Tetap semangat dan tingkatkan lagi di semester II.'),
(130, 5, 315, 'Ananda Afifa Sivil Zerkania sudah sangat baik dalam pembelajaran P5 di semester I ini. Tetap semangat dan tingkatkan lagi di semester II.'),
(131, 5, 317, 'Ananda Alodia Hasna Jelita sudah sangat baik dalam pembelajaran P5 di semester I ini. Tetap semangat dan tingkatkan lagi di semester II.'),
(132, 5, 316, 'Ananda Aliefa Auliya Jasmine sudah sangat baik dalam pembelajaran P5 di semester I ini. Tetap semangat dan tingkatkan lagi di semester II.'),
(133, 5, 318, 'Ananda Anggara Saputra Faris kurang cukup baik dalam pembelajaran P5 di semester I ini. Masih harus banyak berlatih sambil belajar berdiskusi supaya lebih fokus dan mudah dalam memahami materi P5. Tetap semangat dan tingkatkan lagi di semester II.'),
(134, 5, 319, 'Ananda Askar Muhammad Yafi sudah baik dalam pembelajaran P5 di semester I ini. Perhatikan lingkungan sekolahmu, temanmu, dan guru yang setiap hari ada untukmu. Bergaullah dengan mereka, jangan hanya belajar, dan menutup diri. Tetap semangat dan tingkatkan lagi di semester II.'),
(135, 5, 320, 'Ananda Attila Nino Alfarizie sudah sangat baik dalam pembelajaran P5 di semester I ini. Tetap semangat dan tingkatkan lagi di semester II.'),
(136, 5, 321, 'Ananda Ayudya Kinanty Gahari A. sudah sangat baik dalam pembelajaran P5 di semester I ini. Tetap semangat dan tingkatkan lagi di semester II.'),
(137, 5, 322, 'Ananda Bilqis Aqilla Afandi sudah sangat baik dalam pembelajaran P5 di semester I ini. Tetap semangat dan tingkatkan lagi di semester II.'),
(138, 5, 323, 'Ananda Cahaya Kumalasari sudah sangat baik dalam pembelajaran P5 di semester I ini. Tetap semangat dan tingkatkan lagi di semester II.'),
(139, 5, 324, 'Ananda Dimas Candra Ariza sudah baik dalam pembelajaran P5 di semester I ini. Perhatikan lingkungan sekolahmu, temanmu, dan guru yang setiap hari ada untukmu. Bergaullah dengan mereka, jangan hanya belajar, dan menutup diri. Tetap semangat dan tingkatkan lagi di semester II.'),
(140, 5, 325, 'Ananda Earline Khayla Maritza sudah sangat baik dalam pembelajaran P5 di semester I ini. Tetap semangat dan tingkatkan lagi di semester II.'),
(141, 5, 326, 'Ananda Galank Rizky Firmansyah kurang cukup baik dalam pembelajaran P5 di semester I ini. Masih harus banyak berlatih sambil belajar berdiskusi supaya lebih fokus dan mudah dalam memahami materi P5. Tetap semangat dan tingkatkan lagi di semester II.'),
(142, 5, 327, 'Ananda Gilang Labib Al Ghozy kurang cukup baik dalam pembelajaran P5 di semester I ini. Masih harus banyak berlatih sambil belajar berdiskusi supaya lebih fokus dan mudah dalam memahami materi P5. Tetap semangat dan tingkatkan lagi di semester II.'),
(143, 5, 328, 'Ananda Gita Askia sudah sangat baik dalam pembelajaran P5 di semester I ini. Tetap semangat dan tingkatkan lagi di semester II.'),
(144, 5, 329, 'Ananda Hafizh Aisy Rohman sudah baik dalam pembelajaran P5 di semester I ini. Perhatikan lingkungan sekolahmu, temanmu, dan guru yang setiap hari ada untukmu. Bergaullah dengan mereka, jangan hanya belajar, dan menutup diri. Tetap semangat dan tingkatkan lagi di semester II.'),
(145, 5, 330, 'Ananda Isma Yoga Pratama sudah baik dalam pembelajaran P5 di semester I ini. Perhatikan lingkungan sekolahmu, temanmu, dan guru yang setiap hari ada untukmu. Bergaullah dengan mereka, jangan hanya belajar, dan menutup diri. Tetap semangat dan tingkatkan lagi di semester II.'),
(146, 5, 331, 'Ananda Maharani Ade Bunga Lestari sudah sangat baik dalam pembelajaran P5 di semester I ini. Tetap semangat dan tingkatkan lagi di semester II.'),
(147, 5, 332, 'Ananda Majreha Najikha El Royyani sudah baik dalam pembelajaran P5 di semester I ini. Perhatikan lingkungan sekolahmu, temanmu, dan guru yang setiap hari ada untukmu. Bergaullah dengan mereka, jangan hanya belajar, dan menutup diri. Tetap semangat dan tingkatkan lagi di semester II.'),
(148, 5, 333, 'Ananda Maria Shofiana Putri sudah baik dalam pembelajaran P5 di semester I ini. Perhatikan lingkungan sekolahmu, temanmu, dan guru yang setiap hari ada untukmu. Bergaullah dengan mereka, jangan hanya belajar, dan menutup diri. Tetap semangat dan tingkatkan lagi di semester II.'),
(149, 5, 334, 'Ananda Marvel Rizkyan Putra sudah baik dalam pembelajaran P5 di semester I ini. Perhatikan lingkungan sekolahmu, temanmu, dan guru yang setiap hari ada untukmu. Bergaullah dengan mereka, jangan hanya belajar, dan menutup diri. Tetap semangat dan tingkatkan lagi di semester II.'),
(150, 5, 335, 'Ananda Melvin Arya Hardana kurang cukup baik dalam pembelajaran P5 di semester I ini. Masih harus banyak berlatih sambil belajar berdiskusi supaya lebih fokus dan mudah dalam memahami materi P5. Tetap semangat dan tingkatkan lagi di semester II.'),
(151, 5, 336, 'Ananda Meysya Pengestika sudah sangat baik dalam pembelajaran P5 di semester I ini. Tetap semangat dan tingkatkan lagi di semester II.'),
(152, 5, 337, 'Ananda M. Sulthan Azicka Putra kurang cukup baik dalam pembelajaran P5 di semester I ini. Masih harus banyak berlatih sambil belajar berdiskusi supaya lebih fokus dan mudah dalam memahami materi P5. Tetap semangat dan tingkatkan lagi di semester II.'),
(153, 5, 338, 'Ananda Nafisa A\'yunina sudah sangat baik dalam pembelajaran P5 di semester I ini. Tetap semangat dan tingkatkan lagi di semester II.'),
(154, 5, 339, 'Ananda Nais Ulum Maysyaroh sudah baik dalam pembelajaran P5 di semester I ini. Perhatikan lingkungan sekolahmu, temanmu, dan guru yang setiap hari ada untukmu. Bergaullah dengan mereka, jangan hanya belajar, dan menutup diri. Tetap semangat dan tingkatkan lagi di semester II.'),
(155, 5, 340, 'Ananda Noviola Amalia Nur Hasya sudah sangat baik dalam pembelajaran P5 di semester I ini. Tetap semangat dan tingkatkan lagi di semester II.'),
(156, 5, 341, 'Ananda Rendra Puji Pangestu sudah sangat baik dalam pembelajaran P5 di semester I ini. Tetap semangat dan tingkatkan lagi di semester II.'),
(157, 5, 342, 'Ananda Rezky Dwi Putra Wasunda sudah sangat baik dalam pembelajaran P5 di semester I ini. Tetap semangat dan tingkatkan lagi di semester II.'),
(158, 5, 343, 'Ananda Rosa Kaina Nafisa sudah sangat baik dalam pembelajaran P5 di semester I ini. Tetap semangat dan tingkatkan lagi di semester II.'),
(159, 5, 344, 'Ananda Salsabila Putri Majidah sudah sangat baik dalam pembelajaran P5 di semester I ini. Tetap semangat dan tingkatkan lagi di semester II.'),
(160, 5, 345, 'Ananda Salsabila Renita Putri Afrani sudah sangat baik dalam pembelajaran P5 di semester I ini. Tetap semangat dan tingkatkan lagi di semester II.'),
(161, 5, 346, 'Ananda Siti Zahra Salsa Bila sudah sangat baik dalam pembelajaran P5 di semester I ini. Tetap semangat dan tingkatkan lagi di semester II.'),
(162, 5, 347, 'Ananda Syaifanah Rafifah sudah sangat baik dalam pembelajaran P5 di semester I ini. Tetap semangat dan tingkatkan lagi di semester II.'),
(163, 6, 351, 'Ananda Astidiansyah sudah sangat baik dalam pembelajaran P5 di semester I ini. Tetap semangat dan tingkatkan lagi di semester II.'),
(164, 6, 348, 'Ananda Ahmad Ayub Jabbar Kurniawan kurang cukup baik dalam pembelajaran P5 di semester I ini. Masih harus banyak berlatih sambil belajar berdiskusi supaya lebih fokus dan mudah dalam memahami materi P5. Tetap semangat dan tingkatkan lagi di semester II.'),
(165, 6, 364, 'Ananda Moh Moat Al Faridzi sudah baik dalam pembelajaran P5 di semester I ini. Perhatikan lingkungan sekolahmu, temanmu, dan guru yang setiap hari ada untukmu. Bergaullah dengan mereka, jangan hanya belajar, dan menutup diri. Tetap semangat dan tingkatkan lagi di semester II.'),
(166, 6, 349, 'Ananda Aqilah Aisyah Rani sudah sangat baik dalam pembelajaran P5 di semester I ini. Tetap semangat dan tingkatkan lagi di semester II.'),
(167, 6, 350, 'Ananda Arkanza Syaidan Ibrahim sudah sangat baik dalam pembelajaran P5 di semester I ini. Tetap semangat dan tingkatkan lagi di semester II.'),
(168, 6, 352, 'Ananda Azka Aldrie Putra Salfiansyah sudah sangat baik dalam pembelajaran P5 di semester I ini. Tetap semangat dan tingkatkan lagi di semester II.');
INSERT INTO `p_catatan` (`catatan_id`, `proyek_id`, `siswa_id`, `catatan_detail`) VALUES
(169, 6, 353, 'Ananda Azka Ghaisan Muammar Wahyudi kurang cukup baik dalam pembelajaran P5 di semester I ini. Masih harus banyak berlatih sambil belajar berdiskusi supaya lebih fokus dan mudah dalam memahami materi P5. Tetap semangat dan tingkatkan lagi di semester II.'),
(170, 6, 354, 'Ananda Badriyah sudah sangat baik dalam pembelajaran P5 di semester I ini. Tetap semangat dan tingkatkan lagi di semester II.'),
(171, 6, 355, 'Ananda Dimas Arya Pratama kurang cukup baik dalam pembelajaran P5 di semester I ini. Masih harus banyak berlatih sambil belajar berdiskusi supaya lebih fokus dan mudah dalam memahami materi P5. Tetap semangat dan tingkatkan lagi di semester II.'),
(172, 6, 356, 'Ananda Eka Zhahra Maiyindira sudah sangat baik dalam pembelajaran P5 di semester I ini. Tetap semangat dan tingkatkan lagi di semester II.'),
(173, 6, 357, 'Ananda Fira Salsabila sudah sangat baik dalam pembelajaran P5 di semester I ini. Tetap semangat dan tingkatkan lagi di semester II.'),
(174, 6, 358, 'Ananda Firly Tri Afandi sudah sangat baik dalam pembelajaran P5 di semester I ini. Tetap semangat dan tingkatkan lagi di semester II.'),
(175, 6, 359, 'Ananda Hafizh Maulana sudah sangat baik dalam pembelajaran P5 di semester I ini. Tetap semangat dan tingkatkan lagi di semester II.'),
(176, 6, 360, 'Ananda Keysha Zian Azzahro sudah sangat baik dalam pembelajaran P5 di semester I ini. Tetap semangat dan tingkatkan lagi di semester II.'),
(177, 6, 361, 'Ananda Khairuni Syahwan Nikma sudah sangat baik dalam pembelajaran P5 di semester I ini. Tetap semangat dan tingkatkan lagi di semester II.'),
(178, 6, 362, 'Ananda Kurrotul Faiziyah sudah sangat baik dalam pembelajaran P5 di semester I ini. Tetap semangat dan tingkatkan lagi di semester II.'),
(179, 6, 363, 'Ananda Marwah Kirana Anggraini sudah sangat baik dalam pembelajaran P5 di semester I ini. Tetap semangat dan tingkatkan lagi di semester II.'),
(180, 6, 365, 'Ananda M. Fadlan Tegar Saputra kurang cukup baik dalam pembelajaran P5 di semester I ini. Masih harus banyak berlatih sambil belajar berdiskusi supaya lebih fokus dan mudah dalam memahami materi P5. Tetap semangat dan tingkatkan lagi di semester II.'),
(181, 6, 366, 'Ananda M. Saif Afandy kurang cukup baik dalam pembelajaran P5 di semester I ini. Masih harus banyak berlatih sambil belajar berdiskusi supaya lebih fokus dan mudah dalam memahami materi P5. Tetap semangat dan tingkatkan lagi di semester II.'),
(182, 6, 367, 'Ananda Nadin Ayu Pertiwi sudah sangat baik dalam pembelajaran P5 di semester I ini. Tetap semangat dan tingkatkan lagi di semester II.'),
(183, 6, 368, 'Ananda Natasya Febriyani sudah sangat baik dalam pembelajaran P5 di semester I ini. Tetap semangat dan tingkatkan lagi di semester II.'),
(184, 6, 369, 'Ananda Nazar Ilham Alfirdaus kurang cukup baik dalam pembelajaran P5 di semester I ini. Masih harus banyak berlatih sambil belajar berdiskusi supaya lebih fokus dan mudah dalam memahami materi P5. Tetap semangat dan tingkatkan lagi di semester II.'),
(185, 6, 370, 'Ananda Nuh Mashadi sudah sangat baik dalam pembelajaran P5 di semester I ini. Tetap semangat dan tingkatkan lagi di semester II.'),
(186, 6, 371, 'Ananda Nur Zahra Alya Salsabila sudah sangat baik dalam pembelajaran P5 di semester I ini. Tetap semangat dan tingkatkan lagi di semester II.'),
(187, 6, 372, 'Ananda Rafael Warendra Firmansyah kurang cukup baik dalam pembelajaran P5 di semester I ini. Masih harus banyak berlatih sambil belajar berdiskusi supaya lebih fokus dan mudah dalam memahami materi P5. Tetap semangat dan tingkatkan lagi di semester II.'),
(188, 6, 373, 'Ananda Rahma Ayu Dewi sudah sangat baik dalam pembelajaran P5 di semester I ini. Tetap semangat dan tingkatkan lagi di semester II.'),
(189, 6, 374, 'Ananda Shiva Chandranita Qabilla sudah sangat baik dalam pembelajaran P5 di semester I ini. Tetap semangat dan tingkatkan lagi di semester II.'),
(190, 6, 375, 'Ananda Widiya Kenanga sudah sangat baik dalam pembelajaran P5 di semester I ini. Tetap semangat dan tingkatkan lagi di semester II.'),
(191, 6, 376, 'Ananda Zaskia Nuril Aini sudah sangat baik dalam pembelajaran P5 di semester I ini. Tetap semangat dan tingkatkan lagi di semester II.'),
(192, 6, 377, 'Ananda Zian Farodis sudah baik dalam pembelajaran P5 di semester I ini. Perhatikan lingkungan sekolahmu, temanmu, dan guru yang setiap hari ada untukmu. Bergaullah dengan mereka, jangan hanya belajar, dan menutup diri. Tetap semangat dan tingkatkan lagi di semester II.'),
(193, 7, 280, 'Ananda Alfiatus Sholihah sudah sangat baik dalam pembelajaran P5 di semester II ini. Tetap semangat dan tingkatkan lagi di KELAS VIII.'),
(194, 7, 281, 'Ananda Allana Hasya Bii sudah sangat baik dalam pembelajaran P5 di semester II ini. Tetap semangat dan tingkatkan lagi di KELAS VIII.'),
(195, 7, 282, 'Ananda Annisa Dwi Jayanti sudah sangat baik dalam pembelajaran P5 di semester II ini. Tetap semangat dan tingkatkan lagi di KELAS VIII.'),
(196, 7, 283, 'Ananda Aprilia Jihan Aqila sudah sangat baik dalam pembelajaran P5 di semester II ini. Tetap semangat dan tingkatkan lagi di KELAS VIII.'),
(197, 7, 284, 'Ananda Arzia Myiesha Putridilia sudah sangat baik dalam pembelajaran P5 di semester II ini. Tetap semangat dan tingkatkan lagi di KELAS VIII.'),
(198, 7, 285, 'Ananda Aulia Ramadhani sudah sangat baik dalam pembelajaran P5 di semester II ini. Tetap semangat dan tingkatkan lagi di KELAS VIII.'),
(199, 7, 286, 'Ananda Auliana Syadiah sudah sangat baik dalam pembelajaran P5 di semester II ini. Tetap semangat dan tingkatkan lagi di KELAS VIII.'),
(200, 7, 287, 'Ananda Azzam Teguh Al Ashrof sudah sangat baik dalam pembelajaran P5 di semester II ini. Tetap semangat dan tingkatkan lagi di KELAS VIII.'),
(201, 7, 288, 'Ananda Fabian Yusuf Heriyanto sudah sangat baik dalam pembelajaran P5 di semester II ini. Tetap semangat dan tingkatkan lagi di KELAS VIII.'),
(202, 7, 289, 'Ananda Fadhil Rama Hermawan sudah sangat baik dalam pembelajaran P5 di semester II ini. Tetap semangat dan tingkatkan lagi di KELAS VIII.'),
(203, 7, 290, 'Ananda Hafshah Zahra Almeta Subagiyo sudah sangat baik dalam pembelajaran P5 di semester II ini. Tetap semangat dan tingkatkan lagi di KELAS VIII.'),
(204, 7, 291, 'Ananda Justin Anthony Wijaya sudah sangat baik dalam pembelajaran P5 di semester II ini. Tetap semangat dan tingkatkan lagi di KELAS VIII.'),
(205, 7, 292, 'Ananda Kanaya Salwa Azahra sudah sangat baik dalam pembelajaran P5 di semester II ini. Tetap semangat dan tingkatkan lagi di KELAS VIII.'),
(206, 7, 293, 'Ananda Khaansaa Raabihah Arza Istiqomah sudah sangat baik dalam pembelajaran P5 di semester II ini. Tetap semangat dan tingkatkan lagi di KELAS VIII.'),
(207, 7, 294, 'Ananda Khaira Talita Rumi sudah sangat baik dalam pembelajaran P5 di semester II ini. Tetap semangat dan tingkatkan lagi di KELAS VIII.'),
(208, 7, 295, 'Ananda Maryam Kyla Alexandria sudah sangat baik dalam pembelajaran P5 di semester II ini. Tetap semangat dan tingkatkan lagi di KELAS VIII.'),
(209, 7, 296, 'Ananda Mohammad Dion Mickail Alfhonzy sudah sangat baik dalam pembelajaran P5 di semester II ini. Tetap semangat dan tingkatkan lagi di KELAS VIII.'),
(210, 7, 297, 'Ananda Muhammad Aditya sudah sangat baik dalam pembelajaran P5 di semester II ini. Tetap semangat dan tingkatkan lagi di KELAS VIII.'),
(211, 7, 298, 'Ananda Muhammad Faris Sahin sudah sangat baik dalam pembelajaran P5 di semester II ini. Tetap semangat dan tingkatkan lagi di KELAS VIII.'),
(212, 7, 299, 'Ananda Muhammad Iqbal Muzaki sudah sangat baik dalam pembelajaran P5 di semester II ini. Tetap semangat dan tingkatkan lagi di KELAS VIII.'),
(213, 7, 300, 'Ananda Muhammad Nizam Al-Ghifari Raynar sudah sangat baik dalam pembelajaran P5 di semester II ini. Tetap semangat dan tingkatkan lagi di KELAS VIII.'),
(214, 7, 301, 'Ananda Naufal Ariq Baihaqi sudah sangat baik dalam pembelajaran P5 di semester II ini. Tetap semangat dan tingkatkan lagi di KELAS VIII.'),
(215, 7, 302, 'Ananda Navara Putri Muawwanah sudah sangat baik dalam pembelajaran P5 di semester II ini. Tetap semangat dan tingkatkan lagi di KELAS VIII.'),
(216, 7, 303, 'Ananda Patricia Nayla Indah Pratiwi sudah sangat baik dalam pembelajaran P5 di semester II ini. Tetap semangat dan tingkatkan lagi di KELAS VIII.'),
(217, 7, 304, 'Ananda Puti Salsabila Zaskia sudah sangat baik dalam pembelajaran P5 di semester II ini. Tetap semangat dan tingkatkan lagi di KELAS VIII.'),
(218, 7, 305, 'Ananda Rafa Adila Purwoko sudah sangat baik dalam pembelajaran P5 di semester II ini. Tetap semangat dan tingkatkan lagi di KELAS VIII.'),
(219, 7, 306, 'Ananda Rahil Faizah Putri Zamzami sudah sangat baik dalam pembelajaran P5 di semester II ini. Tetap semangat dan tingkatkan lagi di KELAS VIII.'),
(220, 7, 307, 'Ananda Rizkia Kana Honiyya sudah sangat baik dalam pembelajaran P5 di semester II ini. Tetap semangat dan tingkatkan lagi di KELAS VIII.'),
(221, 7, 308, 'Ananda Satria Alvaro Parama Putra sudah sangat baik dalam pembelajaran P5 di semester II ini. Tetap semangat dan tingkatkan lagi di KELAS VIII.'),
(222, 7, 309, 'Ananda Satya Wiguna Rahardian sudah sangat baik dalam pembelajaran P5 di semester II ini. Tetap semangat dan tingkatkan lagi di KELAS VIII.'),
(223, 7, 310, 'Ananda Valent Wafi Febriansyah sudah sangat baik dalam pembelajaran P5 di semester II ini. Tetap semangat dan tingkatkan lagi di KELAS VIII.'),
(224, 7, 311, 'Ananda Yasmin Hafizhah Zahrah sudah sangat baik dalam pembelajaran P5 di semester II ini. Tetap semangat dan tingkatkan lagi di KELAS VIII.'),
(225, 7, 312, 'Ananda Zerlina Renata Tertia sudah sangat baik dalam pembelajaran P5 di semester II ini. Tetap semangat dan tingkatkan lagi di KELAS VIII.'),
(226, 8, 280, 'Ananda Alfiatus Sholihah sudah sangat baik dalam pembelajaran P5 di semester II ini. Tetap semangat dan tingkatkan lagi di KELAS VIII.'),
(227, 8, 281, 'Ananda Allana Hasya Bii sudah sangat baik dalam pembelajaran P5 di semester II ini. Tetap semangat dan tingkatkan lagi di KELAS VIII.'),
(228, 8, 282, 'Ananda Annisa Dwi Jayanti sudah sangat baik dalam pembelajaran P5 di semester II ini. Tetap semangat dan tingkatkan lagi di KELAS VIII.'),
(229, 8, 283, 'Ananda Aprilia Jihan Aqila sudah sangat baik dalam pembelajaran P5 di semester II ini. Tetap semangat dan tingkatkan lagi di KELAS VIII.'),
(230, 8, 284, 'Ananda Arzia Myiesha Putridilia sudah sangat baik dalam pembelajaran P5 di semester II ini. Tetap semangat dan tingkatkan lagi di KELAS VIII.'),
(231, 8, 285, 'Ananda Aulia Ramadhani sudah sangat baik dalam pembelajaran P5 di semester II ini. Tetap semangat dan tingkatkan lagi di KELAS VIII.'),
(232, 8, 286, 'Ananda Auliana Syadiah sudah sangat baik dalam pembelajaran P5 di semester II ini. Tetap semangat dan tingkatkan lagi di KELAS VIII.'),
(233, 8, 287, 'Ananda Azzam Teguh Al Ashrof sudah sangat baik dalam pembelajaran P5 di semester II ini. Tetap semangat dan tingkatkan lagi di KELAS VIII.'),
(234, 8, 288, 'Ananda Fabian Yusuf Heriyanto sudah sangat baik dalam pembelajaran P5 di semester II ini. Tetap semangat dan tingkatkan lagi di KELAS VIII.'),
(235, 8, 289, 'Ananda Fadhil Rama Hermawan sudah sangat baik dalam pembelajaran P5 di semester II ini. Tetap semangat dan tingkatkan lagi di KELAS VIII.'),
(236, 8, 290, 'Ananda Hafshah Zahra Almeta Subagiyo sudah sangat baik dalam pembelajaran P5 di semester II ini. Tetap semangat dan tingkatkan lagi di KELAS VIII.'),
(237, 8, 291, 'Ananda Justin Anthony Wijaya sudah sangat baik dalam pembelajaran P5 di semester II ini. Tetap semangat dan tingkatkan lagi di KELAS VIII.'),
(238, 8, 292, 'Ananda Kanaya Salwa Azahra sudah sangat baik dalam pembelajaran P5 di semester II ini. Tetap semangat dan tingkatkan lagi di KELAS VIII.'),
(239, 8, 293, 'Ananda Khaansaa Raabihah Arza Istiqomah sudah sangat baik dalam pembelajaran P5 di semester II ini. Tetap semangat dan tingkatkan lagi di KELAS VIII.'),
(240, 8, 294, 'Ananda Khaira Talita Rumi sudah sangat baik dalam pembelajaran P5 di semester II ini. Tetap semangat dan tingkatkan lagi di KELAS VIII.'),
(241, 8, 295, 'Ananda Maryam Kyla Alexandria sudah sangat baik dalam pembelajaran P5 di semester II ini. Tetap semangat dan tingkatkan lagi di KELAS VIII.'),
(242, 8, 296, 'Ananda Mohammad  Dion Mickail Alfhonzy sudah sangat baik dalam pembelajaran P5 di semester II ini. Tetap semangat dan tingkatkan lagi di KELAS VIII.'),
(243, 8, 297, 'AnandaMuhammad Aditya sudah sangat baik dalam pembelajaran P5 di semester II ini. Tetap semangat dan tingkatkan lagi di KELAS VIII.'),
(244, 8, 298, 'Ananda Muhammad Faris Sahin sudah sangat baik dalam pembelajaran P5 di semester II ini. Tetap semangat dan tingkatkan lagi di KELAS VIII.'),
(245, 8, 299, 'Ananda Muhammad Iqbal Muzaki sudah sangat baik dalam pembelajaran P5 di semester II ini. Tetap semangat dan tingkatkan lagi di KELAS VIII.'),
(246, 8, 300, 'Ananda Muhammad Nizam Al-Ghifari Raynar sudah sangat baik dalam pembelajaran P5 di semester II ini. Tetap semangat dan tingkatkan lagi di KELAS VIII.'),
(247, 8, 301, 'Ananda Naufal Ariq Baihaqi sudah sangat baik dalam pembelajaran P5 di semester II ini. Tetap semangat dan tingkatkan lagi di KELAS VIII.'),
(248, 8, 302, 'Ananda Navara Putri Muawwanah sudah sangat baik dalam pembelajaran P5 di semester II ini. Tetap semangat dan tingkatkan lagi di KELAS VIII.'),
(249, 8, 303, 'Ananda Patricia Nayla Indah Pratiwi sudah sangat baik dalam pembelajaran P5 di semester II ini. Tetap semangat dan tingkatkan lagi di KELAS VIII.'),
(250, 8, 304, 'Ananda Putri Salsabila Zaskia sudah sangat baik dalam pembelajaran P5 di semester II ini. Tetap semangat dan tingkatkan lagi di KELAS VIII.'),
(251, 8, 305, 'Ananda Rafa Adila Purwoko sudah sangat baik dalam pembelajaran P5 di semester II ini. Tetap semangat dan tingkatkan lagi di KELAS VIII.'),
(252, 8, 306, 'Ananda Rahil Faizah Putri Zamzami sudah sangat baik dalam pembelajaran P5 di semester II ini. Tetap semangat dan tingkatkan lagi di KELAS VIII.'),
(253, 8, 307, 'Ananda Rizkia Kana Honiyya sudah sangat baik dalam pembelajaran P5 di semester II ini. Tetap semangat dan tingkatkan lagi di KELAS VIII.'),
(254, 8, 308, 'Ananda Satria Alvaro Parama Putra sudah sangat baik dalam pembelajaran P5 di semester II ini. Tetap semangat dan tingkatkan lagi di KELAS VIII.'),
(255, 8, 309, 'Ananda Satya Wiguna Rahardian sudah sangat baik dalam pembelajaran P5 di semester II ini. Tetap semangat dan tingkatkan lagi di KELAS VIII.'),
(256, 8, 310, 'Ananda Valent Wafi Febriansyah sudah sangat baik dalam pembelajaran P5 di semester II ini. Tetap semangat dan tingkatkan lagi di KELAS VIII.'),
(257, 8, 311, 'Ananda Yasmin Hafizhah Zahrah sudah sangat baik dalam pembelajaran P5 di semester II ini. Tetap semangat dan tingkatkan lagi di KELAS VIII.'),
(258, 8, 312, 'Ananda Zerlina Renata Tertia sudah sangat baik dalam pembelajaran P5 di semester II ini. Tetap semangat dan tingkatkan lagi di KELAS VIII.'),
(259, 9, 313, 'Ananda Aditya Firmansyah sudah sangat baik dalam pembelajaran P5 di semester II ini. Tetap semangat dan tingkatkan lagi di kelas VIII.'),
(260, 9, 314, 'Ananda Aditya Naufal Mustaqim sudah sangat baik dalam pembelajaran P5 di semester II ini. Tetap semangat dan tingkatkan lagi di kelas VIII.'),
(261, 9, 315, 'Ananda Afifa Sicil Zerkania sudah sangat baik dalam pembelajaran P5 di semester II ini. Tetap semangat dan tingkatkan lagi di kelas VIII.'),
(262, 9, 316, 'Ananda Aliefa Auliya Jasmine sudah sangat baik dalam pembelajaran P5 di semester II ini. Tetap semangat dan tingkatkan lagi di kelas VIII.'),
(263, 9, 317, 'Ananda Alodia Hasna Jelita sudah sangat baik dalam pembelajaran P5 di semester II ini. Tetap semangat dan tingkatkan lagi di kelas VIII.'),
(264, 9, 318, 'Ananda Anggara Saputra Faris sudah sangat baik dalam pembelajaran P5 di semester II ini. Tetap semangat dan tingkatkan lagi di kelas VIII.'),
(265, 9, 319, 'Ananda Askar Muhammad Yafi sudah sangat baik dalam pembelajaran P5 di semester II ini. Tetap semangat dan tingkatkan lagi di kelas VIII.'),
(266, 9, 320, 'Ananda Attila Nino Alfarizie sudah sangat baik dalam pembelajaran P5 di semester II ini. Tetap semangat dan tingkatkan lagi di kelas VIII.'),
(267, 9, 321, 'Ananda Ayudya Kinanty Gahari Amaradja sudah sangat baik dalam pembelajaran P5 di semester II ini. Tetap semangat dan tingkatkan lagi di kelas VIII.'),
(268, 9, 322, 'Ananda Bilqis Aqilla Afandi sudah sangat baik dalam pembelajaran P5 di semester II ini. Tetap semangat dan tingkatkan lagi di kelas VIII.'),
(269, 9, 323, 'Ananda Cahaya Kumalasari sudah sangat baik dalam pembelajaran P5 di semester II ini. Tetap semangat dan tingkatkan lagi di kelas VIII.'),
(270, 9, 324, 'Ananda Dimas Candra Ariza sudah sangat baik dalam pembelajaran P5 di semester II ini. Tetap semangat dan tingkatkan lagi di kelas VIII.'),
(271, 9, 325, 'Ananda Earline Khayla Maritza sudah sangat baik dalam pembelajaran P5 di semester II ini. Tetap semangat dan tingkatkan lagi di kelas VIII.'),
(272, 9, 326, 'Ananda Galank Rizky Firmansyah sudah sangat baik dalam pembelajaran P5 di semester II ini. Tetap semangat dan tingkatkan lagi di kelas VIII.'),
(273, 9, 327, 'Ananda Gilang Labib Al Ghozy sudah sangat baik dalam pembelajaran P5 di semester II ini. Tetap semangat dan tingkatkan lagi di kelas VIII.'),
(274, 9, 328, 'Ananda Gita Askia sudah sangat baik dalam pembelajaran P5 di semester II ini. Tetap semangat dan tingkatkan lagi di kelas VIII.'),
(275, 9, 329, 'Ananda Hafizh Aisy Rohman sudah sangat baik dalam pembelajaran P5 di semester II ini. Tetap semangat dan tingkatkan lagi di kelas VIII.'),
(276, 9, 330, 'Ananda Isma Yoga Pratama sudah sangat baik dalam pembelajaran P5 di semester II ini. Tetap semangat dan tingkatkan lagi di kelas VIII.'),
(277, 9, 331, 'Ananda Maharani Ade Bunga Lestari sudah sangat baik dalam pembelajaran P5 di semester II ini. Tetap semangat dan tingkatkan lagi di kelas VIII.'),
(278, 9, 332, 'Ananda Majreha Najikha El Royyani sudah sangat baik dalam pembelajaran P5 di semester II ini. Tetap semangat dan tingkatkan lagi di kelas VIII.'),
(279, 9, 333, 'Ananda Maria Shofiana Putri sudah sangat baik dalam pembelajaran P5 di semester II ini. Tetap semangat dan tingkatkan lagi di kelas VIII.'),
(280, 9, 334, 'Ananda Marvel Rizkyan Putra sudah sangat baik dalam pembelajaran P5 di semester II ini. Tetap semangat dan tingkatkan lagi di kelas VIII.'),
(281, 9, 335, 'Ananda Melvin Arya Hardana sudah sangat baik dalam pembelajaran P5 di semester II ini. Tetap semangat dan tingkatkan lagi di kelas VIII.'),
(282, 9, 336, 'Ananda Meysya Pengestika sudah sangat baik dalam pembelajaran P5 di semester II ini. Tetap semangat dan tingkatkan lagi di kelas VIII.'),
(283, 9, 337, 'Ananda Muhammad Sulthan Azicka Putra sudah sangat baik dalam pembelajaran P5 di semester II ini. Tetap semangat dan tingkatkan lagi di kelas VIII.'),
(284, 9, 338, 'Ananda Nafisa A\'yunina sudah sangat baik dalam pembelajaran P5 di semester II ini. Tetap semangat dan tingkatkan lagi di kelas VIII.'),
(285, 9, 339, 'Ananda Nais Ulum Maysyaroh sudah sangat baik dalam pembelajaran P5 di semester II ini. Tetap semangat dan tingkatkan lagi di kelas VIII.'),
(286, 9, 340, 'Ananda Noviola Amalia Nur Hasya sudah sangat baik dalam pembelajaran P5 di semester II ini. Tetap semangat dan tingkatkan lagi di kelas VIII.'),
(287, 9, 341, 'Ananda Rendra Puji Pangestu sudah sangat baik dalam pembelajaran P5 di semester II ini. Tetap semangat dan tingkatkan lagi di kelas VIII.'),
(288, 9, 342, 'Ananda Rezky Dwi Putra Wasunda sudah sangat baik dalam pembelajaran P5 di semester II ini. Tetap semangat dan tingkatkan lagi di kelas VIII.'),
(289, 9, 343, 'Ananda Rosa Kaina Nafisa sudah sangat baik dalam pembelajaran P5 di semester II ini. Tetap semangat dan tingkatkan lagi di kelas VIII.'),
(290, 9, 344, 'Ananda Salsabila Putri Majidah sudah sangat baik dalam pembelajaran P5 di semester II ini. Tetap semangat dan tingkatkan lagi di kelas VIII.'),
(291, 9, 345, 'Ananda Salsabila Renita Putri Afrani sudah sangat baik dalam pembelajaran P5 di semester II ini. Tetap semangat dan tingkatkan lagi di kelas VIII.'),
(292, 9, 346, 'Ananda Siti Zahra Salsa Bila sudah sangat baik dalam pembelajaran P5 di semester II ini. Tetap semangat dan tingkatkan lagi di kelas VIII.'),
(293, 9, 347, 'Ananda Syaifanah Rafifah sudah sangat baik dalam pembelajaran P5 di semester II ini. Tetap semangat dan tingkatkan lagi di kelas VIII.'),
(294, 10, 313, 'Ananda Aditya Firmansyah sudah sangat baik dalam pembelajaran P5 di semester II ini. Tetap semangat dan tingkatkan lagi di kelas VIII.'),
(295, 10, 314, 'Ananda Aditya Naufal Mustaqim sudah sangat baik dalam pembelajaran P5 di semester II ini. Tetap semangat dan tingkatkan lagi di kelas VIII.'),
(296, 10, 315, 'Ananda Afifa Sivil Zerkania sudah sangat baik dalam pembelajaran P5 di semester II ini. Tetap semangat dan tingkatkan lagi di kelas VIII.'),
(297, 10, 316, 'Ananda Aliefa Auliya Jasmine sudah sangat baik dalam pembelajaran P5 di semester II ini. Tetap semangat dan tingkatkan lagi di kelas VIII.'),
(298, 10, 317, 'Ananda Alodia Hasna Jelita sudah sangat baik dalam pembelajaran P5 di semester II ini. Tetap semangat dan tingkatkan lagi di kelas VIII.'),
(299, 10, 318, 'Ananda Anggara Saputra Faris sudah sangat baik dalam pembelajaran P5 di semester II ini. Tetap semangat dan tingkatkan lagi di kelas VIII.'),
(300, 10, 319, 'Ananda Askar Muhammad Yafi sudah sangat baik dalam pembelajaran P5 di semester II ini. Tetap semangat dan tingkatkan lagi di kelas VIII.'),
(301, 10, 320, 'Ananda Attila Nino Alfarizie sudah sangat baik dalam pembelajaran P5 di semester II ini. Tetap semangat dan tingkatkan lagi di kelas VIII.'),
(302, 10, 321, 'Ananda Ayudya Kinanty Gahari Amaradja sudah sangat baik dalam pembelajaran P5 di semester II ini. Tetap semangat dan tingkatkan lagi di kelas VIII.'),
(303, 10, 322, 'Ananda Bilqis Aqila Afandi sudah sangat baik dalam pembelajaran P5 di semester II ini. Tetap semangat dan tingkatkan lagi di kelas VIII.'),
(304, 10, 323, 'Ananda Cahaya Kumalasari sudah sangat baik dalam pembelajaran P5 di semester II ini. Tetap semangat dan tingkatkan lagi di kelas VIII.'),
(305, 10, 324, 'Ananda Dimas Candra Ariza sudah sangat baik dalam pembelajaran P5 di semester II ini. Tetap semangat dan tingkatkan lagi di kelas VIII.'),
(306, 10, 325, 'Ananda Earline Khayla Maritza sudah sangat baik dalam pembelajaran P5 di semester II ini. Tetap semangat dan tingkatkan lagi di kelas VIII.'),
(307, 10, 326, 'Ananda Galank Rizky Firmansyah sudah sangat baik dalam pembelajaran P5 di semester II ini. Tetap semangat dan tingkatkan lagi di kelas VIII.'),
(308, 10, 327, 'Ananda Gilang Labib Al Ghozy sudah sangat baik dalam pembelajaran P5 di semester II ini. Tetap semangat dan tingkatkan lagi di kelas VIII.'),
(309, 10, 328, 'Ananda Gita Askia sudah sangat baik dalam pembelajaran P5 di semester II ini. Tetap semangat dan tingkatkan lagi di kelas VIII.'),
(310, 10, 329, 'Ananda Hafizh Aisy Rohman sudah sangat baik dalam pembelajaran P5 di semester II ini. Tetap semangat dan tingkatkan lagi di kelas VIII.'),
(311, 10, 330, 'Ananda Isma Yoga Pratama sudah sangat baik dalam pembelajaran P5 di semester II ini. Tetap semangat dan tingkatkan lagi di kelas VIII.'),
(312, 10, 331, 'Ananda Maharani Ade Bunga Lestari sudah sangat baik dalam pembelajaran P5 di semester II ini. Tetap semangat dan tingkatkan lagi di kelas VIII.'),
(313, 10, 332, 'Ananda Majreha Najikha El Royyani sudah sangat baik dalam pembelajaran P5 di semester II ini. Tetap semangat dan tingkatkan lagi di kelas VIII.'),
(314, 10, 333, 'Ananda Maria Shofiana Putri sudah sangat baik dalam pembelajaran P5 di semester II ini. Tetap semangat dan tingkatkan lagi di kelas VIII.'),
(315, 10, 334, 'Ananda Marvel Rizkyan Putra sudah sangat baik dalam pembelajaran P5 di semester II ini. Tetap semangat dan tingkatkan lagi di kelas VIII.'),
(316, 10, 335, 'Ananda Melvin Arya Hardana sudah sangat baik dalam pembelajaran P5 di semester II ini. Tetap semangat dan tingkatkan lagi di kelas VIII.'),
(317, 10, 336, 'Ananda Meysya Pengestika sudah sangat baik dalam pembelajaran P5 di semester II ini. Tetap semangat dan tingkatkan lagi di kelas VIII.'),
(318, 10, 337, 'Ananda Muhammad Sulthan Azicka Putra sudah sangat baik dalam pembelajaran P5 di semester II ini. Tetap semangat dan tingkatkan lagi di kelas VIII.'),
(319, 10, 338, 'Ananda Nafisa A\'yunina sudah sangat baik dalam pembelajaran P5 di semester II ini. Tetap semangat dan tingkatkan lagi di kelas VIII.'),
(320, 10, 339, 'Ananda Nais Ulum Maysyaroh sudah sangat baik dalam pembelajaran P5 di semester II ini. Tetap semangat dan tingkatkan lagi di kelas VIII.'),
(321, 10, 340, 'Ananda Noviola Amalia Nur Hasya sudah sangat baik dalam pembelajaran P5 di semester II ini. Tetap semangat dan tingkatkan lagi di kelas VIII.'),
(322, 10, 341, 'Ananda Rendra Puji Pangestu sudah sangat baik dalam pembelajaran P5 di semester II ini. Tetap semangat dan tingkatkan lagi di kelas VIII.'),
(323, 10, 342, 'Ananda Rezky Dwi Putra Wasunda sudah sangat baik dalam pembelajaran P5 di semester II ini. Tetap semangat dan tingkatkan lagi di kelas VIII.'),
(324, 10, 343, 'Ananda Rosa Kaina Nafisa sudah sangat baik dalam pembelajaran P5 di semester II ini. Tetap semangat dan tingkatkan lagi di kelas VIII.'),
(325, 10, 344, 'Ananda Salsabila Putri Majidah sudah sangat baik dalam pembelajaran P5 di semester II ini. Tetap semangat dan tingkatkan lagi di kelas VIII.'),
(326, 10, 345, 'Ananda Salsabila Renita Putri Afrani sudah sangat baik dalam pembelajaran P5 di semester II ini. Tetap semangat dan tingkatkan lagi di kelas VIII.'),
(327, 10, 346, 'Ananda Siti Zahra Salsa Bila sudah sangat baik dalam pembelajaran P5 di semester II ini. Tetap semangat dan tingkatkan lagi di kelas VIII.'),
(328, 10, 347, 'Ananda Syaifanah Rafifah sudah sangat baik dalam pembelajaran P5 di semester II ini. Tetap semangat dan tingkatkan lagi di kelas VIII.'),
(329, 11, 348, 'Ananda Ahmad Ayub Jabbar Kurniawan sudah sangat baik dalam pembelajaran P5 di semester II ini. Tetap semangat dan tingkatkan lagi di kelas VIII.'),
(330, 11, 349, 'Ananda Aqilah Aisyah Rani sudah sangat baik dalam pembelajaran P5 di semester II ini. Tetap semangat dan tingkatkan lagi di kelas VIII.'),
(331, 11, 350, 'Ananda Arkanza Syaidan Ibrahim sudah sangat baik dalam pembelajaran P5 di semester II ini. Tetap semangat dan tingkatkan lagi di kelas VIII.'),
(332, 11, 351, 'Ananda Astidiansyah sudah sangat baik dalam pembelajaran P5 di semester II ini. Tetap semangat dan tingkatkan lagi di kelas VIII.'),
(333, 11, 352, 'Ananda Azka Aldrie Putra Salfiansyah sudah sangat baik dalam pembelajaran P5 di semester II ini. Tetap semangat dan tingkatkan lagi di kelas VIII.'),
(334, 11, 354, 'Ananda Badriyah sudah sangat baik dalam pembelajaran P5 di semester II ini. Tetap semangat dan tingkatkan lagi di kelas VIII.'),
(335, 11, 355, 'Ananda Dimas Arya Pratama sudah sangat baik dalam pembelajaran P5 di semester II ini. Tetap semangat dan tingkatkan lagi di kelas VIII.'),
(336, 11, 357, 'Ananda Fira Salsabila sudah sangat baik dalam pembelajaran P5 di semester II ini. Tetap semangat dan tingkatkan lagi di kelas VIII.'),
(337, 11, 358, 'Ananda Firli Tri Affandi sudah sangat baik dalam pembelajaran P5 di semester II ini. Tetap semangat dan tingkatkan lagi di kelas VIII.'),
(338, 11, 359, 'Ananda Hafizh Maulana sudah sangat baik dalam pembelajaran P5 di semester II ini. Tetap semangat dan tingkatkan lagi di kelas VIII.'),
(339, 11, 360, 'Ananda Keysha Zian Azzahro sudah sangat baik dalam pembelajaran P5 di semester II ini. Tetap semangat dan tingkatkan lagi di kelas VIII.'),
(340, 11, 361, 'Ananda Khairuni Syahwan Nikma sudah sangat baik dalam pembelajaran P5 di semester II ini. Tetap semangat dan tingkatkan lagi di kelas VIII.'),
(341, 11, 362, 'Ananda Kurrotul Faiziyah sudah sangat baik dalam pembelajaran P5 di semester II ini. Tetap semangat dan tingkatkan lagi di kelas VIII.'),
(342, 11, 363, 'Ananda Marwah Kirana Anggraini sudah sangat baik dalam pembelajaran P5 di semester II ini. Tetap semangat dan tingkatkan lagi di kelas VIII.'),
(343, 11, 3055640000380, 'Ananda Maulida Fabrean Nashivaa sudah sangat baik dalam pembelajaran P5 di semester II ini. Tetap semangat dan tingkatkan lagi di kelas VIII.'),
(344, 11, 3055640000381, 'Ananda Meysa Maya Salsabila sudah sangat baik dalam pembelajaran P5 di semester II ini. Tetap semangat dan tingkatkan lagi di kelas VIII.'),
(345, 11, 364, 'Ananda Moh Moat Al Faridzi sudah sangat baik dalam pembelajaran P5 di semester II ini. Tetap semangat dan tingkatkan lagi di kelas VIII.'),
(346, 11, 367, 'Ananda Nadin Ayu Pertiwi sudah sangat baik dalam pembelajaran P5 di semester II ini. Tetap semangat dan tingkatkan lagi di kelas VIII.'),
(347, 11, 368, 'Ananda Natasya Febriyani sudah sangat baik dalam pembelajaran P5 di semester II ini. Tetap semangat dan tingkatkan lagi di kelas VIII.'),
(348, 11, 369, 'Ananda Nazar Ilham Al-Firdaus sudah sangat baik dalam pembelajaran P5 di semester II ini. Tetap semangat dan tingkatkan lagi di kelas VIII.'),
(349, 11, 370, 'Ananda Nuh Mashadi sudah sangat baik dalam pembelajaran P5 di semester II ini. Tetap semangat dan tingkatkan lagi di kelas VIII.'),
(350, 11, 371, 'Ananda Nur Zahra Alya Salsabila sudah sangat baik dalam pembelajaran P5 di semester II ini. Tetap semangat dan tingkatkan lagi di kelas VIII.'),
(351, 11, 372, 'Ananda Rafael Warendra Firmansyah sudah sangat baik dalam pembelajaran P5 di semester II ini. Tetap semangat dan tingkatkan lagi di kelas VIII.'),
(352, 11, 373, 'Ananda Rahma Ayu Dewi sudah sangat baik dalam pembelajaran P5 di semester II ini. Tetap semangat dan tingkatkan lagi di kelas VIII.'),
(353, 11, 3055640000382, 'Ananda Rahma Ludfi Melia Ekza sudah sangat baik dalam pembelajaran P5 di semester II ini. Tetap semangat dan tingkatkan lagi di kelas VIII.'),
(354, 11, 3055640000379, 'Ananda Ridho Akbar Lutfi Febriansah sudah sangat baik dalam pembelajaran P5 di semester II ini. Tetap semangat dan tingkatkan lagi di kelas VIII.'),
(355, 11, 374, 'Ananda Shiva Chandranita Qabilla sudah sangat baik dalam pembelajaran P5 di semester II ini. Tetap semangat dan tingkatkan lagi di kelas VIII.'),
(356, 11, 3055640000383, 'Ananda Sulthan Raihan Alitheia sudah sangat baik dalam pembelajaran P5 di semester II ini. Tetap semangat dan tingkatkan lagi di kelas VIII.'),
(357, 11, 375, 'Ananda Widiya Kenanga sudah sangat baik dalam pembelajaran P5 di semester II ini. Tetap semangat dan tingkatkan lagi di kelas VIII.'),
(358, 11, 3055640000384, 'Ananda Yuliasari Putri Syakilah sudah sangat baik dalam pembelajaran P5 di semester II ini. Tetap semangat dan tingkatkan lagi di kelas VIII.'),
(359, 11, 376, 'Ananda Zaskia Nuril Aini sudah sangat baik dalam pembelajaran P5 di semester II ini. Tetap semangat dan tingkatkan lagi di kelas VIII.'),
(360, 12, 348, 'Ananda Ahmad Ayub Jabbar Kurniawan sudah sangat baik dalam pembelajaran P5 di semester II ini. Tetap semangat dan tingkatkan lagi di kelas VIII.'),
(361, 12, 349, 'Ananda Aqilah Aisyah Rani sudah sangat baik dalam pembelajaran P5 di semester II ini. Tetap semangat dan tingkatkan lagi di kelas VIII.'),
(362, 12, 350, 'Ananda Arkanza Syaidan Ibrahim sudah sangat baik dalam pembelajaran P5 di semester II ini. Tetap semangat dan tingkatkan lagi di kelas VIII.'),
(363, 12, 351, 'Ananda Astidiansyah sudah sangat baik dalam pembelajaran P5 di semester II ini. Tetap semangat dan tingkatkan lagi di kelas VIII.'),
(364, 12, 352, 'Ananda Azka Aldrie Putra Salfiansyah sudah sangat baik dalam pembelajaran P5 di semester II ini. Tetap semangat dan tingkatkan lagi di kelas VIII.'),
(365, 12, 354, 'Ananda Badriyah sudah sangat baik dalam pembelajaran P5 di semester II ini. Tetap semangat dan tingkatkan lagi di kelas VIII.'),
(366, 12, 355, 'Ananda Dimas Arya Pratama sudah sangat baik dalam pembelajaran P5 di semester II ini. Tetap semangat dan tingkatkan lagi di kelas VIII.'),
(367, 12, 357, 'Ananda Fira Salsabila sudah sangat baik dalam pembelajaran P5 di semester II ini. Tetap semangat dan tingkatkan lagi di kelas VIII.'),
(368, 12, 358, 'Ananda Firli Tri Affandi sudah sangat baik dalam pembelajaran P5 di semester II ini. Tetap semangat dan tingkatkan lagi di kelas VIII.'),
(369, 12, 359, 'Ananda Hafiz Maulana sudah sangat baik dalam pembelajaran P5 di semester II ini. Tetap semangat dan tingkatkan lagi di kelas VIII.'),
(370, 12, 360, 'Ananda Keysha Zian Azzahro sudah sangat baik dalam pembelajaran P5 di semester II ini. Tetap semangat dan tingkatkan lagi di kelas VIII.'),
(371, 12, 361, 'Ananda Kahiruni Syahwan Nikma sudah sangat baik dalam pembelajaran P5 di semester II ini. Tetap semangat dan tingkatkan lagi di kelas VIII.'),
(372, 12, 362, 'Ananda Kurrotul Faiziyah sudah sangat baik dalam pembelajaran P5 di semester II ini. Tetap semangat dan tingkatkan lagi di kelas VIII.'),
(373, 12, 363, 'Ananda Marwah Kirana Anggraini sudah sangat baik dalam pembelajaran P5 di semester II ini. Tetap semangat dan tingkatkan lagi di kelas VIII.'),
(374, 12, 3055640000380, 'Ananda Maulida Fabrean Nashivaa sudah sangat baik dalam pembelajaran P5 di semester II ini. Tetap semangat dan tingkatkan lagi di kelas VIII.'),
(375, 12, 3055640000381, 'Ananda Meysa Maya Salsabila sudah sangat baik dalam pembelajaran P5 di semester II ini. Tetap semangat dan tingkatkan lagi di kelas VIII.'),
(376, 12, 364, 'Ananda Moh Moat Al Faridzi sudah sangat baik dalam pembelajaran P5 di semester II ini. Tetap semangat dan tingkatkan lagi di kelas VIII.'),
(377, 12, 367, 'Ananda Nadin Ayu Pertiwi sudah sangat baik dalam pembelajaran P5 di semester II ini. Tetap semangat dan tingkatkan lagi di kelas VIII.'),
(378, 12, 368, 'Ananda Natsya Febriyani sudah sangat baik dalam pembelajaran P5 di semester II ini. Tetap semangat dan tingkatkan lagi di kelas VIII.'),
(379, 12, 369, 'Ananda Nazar Ilham Al-Firdaus sudah sangat baik dalam pembelajaran P5 di semester II ini. Tetap semangat dan tingkatkan lagi di kelas VIII.'),
(380, 12, 370, 'Ananda Nuh Mashadi sudah sangat baik dalam pembelajaran P5 di semester II ini. Tetap semangat dan tingkatkan lagi di kelas VIII.'),
(381, 12, 371, 'Ananda Nur Zahra Alya Salsabila sudah sangat baik dalam pembelajaran P5 di semester II ini. Tetap semangat dan tingkatkan lagi di kelas VIII.'),
(382, 12, 372, 'Ananda Rafael Warendra Firmansyah sudah sangat baik dalam pembelajaran P5 di semester II ini. Tetap semangat dan tingkatkan lagi di kelas VIII.'),
(383, 12, 373, 'Ananda Rahma Ayu Dewi sudah sangat baik dalam pembelajaran P5 di semester II ini. Tetap semangat dan tingkatkan lagi di kelas VIII.'),
(384, 12, 3055640000382, 'Ananda Rahma Ludfi Melia Ekza sudah sangat baik dalam pembelajaran P5 di semester II ini. Tetap semangat dan tingkatkan lagi di kelas VIII.'),
(385, 12, 3055640000379, 'Ananda Ridho Akbar Lutfi Febriansah sudah sangat baik dalam pembelajaran P5 di semester II ini. Tetap semangat dan tingkatkan lagi di kelas VIII.'),
(386, 12, 374, 'Ananda Shiva Chandranita Qabilla sudah sangat baik dalam pembelajaran P5 di semester II ini. Tetap semangat dan tingkatkan lagi di kelas VIII.'),
(387, 12, 3055640000383, 'Ananda Sulthan Raihan Alitheia sudah sangat baik dalam pembelajaran P5 di semester II ini. Tetap semangat dan tingkatkan lagi di kelas VIII.'),
(388, 12, 375, 'Ananda Widiya Kenanga sudah sangat baik dalam pembelajaran P5 di semester II ini. Tetap semangat dan tingkatkan lagi di kelas VIII.'),
(389, 12, 3055640000384, 'Ananda Yuliasari Putri Syakilah sudah sangat baik dalam pembelajaran P5 di semester II ini. Tetap semangat dan tingkatkan lagi di kelas VIII.'),
(390, 12, 376, 'Ananda Zaskia Nuril Aini sudah sangat baik dalam pembelajaran P5 di semester II ini. Tetap semangat dan tingkatkan lagi di kelas VIII.'),
(391, 13, 207, 'Dalam mengerjakan projek ini kamu sudah cukup baik dalam mengembangkan kemampuannya untuk bernalar kritis terhadap gagasan untuk mengelola informasi, aktif dalam diskusi kelompok.'),
(392, 13, 238, 'Dalam mengerjakan projek ini kamu sudah cukup baik dalam mengembangkan kemampuannya untuk bernalar kritis terhadap gagasan untuk mengelola informasi, aktif dalam diskusi kelompok.'),
(393, 13, 240, 'Dalam mengerjakan projek ini kamu sudah sangat baik dalam mengembangkan kemampuannya untuk bernalar kritis terhadap gagasan untuk mengelola informasi, aktif dalam diskusi kelompok.'),
(394, 13, 242, 'Dalam mengerjakan projek ini kamu sudah sangat baik dalam mengembangkan kemampuannya untuk bernalar kritis terhadap gagasan untuk mengelola informasi, aktif dalam diskusi kelompok.'),
(395, 13, 243, 'Dalam mengerjakan projek ini kamu sudah sangat baik dalam mengembangkan kemampuannya untuk bernalar kritis terhadap gagasan untuk mengelola informasi, aktif dalam diskusi kelompok.'),
(396, 13, 215, 'Dalam mengerjakan projek ini kamu sudah sangat baik dalam mengembangkan kemampuannya untuk bernalar kritis terhadap gagasan untuk mengelola informasi, aktif dalam diskusi kelompok.'),
(397, 13, 245, 'Dalam mengerjakan projek ini kamu sudah sangat baik dalam mengembangkan kemampuannya untuk bernalar kritis terhadap gagasan untuk mengelola informasi, aktif dalam diskusi kelompok.'),
(398, 13, 246, 'Dalam mengerjakan projek ini kamu sudah cukup baik dalam mengembangkan kemampuannya untuk bernalar kritis terhadap gagasan untuk mengelola informasi, aktif dalam diskusi kelompok.'),
(399, 13, 248, 'Dalam mengerjakan projek ini kamu sudah cukup baik dalam mengembangkan kemampuannya untuk bernalar kritis terhadap gagasan untuk mengelola informasi, aktif dalam diskusi kelompok.'),
(400, 13, 267, 'Dalam mengerjakan projek ini kamu sudah sangat baik dalam mengembangkan kemampuannya untuk bernalar kritis terhadap gagasan untuk mengelola informasi, aktif dalam diskusi kelompok.'),
(401, 13, 216, 'Dalam mengerjakan projek ini kamu sudah cukup baik dalam mengembangkan kemampuannya untuk bernalar kritis terhadap gagasan untuk mengelola informasi, aktif dalam diskusi kelompok.'),
(402, 13, 249, 'Dalam mengerjakan projek ini kamu sudah cukup baik dalam mengembangkan kemampuannya untuk bernalar kritis terhadap gagasan untuk mengelola informasi, aktif dalam diskusi kelompok.'),
(403, 13, 182, 'Dalam mengerjakan projek ini kamu sudah sangat baik dalam mengembangkan kemampuannya untuk bernalar kritis terhadap gagasan untuk mengelola informasi, aktif dalam diskusi kelompok.'),
(404, 13, 219, 'Dalam mengerjakan projek ini kamu sudah cukup baik dalam mengembangkan kemampuannya untuk bernalar kritis terhadap gagasan untuk mengelola informasi, aktif dalam diskusi kelompok.'),
(405, 13, 188, 'Dalam mengerjakan projek ini kamu sudah sangat baik dalam mengembangkan kemampuannya untuk bernalar kritis terhadap gagasan untuk mengelola informasi, aktif dalam diskusi kelompok.'),
(406, 13, 220, 'Dalam mengerjakan projek ini kamu sudah sangat baik dalam mengembangkan kemampuannya untuk bernalar kritis terhadap gagasan untuk mengelola informasi, aktif dalam diskusi kelompok.'),
(407, 13, 191, 'Dalam mengerjakan projek ini kamu sudah cukup baik dalam mengembangkan kemampuannya untuk bernalar kritis terhadap gagasan untuk mengelola informasi, aktif dalam diskusi kelompok.'),
(408, 13, 252, 'Dalam mengerjakan projek ini kamu sudah sangat baik dalam mengembangkan kemampuannya untuk bernalar kritis terhadap gagasan untuk mengelola informasi, aktif dalam diskusi kelompok.'),
(409, 13, 273, 'Dalam mengerjakan projek ini kamu sudah cukup baik dalam mengembangkan kemampuannya untuk bernalar kritis terhadap gagasan untuk mengelola informasi, aktif dalam diskusi kelompok.'),
(410, 13, 255, 'Dalam mengerjakan projek ini kamu sudah sangat baik dalam mengembangkan kemampuannya untuk bernalar kritis terhadap gagasan untuk mengelola informasi, aktif dalam diskusi kelompok.'),
(411, 13, 195, 'Dalam mengerjakan projek ini kamu sudah cukup baik dalam mengembangkan kemampuannya untuk bernalar kritis terhadap gagasan untuk mengelola informasi, aktif dalam diskusi kelompok.'),
(412, 13, 256, 'Dalam mengerjakan projek ini kamu sudah cukup baik dalam mengembangkan kemampuannya untuk bernalar kritis terhadap gagasan untuk mengelola informasi, aktif dalam diskusi kelompok.'),
(413, 13, 378, 'Dalam mengerjakan projek ini kamu sudah cukup baik dalam mengembangkan kemampuannya untuk bernalar kritis terhadap gagasan untuk mengelola informasi, aktif dalam diskusi kelompok.'),
(414, 13, 232, 'Dalam mengerjakan projek ini kamu sudah cukup baik dalam mengembangkan kemampuannya untuk bernalar kritis terhadap gagasan untuk mengelola informasi, aktif dalam diskusi kelompok.'),
(415, 13, 274, 'Dalam mengerjakan projek ini kamu sudah sangat baik dalam mengembangkan kemampuannya untuk bernalar kritis terhadap gagasan untuk mengelola informasi, aktif dalam diskusi kelompok.'),
(416, 13, 270, 'Dalam mengerjakan projek ini kamu sudah cukup baik dalam mengembangkan kemampuannya untuk bernalar kritis terhadap gagasan untuk mengelola informasi, aktif dalam diskusi kelompok.'),
(417, 13, 260, 'Dalam mengerjakan projek ini kamu sudah cukup baik dalam mengembangkan kemampuannya untuk bernalar kritis terhadap gagasan untuk mengelola informasi, aktif dalam diskusi kelompok.'),
(418, 13, 261, 'Dalam mengerjakan projek ini kamu sudah cukup baik dalam mengembangkan kemampuannya untuk bernalar kritis terhadap gagasan untuk mengelola informasi, aktif dalam diskusi kelompok.'),
(419, 13, 234, 'Dalam mengerjakan projek ini kamu sudah cukup baik dalam mengembangkan kemampuannya untuk bernalar kritis terhadap gagasan untuk mengelola informasi, aktif dalam diskusi kelompok.'),
(420, 13, 235, 'Dalam mengerjakan projek ini kamu sudah cukup baik dalam mengembangkan kemampuannya untuk bernalar kritis terhadap gagasan untuk mengelola informasi, aktif dalam diskusi kelompok.'),
(421, 14, 242, 'Progres yang ditunjukkan oleh ananda dalam mengenal berbagai permainan tradisional sangat bagus. Tidak hanya dengan mudah mengenali melalui gambar, ananda juga dapat membedakan jenis-jenis permainan tradisional dari lagu yang dinyanyikan.'),
(422, 14, 243, 'Dengan mempelajari tarian yang memadukan unsur tradisional dan modern membuat ananda mampu mengenal wujud akulturasi budaya.'),
(423, 14, 215, 'Progres yang ditunjukkan oleh ananda dalam mengenal berbagai permainan tradisional sangat bagus. Tidak hanya dengan mudah mengenali melalui gambar, ananda juga dapat membedakan jenis-jenis permainan tradisional dari lagu yang dinyanyikan.'),
(424, 14, 246, 'Progres yang ditunjukkan oleh ananda dalam mengenal berbagai permainan tradisional sangat bagus. Tidak hanya dengan mudah mengenali melalui gambar, ananda juga dapat membedakan jenis-jenis permainan tradisional dari lagu yang dinyanyikan.'),
(425, 14, 216, 'Progres yang ditunjukkan oleh ananda dalam mengenal berbagai permainan tradisional sangat bagus. Tidak hanya dengan mudah mengenali melalui gambar, ananda juga dapat membedakan jenis-jenis permainan tradisional dari lagu yang dinyanyikan.'),
(426, 14, 249, 'Dengan mempelajari tarian yang memadukan unsur tradisional dan modern membuat ananda mampu mengenal wujud akulturasi budaya.'),
(427, 14, 219, 'Dengan mempelajari tarian yang memadukan unsur tradisional dan modern membuat ananda mampu mengenal wujud akulturasi budaya.'),
(428, 14, 220, 'Dengan mempelajari tarian yang memadukan unsur tradisional dan modern membuat ananda mampu mengenal wujud akulturasi budaya.'),
(429, 14, 255, 'Dengan mempelajari tarian yang memadukan unsur tradisional dan modern membuat ananda mampu mengenal wujud akulturasi budaya.'),
(430, 14, 195, 'Progres yang ditunjukkan oleh ananda dalam mengenal berbagai permainan tradisional sangat bagus. Tidak hanya dengan mudah mengenali melalui gambar, ananda juga dapat membedakan jenis-jenis permainan tradisional dari lagu yang dinyanyikan.'),
(431, 14, 260, 'Dengan mempelajari tarian yang memadukan unsur tradisional dan modern membuat nanda mampu mengenal wujud akulturasi budaya.'),
(432, 14, 235, 'Dengan mempelajari tarian yang memadukan unsur tradisional dan modern membuat nanda mampu mengenal wujud akulturasi budaya.'),
(433, 15, 236, 'Dalam mengerjakan projek ini kamu sudah sangat baik dalam mengembangkan kemampuannya untuk bernalar kritis terhadap gagasan untuk mengelola informasi, aktif dalam diskusi kelompok.'),
(434, 15, 174, 'Dalam mengerjakan projek ini kamu sudah sangat baik dalam mengembangkan kemampuannya untuk bernalar kritis terhadap gagasan untuk mengelola informasi, aktif dalam diskusi kelompok.'),
(435, 15, 208, 'Dalam mengerjakan projek ini kamu sudah sangat baik dalam mengembangkan kemampuannya untuk bernalar kritis terhadap gagasan untuk mengelola informasi, aktif dalam diskusi kelompok.'),
(436, 15, 210, 'Dalam mengerjakan projek ini kamu sudah sangat baik dalam mengembangkan kemampuannya untuk bernalar kritis terhadap gagasan untuk mengelola informasi, aktif dalam diskusi kelompok.'),
(437, 15, 177, 'Dalam mengerjakan projek ini kamu sudah sangat baik dalam mengembangkan kemampuannya untuk bernalar kritis terhadap gagasan untuk mengelola informasi, aktif dalam diskusi kelompok.'),
(438, 15, 211, 'Dalam mengerjakan projek ini kamu sudah sangat baik dalam mengembangkan kemampuannya untuk bernalar kritis terhadap gagasan untuk mengelola informasi, aktif dalam diskusi kelompok.'),
(439, 15, 212, 'Dalam mengerjakan projek ini kamu sudah sangat baik dalam mengembangkan kemampuannya untuk bernalar kritis terhadap gagasan untuk mengelola informasi, aktif dalam diskusi kelompok.'),
(440, 15, 265, 'Dalam mengerjakan projek ini kamu sudah sangat baik dalam mengembangkan kemampuannya untuk bernalar kritis terhadap gagasan untuk mengelola informasi, aktif dalam diskusi kelompok.'),
(441, 15, 181, 'Dalam mengerjakan projek ini kamu sudah sangat baik dalam mengembangkan kemampuannya untuk bernalar kritis terhadap gagasan untuk mengelola informasi, aktif dalam diskusi kelompok.'),
(442, 15, 251, 'Dalam mengerjakan projek ini kamu sudah sangat baik dalam mengembangkan kemampuannya untuk bernalar kritis terhadap gagasan untuk mengelola informasi, aktif dalam diskusi kelompok.'),
(443, 15, 221, 'Dalam mengerjakan projek ini kamu sudah sangat baik dalam mengembangkan kemampuannya untuk bernalar kritis terhadap gagasan untuk mengelola informasi, aktif dalam diskusi kelompok.'),
(444, 15, 192, 'Dalam mengerjakan projek ini kamu sudah sangat baik dalam mengembangkan kemampuannya untuk bernalar kritis terhadap gagasan untuk mengelola informasi, aktif dalam diskusi kelompok.'),
(445, 15, 193, 'Dalam mengerjakan projek ini kamu sudah cukup baik dalam mengembangkan kemampuannya untuk bernalar kritis terhadap gagasan untuk mengelola informasi, aktif dalam diskusi kelompok.'),
(446, 15, 253, 'Dalam mengerjakan projek ini kamu sudah cukup baik dalam mengembangkan kemampuannya untuk bernalar kritis terhadap gagasan untuk mengelola informasi, aktif dalam diskusi kelompok.'),
(447, 15, 223, 'Dalam mengerjakan projek ini kamu sudah cukup baik dalam mengembangkan kemampuannya untuk bernalar kritis terhadap gagasan untuk mengelola informasi, aktif dalam diskusi kelompok.'),
(448, 15, 224, 'Dalam mengerjakan projek ini kamu sudah sangat baik dalam mengembangkan kemampuannya untuk bernalar kritis terhadap gagasan untuk mengelola informasi, aktif dalam diskusi kelompok.'),
(449, 15, 226, 'Dalam mengerjakan projek ini kamu sudah sangat baik dalam mengembangkan kemampuannya untuk bernalar kritis terhadap gagasan untuk mengelola informasi, aktif dalam diskusi kelompok.'),
(450, 15, 275, 'Dalam mengerjakan projek ini kamu sudah sangat baik dalam mengembangkan kemampuannya untuk bernalar kritis terhadap gagasan untuk mengelola informasi, aktif dalam diskusi kelompok.'),
(451, 15, 268, 'Dalam mengerjakan projek ini kamu sudah sangat baik dalam mengembangkan kemampuannya untuk bernalar kritis terhadap gagasan untuk mengelola informasi, aktif dalam diskusi kelompok.'),
(452, 15, 257, 'Dalam mengerjakan projek ini kamu sudah sangat baik dalam mengembangkan kemampuannya untuk bernalar kritis terhadap gagasan untuk mengelola informasi, aktif dalam diskusi kelompok.'),
(453, 15, 258, 'Dalam mengerjakan projek ini kamu sudah sangat baik dalam mengembangkan kemampuannya untuk bernalar kritis terhadap gagasan untuk mengelola informasi, aktif dalam diskusi kelompok.'),
(454, 15, 231, 'Dalam mengerjakan projek ini kamu sudah sangat baik dalam mengembangkan kemampuannya untuk bernalar kritis terhadap gagasan untuk mengelola informasi, aktif dalam diskusi kelompok.'),
(455, 15, 269, 'Dalam mengerjakan projek ini kamu sudah sangat baik dalam mengembangkan kemampuannya untuk bernalar kritis terhadap gagasan untuk mengelola informasi, aktif dalam diskusi kelompok.'),
(456, 15, 197, 'Dalam mengerjakan projek ini kamu sudah cukup baik dalam mengembangkan kemampuannya untuk bernalar kritis terhadap gagasan untuk mengelola informasi, aktif dalam diskusi kelompok.'),
(457, 15, 200, 'Dalam mengerjakan projek ini kamu sudah sangat baik dalam mengembangkan kemampuannya untuk bernalar kritis terhadap gagasan untuk mengelola informasi, aktif dalam diskusi kelompok.'),
(458, 15, 202, 'Dalam mengerjakan projek ini kamu sudah sangat baik dalam mengembangkan kemampuannya untuk bernalar kritis terhadap gagasan untuk mengelola informasi, aktif dalam diskusi kelompok.'),
(459, 15, 203, 'Dalam mengerjakan projek ini kamu sudah sangat baik dalam mengembangkan kemampuannya untuk bernalar kritis terhadap gagasan untuk mengelola informasi, aktif dalam diskusi kelompok.'),
(460, 15, 264, 'Dalam mengerjakan projek ini kamu sudah sangat baik dalam mengembangkan kemampuannya untuk bernalar kritis terhadap gagasan untuk mengelola informasi, aktif dalam diskusi kelompok.'),
(461, 16, 173, 'Dalam mengerjakan projek ini kamu sudah sangat baik dalam mengembangkan kemampuannya untuk bernalar kritis terhadap gagasan untuk mengelola informasi, aktif dalam diskusi kelompok.'),
(462, 16, 206, 'Dalam mengerjakan projek ini kamu sudah sangat baik dalam mengembangkan kemampuannya untuk bernalar kritis terhadap gagasan untuk mengelola informasi, aktif dalam diskusi kelompok.'),
(463, 16, 175, 'Dalam mengerjakan projek ini kamu sudah sangat baik dalam mengembangkan kemampuannya untuk bernalar kritis terhadap gagasan untuk mengelola informasi, aktif dalam diskusi kelompok.'),
(464, 16, 209, 'Dalam mengerjakan projek ini kamu sudah sangat baik dalam mengembangkan kemampuannya untuk bernalar kritis terhadap gagasan untuk mengelola informasi, aktif dalam diskusi kelompok.');
INSERT INTO `p_catatan` (`catatan_id`, `proyek_id`, `siswa_id`, `catatan_detail`) VALUES
(465, 16, 176, 'Dalam mengerjakan projek ini kamu sudah sangat baik dalam mengembangkan kemampuannya untuk bernalar kritis terhadap gagasan untuk mengelola informasi, aktif dalam diskusi kelompok.'),
(466, 16, 237, 'Dalam mengerjakan projek ini kamu sudah sangat baik dalam mengembangkan kemampuannya untuk bernalar kritis terhadap gagasan untuk mengelola informasi, aktif dalam diskusi kelompok.'),
(467, 16, 178, 'Dalam mengerjakan projek ini kamu sudah sangat baik dalam mengembangkan kemampuannya untuk bernalar kritis terhadap gagasan untuk mengelola informasi, aktif dalam diskusi kelompok.'),
(468, 16, 179, 'Dalam mengerjakan projek ini kamu sudah sangat baik dalam mengembangkan kemampuannya untuk bernalar kritis terhadap gagasan untuk mengelola informasi, aktif dalam diskusi kelompok.'),
(469, 16, 239, 'Dalam mengerjakan projek ini kamu sudah sangat baik dalam mengembangkan kemampuannya untuk bernalar kritis terhadap gagasan untuk mengelola informasi, aktif dalam diskusi kelompok.'),
(470, 16, 213, 'Dalam mengerjakan projek ini kamu sudah sangat baik dalam mengembangkan kemampuannya untuk bernalar kritis terhadap gagasan untuk mengelola informasi, aktif dalam diskusi kelompok.'),
(471, 16, 180, 'Dalam mengerjakan projek ini kamu sudah sangat baik dalam mengembangkan kemampuannya untuk bernalar kritis terhadap gagasan untuk mengelola informasi, aktif dalam diskusi kelompok.'),
(472, 16, 250, 'Dalam mengerjakan projek ini kamu sudah sangat baik dalam mengembangkan kemampuannya untuk bernalar kritis terhadap gagasan untuk mengelola informasi, aktif dalam diskusi kelompok.'),
(473, 16, 183, 'Dalam mengerjakan projek ini kamu sudah sangat baik dalam mengembangkan kemampuannya untuk bernalar kritis terhadap gagasan untuk mengelola informasi, aktif dalam diskusi kelompok.'),
(474, 16, 218, 'Dalam mengerjakan projek ini kamu sudah sangat baik dalam mengembangkan kemampuannya untuk bernalar kritis terhadap gagasan untuk mengelola informasi, aktif dalam diskusi kelompok.'),
(475, 16, 185, 'Dalam mengerjakan projek ini kamu sudah sangat baik dalam mengembangkan kemampuannya untuk bernalar kritis terhadap gagasan untuk mengelola informasi, aktif dalam diskusi kelompok.'),
(476, 16, 186, 'Dalam mengerjakan projek ini kamu sudah sangat baik dalam mengembangkan kemampuannya untuk bernalar kritis terhadap gagasan untuk mengelola informasi, aktif dalam diskusi kelompok.'),
(477, 16, 189, 'Dalam mengerjakan projek ini kamu sudah sangat baik dalam mengembangkan kemampuannya untuk bernalar kritis terhadap gagasan untuk mengelola informasi, aktif dalam diskusi kelompok.'),
(478, 16, 222, 'Dalam mengerjakan projek ini kamu sudah sangat baik dalam mengembangkan kemampuannya untuk bernalar kritis terhadap gagasan untuk mengelola informasi, aktif dalam diskusi kelompok.'),
(479, 16, 194, 'Dalam mengerjakan projek ini kamu sudah sangat baik dalam mengembangkan kemampuannya untuk bernalar kritis terhadap gagasan untuk mengelola informasi, aktif dalam diskusi kelompok.'),
(480, 16, 254, 'Dalam mengerjakan projek ini kamu sudah sangat baik dalam mengembangkan kemampuannya untuk bernalar kritis terhadap gagasan untuk mengelola informasi, aktif dalam diskusi kelompok.'),
(481, 16, 225, 'Dalam mengerjakan projek ini kamu sudah sangat baik dalam mengembangkan kemampuannya untuk bernalar kritis terhadap gagasan untuk mengelola informasi, aktif dalam diskusi kelompok.'),
(482, 16, 227, 'Dalam mengerjakan projek ini kamu sudah sangat baik dalam mengembangkan kemampuannya untuk bernalar kritis terhadap gagasan untuk mengelola informasi, aktif dalam diskusi kelompok.'),
(483, 16, 196, 'Dalam mengerjakan projek ini kamu sudah sangat baik dalam mengembangkan kemampuannya untuk bernalar kritis terhadap gagasan untuk mengelola informasi, aktif dalam diskusi kelompok.'),
(484, 16, 228, 'Dalam mengerjakan projek ini kamu sudah sangat baik dalam mengembangkan kemampuannya untuk bernalar kritis terhadap gagasan untuk mengelola informasi, aktif dalam diskusi kelompok.'),
(485, 16, 205, 'Dalam mengerjakan projek ini kamu sudah sangat baik dalam mengembangkan kemampuannya untuk bernalar kritis terhadap gagasan untuk mengelola informasi, aktif dalam diskusi kelompok.'),
(486, 16, 229, 'Dalam mengerjakan projek ini kamu sudah sangat baik dalam mengembangkan kemampuannya untuk bernalar kritis terhadap gagasan untuk mengelola informasi, aktif dalam diskusi kelompok.'),
(487, 16, 230, 'Dalam mengerjakan projek ini kamu sudah sangat baik dalam mengembangkan kemampuannya untuk bernalar kritis terhadap gagasan untuk mengelola informasi, aktif dalam diskusi kelompok.'),
(488, 16, 266, 'Dalam mengerjakan projek ini kamu sudah sangat baik dalam mengembangkan kemampuannya untuk bernalar kritis terhadap gagasan untuk mengelola informasi, aktif dalam diskusi kelompok.'),
(489, 16, 198, 'Dalam mengerjakan projek ini kamu sudah sangat baik dalam mengembangkan kemampuannya untuk bernalar kritis terhadap gagasan untuk mengelola informasi, aktif dalam diskusi kelompok.'),
(490, 16, 259, 'Dalam mengerjakan projek ini kamu sudah sangat baik dalam mengembangkan kemampuannya untuk bernalar kritis terhadap gagasan untuk mengelola informasi, aktif dalam diskusi kelompok.'),
(491, 16, 233, 'Dalam mengerjakan projek ini kamu sudah sangat baik dalam mengembangkan kemampuannya untuk bernalar kritis terhadap gagasan untuk mengelola informasi, aktif dalam diskusi kelompok.'),
(492, 16, 199, 'Dalam mengerjakan projek ini kamu sudah sangat baik dalam mengembangkan kemampuannya untuk bernalar kritis terhadap gagasan untuk mengelola informasi, aktif dalam diskusi kelompok.'),
(493, 16, 201, 'Dalam mengerjakan projek ini kamu sudah sangat baik dalam mengembangkan kemampuannya untuk bernalar kritis terhadap gagasan untuk mengelola informasi, aktif dalam diskusi kelompok.'),
(494, 16, 263, 'Dalam mengerjakan projek ini kamu sudah sangat baik dalam mengembangkan kemampuannya untuk bernalar kritis terhadap gagasan untuk mengelola informasi, aktif dalam diskusi kelompok.'),
(495, 14, 207, 'Melalui proyek ini kamu sudah belajar banyak mengenai pagelaran seni, terutama lagu daerah bali yang biasanya ditampilkan di depan masyarakat sebagai hiburan.'),
(496, 14, 238, 'Ananda sudah bisa memahami cara membuat makanan tradisional dengan memanfaatkan bahan-bahan lokal tersebut, seperti membuat bubur injin, kelepon, laklak dan pisang rai dengan bahan-bahan lokal.'),
(497, 14, 245, 'Melalui proyek ini kamu sudah belajar banyak mengenai pagelaran seni, terutama lagu daerah bali yang biasanya ditampilkan di depan masyarakat sebagai hiburan.'),
(498, 14, 248, 'Melalui proyek ini kamu sudah belajar banyak mengenai pagelaran seni, terutama lagu daerah bali yang biasanya ditampilkan di depan masyarakat sebagai hiburan.'),
(499, 14, 267, 'Melalui proyek ini kamu sudah belajar banyak mengenai pagelaran seni, terutama lagu daerah bali yang biasanya ditampilkan di depan masyarakat sebagai hiburan.'),
(500, 14, 182, 'Melalui proyek ini kamu sudah belajar banyak mengenai pagelaran seni, terutama lagu daerah bali yang biasanya ditampilkan di depan masyarakat sebagai hiburan.'),
(501, 14, 191, 'Ananda sudah bisa memahami cara membuat makanan tradisional dengan memanfaatkan bahan-bahan lokal tersebut, seperti membuat bubur injin, kelepon, laklak dan pisang rai dengan bahan-bahan lokal.'),
(502, 14, 252, 'Ananda sudah bisa memahami cara membuat makanan tradisional dengan memanfaatkan bahan-bahan lokal tersebut, seperti membuat bubur injin, kelepon, laklak dan pisang rai dengan bahan-bahan lokal.'),
(503, 14, 273, 'Progres yang ditunjukkan oleh ananda dalam mengenal berbagai permainan tradisional sangat bagus. Tidak hanya dengan mudah mengenali melalui gambar, ananda juga dapat membedakan jenis-jenis permainan tradisional dari lagu yang dinyanyikan.'),
(504, 14, 256, 'Ananda sudah bisa memahami cara membuat makanan tradisional dengan memanfaatkan bahan-bahan lokal tersebut, seperti membuat bubur injin, kelepon, laklak dan pisang rai dengan bahan-bahan lokal.'),
(505, 14, 378, 'Ananda sudah bisa memahami cara membuat makanan tradisional dengan memanfaatkan bahan-bahan lokal tersebut, seperti membuat bubur injin, kelepon, laklak dan pisang rai dengan bahan-bahan lokal.'),
(506, 14, 232, 'Ananda sudah bisa memahami cara membuat makanan tradisional dengan memanfaatkan bahan-bahan lokal tersebut, seperti membuat bubur injin, kelepon, laklak dan pisang rai dengan bahan-bahan lokal.'),
(507, 14, 274, 'Melalui proyek ini kamu sudah belajar banyak mengenai pagelaran seni, terutama lagu daerah bali yang biasanya ditampilkan di depan masyarakat sebagai hiburan.'),
(508, 14, 270, 'Melalui proyek ini kamu sudah belajar banyak mengenai pagelaran seni, terutama lagu daerah bali yang biasanya ditampilkan di depan masyarakat sebagai hiburan.'),
(509, 14, 261, 'Progres yang ditunjukkan oleh ananda dalam mengenal berbagai permainan tradisional sangat bagus. Tidak hanya dengan mudah mengenali melalui gambar, ananda juga dapat membedakan jenis-jenis permainan tradisional dari lagu yang dinyanyikan.'),
(510, 14, 234, 'Ananda sudah bisa memahami cara membuat makanan tradisional dengan memanfaatkan bahan-bahan lokal tersebut, seperti membuat bubur injin, kelepon, laklak dan pisang rai dengan bahan-bahan lokal.'),
(511, 15, 247, 'Dalam mengerjakan projek ini kamu sudah sangat baik dalam mengembangkan kemampuannya untuk bernalar kritis terhadap gagasan untuk mengelola informasi, aktif dalam diskusi kelompok.'),
(512, 17, 236, 'Dengan mempelajari tarian yang memadukan unsur tradisional dan modern membuat nanda mampu mengenal wujud akulturasi budaya'),
(513, 17, 174, 'Dengan mempelajari tarian yang memadukan unsur tradisional dan modern membuat nanda mampu mengenal wujud akulturasi budaya'),
(514, 17, 208, 'Dengan mempelajari tarian yang memadukan unsur tradisional dan modern membuat nanda mampu mengenal wujud akulturasi budaya'),
(515, 17, 210, 'Dengan mempelajari tarian daerah bali yang memadukan unsur tradisional dan modern membuat nanda mampu mengenal wujud akulturasi budaya'),
(516, 17, 177, 'Dengan mempelajari tarian daerah bali yang memadukan unsur tradisional dan modern membuat nanda mampu mengenal wujud akulturasi budaya'),
(517, 17, 211, 'Melalui proyek ini kamu sudah belajar banyak mengenai pagelaran seni, terutama lagu daerah bali yang biasanya ditampilkan di depan masyarakat sebagai hiburan'),
(518, 17, 212, 'Progres yang ditunjukkan oleh ananda dalam mengenal berbagai permainan tradisional sangat bagus. Tidak hanya dengan mudah mengenali melalui gambar, ananda juga dapat membedakan jenis-jenis permainan tradisional dari lagu yang dinyanyikan'),
(519, 17, 265, 'Dengan mempelajari tarian daerah bali yang memadukan unsur tradisional dan modern membuat nanda mampu mengenal wujud akulturasi budaya'),
(520, 17, 247, 'Dengan mempelajari tarian daerah bali yang memadukan unsur tradisional dan modern membuat nanda mampu mengenal wujud akulturasi budaya'),
(521, 17, 181, 'Dengan mempelajari tarian daerah bali yang memadukan unsur tradisional dan modern membuat nanda mampu mengenal wujud akulturasi budaya'),
(522, 17, 251, 'Dengan mempelajari tarian daerah bali yang memadukan unsur tradisional dan modern membuat nanda mampu mengenal wujud akulturasi budaya'),
(523, 17, 221, 'Dengan mempelajari tarian yang memadukan unsur tradisional dan modern membuat nanda mampu mengenal wujud akulturasi budaya'),
(524, 17, 192, 'Dengan mempelajari tarian daerah bali yang memadukan unsur tradisional dan modern membuat nanda mampu mengenal wujud akulturasi budaya'),
(525, 17, 193, 'Progres yang ditunjukkan oleh ananda dalam mengenal berbagai permainan tradisional sangat bagus. Tidak hanya dengan mudah mengenali melalui gambar, ananda juga dapat membedakan jenis-jenis permainan tradisional dari lagu yang dinyanyikan'),
(526, 17, 253, 'Dengan mempelajari tarian yang memadukan unsur tradisional dan modern membuat nanda mampu mengenal wujud akulturasi budaya'),
(527, 17, 223, 'Melalui proyek ini kamu sudah belajar banyak mengenai pagelaran seni, terutama lagu daerah bali yang biasanya ditampilkan di depan masyarakat sebagai hiburan'),
(528, 17, 224, 'Melalui proyek ini kamu sudah belajar banyak mengenai pagelaran seni, terutama lagu daerah bali yang biasanya ditampilkan di depan masyarakat sebagai hiburan'),
(529, 17, 226, 'Melalui proyek ini kamu sudah belajar banyak mengenai pagelaran seni, terutama lagu daerah bali yang biasanya ditampilkan di depan masyarakat sebagai hiburan'),
(530, 17, 275, 'Dengan mempelajari tarian daerah bali yang memadukan unsur tradisional dan modern membuat nanda mampu mengenal wujud akulturasi budaya'),
(531, 17, 268, 'Ananda sudah bisa memahami cara membuat makanan tradisional dengan memanfaatkan bahan-bahan lokal tersebut, seperti membuat bubur inzin, kelepon, laklak dan pisang rai dengan bahan-bahan loka'),
(532, 17, 257, 'Progres yang ditunjukkan oleh ananda dalam mengenal berbagai permainan tradisional sangat bagus. Tidak hanya dengan mudah mengenali melalui gambar, ananda juga dapat membedakan jenis-jenis permainan tradisional dari lagu yang dinyanyikan'),
(533, 17, 258, 'Melalui proyek ini kamu sudah belajar banyak mengenai pagelaran seni, terutama lagu daerah bali yang biasanya ditampilkan di depan masyarakat sebagai hiburan'),
(534, 17, 231, 'Progres yang ditunjukkan oleh ananda dalam mengenal berbagai permainan tradisional sangat bagus. Tidak hanya dengan mudah mengenali melalui gambar, ananda juga dapat membedakan jenis-jenis permainan tradisional dari lagu yang dinyanyikan'),
(535, 17, 269, 'Progres yang ditunjukkan oleh ananda dalam mengenal berbagai permainan tradisional sangat bagus. Tidak hanya dengan mudah mengenali melalui gambar, ananda juga dapat membedakan jenis-jenis permainan tradisional dari lagu yang dinyanyikan'),
(536, 17, 197, 'Dengan mempelajari tarian yang memadukan unsur tradisional dan modern membuat nanda mampu mengenal wujud akulturasi budaya'),
(537, 17, 200, 'Dengan mempelajari tarian yang memadukan unsur tradisional dan modern membuat nanda mampu mengenal wujud akulturasi budaya'),
(538, 17, 202, 'Melalui proyek ini kamu sudah belajar banyak mengenai pagelaran seni, terutama lagu daerah bali yang biasanya ditampilkan di depan masyarakat sebagai hiburan'),
(539, 17, 203, 'Progres yang ditunjukkan oleh ananda dalam mengenal berbagai permainan tradisional sangat bagus. Tidak hanya dengan mudah mengenali melalui gambar, ananda juga dapat membedakan jenis-jenis permainan tradisional dari lagu yang dinyanyikan'),
(540, 17, 264, 'Progres yang ditunjukkan oleh ananda dalam mengenal berbagai permainan tradisional sangat bagus. Tidak hanya dengan mudah mengenali melalui gambar, ananda juga dapat membedakan jenis-jenis permainan tradisional dari lagu yang dinyanyikan'),
(541, 18, 173, 'Dengan mempelajari tarian bali yang memadukan unsur tradisional dan modern membuat nanda mampu mengenal wujud akulturasi budaya.'),
(542, 18, 206, 'Dengan mempelajari tarian bali yang memadukan unsur tradisional dan modern membuat nanda mampu mengenal wujud akulturasi budaya.'),
(543, 18, 175, 'Progres yang ditunjukkan oleh ananda dalam mengenal berbagai permainan tradisional sangat bagus. Tidak hanya dengan mudah mengenali melalui gambar, ananda juga dapat membedakan jenis-jenis permainan tradisional dari lagu yang dinyanyikan.'),
(544, 18, 209, 'Dengan mempelajari tarian bali yang memadukan unsur tradisional dan modern membuat nanda mampu mengenal wujud akulturasi budaya.'),
(545, 18, 176, 'Progres yang ditunjukkan oleh ananda dalam mengenal berbagai permainan tradisional sangat bagus. Tidak hanya dengan mudah mengenali melalui gambar, ananda juga dapat membedakan jenis-jenis permainan tradisional dari lagu yang dinyanyikan.'),
(546, 18, 237, 'Melalui proyek ini kamu sudah belajar banyak mengenai pagelaran seni, terutama lagu daerah bali yang biasanya ditampilkan di depan masyarakat sebagai hiburan.'),
(547, 18, 178, 'Ananda sudah bisa memahami cara membuat makanan tradisional dengan memanfaatkan bahan-bahan lokal tersebut, seperti membuat bubur injin, kelepon, laklak dan pisang rai dengan bahan-bahan lokal.'),
(548, 18, 179, 'Progres yang ditunjukkan oleh ananda dalam mengenal berbagai permainan tradisional sangat bagus. Tidak hanya dengan mudah mengenali melalui gambar, ananda juga dapat membedakan jenis-jenis permainan tradisional dari lagu yang dinyanyikan.'),
(549, 18, 239, 'Dengan mempelajari tarian bali yang memadukan unsur tradisional dan modern membuat nanda mampu mengenal wujud akulturasi budaya.'),
(550, 18, 213, 'Dengan mempelajari tarian bali yang memadukan unsur tradisional dan modern membuat nanda mampu mengenal wujud akulturasi budaya.'),
(551, 18, 180, 'Progres yang ditunjukkan oleh ananda dalam mengenal berbagai permainan tradisional sangat bagus. Tidak hanya dengan mudah mengenali melalui gambar, ananda juga dapat membedakan jenis-jenis permainan tradisional dari lagu yang dinyanyikan.'),
(552, 18, 250, 'Melalui proyek ini kamu sudah belajar banyak mengenai pagelaran seni, terutama lagu daerah bali yang biasanya ditampilkan di depan masyarakat sebagai hiburan.'),
(553, 18, 183, 'Ananda sudah bisa memahami cara membuat makanan tradisional dengan memanfaatkan bahan-bahan lokal tersebut, seperti membuat bubur injin, kelepon, laklak dan pisang rai dengan bahan-bahan lokal.'),
(554, 18, 218, 'Melalui proyek ini kamu sudah belajar banyak mengenai pagelaran seni, terutama lagu daerah bali yang biasanya ditampilkan di depan masyarakat sebagai hiburan.'),
(555, 18, 185, 'Progres yang ditunjukkan oleh ananda dalam mengenal berbagai permainan tradisional sangat bagus. Tidak hanya dengan mudah mengenali melalui gambar, ananda juga dapat membedakan jenis-jenis permainan tradisional dari lagu yang dinyanyikan.'),
(556, 18, 186, 'Melalui proyek ini kamu sudah belajar banyak mengenai pagelaran seni, terutama lagu daerah bali yang biasanya ditampilkan di depan masyarakat sebagai hiburan.'),
(557, 18, 189, 'Melalui proyek ini kamu sudah belajar banyak mengenai pagelaran seni, terutama lagu daerah bali yang biasanya ditampilkan di depan masyarakat sebagai hiburan.'),
(558, 18, 222, 'Melalui proyek ini kamu sudah belajar banyak mengenai pagelaran seni, terutama lagu daerah bali yang biasanya ditampilkan di depan masyarakat sebagai hiburan.'),
(559, 18, 194, 'Melalui proyek ini kamu sudah belajar banyak mengenai pagelaran seni, terutama lagu daerah bali yang biasanya ditampilkan di depan masyarakat sebagai hiburan.'),
(560, 18, 254, 'Melalui proyek ini kamu sudah belajar banyak mengenai pagelaran seni, terutama lagu daerah bali yang biasanya ditampilkan di depan masyarakat sebagai hiburan.'),
(561, 18, 225, 'Progres yang ditunjukkan oleh ananda dalam mengenal berbagai permainan tradisional sangat bagus. Tidak hanya dengan mudah mengenali melalui gambar, ananda juga dapat membedakan jenis-jenis permainan tradisional dari lagu yang dinyanyikan.'),
(562, 18, 227, 'Progres yang ditunjukkan oleh ananda dalam mengenal berbagai permainan tradisional sangat bagus. Tidak hanya dengan mudah mengenali melalui gambar, ananda juga dapat membedakan jenis-jenis permainan tradisional dari lagu yang dinyanyikan.'),
(563, 18, 196, 'Ananda sudah bisa memahami cara membuat makanan tradisional dengan memanfaatkan bahan-bahan lokal tersebut, seperti membuat bubur injin, kelepon, laklak dan pisang rai dengan bahan-bahan lokal.'),
(564, 18, 228, 'Ananda sudah bisa memahami cara membuat makanan tradisional dengan memanfaatkan bahan-bahan lokal tersebut, seperti membuat bubur injin, kelepon, laklak dan pisang rai dengan bahan-bahan lokal.'),
(565, 18, 205, 'Ananda sudah bisa memahami cara membuat makanan tradisional dengan memanfaatkan bahan-bahan lokal tersebut, seperti membuat bubur injin, kelepon, laklak dan pisang rai dengan bahan-bahan lokal.'),
(566, 18, 229, 'Melalui proyek ini kamu sudah belajar banyak mengenai pagelaran seni, terutama lagu daerah bali yang biasanya ditampilkan di depan masyarakat sebagai hiburan.'),
(567, 18, 230, 'Dengan mempelajari tarian bali yang memadukan unsur tradisional dan modern membuat nanda mampu mengenal wujud akulturasi budaya.'),
(568, 18, 266, 'Ananda sudah bisa memahami cara membuat makanan tradisional dengan memanfaatkan bahan-bahan lokal tersebut, seperti membuat bubur injin, kelepon, laklak dan pisang rai dengan bahan-bahan lokal.'),
(569, 18, 198, 'Progres yang ditunjukkan oleh ananda dalam mengenal berbagai permainan tradisional sangat bagus. Tidak hanya dengan mudah mengenali melalui gambar, ananda juga dapat membedakan jenis-jenis permainan tradisional dari lagu yang dinyanyikan.'),
(570, 18, 259, 'Dengan mempelajari tarian bali yang memadukan unsur tradisional dan modern membuat nanda mampu mengenal wujud akulturasi budaya.'),
(571, 18, 233, 'Ananda sudah bisa memahami cara membuat makanan tradisional dengan memanfaatkan bahan-bahan lokal tersebut, seperti membuat bubur injin, kelepon, laklak dan pisang rai dengan bahan-bahan lokal.'),
(572, 18, 199, 'Dengan mempelajari tarian bali yang memadukan unsur tradisional dan modern membuat nanda mampu mengenal wujud akulturasi budaya.'),
(573, 18, 201, 'Dengan mempelajari tarian bali yang memadukan unsur tradisional dan modern membuat nanda mampu mengenal wujud akulturasi budaya.'),
(574, 18, 263, 'Ananda sudah bisa memahami cara membuat makanan tradisional dengan memanfaatkan bahan-bahan lokal tersebut, seperti membuat bubur injin, kelepon, laklak dan pisang rai dengan bahan-bahan lokal.');

-- --------------------------------------------------------

--
-- Table structure for table `p_dimensi`
--

CREATE TABLE `p_dimensi` (
  `dimensi_id` int(11) NOT NULL,
  `dimensi_nama` varchar(255) DEFAULT NULL
) ENGINE=InnoDB DEFAULT CHARSET=utf8mb4 COLLATE=utf8mb4_general_ci;

--
-- Dumping data for table `p_dimensi`
--

INSERT INTO `p_dimensi` (`dimensi_id`, `dimensi_nama`) VALUES
(1, 'Beriman, Bertakwa Kepada Tuhan Yang Maha Esa, dan Berakhlak Mulia'),
(2, 'Berkebinekaan Global'),
(3, 'Gotong Royong'),
(4, 'Mandiri'),
(5, 'Bernalar Kritis'),
(6, 'Kreatif');

-- --------------------------------------------------------

--
-- Table structure for table `p_elemen`
--

CREATE TABLE `p_elemen` (
  `elemen_id` int(11) NOT NULL,
  `dimensi_id` int(11) NOT NULL,
  `elemen_nama` text DEFAULT NULL
) ENGINE=InnoDB DEFAULT CHARSET=utf8mb4 COLLATE=utf8mb4_general_ci;

--
-- Dumping data for table `p_elemen`
--

INSERT INTO `p_elemen` (`elemen_id`, `dimensi_id`, `elemen_nama`) VALUES
(1, 1, 'Akhlak Beragama'),
(2, 1, 'Akhlak Pribadi'),
(3, 1, 'Akhlak Kepada Manusia'),
(4, 1, 'Akhlak Kepada Alam'),
(5, 1, 'Akhlak Bernegara'),
(6, 2, 'Mengenal dan menghargai budaya'),
(7, 2, 'Komunikasi dan interaksi antar budaya'),
(8, 2, 'Refleksi dan bertanggung jawab terhadap pengalaman kebinekaan'),
(9, 2, 'Berkeadilan Sosial'),
(10, 3, 'Kolaborasi'),
(11, 3, 'Kepedulian'),
(12, 3, 'Berbagi'),
(13, 4, 'Pemahaman diri dan situasi yang dihadapi'),
(14, 4, 'Regulasi Diri'),
(15, 5, 'Memperoleh dan memproses informasi dan gagasan'),
(16, 5, 'Menganalisis dan mengevaluasi penalaran dan prosedurnya'),
(17, 5, 'Refleksi pemikiran dan proses berpikir'),
(18, 6, 'Menghasilkan gagasan yang orisinal'),
(19, 6, 'Menghasilkan karya dan tindakan yang orisinal'),
(20, 6, 'Memiliki keluwesan berpikir dalam mencari alternatif solusi permasalahan'),
(21, 1, 'Komunikasi Dan Interaksi Antar Budaya'),
(23, 1, 'Refleksi Dan Bertanggung Jawab Terhadap Pengalaman Kebinekaan'),
(24, 1, 'Berkeadilan Sosial');

-- --------------------------------------------------------

--
-- Table structure for table `p_nilai`
--

CREATE TABLE `p_nilai` (
  `nilai_id` int(11) NOT NULL,
  `target_id` int(11) NOT NULL,
  `siswa_id` bigint(13) DEFAULT NULL,
  `nilai_data` int(11) DEFAULT NULL
) ENGINE=InnoDB DEFAULT CHARSET=utf8mb4 COLLATE=utf8mb4_general_ci;

--
-- Dumping data for table `p_nilai`
--

INSERT INTO `p_nilai` (`nilai_id`, `target_id`, `siswa_id`, `nilai_data`) VALUES
(1, 4, 207, 3),
(2, 4, 238, 4),
(3, 4, 240, 3),
(4, 4, 242, 3),
(5, 4, 243, 3),
(6, 4, 215, 3),
(7, 4, 245, 2),
(8, 4, 246, 2),
(9, 4, 248, 3),
(10, 4, 267, 3),
(11, 4, 216, 3),
(12, 4, 249, 3),
(13, 4, 182, 2),
(14, 4, 219, 2),
(15, 4, 188, 3),
(16, 4, 220, 3),
(17, 4, 191, 2),
(18, 4, 252, 4),
(19, 4, 273, 2),
(20, 4, 255, 3),
(21, 4, 195, 3),
(22, 4, 256, 3),
(23, 4, 232, 3),
(24, 4, 274, 3),
(25, 4, 270, 3),
(26, 4, 260, 3),
(27, 4, 261, 3),
(28, 4, 234, 3),
(29, 4, 235, 2),
(30, 4, 204, 2),
(61, 2, 207, 3),
(62, 2, 238, 3),
(63, 2, 240, 3),
(64, 2, 242, 3),
(65, 2, 243, 3),
(66, 2, 215, 3),
(67, 2, 245, 3),
(68, 2, 246, 3),
(69, 2, 248, 3),
(70, 2, 267, 3),
(71, 2, 216, 3),
(72, 2, 249, 3),
(73, 2, 182, 3),
(74, 2, 219, 3),
(75, 2, 188, 3),
(76, 2, 220, 3),
(77, 2, 191, 3),
(78, 2, 252, 3),
(79, 2, 273, 3),
(80, 2, 255, 3),
(81, 2, 195, 3),
(82, 2, 256, 3),
(83, 2, 232, 3),
(84, 2, 274, 3),
(85, 2, 270, 3),
(86, 2, 260, 3),
(87, 2, 261, 3),
(88, 2, 234, 3),
(89, 2, 235, 3),
(90, 2, 204, 3),
(91, 5, 207, 2),
(92, 5, 238, 2),
(93, 5, 240, 3),
(94, 5, 242, 3),
(95, 5, 243, 3),
(96, 5, 215, 3),
(97, 5, 245, 3),
(98, 5, 246, 2),
(99, 5, 248, 2),
(100, 5, 267, 3),
(101, 5, 216, 2),
(102, 5, 249, 2),
(103, 5, 182, 3),
(104, 5, 219, 2),
(105, 5, 188, 3),
(106, 5, 220, 3),
(107, 5, 191, 2),
(108, 5, 252, 3),
(109, 5, 273, 2),
(110, 5, 255, 3),
(111, 5, 195, 3),
(112, 5, 256, 3),
(113, 5, 232, 3),
(114, 5, 274, 2),
(115, 5, 270, 3),
(116, 5, 260, 2),
(117, 5, 261, 3),
(118, 5, 234, 3),
(119, 5, 235, 2),
(120, 5, 204, 3),
(121, 6, 207, 2),
(122, 6, 238, 2),
(123, 6, 240, 2),
(124, 6, 242, 2),
(125, 6, 243, 2),
(126, 6, 215, 2),
(127, 6, 245, 2),
(128, 6, 246, 2),
(129, 6, 248, 2),
(130, 6, 267, 2),
(131, 6, 216, 2),
(132, 6, 249, 2),
(133, 6, 182, 2),
(134, 6, 219, 2),
(135, 6, 188, 2),
(136, 6, 220, 2),
(137, 6, 191, 2),
(138, 6, 252, 2),
(139, 6, 273, 2),
(140, 6, 255, 2),
(141, 6, 195, 2),
(142, 6, 256, 2),
(143, 6, 232, 2),
(144, 6, 274, 2),
(145, 6, 270, 2),
(146, 6, 260, 2),
(147, 6, 261, 2),
(148, 6, 234, 2),
(149, 6, 235, 2),
(150, 6, 204, 2),
(181, 12, 236, 3),
(182, 12, 174, 3),
(183, 12, 208, 3),
(184, 12, 210, 3),
(185, 12, 177, 3),
(186, 12, 211, 3),
(187, 12, 212, 3),
(188, 12, 265, 3),
(189, 12, 247, 3),
(190, 12, 181, 3),
(191, 12, 217, 3),
(192, 12, 251, 3),
(193, 12, 221, 3),
(194, 12, 192, 3),
(195, 12, 193, 3),
(196, 12, 253, 3),
(197, 12, 223, 3),
(198, 12, 224, 3),
(199, 12, 226, 3),
(200, 12, 275, 3),
(201, 12, 268, 3),
(202, 12, 257, 3),
(203, 12, 258, 3),
(204, 12, 231, 3),
(205, 12, 269, 3),
(206, 12, 197, 3),
(207, 12, 200, 3),
(208, 12, 202, 3),
(209, 12, 203, 3),
(210, 12, 264, 3),
(211, 13, 236, 2),
(212, 13, 174, 2),
(213, 13, 208, 2),
(214, 13, 210, 2),
(215, 13, 177, 2),
(216, 13, 211, 2),
(217, 13, 212, 2),
(218, 13, 265, 2),
(219, 13, 247, 2),
(220, 13, 181, 2),
(221, 13, 217, 2),
(222, 13, 251, 2),
(223, 13, 221, 2),
(224, 13, 192, 2),
(225, 13, 193, 2),
(226, 13, 253, 2),
(227, 13, 223, 2),
(228, 13, 224, 2),
(229, 13, 226, 2),
(230, 13, 275, 2),
(231, 13, 268, 2),
(232, 13, 257, 2),
(233, 13, 258, 2),
(234, 13, 231, 2),
(235, 13, 269, 2),
(236, 13, 197, 2),
(237, 13, 200, 2),
(238, 13, 202, 2),
(239, 13, 203, 2),
(240, 13, 264, 2),
(241, 14, 236, 4),
(242, 14, 174, 2),
(243, 14, 208, 3),
(244, 14, 210, 3),
(245, 14, 177, 3),
(246, 14, 211, 3),
(247, 14, 212, 4),
(248, 14, 265, 3),
(249, 14, 247, 3),
(250, 14, 181, 3),
(251, 14, 217, 4),
(252, 14, 251, 3),
(253, 14, 221, 2),
(254, 14, 192, 2),
(255, 14, 193, 2),
(256, 14, 253, 3),
(257, 14, 223, 2),
(258, 14, 224, 3),
(259, 14, 226, 3),
(260, 14, 275, 3),
(261, 14, 268, 4),
(262, 14, 257, 2),
(263, 14, 258, 2),
(264, 14, 231, 2),
(265, 14, 269, 2),
(266, 14, 197, 2),
(267, 14, 200, 4),
(268, 14, 202, 3),
(269, 14, 203, 3),
(270, 14, 264, 4),
(271, 15, 236, 2),
(272, 15, 174, 2),
(273, 15, 208, 2),
(274, 15, 210, 2),
(275, 15, 177, 2),
(276, 15, 211, 2),
(277, 15, 212, 2),
(278, 15, 265, 2),
(279, 15, 247, 2),
(280, 15, 181, 2),
(281, 15, 217, 2),
(282, 15, 251, 2),
(283, 15, 221, 2),
(284, 15, 192, 2),
(285, 15, 193, 2),
(286, 15, 253, 2),
(287, 15, 223, 2),
(288, 15, 224, 2),
(289, 15, 226, 2),
(290, 15, 275, 2),
(291, 15, 268, 2),
(292, 15, 257, 2),
(293, 15, 258, 2),
(294, 15, 231, 2),
(295, 15, 269, 2),
(296, 15, 197, 2),
(297, 15, 200, 2),
(298, 15, 202, 2),
(299, 15, 203, 2),
(300, 15, 264, 2),
(301, 16, 236, 3),
(302, 16, 174, 2),
(303, 16, 208, 3),
(304, 16, 210, 3),
(305, 16, 177, 3),
(306, 16, 211, 3),
(307, 16, 212, 3),
(308, 16, 265, 3),
(309, 16, 247, 3),
(310, 16, 181, 3),
(311, 16, 217, 3),
(312, 16, 251, 3),
(313, 16, 221, 3),
(314, 16, 192, 3),
(315, 16, 193, 3),
(316, 16, 253, 3),
(317, 16, 223, 2),
(318, 16, 224, 3),
(319, 16, 226, 3),
(320, 16, 275, 3),
(321, 16, 268, 3),
(322, 16, 257, 3),
(323, 16, 258, 2),
(324, 16, 231, 3),
(325, 16, 269, 3),
(326, 16, 197, 2),
(327, 16, 200, 3),
(328, 16, 202, 3),
(329, 16, 203, 3),
(330, 16, 264, 3),
(331, 17, 236, 4),
(332, 17, 174, 4),
(333, 17, 208, 4),
(334, 17, 210, 4),
(335, 17, 177, 4),
(336, 17, 211, 4),
(337, 17, 212, 4),
(338, 17, 265, 4),
(339, 17, 247, 4),
(340, 17, 181, 4),
(341, 17, 217, 4),
(342, 17, 251, 4),
(343, 17, 221, 4),
(344, 17, 192, 4),
(345, 17, 193, 4),
(346, 17, 253, 4),
(347, 17, 223, 4),
(348, 17, 224, 4),
(349, 17, 226, 4),
(350, 17, 275, 4),
(351, 17, 268, 4),
(352, 17, 257, 4),
(353, 17, 258, 4),
(354, 17, 231, 4),
(355, 17, 269, 4),
(356, 17, 197, 4),
(357, 17, 200, 4),
(358, 17, 202, 4),
(359, 17, 203, 4),
(360, 17, 264, 4),
(361, 18, 207, 3),
(362, 18, 238, 3),
(363, 18, 240, 3),
(364, 18, 242, 3),
(365, 18, 243, 3),
(366, 18, 215, 3),
(367, 18, 245, 3),
(368, 18, 246, 2),
(369, 18, 248, 3),
(370, 18, 267, 3),
(371, 18, 216, 3),
(372, 18, 249, 3),
(373, 18, 182, 2),
(374, 18, 219, 3),
(375, 18, 188, 3),
(376, 18, 220, 3),
(377, 18, 191, 3),
(378, 18, 252, 3),
(379, 18, 273, 2),
(380, 18, 255, 3),
(381, 18, 195, 3),
(382, 18, 256, 3),
(383, 18, 232, 3),
(384, 18, 274, 3),
(385, 18, 270, 3),
(386, 18, 260, 2),
(387, 18, 261, 2),
(388, 18, 234, 3),
(389, 18, 235, 3),
(390, 18, 204, 3),
(391, 19, 207, 2),
(392, 19, 238, 2),
(393, 19, 240, 2),
(394, 19, 242, 2),
(395, 19, 243, 2),
(396, 19, 215, 2),
(397, 19, 245, 2),
(398, 19, 246, 2),
(399, 19, 248, 2),
(400, 19, 267, 2),
(401, 19, 216, 2),
(402, 19, 249, 2),
(403, 19, 182, 2),
(404, 19, 219, 2),
(405, 19, 188, 2),
(406, 19, 220, 2),
(407, 19, 191, 2),
(408, 19, 252, 2),
(409, 19, 273, 2),
(410, 19, 255, 2),
(411, 19, 195, 2),
(412, 19, 256, 2),
(413, 19, 232, 2),
(414, 19, 274, 2),
(415, 19, 270, 2),
(416, 19, 260, 2),
(417, 19, 261, 2),
(418, 19, 234, 2),
(419, 19, 235, 2),
(420, 19, 204, 2),
(421, 20, 173, 3),
(422, 20, 206, 3),
(423, 20, 175, 3),
(424, 20, 209, 3),
(425, 20, 176, 3),
(426, 20, 237, 3),
(427, 20, 178, 3),
(428, 20, 179, 3),
(429, 20, 239, 3),
(430, 20, 213, 3),
(431, 20, 180, 3),
(432, 20, 250, 3),
(433, 20, 183, 3),
(434, 20, 218, 3),
(435, 20, 185, 3),
(436, 20, 186, 3),
(437, 20, 189, 3),
(438, 20, 222, 3),
(439, 20, 194, 3),
(440, 20, 254, 3),
(441, 20, 225, 3),
(442, 20, 227, 3),
(443, 20, 196, 3),
(444, 20, 228, 3),
(445, 20, 205, 3),
(446, 20, 229, 3),
(447, 20, 230, 3),
(448, 20, 266, 3),
(449, 20, 198, 3),
(450, 20, 259, 3),
(451, 20, 233, 3),
(452, 20, 199, 3),
(453, 20, 201, 3),
(454, 20, 263, 3),
(455, 21, 173, 2),
(456, 21, 206, 2),
(457, 21, 175, 2),
(458, 21, 209, 2),
(459, 21, 176, 2),
(460, 21, 237, 2),
(461, 21, 178, 3),
(462, 21, 179, 2),
(463, 21, 239, 2),
(464, 21, 213, 2),
(465, 21, 180, 2),
(466, 21, 250, 2),
(467, 21, 183, 2),
(468, 21, 218, 2),
(469, 21, 185, 2),
(470, 21, 186, 2),
(471, 21, 189, 2),
(472, 21, 222, 2),
(473, 21, 194, 2),
(474, 21, 254, 2),
(475, 21, 225, 2),
(476, 21, 227, 2),
(477, 21, 196, 2),
(478, 21, 228, 3),
(479, 21, 205, 2),
(480, 21, 229, 2),
(481, 21, 230, 3),
(482, 21, 266, 2),
(483, 21, 198, 2),
(484, 21, 259, 2),
(485, 21, 233, 2),
(486, 21, 199, 3),
(487, 21, 201, 2),
(488, 21, 263, 3),
(489, 22, 173, 4),
(490, 22, 206, 4),
(491, 22, 175, 4),
(492, 22, 209, 4),
(493, 22, 176, 4),
(494, 22, 237, 4),
(495, 22, 178, 4),
(496, 22, 179, 4),
(497, 22, 239, 3),
(498, 22, 213, 4),
(499, 22, 180, 4),
(500, 22, 250, 4),
(501, 22, 183, 4),
(502, 22, 218, 4),
(503, 22, 185, 4),
(504, 22, 186, 4),
(505, 22, 189, 3),
(506, 22, 222, 3),
(507, 22, 194, 3),
(508, 22, 254, 3),
(509, 22, 225, 4),
(510, 22, 227, 4),
(511, 22, 196, 4),
(512, 22, 228, 4),
(513, 22, 205, 3),
(514, 22, 229, 4),
(515, 22, 230, 4),
(516, 22, 266, 4),
(517, 22, 198, 4),
(518, 22, 259, 4),
(519, 22, 233, 4),
(520, 22, 199, 4),
(521, 22, 201, 4),
(522, 22, 263, 4),
(523, 23, 173, 2),
(524, 23, 206, 2),
(525, 23, 175, 2),
(526, 23, 209, 2),
(527, 23, 176, 2),
(528, 23, 237, 2),
(529, 23, 178, 2),
(530, 23, 179, 2),
(531, 23, 239, 2),
(532, 23, 213, 2),
(533, 23, 180, 2),
(534, 23, 250, 2),
(535, 23, 183, 2),
(536, 23, 218, 2),
(537, 23, 185, 2),
(538, 23, 186, 2),
(539, 23, 189, 2),
(540, 23, 222, 2),
(541, 23, 194, 2),
(542, 23, 254, 2),
(543, 23, 225, 2),
(544, 23, 227, 2),
(545, 23, 196, 2),
(546, 23, 228, 2),
(547, 23, 205, 2),
(548, 23, 229, 2),
(549, 23, 230, 2),
(550, 23, 266, 2),
(551, 23, 198, 2),
(552, 23, 259, 2),
(553, 23, 233, 2),
(554, 23, 199, 2),
(555, 23, 201, 2),
(556, 23, 263, 2),
(557, 24, 173, 4),
(558, 24, 206, 4),
(559, 24, 175, 4),
(560, 24, 209, 3),
(561, 24, 176, 3),
(562, 24, 237, 4),
(563, 24, 178, 4),
(564, 24, 179, 4),
(565, 24, 239, 3),
(566, 24, 213, 4),
(567, 24, 180, 3),
(568, 24, 250, 4),
(569, 24, 183, 4),
(570, 24, 218, 3),
(571, 24, 185, 3),
(572, 24, 186, 4),
(573, 24, 189, 3),
(574, 24, 222, 3),
(575, 24, 194, 3),
(576, 24, 254, 3),
(577, 24, 225, 4),
(578, 24, 227, 3),
(579, 24, 196, 4),
(580, 24, 228, 3),
(581, 24, 205, 3),
(582, 24, 229, 3),
(583, 24, 230, 4),
(584, 24, 266, 3),
(585, 24, 198, 4),
(586, 24, 259, 3),
(587, 24, 233, 3),
(588, 24, 199, 4),
(589, 24, 201, 3),
(590, 24, 263, 4),
(591, 25, 173, 3),
(592, 25, 206, 3),
(593, 25, 175, 3),
(594, 25, 209, 2),
(595, 25, 176, 3),
(596, 25, 237, 3),
(597, 25, 178, 3),
(598, 25, 179, 3),
(599, 25, 239, 2),
(600, 25, 213, 3),
(601, 25, 180, 2),
(602, 25, 250, 3),
(603, 25, 183, 3),
(604, 25, 218, 3),
(605, 25, 185, 2),
(606, 25, 186, 3),
(607, 25, 189, 2),
(608, 25, 222, 2),
(609, 25, 194, 2),
(610, 25, 254, 2),
(611, 25, 225, 3),
(612, 25, 227, 2),
(613, 25, 196, 3),
(614, 25, 228, 3),
(615, 25, 205, 2),
(616, 25, 229, 2),
(617, 25, 230, 3),
(618, 25, 266, 2),
(619, 25, 198, 3),
(620, 25, 259, 2),
(621, 25, 233, 3),
(622, 25, 199, 3),
(623, 25, 201, 3),
(624, 25, 263, 3),
(625, 8, 280, 2),
(626, 8, 281, 3),
(627, 8, 282, 3),
(628, 8, 283, 2),
(629, 8, 284, 1),
(630, 8, 285, 2),
(631, 8, 286, 2),
(632, 8, 287, 3),
(633, 8, 288, 1),
(634, 8, 289, 1),
(635, 8, 290, 3),
(636, 8, 291, 3),
(637, 8, 292, 2),
(638, 8, 293, 1),
(639, 8, 294, 2),
(640, 8, 295, 3),
(641, 8, 296, 1),
(642, 8, 297, 2),
(643, 8, 298, 3),
(644, 8, 299, 2),
(645, 8, 300, 3),
(646, 8, 301, 2),
(647, 8, 302, 2),
(648, 8, 303, 3),
(649, 8, 304, 2),
(650, 8, 305, 3),
(651, 8, 306, 2),
(652, 8, 307, 3),
(653, 8, 308, 2),
(654, 8, 309, 1),
(655, 8, 310, 2),
(656, 8, 311, 1),
(657, 8, 312, 3),
(658, 9, 280, 3),
(659, 9, 281, 4),
(660, 9, 282, 4),
(661, 9, 283, 3),
(662, 9, 284, 2),
(663, 9, 285, 3),
(664, 9, 286, 3),
(665, 9, 287, 4),
(666, 9, 288, 2),
(667, 9, 289, 2),
(668, 9, 290, 4),
(669, 9, 291, 4),
(670, 9, 292, 3),
(671, 9, 293, 2),
(672, 9, 294, 3),
(673, 9, 295, 4),
(674, 9, 296, 2),
(675, 9, 297, 3),
(676, 9, 298, 4),
(677, 9, 299, 3),
(678, 9, 300, 4),
(679, 9, 301, 3),
(680, 9, 302, 3),
(681, 9, 303, 4),
(682, 9, 304, 3),
(683, 9, 305, 3),
(684, 9, 306, 3),
(685, 9, 307, 4),
(686, 9, 308, 3),
(687, 9, 309, 2),
(688, 9, 310, 3),
(689, 9, 311, 2),
(690, 9, 312, 4),
(691, 10, 280, 2),
(692, 10, 281, 3),
(693, 10, 282, 3),
(694, 10, 283, 2),
(695, 10, 284, 1),
(696, 10, 285, 2),
(697, 10, 286, 2),
(698, 10, 287, 3),
(699, 10, 288, 1),
(700, 10, 289, 1),
(701, 10, 290, 3),
(702, 10, 291, 3),
(703, 10, 292, 2),
(704, 10, 293, 1),
(705, 10, 294, 2),
(706, 10, 295, 3),
(707, 10, 296, 1),
(708, 10, 297, 2),
(709, 10, 298, 3),
(710, 10, 299, 2),
(711, 10, 300, 3),
(712, 10, 301, 2),
(713, 10, 302, 2),
(714, 10, 303, 3),
(715, 10, 304, 2),
(716, 10, 305, 3),
(717, 10, 306, 2),
(718, 10, 307, 3),
(719, 10, 308, 2),
(720, 10, 309, 1),
(721, 10, 310, 2),
(722, 10, 311, 1),
(723, 10, 312, 3),
(724, 11, 280, 3),
(725, 11, 281, 4),
(726, 11, 282, 4),
(727, 11, 283, 3),
(728, 11, 284, 2),
(729, 11, 285, 3),
(730, 11, 286, 3),
(731, 11, 287, 4),
(732, 11, 288, 2),
(733, 11, 289, 2),
(734, 11, 290, 4),
(735, 11, 291, 4),
(736, 11, 292, 3),
(737, 11, 293, 2),
(738, 11, 294, 3),
(739, 11, 295, 4),
(740, 11, 296, 2),
(741, 11, 297, 3),
(742, 11, 298, 4),
(743, 11, 299, 3),
(744, 11, 300, 4),
(745, 11, 301, 3),
(746, 11, 302, 3),
(747, 11, 303, 4),
(748, 11, 304, 3),
(749, 11, 305, 4),
(750, 11, 306, 3),
(751, 11, 307, 4),
(752, 11, 308, 3),
(753, 11, 309, 2),
(754, 11, 310, 3),
(755, 11, 311, 2),
(756, 11, 312, 4),
(757, 26, 313, 3),
(758, 26, 314, 2),
(759, 26, 315, 1),
(760, 26, 316, 3),
(761, 26, 317, 3),
(762, 26, 318, 2),
(763, 26, 319, 1),
(764, 26, 320, 3),
(765, 26, 321, 3),
(766, 26, 322, 1),
(767, 26, 323, 3),
(768, 26, 324, 2),
(769, 26, 325, 2),
(770, 26, 326, 1),
(771, 26, 327, 2),
(772, 26, 328, 3),
(773, 26, 329, 2),
(774, 26, 330, 1),
(775, 26, 331, 1),
(776, 26, 332, 2),
(777, 26, 333, 3),
(778, 26, 334, 1),
(779, 26, 335, 2),
(780, 26, 336, 1),
(781, 26, 337, 2),
(782, 26, 338, 1),
(783, 26, 339, 3),
(784, 26, 340, 1),
(785, 26, 341, 2),
(786, 26, 342, 3),
(787, 26, 343, 3),
(788, 26, 344, 2),
(789, 26, 345, 3),
(790, 26, 346, 3),
(791, 26, 347, 3),
(792, 27, 313, 4),
(793, 27, 314, 3),
(794, 27, 315, 2),
(795, 27, 316, 4),
(796, 27, 317, 4),
(797, 27, 318, 3),
(798, 27, 319, 2),
(799, 27, 320, 4),
(800, 27, 321, 4),
(801, 27, 322, 2),
(802, 27, 323, 4),
(803, 27, 324, 3),
(804, 27, 325, 3),
(805, 27, 326, 2),
(806, 27, 327, 3),
(807, 27, 328, 4),
(808, 27, 329, 3),
(809, 27, 330, 2),
(810, 27, 331, 2),
(811, 27, 332, 3),
(812, 27, 333, 4),
(813, 27, 334, 2),
(814, 27, 335, 3),
(815, 27, 336, 2),
(816, 27, 337, 3),
(817, 27, 338, 2),
(818, 27, 339, 4),
(819, 27, 340, 2),
(820, 27, 341, 3),
(821, 27, 342, 4),
(822, 27, 343, 4),
(823, 27, 344, 3),
(824, 27, 345, 4),
(825, 27, 346, 4),
(826, 27, 347, 4),
(827, 28, 313, 3),
(828, 28, 314, 2),
(829, 28, 315, 1),
(830, 28, 316, 3),
(831, 28, 317, 3),
(832, 28, 318, 2),
(833, 28, 319, 1),
(834, 28, 320, 3),
(835, 28, 321, 3),
(836, 28, 322, 1),
(837, 28, 323, 3),
(838, 28, 324, 2),
(839, 28, 325, 2),
(840, 28, 326, 1),
(841, 28, 327, 2),
(842, 28, 328, 3),
(843, 28, 329, 3),
(844, 28, 330, 2),
(845, 28, 331, 1),
(846, 28, 332, 2),
(847, 28, 333, 3),
(848, 28, 334, 1),
(849, 28, 335, 2),
(850, 28, 336, 1),
(851, 28, 337, 2),
(852, 28, 338, 1),
(853, 28, 339, 3),
(854, 28, 340, 1),
(855, 28, 341, 2),
(856, 28, 342, 3),
(857, 28, 343, 3),
(858, 28, 344, 2),
(859, 28, 345, 3),
(860, 28, 346, 3),
(861, 28, 347, 3),
(862, 29, 313, 4),
(863, 29, 314, 3),
(864, 29, 315, 2),
(865, 29, 316, 4),
(866, 29, 317, 4),
(867, 29, 318, 3),
(868, 29, 319, 2),
(869, 29, 320, 4),
(870, 29, 321, 4),
(871, 29, 322, 2),
(872, 29, 323, 4),
(873, 29, 324, 3),
(874, 29, 325, 3),
(875, 29, 326, 2),
(876, 29, 327, 3),
(877, 29, 328, 4),
(878, 29, 329, 3),
(879, 29, 330, 2),
(880, 29, 331, 2),
(881, 29, 332, 3),
(882, 29, 333, 4),
(883, 29, 334, 2),
(884, 29, 335, 3),
(885, 29, 336, 2),
(886, 29, 337, 3),
(887, 29, 338, 2),
(888, 29, 339, 4),
(889, 29, 340, 2),
(890, 29, 341, 3),
(891, 29, 342, 4),
(892, 29, 343, 4),
(893, 29, 344, 3),
(894, 29, 345, 4),
(895, 29, 346, 4),
(896, 29, 347, 4),
(897, 30, 348, 2),
(898, 30, 349, 2),
(899, 30, 350, 1),
(900, 30, 351, 1),
(901, 30, 352, 1),
(902, 30, 353, 1),
(903, 30, 354, 2),
(904, 30, 355, 1),
(905, 30, 356, 3),
(906, 30, 357, 2),
(907, 30, 358, 2),
(908, 30, 359, 1),
(909, 30, 360, 2),
(910, 30, 361, 2),
(911, 30, 362, 1),
(912, 30, 363, 2),
(913, 30, 364, 1),
(914, 30, 365, 1),
(915, 30, 366, 2),
(916, 30, 367, 1),
(917, 30, 368, 3),
(918, 30, 369, 2),
(919, 30, 370, 1),
(920, 30, 371, 3),
(921, 30, 372, 1),
(922, 30, 373, 1),
(923, 30, 374, 1),
(924, 30, 375, 1),
(925, 30, 376, 1),
(926, 30, 377, 1),
(927, 31, 348, 3),
(928, 31, 349, 3),
(929, 31, 350, 2),
(930, 31, 351, 2),
(931, 31, 352, 2),
(932, 31, 353, 2),
(933, 31, 354, 3),
(934, 31, 355, 2),
(935, 31, 356, 4),
(936, 31, 357, 3),
(937, 31, 358, 3),
(938, 31, 359, 2),
(939, 31, 360, 3),
(940, 31, 361, 3),
(941, 31, 362, 2),
(942, 31, 363, 2),
(943, 31, 364, 3),
(944, 31, 365, 2),
(945, 31, 366, 3),
(946, 31, 367, 2),
(947, 31, 368, 4),
(948, 31, 369, 3),
(949, 31, 370, 2),
(950, 31, 371, 4),
(951, 31, 372, 2),
(952, 31, 373, 2),
(953, 31, 374, 2),
(954, 31, 375, 2),
(955, 31, 376, 2),
(956, 31, 377, 2),
(957, 32, 348, 2),
(958, 32, 349, 2),
(959, 32, 350, 1),
(960, 32, 351, 1),
(961, 32, 352, 1),
(962, 32, 353, 1),
(963, 32, 354, 2),
(964, 32, 355, 1),
(965, 32, 356, 3),
(966, 32, 357, 2),
(967, 32, 358, 2),
(968, 32, 359, 1),
(969, 32, 360, 2),
(970, 32, 361, 2),
(971, 32, 362, 1),
(972, 32, 363, 1),
(973, 32, 364, 2),
(974, 32, 365, 1),
(975, 32, 366, 2),
(976, 32, 367, 1),
(977, 32, 368, 3),
(978, 32, 369, 2),
(979, 32, 370, 1),
(980, 32, 371, 3),
(981, 32, 372, 1),
(982, 32, 373, 1),
(983, 32, 374, 1),
(984, 32, 375, 1),
(985, 32, 376, 1),
(986, 32, 377, 1),
(987, 33, 348, 3),
(988, 33, 349, 3),
(989, 33, 350, 2),
(990, 33, 351, 2),
(991, 33, 352, 2),
(992, 33, 353, 2),
(993, 33, 354, 3),
(994, 33, 355, 2),
(995, 33, 356, 4),
(996, 33, 357, 3),
(997, 33, 358, 3),
(998, 33, 359, 2),
(999, 33, 360, 3),
(1000, 33, 361, 3),
(1001, 33, 362, 2),
(1002, 33, 363, 2),
(1003, 33, 364, 3),
(1004, 33, 365, 2),
(1005, 33, 366, 3),
(1006, 33, 367, 2),
(1007, 33, 368, 4),
(1008, 33, 369, 3),
(1009, 33, 370, 2),
(1010, 33, 371, 4),
(1011, 33, 372, 2),
(1012, 33, 373, 2),
(1013, 33, 374, 2),
(1014, 33, 375, 2),
(1015, 33, 376, 2),
(1016, 33, 377, 2),
(1017, 64, 207, 3),
(1018, 64, 238, 3),
(1019, 64, 240, 3),
(1020, 64, 242, 3),
(1021, 64, 243, 3),
(1022, 64, 215, 3),
(1023, 64, 245, 3),
(1024, 64, 246, 3),
(1025, 64, 248, 3),
(1026, 64, 267, 3),
(1027, 64, 216, 3),
(1028, 64, 249, 3),
(1029, 64, 182, 3),
(1030, 64, 219, 3),
(1031, 64, 188, 3),
(1032, 64, 220, 3),
(1033, 64, 191, 3),
(1034, 64, 252, 3),
(1035, 64, 273, 3),
(1036, 64, 255, 3),
(1037, 64, 195, 3),
(1038, 64, 256, 3),
(1039, 64, 378, 3),
(1040, 64, 232, 3),
(1041, 64, 274, 3),
(1042, 64, 270, 3),
(1043, 64, 260, 3),
(1044, 64, 261, 3),
(1045, 64, 234, 3),
(1046, 64, 235, 3),
(1047, 66, 207, 3),
(1048, 66, 238, 3),
(1049, 66, 240, 3),
(1050, 66, 242, 3),
(1051, 66, 243, 3),
(1052, 66, 215, 3),
(1053, 66, 245, 3),
(1054, 66, 246, 3),
(1055, 66, 248, 3),
(1056, 66, 267, 3),
(1057, 66, 216, 3),
(1058, 66, 249, 3),
(1059, 66, 182, 3),
(1060, 66, 219, 3),
(1061, 66, 188, 3),
(1062, 66, 220, 3),
(1063, 66, 191, 3),
(1064, 66, 252, 3),
(1065, 66, 273, 3),
(1066, 66, 255, 3),
(1067, 66, 195, 3),
(1068, 66, 256, 3),
(1069, 66, 378, 3),
(1070, 66, 232, 3),
(1071, 66, 274, 3),
(1072, 66, 270, 3),
(1073, 66, 260, 3),
(1074, 66, 261, 3),
(1075, 66, 234, 3),
(1076, 66, 235, 3),
(1077, 67, 207, 2),
(1078, 67, 238, 2),
(1079, 67, 240, 3),
(1080, 67, 242, 4),
(1081, 67, 243, 4),
(1082, 67, 215, 3),
(1083, 67, 245, 3),
(1084, 67, 246, 2),
(1085, 67, 248, 4),
(1086, 67, 267, 4),
(1087, 67, 216, 2),
(1088, 67, 249, 3),
(1089, 67, 182, 3),
(1090, 67, 219, 2),
(1091, 67, 188, 3),
(1092, 67, 220, 3),
(1093, 67, 191, 2),
(1094, 67, 252, 3),
(1095, 67, 273, 2),
(1096, 67, 255, 3),
(1097, 67, 195, 3),
(1098, 67, 256, 3),
(1099, 67, 378, 2),
(1100, 67, 232, 3),
(1101, 67, 274, 3),
(1102, 67, 270, 3),
(1103, 67, 260, 2),
(1104, 67, 261, 3),
(1105, 67, 234, 3),
(1106, 67, 235, 3),
(1107, 68, 207, 3),
(1108, 68, 238, 3),
(1109, 68, 240, 3),
(1110, 68, 242, 3),
(1111, 68, 243, 3),
(1112, 68, 215, 3),
(1113, 68, 245, 3),
(1114, 68, 246, 3),
(1115, 68, 248, 3),
(1116, 68, 267, 3),
(1117, 68, 216, 3),
(1118, 68, 249, 3),
(1119, 68, 182, 3),
(1120, 68, 219, 3),
(1121, 68, 188, 3),
(1122, 68, 220, 3),
(1123, 68, 191, 3),
(1124, 68, 252, 3),
(1125, 68, 273, 3),
(1126, 68, 255, 3),
(1127, 68, 195, 3),
(1128, 68, 256, 3),
(1129, 68, 378, 3),
(1130, 68, 232, 3),
(1131, 68, 274, 3),
(1132, 68, 270, 3),
(1133, 68, 260, 3),
(1134, 68, 261, 3),
(1135, 68, 234, 3),
(1136, 68, 235, 3),
(1137, 69, 207, 3),
(1138, 69, 238, 3),
(1139, 69, 240, 3),
(1140, 69, 242, 3),
(1141, 69, 243, 3),
(1142, 69, 215, 3),
(1143, 69, 245, 3),
(1144, 69, 246, 3),
(1145, 69, 248, 3),
(1146, 69, 267, 3),
(1147, 69, 216, 3),
(1148, 69, 249, 3),
(1149, 69, 182, 3),
(1150, 69, 219, 3),
(1151, 69, 188, 3),
(1152, 69, 220, 3),
(1153, 69, 191, 3),
(1154, 69, 252, 3),
(1155, 69, 273, 3),
(1156, 69, 255, 3),
(1157, 69, 195, 3),
(1158, 69, 256, 3),
(1159, 69, 378, 3),
(1160, 69, 232, 3),
(1161, 69, 274, 3),
(1162, 69, 270, 3),
(1163, 69, 260, 3),
(1164, 69, 261, 3),
(1165, 69, 234, 3),
(1166, 69, 235, 3),
(1167, 71, 207, 3),
(1168, 71, 238, 3),
(1169, 71, 240, 3),
(1170, 71, 242, 3),
(1171, 71, 243, 3),
(1172, 71, 215, 3),
(1173, 71, 245, 3),
(1174, 71, 246, 3),
(1175, 71, 248, 3),
(1176, 71, 267, 3),
(1177, 71, 216, 3),
(1178, 71, 249, 2),
(1179, 71, 182, 3),
(1180, 71, 219, 3),
(1181, 71, 188, 3),
(1182, 71, 220, 3),
(1183, 71, 191, 3),
(1184, 71, 252, 3),
(1185, 71, 273, 3),
(1186, 71, 255, 3),
(1187, 71, 195, 3),
(1188, 71, 256, 3),
(1189, 71, 378, 3),
(1190, 71, 232, 3),
(1191, 71, 274, 3),
(1192, 71, 270, 3),
(1193, 71, 260, 2),
(1194, 71, 261, 3),
(1195, 71, 234, 3),
(1196, 71, 235, 3),
(1197, 72, 236, 3),
(1198, 72, 174, 3),
(1199, 72, 208, 3),
(1200, 72, 210, 3),
(1201, 72, 177, 3),
(1202, 72, 211, 3),
(1203, 72, 212, 3),
(1204, 72, 265, 3),
(1205, 72, 247, 3),
(1206, 72, 181, 3),
(1207, 72, 251, 3),
(1208, 72, 221, 3),
(1209, 72, 192, 3),
(1210, 72, 193, 3),
(1211, 72, 253, 3),
(1212, 72, 223, 3),
(1213, 72, 224, 3),
(1214, 72, 226, 3),
(1215, 72, 275, 3),
(1216, 72, 268, 3),
(1217, 72, 257, 3),
(1218, 72, 258, 3),
(1219, 72, 231, 3),
(1220, 72, 269, 3),
(1221, 72, 197, 3),
(1222, 72, 200, 3),
(1223, 72, 202, 3),
(1224, 72, 203, 3),
(1225, 72, 264, 3),
(1226, 73, 236, 3),
(1227, 73, 174, 3),
(1228, 73, 208, 3),
(1229, 73, 210, 3),
(1230, 73, 177, 3),
(1231, 73, 211, 3),
(1232, 73, 212, 3),
(1233, 73, 265, 3),
(1234, 73, 247, 3),
(1235, 73, 181, 3),
(1236, 73, 251, 3),
(1237, 73, 221, 3),
(1238, 73, 192, 3),
(1239, 73, 193, 3),
(1240, 73, 253, 3),
(1241, 73, 223, 3),
(1242, 73, 224, 3),
(1243, 73, 226, 3),
(1244, 73, 275, 3),
(1245, 73, 268, 3),
(1246, 73, 257, 3),
(1247, 73, 258, 3),
(1248, 73, 231, 3),
(1249, 73, 269, 3),
(1250, 73, 197, 3),
(1251, 73, 200, 3),
(1252, 73, 202, 3),
(1253, 73, 203, 3),
(1254, 73, 264, 3),
(1255, 74, 236, 3),
(1256, 74, 174, 3),
(1257, 74, 208, 3),
(1258, 74, 210, 3),
(1259, 74, 177, 3),
(1260, 74, 211, 3),
(1261, 74, 212, 3),
(1262, 74, 265, 3),
(1263, 74, 247, 3),
(1264, 74, 181, 3),
(1265, 74, 251, 3),
(1266, 74, 221, 3),
(1267, 74, 192, 3),
(1268, 74, 193, 3),
(1269, 74, 253, 3),
(1270, 74, 223, 3),
(1271, 74, 224, 3),
(1272, 74, 226, 3),
(1273, 74, 275, 3),
(1274, 74, 268, 3),
(1275, 74, 257, 3),
(1276, 74, 258, 3),
(1277, 74, 231, 3),
(1278, 74, 269, 3),
(1279, 74, 197, 3),
(1280, 74, 200, 3),
(1281, 74, 202, 3),
(1282, 74, 203, 3),
(1283, 74, 264, 3),
(1284, 75, 173, 3),
(1285, 75, 206, 3),
(1286, 75, 175, 3),
(1287, 75, 209, 3),
(1288, 75, 176, 3),
(1289, 75, 237, 3),
(1290, 75, 178, 3),
(1291, 75, 179, 3),
(1292, 75, 239, 3),
(1293, 75, 213, 3),
(1294, 75, 180, 3),
(1295, 75, 250, 3),
(1296, 75, 183, 3),
(1297, 75, 218, 3),
(1298, 75, 185, 3),
(1299, 75, 186, 3),
(1300, 75, 189, 3),
(1301, 75, 222, 3),
(1302, 75, 194, 3),
(1303, 75, 254, 3),
(1304, 75, 225, 3),
(1305, 75, 227, 3),
(1306, 75, 196, 3),
(1307, 75, 228, 3),
(1308, 75, 205, 3),
(1309, 75, 229, 3),
(1310, 75, 230, 3),
(1311, 75, 266, 3),
(1312, 75, 198, 3),
(1313, 75, 259, 3),
(1314, 75, 233, 3),
(1315, 75, 199, 3),
(1316, 75, 201, 3),
(1317, 75, 263, 3),
(1318, 76, 173, 3),
(1319, 76, 206, 3),
(1320, 76, 175, 3),
(1321, 76, 209, 3),
(1322, 76, 176, 3),
(1323, 76, 237, 3),
(1324, 76, 178, 3),
(1325, 76, 179, 3),
(1326, 76, 239, 3),
(1327, 76, 213, 3),
(1328, 76, 180, 3),
(1329, 76, 250, 3),
(1330, 76, 183, 3),
(1331, 76, 218, 3),
(1332, 76, 185, 3),
(1333, 76, 186, 3),
(1334, 76, 189, 3),
(1335, 76, 222, 3),
(1336, 76, 194, 3),
(1337, 76, 254, 3),
(1338, 76, 225, 3),
(1339, 76, 227, 3),
(1340, 76, 196, 3),
(1341, 76, 228, 3),
(1342, 76, 205, 3),
(1343, 76, 229, 3),
(1344, 76, 230, 3),
(1345, 76, 266, 3),
(1346, 76, 198, 3),
(1347, 76, 259, 3),
(1348, 76, 233, 3),
(1349, 76, 199, 3),
(1350, 76, 201, 3),
(1351, 76, 263, 3),
(1352, 77, 173, 3),
(1353, 77, 206, 3),
(1354, 77, 175, 3),
(1355, 77, 209, 3),
(1356, 77, 176, 3),
(1357, 77, 237, 3),
(1358, 77, 178, 3),
(1359, 77, 179, 3),
(1360, 77, 239, 3),
(1361, 77, 213, 3),
(1362, 77, 180, 3),
(1363, 77, 250, 3),
(1364, 77, 183, 3),
(1365, 77, 218, 3),
(1366, 77, 185, 3),
(1367, 77, 186, 3),
(1368, 77, 189, 3),
(1369, 77, 222, 3),
(1370, 77, 194, 3),
(1371, 77, 254, 3),
(1372, 77, 225, 3),
(1373, 77, 227, 3),
(1374, 77, 196, 3),
(1375, 77, 228, 3),
(1376, 77, 205, 3),
(1377, 77, 229, 3),
(1378, 77, 230, 3),
(1379, 77, 266, 3),
(1380, 77, 198, 3),
(1381, 77, 259, 3),
(1382, 77, 233, 3),
(1383, 77, 199, 3),
(1384, 77, 201, 3),
(1385, 77, 263, 3),
(1386, 34, 280, 3),
(1387, 34, 281, 3),
(1388, 34, 282, 3),
(1389, 34, 283, 3),
(1390, 34, 284, 3),
(1391, 34, 285, 3),
(1392, 34, 286, 3),
(1393, 34, 287, 3),
(1394, 34, 288, 3),
(1395, 34, 289, 3),
(1396, 34, 290, 3),
(1397, 34, 291, 2),
(1398, 34, 292, 3),
(1399, 34, 293, 3),
(1400, 34, 294, 3),
(1401, 34, 295, 3),
(1402, 34, 296, 3),
(1403, 34, 297, 3),
(1404, 34, 298, 3),
(1405, 34, 299, 3),
(1406, 34, 300, 3),
(1407, 34, 301, 3),
(1408, 34, 302, 3),
(1409, 34, 303, 3),
(1410, 34, 304, 3),
(1411, 34, 305, 3),
(1412, 34, 306, 3),
(1413, 34, 307, 3),
(1414, 34, 308, 3),
(1415, 34, 309, 3),
(1416, 34, 310, 3),
(1417, 34, 311, 3),
(1418, 34, 312, 3),
(1419, 35, 280, 3),
(1420, 35, 281, 3),
(1421, 35, 282, 3),
(1422, 35, 283, 3),
(1423, 35, 284, 3),
(1424, 35, 285, 3),
(1425, 35, 286, 3),
(1426, 35, 287, 3),
(1427, 35, 288, 3),
(1428, 35, 289, 3),
(1429, 35, 290, 3),
(1430, 35, 291, 2),
(1431, 35, 292, 3),
(1432, 35, 293, 3),
(1433, 35, 294, 3),
(1434, 35, 295, 3),
(1435, 35, 296, 3),
(1436, 35, 297, 3),
(1437, 35, 298, 3),
(1438, 35, 299, 3),
(1439, 35, 300, 3),
(1440, 35, 301, 3),
(1441, 35, 302, 3),
(1442, 35, 303, 3),
(1443, 35, 304, 3),
(1444, 35, 305, 3),
(1445, 35, 306, 3),
(1446, 35, 307, 3),
(1447, 35, 308, 3),
(1448, 35, 309, 3),
(1449, 35, 310, 3),
(1450, 35, 311, 3),
(1451, 35, 312, 3),
(1452, 36, 280, 3),
(1453, 36, 281, 3),
(1454, 36, 282, 3),
(1455, 36, 283, 3),
(1456, 36, 284, 3),
(1457, 36, 285, 3),
(1458, 36, 286, 3),
(1459, 36, 287, 3),
(1460, 36, 288, 3),
(1461, 36, 289, 3),
(1462, 36, 290, 3),
(1463, 36, 291, 2),
(1464, 36, 292, 3),
(1465, 36, 293, 3),
(1466, 36, 294, 3),
(1467, 36, 295, 3),
(1468, 36, 296, 3),
(1469, 36, 297, 3),
(1470, 36, 298, 3),
(1471, 36, 299, 3),
(1472, 36, 300, 3),
(1473, 36, 301, 3),
(1474, 36, 302, 3),
(1475, 36, 303, 3),
(1476, 36, 304, 3),
(1477, 36, 305, 3),
(1478, 36, 306, 3),
(1479, 36, 307, 3),
(1480, 36, 308, 3),
(1481, 36, 309, 3),
(1482, 36, 310, 3),
(1483, 36, 311, 3),
(1484, 36, 312, 3),
(1485, 37, 280, 3),
(1486, 37, 281, 3),
(1487, 37, 282, 3),
(1488, 37, 283, 3),
(1489, 37, 284, 3),
(1490, 37, 285, 3),
(1491, 37, 286, 3),
(1492, 37, 287, 2),
(1493, 37, 288, 3),
(1494, 37, 289, 3),
(1495, 37, 290, 3),
(1496, 37, 291, 2),
(1497, 37, 292, 3),
(1498, 37, 293, 3),
(1499, 37, 294, 3),
(1500, 37, 295, 3),
(1501, 37, 296, 2),
(1502, 37, 297, 3),
(1503, 37, 298, 3),
(1504, 37, 299, 3),
(1505, 37, 300, 3),
(1506, 37, 301, 3),
(1507, 37, 302, 3),
(1508, 37, 303, 3),
(1509, 37, 304, 3),
(1510, 37, 305, 3),
(1511, 37, 306, 3),
(1512, 37, 307, 3),
(1513, 37, 308, 2),
(1514, 37, 309, 2),
(1515, 37, 310, 2),
(1516, 37, 311, 3),
(1517, 37, 312, 3),
(1518, 38, 280, 3),
(1519, 38, 281, 3),
(1520, 38, 282, 3),
(1521, 38, 283, 3),
(1522, 38, 284, 3),
(1523, 38, 285, 3),
(1524, 38, 286, 3),
(1525, 38, 287, 3),
(1526, 38, 288, 2),
(1527, 38, 289, 3),
(1528, 38, 290, 3),
(1529, 38, 291, 2),
(1530, 38, 292, 3),
(1531, 38, 293, 3),
(1532, 38, 294, 3),
(1533, 38, 295, 3),
(1534, 38, 296, 2),
(1535, 38, 297, 2),
(1536, 38, 298, 2),
(1537, 38, 299, 2),
(1538, 38, 300, 3),
(1539, 38, 301, 2),
(1540, 38, 302, 3),
(1541, 38, 303, 3),
(1542, 38, 304, 3),
(1543, 38, 305, 3),
(1544, 38, 306, 3),
(1545, 38, 307, 3),
(1546, 38, 308, 2),
(1547, 38, 309, 2),
(1548, 38, 310, 2),
(1549, 38, 311, 3),
(1550, 38, 312, 3),
(1551, 49, 280, 3),
(1552, 49, 281, 3),
(1553, 49, 282, 3),
(1554, 49, 283, 3),
(1555, 49, 284, 3),
(1556, 49, 285, 3),
(1557, 49, 286, 3),
(1558, 49, 287, 3),
(1559, 49, 288, 3),
(1560, 49, 289, 3),
(1561, 49, 290, 3),
(1562, 49, 291, 3),
(1563, 49, 292, 3),
(1564, 49, 293, 3),
(1565, 49, 294, 3),
(1566, 49, 295, 3),
(1567, 49, 296, 3),
(1568, 49, 297, 3),
(1569, 49, 298, 3),
(1570, 49, 299, 3),
(1571, 49, 300, 3),
(1572, 49, 301, 3),
(1573, 49, 302, 3),
(1574, 49, 303, 3),
(1575, 49, 304, 3),
(1576, 49, 305, 3),
(1577, 49, 306, 3),
(1578, 49, 307, 3),
(1579, 49, 308, 3),
(1580, 49, 309, 3),
(1581, 49, 310, 3),
(1582, 49, 311, 3),
(1583, 49, 312, 3),
(1584, 50, 280, 3),
(1585, 50, 281, 3),
(1586, 50, 282, 3),
(1587, 50, 283, 3),
(1588, 50, 284, 3),
(1589, 50, 285, 3),
(1590, 50, 286, 3),
(1591, 50, 287, 3),
(1592, 50, 288, 3),
(1593, 50, 289, 3),
(1594, 50, 290, 3),
(1595, 50, 291, 3),
(1596, 50, 292, 3),
(1597, 50, 293, 3),
(1598, 50, 294, 3),
(1599, 50, 295, 3),
(1600, 50, 296, 3),
(1601, 50, 297, 3),
(1602, 50, 298, 3),
(1603, 50, 299, 3),
(1604, 50, 300, 3),
(1605, 50, 301, 3),
(1606, 50, 302, 3),
(1607, 50, 303, 3),
(1608, 50, 304, 3),
(1609, 50, 305, 3),
(1610, 50, 306, 3),
(1611, 50, 307, 3),
(1612, 50, 308, 3),
(1613, 50, 309, 3),
(1614, 50, 310, 3),
(1615, 50, 311, 3),
(1616, 50, 312, 3),
(1617, 51, 280, 3),
(1618, 51, 281, 3),
(1619, 51, 282, 3),
(1620, 51, 283, 3),
(1621, 51, 284, 3),
(1622, 51, 285, 3),
(1623, 51, 286, 3),
(1624, 51, 287, 2),
(1625, 51, 288, 2),
(1626, 51, 289, 3),
(1627, 51, 290, 3),
(1628, 51, 291, 2),
(1629, 51, 292, 3),
(1630, 51, 293, 3),
(1631, 51, 294, 3),
(1632, 51, 295, 3),
(1633, 51, 296, 2),
(1634, 51, 297, 2),
(1635, 51, 298, 2),
(1636, 51, 299, 2),
(1637, 51, 300, 3),
(1638, 51, 301, 2),
(1639, 51, 302, 3),
(1640, 51, 303, 3),
(1641, 51, 304, 3),
(1642, 51, 305, 2),
(1643, 51, 306, 3),
(1644, 51, 307, 3),
(1645, 51, 308, 2),
(1646, 51, 309, 2),
(1647, 51, 310, 2),
(1648, 51, 311, 3),
(1649, 51, 312, 3),
(1650, 53, 280, 3),
(1651, 53, 281, 3),
(1652, 53, 282, 3),
(1653, 53, 283, 3),
(1654, 53, 284, 3),
(1655, 53, 285, 3),
(1656, 53, 286, 3),
(1657, 53, 287, 2),
(1658, 53, 288, 2),
(1659, 53, 289, 2),
(1660, 53, 290, 3),
(1661, 53, 291, 2),
(1662, 53, 292, 3),
(1663, 53, 293, 3),
(1664, 53, 294, 3),
(1665, 53, 295, 3),
(1666, 53, 296, 2),
(1667, 53, 297, 3),
(1668, 53, 298, 3),
(1669, 53, 299, 2),
(1670, 53, 300, 3),
(1671, 53, 301, 3),
(1672, 53, 302, 3),
(1673, 53, 303, 3),
(1674, 53, 304, 3),
(1675, 53, 305, 3),
(1676, 53, 306, 3),
(1677, 53, 307, 3),
(1678, 53, 308, 2),
(1679, 53, 309, 2),
(1680, 53, 310, 2),
(1681, 53, 311, 3),
(1682, 53, 312, 3),
(1683, 52, 280, 3),
(1684, 52, 281, 3),
(1685, 52, 282, 3),
(1686, 52, 283, 3),
(1687, 52, 284, 3),
(1688, 52, 285, 3),
(1689, 52, 286, 3),
(1690, 52, 287, 2),
(1691, 52, 288, 2),
(1692, 52, 289, 3),
(1693, 52, 290, 3),
(1694, 52, 291, 2),
(1695, 52, 292, 3),
(1696, 52, 293, 3),
(1697, 52, 294, 3),
(1698, 52, 295, 3),
(1699, 52, 296, 2),
(1700, 52, 297, 2),
(1701, 52, 298, 2),
(1702, 52, 299, 2),
(1703, 52, 300, 3),
(1704, 52, 301, 2),
(1705, 52, 302, 3),
(1706, 52, 303, 3),
(1707, 52, 304, 3),
(1708, 52, 305, 3),
(1709, 52, 306, 3),
(1710, 52, 307, 3),
(1711, 52, 308, 2),
(1712, 52, 309, 2),
(1713, 52, 310, 2),
(1714, 52, 311, 3),
(1715, 52, 312, 3),
(1716, 39, 313, 3),
(1717, 39, 314, 2),
(1718, 39, 315, 2),
(1719, 39, 316, 3),
(1720, 39, 317, 3),
(1721, 39, 318, 3),
(1722, 39, 319, 1),
(1723, 39, 320, 3),
(1724, 39, 321, 3),
(1725, 39, 322, 3),
(1726, 39, 323, 3),
(1727, 39, 324, 2),
(1728, 39, 325, 3),
(1729, 39, 326, 2),
(1730, 39, 327, 3),
(1731, 39, 328, 3),
(1732, 39, 329, 2),
(1733, 39, 330, 3),
(1734, 39, 331, 2),
(1735, 39, 332, 3),
(1736, 39, 333, 3),
(1737, 39, 334, 2),
(1738, 39, 335, 3),
(1739, 39, 336, 3),
(1740, 39, 337, 3),
(1741, 39, 338, 3),
(1742, 39, 339, 3),
(1743, 39, 340, 3),
(1744, 39, 341, 3),
(1745, 39, 342, 3),
(1746, 39, 343, 3),
(1747, 39, 344, 3),
(1748, 39, 345, 3),
(1749, 39, 346, 3),
(1750, 39, 347, 3),
(1751, 40, 313, 3),
(1752, 40, 314, 3),
(1753, 40, 315, 3),
(1754, 40, 316, 3),
(1755, 40, 317, 3),
(1756, 40, 318, 2),
(1757, 40, 319, 2),
(1758, 40, 320, 3),
(1759, 40, 321, 3),
(1760, 40, 322, 3),
(1761, 40, 323, 3),
(1762, 40, 324, 2),
(1763, 40, 325, 3),
(1764, 40, 326, 2),
(1765, 40, 327, 2),
(1766, 40, 328, 3),
(1767, 40, 329, 2),
(1768, 40, 330, 2),
(1769, 40, 331, 2),
(1770, 40, 332, 2),
(1771, 40, 333, 2),
(1772, 40, 334, 2),
(1773, 40, 335, 2),
(1774, 40, 336, 3),
(1775, 40, 337, 2),
(1776, 40, 338, 3),
(1777, 40, 339, 3),
(1778, 40, 340, 3),
(1779, 40, 341, 3),
(1780, 40, 342, 2),
(1781, 40, 343, 3),
(1782, 40, 344, 3),
(1783, 40, 345, 3),
(1784, 40, 346, 3),
(1785, 40, 347, 3),
(1786, 41, 313, 3),
(1787, 41, 314, 3),
(1788, 41, 315, 3),
(1789, 41, 316, 3),
(1790, 41, 317, 3),
(1791, 41, 318, 3),
(1792, 41, 319, 3),
(1793, 41, 320, 3),
(1794, 41, 321, 3),
(1795, 41, 322, 3),
(1796, 41, 323, 3),
(1797, 41, 324, 3),
(1798, 41, 325, 3),
(1799, 41, 326, 3),
(1800, 41, 327, 3),
(1801, 41, 328, 3),
(1802, 41, 329, 3),
(1803, 41, 330, 3),
(1804, 41, 331, 3),
(1805, 41, 332, 3),
(1806, 41, 333, 3),
(1807, 41, 334, 3),
(1808, 41, 335, 3),
(1809, 41, 336, 3),
(1810, 41, 337, 3),
(1811, 41, 338, 3),
(1812, 41, 339, 3),
(1813, 41, 340, 3),
(1814, 41, 341, 3),
(1815, 41, 342, 3),
(1816, 41, 343, 3),
(1817, 41, 344, 3),
(1818, 41, 345, 3),
(1819, 41, 346, 3),
(1820, 41, 347, 3),
(1821, 78, 207, 2),
(1822, 78, 238, 2),
(1823, 78, 240, 3),
(1824, 78, 242, 3),
(1825, 78, 243, 3),
(1826, 78, 215, 3),
(1827, 78, 245, 2),
(1828, 78, 246, 3),
(1829, 78, 248, 3),
(1830, 78, 267, 3),
(1831, 78, 216, 3),
(1832, 78, 249, 2),
(1833, 78, 182, 2),
(1834, 78, 219, 3),
(1835, 78, 188, 3),
(1836, 78, 220, 3),
(1837, 78, 191, 2),
(1838, 78, 252, 3),
(1839, 78, 273, 2),
(1840, 78, 255, 3),
(1841, 78, 195, 2),
(1842, 78, 256, 3),
(1843, 78, 378, 3),
(1844, 78, 232, 2),
(1845, 78, 274, 3),
(1846, 78, 270, 3),
(1847, 78, 260, 2),
(1848, 78, 261, 2),
(1849, 78, 234, 3),
(1850, 78, 235, 3),
(1851, 79, 207, 2),
(1852, 79, 238, 2),
(1853, 79, 240, 3),
(1854, 79, 242, 3),
(1855, 79, 243, 3),
(1856, 79, 215, 3),
(1857, 79, 245, 2),
(1858, 79, 246, 3),
(1859, 79, 248, 3),
(1860, 79, 267, 3),
(1861, 79, 216, 3),
(1862, 79, 249, 2),
(1863, 79, 182, 2),
(1864, 79, 219, 3),
(1865, 79, 188, 3),
(1866, 79, 220, 3),
(1867, 79, 191, 3),
(1868, 79, 252, 3),
(1869, 79, 273, 3),
(1870, 79, 255, 3),
(1871, 79, 195, 2),
(1872, 79, 256, 3),
(1873, 79, 378, 3),
(1874, 79, 232, 2),
(1875, 79, 274, 3),
(1876, 79, 270, 3),
(1877, 79, 260, 2),
(1878, 79, 261, 2),
(1879, 79, 234, 3),
(1880, 79, 235, 3),
(1881, 42, 313, 3),
(1882, 42, 314, 3),
(1883, 42, 315, 3),
(1884, 42, 316, 3),
(1885, 42, 317, 3),
(1886, 42, 318, 2),
(1887, 42, 319, 2),
(1888, 42, 320, 3),
(1889, 42, 321, 3),
(1890, 42, 322, 3),
(1891, 42, 323, 3),
(1892, 42, 324, 2),
(1893, 42, 325, 3),
(1894, 42, 326, 2),
(1895, 42, 327, 2),
(1896, 42, 328, 3),
(1897, 42, 329, 2),
(1898, 42, 330, 3),
(1899, 42, 331, 3),
(1900, 42, 332, 3),
(1901, 42, 333, 3),
(1902, 42, 334, 2),
(1903, 42, 335, 2),
(1904, 42, 336, 3),
(1905, 42, 337, 2),
(1906, 42, 338, 3),
(1907, 42, 339, 3),
(1908, 42, 340, 3),
(1909, 42, 341, 2),
(1910, 42, 342, 2),
(1911, 42, 343, 3),
(1912, 42, 344, 3),
(1913, 42, 345, 3),
(1914, 42, 346, 3),
(1915, 42, 347, 3),
(1916, 43, 313, 3),
(1917, 43, 314, 3),
(1918, 43, 315, 3),
(1919, 43, 316, 3),
(1920, 43, 317, 3),
(1921, 43, 318, 2),
(1922, 43, 319, 2),
(1923, 43, 320, 3),
(1924, 43, 321, 3),
(1925, 43, 322, 3),
(1926, 43, 323, 3),
(1927, 43, 324, 2),
(1928, 43, 325, 3),
(1929, 43, 326, 2),
(1930, 43, 327, 3),
(1931, 43, 328, 3),
(1932, 43, 329, 3),
(1933, 43, 330, 3),
(1934, 43, 331, 3),
(1935, 43, 332, 3),
(1936, 43, 333, 3),
(1937, 43, 334, 3),
(1938, 43, 335, 3),
(1939, 43, 336, 3),
(1940, 43, 337, 3),
(1941, 43, 338, 3),
(1942, 43, 339, 3),
(1943, 43, 340, 3),
(1944, 43, 341, 3),
(1945, 43, 342, 3),
(1946, 43, 343, 3),
(1947, 43, 344, 3),
(1948, 43, 345, 3),
(1949, 43, 346, 3),
(1950, 43, 347, 3),
(1951, 54, 313, 3),
(1952, 54, 314, 3),
(1953, 54, 315, 3),
(1954, 54, 316, 3),
(1955, 54, 317, 3),
(1956, 54, 318, 3),
(1957, 54, 319, 3),
(1958, 54, 320, 3),
(1959, 54, 321, 3),
(1960, 54, 322, 3),
(1961, 54, 323, 3),
(1962, 54, 324, 3),
(1963, 54, 325, 3),
(1964, 54, 326, 3),
(1965, 54, 327, 3),
(1966, 54, 328, 3),
(1967, 54, 329, 3),
(1968, 54, 330, 3),
(1969, 54, 331, 3),
(1970, 54, 332, 3),
(1971, 54, 333, 3),
(1972, 54, 334, 3),
(1973, 54, 335, 3),
(1974, 54, 336, 3),
(1975, 54, 337, 3),
(1976, 54, 338, 3),
(1977, 54, 339, 3),
(1978, 54, 340, 3),
(1979, 54, 341, 3),
(1980, 54, 342, 3),
(1981, 54, 343, 3),
(1982, 54, 344, 3),
(1983, 54, 345, 3),
(1984, 54, 346, 3),
(1985, 54, 347, 3),
(1986, 80, 207, 3),
(1987, 80, 238, 3),
(1988, 80, 240, 3),
(1989, 80, 242, 3),
(1990, 80, 243, 3),
(1991, 80, 215, 3),
(1992, 80, 245, 3),
(1993, 80, 246, 3),
(1994, 80, 248, 3),
(1995, 80, 267, 3),
(1996, 80, 216, 3),
(1997, 80, 249, 3),
(1998, 80, 182, 3),
(1999, 80, 219, 3),
(2000, 80, 188, 3),
(2001, 80, 220, 3),
(2002, 80, 191, 3),
(2003, 80, 252, 3),
(2004, 80, 273, 3),
(2005, 80, 255, 3),
(2006, 80, 195, 3),
(2007, 80, 256, 3),
(2008, 80, 378, 3),
(2009, 80, 232, 3),
(2010, 80, 274, 3),
(2011, 80, 270, 3),
(2012, 80, 260, 3),
(2013, 80, 261, 3),
(2014, 80, 234, 3),
(2015, 80, 235, 3),
(2016, 81, 207, 3),
(2017, 81, 238, 3),
(2018, 81, 240, 3),
(2019, 81, 242, 3),
(2020, 81, 243, 3),
(2021, 81, 215, 3),
(2022, 81, 245, 3),
(2023, 81, 246, 3),
(2024, 81, 248, 3),
(2025, 81, 267, 3),
(2026, 81, 216, 3),
(2027, 81, 249, 3),
(2028, 81, 182, 3),
(2029, 81, 219, 3),
(2030, 81, 188, 3),
(2031, 81, 220, 3),
(2032, 81, 191, 3),
(2033, 81, 252, 3),
(2034, 81, 273, 3),
(2035, 81, 255, 3),
(2036, 81, 195, 3),
(2037, 81, 256, 3),
(2038, 81, 378, 3),
(2039, 81, 232, 3),
(2040, 81, 274, 3),
(2041, 81, 270, 3),
(2042, 81, 260, 3),
(2043, 81, 261, 3),
(2044, 81, 234, 3),
(2045, 81, 235, 3),
(2046, 55, 313, 3),
(2047, 55, 314, 3),
(2048, 55, 315, 3),
(2049, 55, 316, 3),
(2050, 55, 317, 3),
(2051, 55, 318, 3),
(2052, 55, 319, 2),
(2053, 55, 320, 3),
(2054, 55, 321, 3),
(2055, 55, 322, 3),
(2056, 55, 323, 3),
(2057, 55, 324, 3),
(2058, 55, 325, 3),
(2059, 55, 326, 3),
(2060, 55, 327, 3),
(2061, 55, 328, 3),
(2062, 55, 329, 3),
(2063, 55, 330, 3),
(2064, 55, 331, 3),
(2065, 55, 332, 3),
(2066, 55, 333, 3),
(2067, 55, 334, 3),
(2068, 55, 335, 3),
(2069, 55, 336, 3),
(2070, 55, 337, 3),
(2071, 55, 338, 3),
(2072, 55, 339, 3),
(2073, 55, 340, 3),
(2074, 55, 341, 3),
(2075, 55, 342, 3),
(2076, 55, 343, 3),
(2077, 55, 344, 3),
(2078, 55, 345, 3),
(2079, 55, 346, 3),
(2080, 55, 347, 3),
(2081, 82, 236, 3),
(2082, 82, 174, 3),
(2083, 82, 208, 3),
(2084, 82, 210, 3),
(2085, 82, 177, 3),
(2086, 82, 211, 3),
(2087, 82, 212, 3),
(2088, 82, 265, 3),
(2089, 82, 247, 3),
(2090, 82, 181, 3),
(2091, 82, 251, 3),
(2092, 82, 221, 3),
(2093, 82, 192, 3),
(2094, 82, 193, 3),
(2095, 82, 253, 3),
(2096, 82, 223, 3),
(2097, 82, 224, 3),
(2098, 82, 226, 3),
(2099, 82, 275, 3),
(2100, 82, 268, 3),
(2101, 82, 257, 3),
(2102, 82, 258, 3),
(2103, 82, 231, 3),
(2104, 82, 269, 3),
(2105, 82, 197, 3),
(2106, 82, 200, 3),
(2107, 82, 202, 3),
(2108, 82, 203, 3),
(2109, 82, 264, 3),
(2110, 83, 236, 3),
(2111, 83, 174, 3),
(2112, 83, 208, 3),
(2113, 83, 210, 3),
(2114, 83, 177, 3),
(2115, 83, 211, 3),
(2116, 83, 212, 3),
(2117, 83, 265, 3),
(2118, 83, 247, 3),
(2119, 83, 181, 3),
(2120, 83, 251, 3),
(2121, 83, 221, 3),
(2122, 83, 192, 3),
(2123, 83, 193, 3),
(2124, 83, 253, 3),
(2125, 83, 223, 3),
(2126, 83, 224, 3),
(2127, 83, 226, 3),
(2128, 83, 275, 3),
(2129, 83, 268, 3),
(2130, 83, 257, 3),
(2131, 83, 258, 3),
(2132, 83, 231, 3),
(2133, 83, 269, 3),
(2134, 83, 197, 3),
(2135, 83, 200, 3),
(2136, 83, 202, 3),
(2137, 83, 203, 3),
(2138, 83, 264, 3),
(2139, 84, 236, 3),
(2140, 84, 174, 3),
(2141, 84, 208, 3),
(2142, 84, 210, 3),
(2143, 84, 177, 3),
(2144, 84, 211, 3),
(2145, 84, 212, 3),
(2146, 84, 265, 3),
(2147, 84, 247, 3),
(2148, 84, 181, 3),
(2149, 84, 251, 3),
(2150, 84, 221, 3),
(2151, 84, 192, 3),
(2152, 84, 193, 3),
(2153, 84, 253, 3),
(2154, 84, 223, 3),
(2155, 84, 224, 3),
(2156, 84, 226, 3),
(2157, 84, 275, 3),
(2158, 84, 268, 3),
(2159, 84, 257, 3),
(2160, 84, 258, 3),
(2161, 84, 231, 3),
(2162, 84, 269, 3),
(2163, 84, 197, 3),
(2164, 84, 200, 3),
(2165, 84, 202, 3),
(2166, 84, 203, 3),
(2167, 84, 264, 3),
(2168, 87, 236, 3),
(2169, 87, 174, 3),
(2170, 87, 208, 2),
(2171, 87, 210, 3),
(2172, 87, 177, 3),
(2173, 87, 211, 3),
(2174, 87, 212, 3),
(2175, 87, 265, 3),
(2176, 87, 247, 3),
(2177, 87, 181, 3),
(2178, 87, 251, 3),
(2179, 87, 221, 3),
(2180, 87, 192, 3),
(2181, 87, 193, 3),
(2182, 87, 253, 2),
(2183, 87, 223, 3),
(2184, 87, 224, 3),
(2185, 87, 226, 3),
(2186, 87, 275, 3),
(2187, 87, 268, 3),
(2188, 87, 257, 3),
(2189, 87, 258, 3),
(2190, 87, 231, 3),
(2191, 87, 269, 3),
(2192, 87, 197, 3),
(2193, 87, 200, 3),
(2194, 87, 202, 3),
(2195, 87, 203, 3),
(2196, 87, 264, 3),
(2197, 56, 313, 3),
(2198, 56, 314, 3),
(2199, 56, 315, 3),
(2200, 56, 316, 3),
(2201, 56, 317, 3),
(2202, 56, 318, 3),
(2203, 56, 319, 3),
(2204, 56, 320, 3),
(2205, 56, 321, 3),
(2206, 56, 322, 3),
(2207, 56, 323, 3),
(2208, 56, 324, 3),
(2209, 56, 325, 3),
(2210, 56, 326, 3),
(2211, 56, 327, 3),
(2212, 56, 328, 3),
(2213, 56, 329, 3),
(2214, 56, 330, 3),
(2215, 56, 331, 3),
(2216, 56, 332, 3),
(2217, 56, 333, 3),
(2218, 56, 334, 3),
(2219, 56, 335, 3),
(2220, 56, 336, 3),
(2221, 56, 337, 3),
(2222, 56, 338, 3),
(2223, 56, 339, 3),
(2224, 56, 340, 3),
(2225, 56, 341, 3),
(2226, 56, 342, 3),
(2227, 56, 343, 3),
(2228, 56, 344, 3),
(2229, 56, 345, 3),
(2230, 56, 346, 3),
(2231, 56, 347, 3),
(2232, 57, 313, 2),
(2233, 57, 314, 2),
(2234, 57, 315, 2),
(2235, 57, 316, 3),
(2236, 57, 317, 3),
(2237, 57, 318, 2),
(2238, 57, 319, 1),
(2239, 57, 320, 2),
(2240, 57, 321, 3),
(2241, 57, 322, 2),
(2242, 57, 323, 2),
(2243, 57, 324, 2),
(2244, 57, 325, 3),
(2245, 57, 326, 2),
(2246, 57, 327, 2),
(2247, 57, 328, 3),
(2248, 57, 329, 2),
(2249, 57, 330, 2),
(2250, 57, 331, 2),
(2251, 57, 332, 2),
(2252, 57, 333, 2),
(2253, 57, 334, 2),
(2254, 57, 335, 2),
(2255, 57, 336, 2),
(2256, 57, 337, 2),
(2257, 57, 338, 3),
(2258, 57, 339, 3),
(2259, 57, 340, 2),
(2260, 57, 341, 2),
(2261, 57, 342, 2),
(2262, 57, 343, 3),
(2263, 57, 344, 2),
(2264, 57, 345, 3),
(2265, 57, 346, 3),
(2266, 57, 347, 3),
(2267, 86, 236, 3),
(2268, 86, 174, 3),
(2269, 86, 208, 3),
(2270, 86, 210, 3),
(2271, 86, 177, 3),
(2272, 86, 211, 3),
(2273, 86, 212, 1),
(2274, 86, 265, 3),
(2275, 86, 247, 3),
(2276, 86, 181, 3),
(2277, 86, 251, 3),
(2278, 86, 221, 3),
(2279, 86, 192, 3),
(2280, 86, 193, 1),
(2281, 86, 253, 3),
(2282, 86, 223, 3),
(2283, 86, 224, 3),
(2284, 86, 226, 3),
(2285, 86, 275, 3),
(2286, 86, 268, 3),
(2287, 86, 257, 1),
(2288, 86, 258, 3),
(2289, 86, 231, 3),
(2290, 86, 269, 1),
(2291, 86, 197, 3),
(2292, 86, 200, 3),
(2293, 86, 202, 3),
(2294, 86, 203, 1),
(2295, 86, 264, 1),
(2296, 85, 236, 3),
(2297, 85, 174, 3),
(2298, 85, 208, 3),
(2299, 85, 210, 3),
(2300, 85, 177, 3),
(2301, 85, 211, 3),
(2302, 85, 212, 3),
(2303, 85, 265, 3),
(2304, 85, 247, 3),
(2305, 85, 181, 3),
(2306, 85, 251, 3),
(2307, 85, 221, 3),
(2308, 85, 192, 3),
(2309, 85, 193, 3),
(2310, 85, 253, 3),
(2311, 85, 223, 3),
(2312, 85, 224, 3),
(2313, 85, 226, 3),
(2314, 85, 275, 3),
(2315, 85, 268, 3),
(2316, 85, 257, 3),
(2317, 85, 258, 3),
(2318, 85, 231, 3),
(2319, 85, 269, 3),
(2320, 85, 197, 3),
(2321, 85, 200, 3),
(2322, 85, 202, 3),
(2323, 85, 203, 3),
(2324, 85, 264, 3),
(2325, 58, 313, 3),
(2326, 58, 314, 3),
(2327, 58, 315, 3),
(2328, 58, 316, 3),
(2329, 58, 317, 3),
(2330, 58, 318, 3),
(2331, 58, 319, 3),
(2332, 58, 320, 3),
(2333, 58, 321, 3),
(2334, 58, 322, 3),
(2335, 58, 323, 3),
(2336, 58, 324, 3),
(2337, 58, 325, 3),
(2338, 58, 326, 3),
(2339, 58, 327, 3),
(2340, 58, 328, 3),
(2341, 58, 329, 3),
(2342, 58, 330, 3),
(2343, 58, 331, 3),
(2344, 58, 332, 3),
(2345, 58, 333, 3),
(2346, 58, 334, 3),
(2347, 58, 335, 3),
(2348, 58, 336, 3),
(2349, 58, 337, 3),
(2350, 58, 338, 3),
(2351, 58, 339, 3),
(2352, 58, 340, 3),
(2353, 58, 341, 3),
(2354, 58, 342, 3),
(2355, 58, 343, 3),
(2356, 58, 344, 3),
(2357, 58, 345, 3),
(2358, 58, 346, 3),
(2359, 58, 347, 3),
(2360, 88, 236, 3),
(2361, 88, 174, 3),
(2362, 88, 208, 3),
(2363, 88, 210, 3),
(2364, 88, 177, 3),
(2365, 88, 211, 3),
(2366, 88, 212, 3),
(2367, 88, 265, 3),
(2368, 88, 247, 3),
(2369, 88, 181, 3),
(2370, 88, 251, 3),
(2371, 88, 221, 3),
(2372, 88, 192, 3),
(2373, 88, 193, 3),
(2374, 88, 253, 3),
(2375, 88, 223, 3),
(2376, 88, 224, 3),
(2377, 88, 226, 3),
(2378, 88, 275, 3),
(2379, 88, 268, 3),
(2380, 88, 257, 3),
(2381, 88, 258, 3),
(2382, 88, 231, 3),
(2383, 88, 269, 3),
(2384, 88, 197, 3),
(2385, 88, 200, 3),
(2386, 88, 202, 3),
(2387, 88, 203, 3),
(2388, 88, 264, 3),
(2389, 44, 348, 2),
(2390, 44, 349, 2),
(2391, 44, 350, 2),
(2392, 44, 351, 3),
(2393, 44, 352, 3),
(2394, 44, 354, 2),
(2395, 44, 355, 3),
(2396, 44, 357, 2),
(2397, 44, 358, 3),
(2398, 44, 359, 2),
(2399, 44, 360, 2),
(2400, 44, 361, 3),
(2401, 44, 362, 2),
(2402, 44, 363, 2),
(2403, 44, 3055640000380, 2),
(2404, 44, 3055640000381, 2),
(2405, 44, 364, 2),
(2406, 44, 367, 3),
(2407, 44, 368, 3),
(2408, 44, 369, 2),
(2409, 44, 370, 2),
(2410, 44, 371, 2),
(2411, 44, 372, 3),
(2412, 44, 373, 2),
(2413, 44, 3055640000382, 2),
(2414, 44, 3055640000379, 2),
(2415, 44, 374, 3),
(2416, 44, 3055640000383, 2),
(2417, 44, 375, 2),
(2418, 44, 3055640000384, 3),
(2419, 44, 376, 2),
(2420, 45, 348, 1),
(2421, 45, 349, 1),
(2422, 45, 350, 1),
(2423, 45, 351, 3),
(2424, 45, 352, 3),
(2425, 45, 354, 1),
(2426, 45, 355, 3),
(2427, 45, 357, 1),
(2428, 45, 358, 3),
(2429, 45, 359, 1),
(2430, 45, 360, 1),
(2431, 45, 361, 3),
(2432, 45, 362, 1),
(2433, 45, 363, 3),
(2434, 45, 3055640000380, 1),
(2435, 45, 3055640000381, 1),
(2436, 45, 364, 1),
(2437, 45, 367, 3),
(2438, 45, 368, 3),
(2439, 45, 369, 1),
(2440, 45, 370, 1),
(2441, 45, 371, 1),
(2442, 45, 372, 3),
(2443, 45, 373, 1),
(2444, 45, 3055640000382, 1),
(2445, 45, 3055640000379, 1),
(2446, 45, 374, 3),
(2447, 45, 3055640000383, 1),
(2448, 45, 375, 1),
(2449, 45, 3055640000384, 3),
(2450, 45, 376, 1),
(2451, 89, 173, 3),
(2452, 89, 206, 3),
(2453, 89, 175, 3),
(2454, 89, 209, 3),
(2455, 89, 176, 3),
(2456, 89, 237, 3),
(2457, 89, 178, 3),
(2458, 89, 179, 3),
(2459, 89, 239, 3),
(2460, 89, 213, 3),
(2461, 89, 180, 3),
(2462, 89, 250, 3),
(2463, 89, 183, 3),
(2464, 89, 218, 3),
(2465, 89, 185, 3),
(2466, 89, 186, 3),
(2467, 89, 189, 3),
(2468, 89, 222, 3),
(2469, 89, 194, 3),
(2470, 89, 254, 3),
(2471, 89, 225, 3),
(2472, 89, 227, 3),
(2473, 89, 196, 3),
(2474, 89, 228, 3),
(2475, 89, 205, 3),
(2476, 89, 229, 3),
(2477, 89, 230, 3),
(2478, 89, 266, 3),
(2479, 89, 198, 3),
(2480, 89, 259, 3),
(2481, 89, 233, 3),
(2482, 89, 199, 3),
(2483, 89, 201, 3),
(2484, 89, 263, 3),
(2485, 46, 348, 2),
(2486, 46, 349, 2),
(2487, 46, 350, 2),
(2488, 46, 351, 3),
(2489, 46, 352, 3),
(2490, 46, 354, 2),
(2491, 46, 355, 2),
(2492, 46, 357, 3),
(2493, 46, 358, 3),
(2494, 46, 359, 2),
(2495, 46, 360, 3),
(2496, 46, 361, 3),
(2497, 46, 362, 3),
(2498, 46, 363, 3),
(2499, 46, 3055640000380, 2),
(2500, 46, 3055640000381, 2),
(2501, 46, 364, 2),
(2502, 46, 367, 2),
(2503, 46, 368, 3),
(2504, 46, 369, 2),
(2505, 46, 370, 2),
(2506, 46, 371, 2),
(2507, 46, 372, 2),
(2508, 46, 373, 2),
(2509, 46, 3055640000382, 2),
(2510, 46, 3055640000379, 2),
(2511, 46, 374, 3),
(2512, 46, 3055640000383, 3),
(2513, 46, 375, 3),
(2514, 46, 3055640000384, 3),
(2515, 46, 376, 3),
(2516, 90, 173, 3),
(2517, 90, 206, 3),
(2518, 90, 175, 3),
(2519, 90, 209, 3),
(2520, 90, 176, 3),
(2521, 90, 237, 3),
(2522, 90, 178, 3),
(2523, 90, 179, 3),
(2524, 90, 239, 3),
(2525, 90, 213, 3),
(2526, 90, 180, 3),
(2527, 90, 250, 3),
(2528, 90, 183, 3),
(2529, 90, 218, 3),
(2530, 90, 185, 3),
(2531, 90, 186, 3),
(2532, 90, 189, 3),
(2533, 90, 222, 3),
(2534, 90, 194, 3),
(2535, 90, 254, 3),
(2536, 90, 225, 3),
(2537, 90, 227, 3),
(2538, 90, 196, 3),
(2539, 90, 228, 3),
(2540, 90, 205, 3),
(2541, 90, 229, 3),
(2542, 90, 230, 3),
(2543, 90, 266, 3),
(2544, 90, 198, 3),
(2545, 90, 259, 3),
(2546, 90, 233, 3),
(2547, 90, 199, 3),
(2548, 90, 201, 3),
(2549, 90, 263, 3),
(2550, 47, 348, 2),
(2551, 47, 349, 2),
(2552, 47, 350, 2),
(2553, 47, 351, 2),
(2554, 47, 352, 2),
(2555, 47, 354, 2),
(2556, 47, 355, 2),
(2557, 47, 357, 2),
(2558, 47, 358, 2),
(2559, 47, 359, 2),
(2560, 47, 360, 2),
(2561, 47, 361, 2),
(2562, 47, 362, 2),
(2563, 47, 363, 2),
(2564, 47, 3055640000380, 2),
(2565, 47, 3055640000381, 2),
(2566, 47, 364, 2),
(2567, 47, 367, 2),
(2568, 47, 368, 2),
(2569, 47, 369, 2),
(2570, 47, 370, 2),
(2571, 47, 371, 2),
(2572, 47, 372, 2),
(2573, 47, 373, 2),
(2574, 47, 3055640000382, 2),
(2575, 47, 3055640000379, 2),
(2576, 47, 374, 2),
(2577, 47, 3055640000383, 2),
(2578, 47, 375, 2),
(2579, 47, 3055640000384, 2),
(2580, 47, 376, 2),
(2581, 48, 348, 2),
(2582, 48, 349, 2),
(2583, 48, 350, 2),
(2584, 48, 351, 3),
(2585, 48, 352, 3),
(2586, 48, 354, 2),
(2587, 48, 355, 3),
(2588, 48, 357, 2),
(2589, 48, 358, 3),
(2590, 48, 359, 2),
(2591, 48, 360, 2),
(2592, 48, 361, 3),
(2593, 48, 362, 2),
(2594, 48, 363, 3),
(2595, 48, 3055640000380, 2),
(2596, 48, 3055640000381, 2),
(2597, 48, 364, 2),
(2598, 48, 367, 2),
(2599, 48, 368, 2),
(2600, 48, 369, 2),
(2601, 48, 370, 2),
(2602, 48, 371, 2),
(2603, 48, 372, 3),
(2604, 48, 373, 2),
(2605, 48, 3055640000382, 2),
(2606, 48, 3055640000379, 2),
(2607, 48, 374, 3),
(2608, 48, 3055640000383, 2),
(2609, 48, 375, 2),
(2610, 48, 3055640000384, 3),
(2611, 48, 376, 2),
(2612, 93, 173, 3),
(2613, 93, 206, 3),
(2614, 93, 175, 3),
(2615, 93, 209, 3),
(2616, 93, 176, 3),
(2617, 93, 237, 3),
(2618, 93, 178, 3),
(2619, 93, 179, 3),
(2620, 93, 239, 3),
(2621, 93, 213, 3),
(2622, 93, 180, 3),
(2623, 93, 250, 3),
(2624, 93, 183, 3),
(2625, 93, 218, 3),
(2626, 93, 185, 2),
(2627, 93, 186, 3),
(2628, 93, 189, 3),
(2629, 93, 222, 3),
(2630, 93, 194, 3),
(2631, 93, 254, 3),
(2632, 93, 225, 3),
(2633, 93, 227, 3),
(2634, 93, 196, 3),
(2635, 93, 228, 2),
(2636, 93, 205, 2),
(2637, 93, 229, 3),
(2638, 93, 230, 3),
(2639, 93, 266, 3),
(2640, 93, 198, 3),
(2641, 93, 259, 3),
(2642, 93, 233, 2),
(2643, 93, 199, 3),
(2644, 93, 201, 3),
(2645, 93, 263, 2),
(2646, 94, 173, 3),
(2647, 94, 206, 3),
(2648, 94, 175, 3),
(2649, 94, 209, 3),
(2650, 94, 176, 3),
(2651, 94, 237, 3),
(2652, 94, 178, 3),
(2653, 94, 179, 3),
(2654, 94, 239, 3),
(2655, 94, 213, 3),
(2656, 94, 180, 3),
(2657, 94, 250, 3),
(2658, 94, 183, 3),
(2659, 94, 218, 3),
(2660, 94, 185, 2),
(2661, 94, 186, 3),
(2662, 94, 189, 3),
(2663, 94, 222, 3),
(2664, 94, 194, 3),
(2665, 94, 254, 3),
(2666, 94, 225, 3),
(2667, 94, 227, 3),
(2668, 94, 196, 3),
(2669, 94, 228, 2),
(2670, 94, 205, 2),
(2671, 94, 229, 3),
(2672, 94, 230, 3),
(2673, 94, 266, 3),
(2674, 94, 198, 3),
(2675, 94, 259, 3),
(2676, 94, 233, 2),
(2677, 94, 199, 3),
(2678, 94, 201, 3),
(2679, 94, 263, 2),
(2680, 92, 173, 3),
(2681, 92, 206, 3),
(2682, 92, 175, 3),
(2683, 92, 209, 3),
(2684, 92, 176, 3),
(2685, 92, 237, 3),
(2686, 92, 178, 3),
(2687, 92, 179, 3),
(2688, 92, 239, 3),
(2689, 92, 213, 3),
(2690, 92, 180, 3),
(2691, 92, 250, 3),
(2692, 92, 183, 3),
(2693, 92, 218, 3),
(2694, 92, 185, 3),
(2695, 92, 186, 3),
(2696, 92, 189, 3),
(2697, 92, 222, 3),
(2698, 92, 194, 3),
(2699, 92, 254, 3),
(2700, 92, 225, 3),
(2701, 92, 227, 3),
(2702, 92, 196, 3),
(2703, 92, 228, 3),
(2704, 92, 205, 3),
(2705, 92, 229, 3),
(2706, 92, 230, 3),
(2707, 92, 266, 3),
(2708, 92, 198, 3),
(2709, 92, 259, 3),
(2710, 92, 233, 3),
(2711, 92, 199, 3),
(2712, 92, 201, 3),
(2713, 92, 263, 3),
(2714, 59, 348, 3),
(2715, 59, 349, 3),
(2716, 59, 350, 3),
(2717, 59, 351, 3),
(2718, 59, 352, 3),
(2719, 59, 354, 3),
(2720, 59, 355, 3),
(2721, 59, 357, 3),
(2722, 59, 358, 3),
(2723, 59, 359, 3),
(2724, 59, 360, 3),
(2725, 59, 361, 3),
(2726, 59, 362, 3),
(2727, 59, 363, 3),
(2728, 59, 3055640000380, 3),
(2729, 59, 3055640000381, 3),
(2730, 59, 364, 3),
(2731, 59, 367, 3),
(2732, 59, 368, 3),
(2733, 59, 369, 3),
(2734, 59, 370, 3),
(2735, 59, 371, 3),
(2736, 59, 372, 3),
(2737, 59, 373, 3),
(2738, 59, 3055640000382, 3),
(2739, 59, 3055640000379, 3),
(2740, 59, 374, 3),
(2741, 59, 3055640000383, 3),
(2742, 59, 375, 3),
(2743, 59, 3055640000384, 3),
(2744, 59, 376, 3),
(2745, 95, 173, 3),
(2746, 95, 206, 3),
(2747, 95, 175, 3),
(2748, 95, 209, 3),
(2749, 95, 176, 3),
(2750, 95, 237, 3),
(2751, 95, 178, 3),
(2752, 95, 179, 3),
(2753, 95, 239, 3),
(2754, 95, 213, 3),
(2755, 95, 180, 3),
(2756, 95, 250, 3),
(2757, 95, 183, 3),
(2758, 95, 218, 3),
(2759, 95, 185, 3),
(2760, 95, 186, 3),
(2761, 95, 189, 3),
(2762, 95, 222, 3),
(2763, 95, 194, 3),
(2764, 95, 254, 3),
(2765, 95, 225, 3),
(2766, 95, 227, 3),
(2767, 95, 196, 3),
(2768, 95, 228, 3),
(2769, 95, 205, 3),
(2770, 95, 229, 3),
(2771, 95, 230, 3),
(2772, 95, 266, 3),
(2773, 95, 198, 3),
(2774, 95, 259, 3),
(2775, 95, 233, 3),
(2776, 95, 199, 3),
(2777, 95, 201, 3),
(2778, 95, 263, 3),
(2779, 91, 173, 3),
(2780, 91, 206, 3),
(2781, 91, 175, 3),
(2782, 91, 209, 3),
(2783, 91, 176, 3),
(2784, 91, 237, 3),
(2785, 91, 178, 3),
(2786, 91, 179, 3),
(2787, 91, 239, 3),
(2788, 91, 213, 3),
(2789, 91, 180, 3),
(2790, 91, 250, 3),
(2791, 91, 183, 3),
(2792, 91, 218, 3),
(2793, 91, 185, 3),
(2794, 91, 186, 3),
(2795, 91, 189, 3),
(2796, 91, 222, 3),
(2797, 91, 194, 3),
(2798, 91, 254, 3),
(2799, 91, 225, 3),
(2800, 91, 227, 3),
(2801, 91, 196, 3),
(2802, 91, 228, 3),
(2803, 91, 205, 3),
(2804, 91, 229, 3),
(2805, 91, 230, 3),
(2806, 91, 266, 3),
(2807, 91, 198, 3),
(2808, 91, 259, 3),
(2809, 91, 233, 3),
(2810, 91, 199, 3),
(2811, 91, 201, 3),
(2812, 91, 263, 3),
(2813, 60, 348, 2),
(2814, 60, 349, 2),
(2815, 60, 350, 2),
(2816, 60, 351, 2),
(2817, 60, 352, 2),
(2818, 60, 354, 2),
(2819, 60, 355, 2),
(2820, 60, 357, 2),
(2821, 60, 358, 3),
(2822, 60, 359, 2),
(2823, 60, 360, 3),
(2824, 60, 361, 3),
(2825, 60, 362, 2),
(2826, 60, 363, 2),
(2827, 60, 3055640000380, 2),
(2828, 60, 3055640000381, 2),
(2829, 60, 364, 2),
(2830, 60, 367, 2),
(2831, 60, 368, 3),
(2832, 60, 369, 2),
(2833, 60, 370, 2),
(2834, 60, 371, 2),
(2835, 60, 372, 2),
(2836, 60, 373, 2),
(2837, 60, 3055640000382, 2),
(2838, 60, 3055640000379, 2),
(2839, 60, 374, 2),
(2840, 60, 3055640000383, 2),
(2841, 60, 375, 2),
(2842, 60, 3055640000384, 2),
(2843, 60, 376, 2),
(2844, 61, 348, 2),
(2845, 61, 349, 3),
(2846, 61, 350, 2),
(2847, 61, 351, 3),
(2848, 61, 352, 2),
(2849, 61, 354, 3),
(2850, 61, 355, 2),
(2851, 61, 357, 3),
(2852, 61, 358, 3),
(2853, 61, 359, 3),
(2854, 61, 360, 3),
(2855, 61, 361, 3),
(2856, 61, 362, 3),
(2857, 61, 363, 3),
(2858, 61, 3055640000380, 3),
(2859, 61, 3055640000381, 3),
(2860, 61, 364, 2),
(2861, 61, 367, 3),
(2862, 61, 368, 3),
(2863, 61, 369, 2),
(2864, 61, 370, 2),
(2865, 61, 371, 3),
(2866, 61, 372, 2),
(2867, 61, 373, 3),
(2868, 61, 3055640000382, 2),
(2869, 61, 3055640000379, 2),
(2870, 61, 374, 3),
(2871, 61, 3055640000383, 3),
(2872, 61, 375, 3),
(2873, 61, 3055640000384, 3);
INSERT INTO `p_nilai` (`nilai_id`, `target_id`, `siswa_id`, `nilai_data`) VALUES
(2874, 61, 376, 3),
(2875, 62, 348, 2),
(2876, 62, 349, 2),
(2877, 62, 350, 2),
(2878, 62, 351, 2),
(2879, 62, 352, 2),
(2880, 62, 354, 2),
(2881, 62, 355, 2),
(2882, 62, 357, 3),
(2883, 62, 358, 3),
(2884, 62, 359, 3),
(2885, 62, 360, 2),
(2886, 62, 361, 3),
(2887, 62, 362, 2),
(2888, 62, 363, 2),
(2889, 62, 3055640000380, 2),
(2890, 62, 3055640000381, 2),
(2891, 62, 364, 2),
(2892, 62, 367, 2),
(2893, 62, 368, 3),
(2894, 62, 369, 2),
(2895, 62, 370, 2),
(2896, 62, 371, 2),
(2897, 62, 372, 2),
(2898, 62, 373, 2),
(2899, 62, 3055640000382, 2),
(2900, 62, 3055640000379, 2),
(2901, 62, 374, 2),
(2902, 62, 3055640000383, 3),
(2903, 62, 375, 2),
(2904, 62, 3055640000384, 3),
(2905, 62, 376, 2),
(2906, 63, 348, 2),
(2907, 63, 349, 2),
(2908, 63, 350, 3),
(2909, 63, 351, 3),
(2910, 63, 352, 3),
(2911, 63, 354, 3),
(2912, 63, 355, 2),
(2913, 63, 357, 3),
(2914, 63, 358, 3),
(2915, 63, 359, 3),
(2916, 63, 360, 3),
(2917, 63, 361, 3),
(2918, 63, 362, 3),
(2919, 63, 363, 3),
(2920, 63, 3055640000380, 2),
(2921, 63, 3055640000381, 2),
(2922, 63, 364, 2),
(2923, 63, 367, 3),
(2924, 63, 368, 3),
(2925, 63, 369, 2),
(2926, 63, 370, 2),
(2927, 63, 371, 3),
(2928, 63, 372, 2),
(2929, 63, 373, 3),
(2930, 63, 3055640000382, 2),
(2931, 63, 3055640000379, 2),
(2932, 63, 374, 3),
(2933, 63, 3055640000383, 3),
(2934, 63, 375, 3),
(2935, 63, 3055640000384, 3),
(2936, 63, 376, 3);

-- --------------------------------------------------------

--
-- Table structure for table `p_pembina`
--

CREATE TABLE `p_pembina` (
  `pembina_id` int(11) NOT NULL,
  `lembaga_id` varchar(100) DEFAULT NULL,
  `tahunajaran_id` int(11) DEFAULT NULL,
  `semester_id` int(11) DEFAULT NULL,
  `guru_id` bigint(20) DEFAULT NULL,
  `kelas_id` bigint(20) DEFAULT NULL
) ENGINE=InnoDB DEFAULT CHARSET=utf8mb4 COLLATE=utf8mb4_general_ci;

--
-- Dumping data for table `p_pembina`
--

INSERT INTO `p_pembina` (`pembina_id`, `lembaga_id`, `tahunajaran_id`, `semester_id`, `guru_id`, `kelas_id`) VALUES
(1, 'b0JSRDJPaHlGaEdlNis0bEQzRHVWdz09OmJUUmtjalJ6TkdoaU1YTTBaREJ1T1E9PQ', 2024, NULL, 3055640000003, 2024100000000000001),
(2, 'b0JSRDJPaHlGaEdlNis0bEQzRHVWdz09OmJUUmtjalJ6TkdoaU1YTTBaREJ1T1E9PQ', 2024, NULL, 3055640000003, 2024100000000000002),
(3, 'b0JSRDJPaHlGaEdlNis0bEQzRHVWdz09OmJUUmtjalJ6TkdoaU1YTTBaREJ1T1E9PQ', 2024, NULL, 3055640000003, 2024100000000000003),
(4, 'b0JSRDJPaHlGaEdlNis0bEQzRHVWdz09OmJUUmtjalJ6TkdoaU1YTTBaREJ1T1E9PQ', 2024, NULL, 3055640000007, 2024100000000000004),
(5, 'b0JSRDJPaHlGaEdlNis0bEQzRHVWdz09OmJUUmtjalJ6TkdoaU1YTTBaREJ1T1E9PQ', 2024, NULL, 3055640000007, 2024100000000000005),
(6, 'b0JSRDJPaHlGaEdlNis0bEQzRHVWdz09OmJUUmtjalJ6TkdoaU1YTTBaREJ1T1E9PQ', 2024, NULL, 3055640000007, 2024100000000000006);

-- --------------------------------------------------------

--
-- Table structure for table `p_proyek`
--

CREATE TABLE `p_proyek` (
  `proyek_id` int(11) NOT NULL,
  `tema_id` int(11) DEFAULT NULL,
  `proyek_nama` varchar(100) DEFAULT NULL,
  `proyek_judul` varchar(250) DEFAULT NULL,
  `proyek_deskripsi` text DEFAULT NULL,
  `pembina_id` int(11) DEFAULT NULL,
  `proyek_send` int(1) DEFAULT NULL,
  `kelas_id` bigint(20) DEFAULT NULL
) ENGINE=InnoDB DEFAULT CHARSET=utf8mb4 COLLATE=utf8mb4_general_ci;

--
-- Dumping data for table `p_proyek`
--

INSERT INTO `p_proyek` (`proyek_id`, `tema_id`, `proyek_nama`, `proyek_judul`, `proyek_deskripsi`, `pembina_id`, `proyek_send`, `kelas_id`) VALUES
(1, 4, '1', 'Anti Bullying', 'meningkatkan kesadaran siswa tentang bahaya perundungan dan membekali siswa dengan keterampilan untuk mencegah dan mengatasi bullying', 4, 2, NULL),
(2, 1, '1', 'Bertanam dengan sistem hidroponik', 'Meningkatkan kemampuan siswa dalam menanam kangkung menggunakan sistem hidroponik', 1, 2, NULL),
(3, 4, '1', 'Anti Bullying', 'kegiatan pembelajaran yang bertujuan untuk meningkatkan kesadaran siswa tentang bahaya perundungan dan membekali mereka dengan keterampilan untuk mencegah dan mengatasinya', 5, 1, NULL),
(4, 4, '1', 'Anti Bullying', 'kegiatan pembelajaran yang bertujuan untuk meningkatkan kesadaran siswa tentang bahaya perundungan dan membekali mereka dengan keterampilan untuk mencegah dan mengatasinya', 6, 1, NULL),
(5, 1, '1', 'Bertanam dengan sistem hidroponik', 'Meningkatkan kemampuan siswa dalam menanam kangkung menggunakan sistem hidroponik', 2, 2, NULL),
(6, 1, '1', 'Bertanam dengan sistem hidroponik', 'Meningkatkan kemampuan siswa dalam menanam kangkung menggunakan sistem hidroponik', 3, 2, NULL),
(7, 5, '2', 'Pemilihan ketua dan wakil ketua OSIS', 'Meningkatkan kemampuan siswa dalam menyampaikan pendapat dan memilih pemimpin yang memiliki visi misi sesuai dengan ketentuan agama dan negara', 1, 2, NULL),
(8, 7, '3', 'Mencari pangsa pasar yang sedang viral dan membuat makanan dan barang tersebut', 'mampu menganalisis pangsa pasar dan membuat makanan atau barang yang sedang viral lalu menjualnya', 1, 2, NULL),
(9, 5, '2', 'Pemilihan ketua dan wakil ketua OSIS', 'Meningkatkan kemampuan siswa dalam menyampaikan pendapat dan memilih pemimpin yang memiliki visi misi sesuai dengan ketentuan agama dan negara', 2, 2, NULL),
(10, 7, '3', 'Mencari pangsa pasar yang sedang viral dan membuat makanan dan barang tersebut', 'Mampu menganalisis pangsa pasar dan membuat makanan atau barang yang sedang viral lalu menjualnya', 2, 2, NULL),
(11, 5, '2', 'Pemilihan ketua dan wakil ketua OSIS', 'Meningkatkan kemampuan siswa dalam menyampaikan pendapat dan memilih pemimpin yang memiliki visi misi sesuai dengan ketentuan agama dan negara', 3, 2, NULL),
(12, 7, '3', 'Mencari pangsa pasar yang sedang viral dan membuat makanan dan barang tersebut', 'Mampu menganalisis pangsa pasar dan membuat makanan atau barang yang sedang viral lalu menjualnya', 3, 2, NULL),
(13, 6, '2', 'Kunjungan ke Galeri Yakult', 'Melalui kunjungan ini, siswa dapat mengamati, menganalisis, dan terinspirasi oleh berbagai karya rekayasa dan teknologi masa lalu dan masa kini yang dipamerkan di Galeri Yakult', 4, 2, NULL),
(14, 2, '2', 'Pengenalan permainan tradisional, jajanan, lagu dan tarian lokal Bali', 'menanamkan rasa cinta terhadap budaya dan tradisi daerah, serta membangun karakter yang berpijak pada nilai-nilai lokal yang luhur.', 4, 2, NULL),
(15, 6, '2', 'Berkunjung ke Galeri Yakult', 'Melalui kunjungan ini, siswa dapat mengamati, menganalisis, dan terinspirasi oleh berbagai karya rekayasa dan teknologi masa lalu dan masa kini yang dipamerkan di Galeri Yakult', 5, 2, NULL),
(16, 6, '2', 'Berkunjung ke Galeri Yakult', 'Melalui kunjungan ini, siswa dapat mengamati, menganalisis, dan terinspirasi oleh berbagai karya rekayasa dan teknologi masa lalu dan masa kini yang dipamerkan di Galeri Yakult', 6, 2, NULL),
(17, 2, '3', 'Pengenalan permainan tradisional, jajanan, lagu dan tarian lokal Bali', 'menanamkan rasa cinta terhadap budaya dan tradisi daerah, serta membangun karakter yang berpijak pada nilai-nilai lokal yang luhur.', 5, 2, NULL),
(18, 2, '3', 'Pengenalan permainan tradisional, jajanan, lagu dan tarian lokal Bali', 'menanamkan rasa cinta terhadap budaya dan tradisi daerah, serta membangun karakter yang berpijak pada nilai-nilai lokal yang luhur.', 6, 2, NULL);

-- --------------------------------------------------------

--
-- Table structure for table `p_subelemen`
--

CREATE TABLE `p_subelemen` (
  `subelemen_id` int(11) NOT NULL,
  `elemen_id` int(11) NOT NULL,
  `subelemen_nama` text DEFAULT NULL
) ENGINE=InnoDB DEFAULT CHARSET=utf8mb4 COLLATE=utf8mb4_general_ci;

--
-- Dumping data for table `p_subelemen`
--

INSERT INTO `p_subelemen` (`subelemen_id`, `elemen_id`, `subelemen_nama`) VALUES
(1, 1, 'Mengenal dan Mencintai Tuhan Yang Maha Esa'),
(2, 1, 'Pemahaman Agama/Kepercayaan'),
(3, 1, 'Pelaksanaan Ritual Ibadah'),
(4, 2, 'Integritas'),
(5, 2, 'Merawat Diri secara Fisik, Mental dan Spiritual'),
(6, 3, 'Mengutamakan persamaan dengan orang lain dan menghargai perbedaan'),
(7, 3, 'Berempati kepada orang lain'),
(8, 4, 'Memahami Keterhubungan Ekosistem Bumi'),
(9, 4, 'Menjaga Lingkungan Alam Sekitar'),
(10, 5, 'Melaksanakan Hak dan Kewajiban sebagai Warga Negara Indonesia'),
(11, 6, 'Mendalami budaya dan identitas budaya'),
(12, 6, 'Mengeksplorasi dan membandingkan pengetahuan budaya, kepercayaan, serta praktiknya'),
(13, 6, 'Menumbuhkan rasa menghormati terhadap keanekaraga man budaya. [Tasāmuh]'),
(14, 7, 'Berkomunikasi antar budaya'),
(15, 7, 'Mempertimbangkan dan menumbuhkan berbagai perspektif'),
(16, 8, 'Refleksi terhadap pengalaman kebinekaan'),
(17, 8, 'Menghilangkan stereotip dan prasangka'),
(18, 8, 'Menyelaraskan perbedaan budaya'),
(19, 9, 'Aktif membangun masyarakat yang inklusif, adil, dan berkelanjutan'),
(20, 9, 'Berpartisipasi dalam proses pengambilan keputusan bersama'),
(21, 1, 'Pemahaman dan pengamalan beragama yang moderat tidak berlebih-lebihan (ifrāṭ / ekstrem kanan) dan juga tidak abai (tafrīṭ / ekstrem kiri). [Tawassuṭ]'),
(22, 1, 'Pemahaman dan pengamalan agama secara seimbang yang meliputi semua aspek kehidupan, baik dunia maupun akhirat [Tawāzun].'),
(23, 2, 'Menjadi pelopor kebaikan dalam menjalankan fungsi khalifah di bumi [Qudwah]'),
(24, 3, 'Menjunjung tinggi akhlak mulia dalam kehidupan dan peradaban manusia [Ta’addub]'),
(25, 9, 'Memahami peran individu dalam demokrasi'),
(26, 10, 'Kerja sama'),
(27, 10, 'Komunikasi untuk mencapai tujuan bersama'),
(29, 10, 'Saling-ketergantungan positif'),
(30, 10, 'Koordinasi Sosial'),
(31, 10, 'Bersaudara atas dasar agama, kemanusiaan, dan sesama warga negara. (Ukhuwah diniyyah, basyariah, waṭaniyah) [Tasāmuh].'),
(32, 11, 'Tanggap terhadap lingkungan Sosial'),
(33, 11, 'Persepsi sosial'),
(34, 13, 'Mengenali kualitas dan minat diri serta tantangan yang dihadapi'),
(35, 13, 'Mengembangkan refleksi diri'),
(36, 14, 'Regulasi emosi'),
(37, 14, 'Penetapan tujuan belajar, prestasi, dan pengemba ngan diri serta rencana strategis untuk mencapain ya'),
(38, 14, 'Menunjukkan inisiatif dan bekerja secara mandiri [Qudwah]'),
(39, 14, 'Mengembangkan pengendalian dan disiplin diri [Qudwah]'),
(40, 14, 'Percaya diri, tangguh (resilient), dan adaptif [Qudwah]'),
(41, 15, 'Mengajukan pertanyaan'),
(42, 15, 'Mengidentifikasi, mengklarifikasi, dan mengolah informasi dan gagasan'),
(44, 19, 'Inovatif menciptakan hal baru untuk kemaslahatan dan kemajuan umat manusia [Tathawwur wa Ibtikâr]'),
(45, 20, 'Dinamis melakukan perubahan sesuai dengan perkembangan zaman [Tathawwur wa Ibtikâr]');

-- --------------------------------------------------------

--
-- Table structure for table `p_target`
--

CREATE TABLE `p_target` (
  `target_id` int(11) NOT NULL,
  `proyek_id` int(11) DEFAULT NULL,
  `targetelemen_id` int(11) DEFAULT NULL
) ENGINE=InnoDB DEFAULT CHARSET=utf8mb4 COLLATE=utf8mb4_general_ci;

--
-- Dumping data for table `p_target`
--

INSERT INTO `p_target` (`target_id`, `proyek_id`, `targetelemen_id`) VALUES
(2, 1, 243),
(4, 1, 211),
(5, 1, 247),
(6, 1, 222),
(8, 2, 213),
(9, 2, 230),
(10, 2, 236),
(11, 2, 250),
(12, 3, 211),
(13, 3, 222),
(14, 3, 228),
(15, 3, 236),
(16, 3, 243),
(17, 3, 247),
(18, 1, 228),
(19, 1, 236),
(20, 4, 211),
(21, 4, 222),
(22, 4, 228),
(23, 4, 236),
(24, 4, 243),
(25, 4, 247),
(26, 5, 213),
(27, 5, 230),
(28, 5, 236),
(29, 5, 250),
(30, 6, 213),
(31, 6, 230),
(32, 6, 236),
(33, 6, 250),
(34, 7, 202),
(35, 7, 225),
(36, 7, 227),
(37, 7, 239),
(38, 7, 242),
(39, 9, 202),
(40, 9, 225),
(41, 9, 227),
(42, 9, 239),
(43, 9, 242),
(44, 11, 202),
(45, 11, 225),
(46, 11, 227),
(47, 11, 239),
(48, 11, 242),
(49, 8, 201),
(50, 8, 225),
(51, 8, 227),
(52, 8, 248),
(53, 8, 244),
(54, 10, 201),
(55, 10, 225),
(56, 10, 227),
(57, 10, 244),
(58, 10, 248),
(59, 12, 201),
(60, 12, 225),
(61, 12, 227),
(62, 12, 244),
(63, 12, 248),
(64, 13, 205),
(66, 13, 217),
(67, 13, 242),
(68, 14, 204),
(69, 14, 218),
(71, 14, 247),
(72, 15, 205),
(73, 15, 217),
(74, 15, 242),
(75, 16, 205),
(76, 16, 217),
(77, 16, 242),
(78, 13, 227),
(79, 13, 235),
(80, 14, 227),
(81, 14, 235),
(82, 15, 227),
(83, 15, 235),
(84, 17, 205),
(85, 17, 216),
(86, 17, 227),
(87, 17, 235),
(88, 17, 243),
(89, 16, 227),
(90, 16, 235),
(91, 18, 201),
(92, 18, 217),
(93, 18, 227),
(94, 18, 235),
(95, 18, 242);

-- --------------------------------------------------------

--
-- Table structure for table `p_targetelemen`
--

CREATE TABLE `p_targetelemen` (
  `targetelemen_id` int(11) NOT NULL,
  `elemen_id` int(11) NOT NULL,
  `subelemen_id` int(11) DEFAULT NULL,
  `jenjang_id` int(11) DEFAULT NULL,
  `fase` varchar(1) DEFAULT NULL,
  `targetelemen_detail` text DEFAULT NULL
) ENGINE=InnoDB DEFAULT CHARSET=utf8mb4 COLLATE=utf8mb4_general_ci;

--
-- Dumping data for table `p_targetelemen`
--

INSERT INTO `p_targetelemen` (`targetelemen_id`, `elemen_id`, `subelemen_id`, `jenjang_id`, `fase`, `targetelemen_detail`) VALUES
(201, 1, 1, 3, '', 'Memahami berbagai kualitas atau sifat-sifat Tuhan Yang Maha Esa yang diutarakan dalam kitab suci agama masing-masing dan menghubungkan kualitas-kualitas positif Tuhan dengan sikap pribadinya, serta meyakini firman Tuhan sebagai kebenaran.'),
(202, 1, 2, 3, '', 'Memahami unsur-unsur utama agama/kepercayaan, dan mengenali peran agama/kepercayaan dalam kehidupan serta memahami ajaran moral agama.'),
(203, 1, 3, 3, '', 'Melaksanakan ibadah secara rutin sesuai dengan tuntunan agama/kepercaya annya, berdoa mandiri, merayakan, dan memahami makna hari-hari besar.'),
(204, 1, 21, 3, '', 'Memahami perilaku beragama dan kelompok/golongannya konteks lokal dan mengamalkan perilaku tawassuṭ/moderat dalam beragama'),
(205, 1, 22, 3, '', 'Menerapkan  pengamalan keagamaan secara seimbang meliputi semua aspek kehidupan, baik dunia maupun akhirat dengan kapasitasnya sebagai pribadi dan masyarakat berlandaskan ajaran Islam.'),
(206, 2, 4, 3, '', 'Berani dan konsisten menyampaikan kebenaran atau fakta serta memahami konsekuensi- konsekuensinya untuk diri sendiri.'),
(207, 2, 5, 3, '', 'Memperhatikan kesehatan jasmani, mental, dan rohani dengan melakukan aktivitas fisik, sosial, dan ibadah.'),
(208, 2, 23, 3, '', 'Menjadi teladan dalam berbagai kegiatan, baik di lingkungan madrasah maupun di luar lingkungan madrasah'),
(209, 3, 6, 3, '', 'Mengidentifikasi kesamaan dengan orang lain sebagai perekat hubungan sosial dan mewujudkannya dalam aktivitas kelompok. Mulai mengenal berbagai kemungkinan interpretasi dan cara pandang yang berbeda ketika dihadapkan dengan dilema.'),
(210, 3, 7, 3, '', 'Mulai memandang sesuatu dari perspektif orang lain serta mengidentifikasi kebaikan dan kelebihan orang sekitarnya.'),
(211, 3, 24, 3, '', 'Menunjukkan pribadi yang saleh individual dan sosial, santun, dan berbudi pekerti mulia di lingkungan keluarga dan madrasah.'),
(212, 4, 8, 3, '', 'Memahami konsep harmoni dan mengidentifikasi adanya saling kebergantungan antara berbagai ciptaan Tuhan.'),
(213, 4, 9, 3, '', 'Mewujudkan rasa syukur dengan terbiasa berperilaku ramah lingkungan dan memahami akibat perbuatan tidak ramah lingkungan dalam lingkup kecil maupun besar.'),
(214, 5, 0, 3, '', 'Mengidentifikasi dan memahami peran, hak, dan kewajiban dasar sebagai warga negara serta kaitannya dengan keimanan kepada Tuhan Yang Maha Esa dan secara sadar mempraktikkannya dalam kehidupan sehari- hari.'),
(215, 5, 10, 3, '', 'Memahami sikap nasionalisme, patriotisme, berkomitmen 4 pilar kebangsaan (Pancasila, Bhinneka Tunggal Ika, NKRI, UUD 1945), dan akomodatif terhadap budaya lokal.'),
(216, 6, 11, 3, '', 'Mengidentifikasi dan mendeskripsikan keragaman budaya di sekitarnya; serta menjelaskan peran budaya dan bahasa dalam membentuk identitas dirinya.'),
(217, 6, 12, 3, '', 'Mendeskripsikan dan membandingkan pengetahuan dan praktik dari berbagai kelompok budaya.'),
(218, 6, 13, 3, '', 'Mengidentifikasi peluang dan tantangan yang muncul dari keragaman budaya di Indonesia.'),
(219, 7, 14, 3, '', 'Memahami persamaan dan perbedaan cara berkomunikasi baik di dalam maupun antarkelompok budaya.'),
(220, 7, 15, 3, '', 'Membandingkan beragam perspektif untuk memahami permasalahan sehari-hari. Memperkirakan dan mendeskripsikan situasi komunitas yang berbeda dengan dirinya ke dalam situasi dirinya dalam konteks lokal dan regional.'),
(221, 8, 16, 3, '', 'Menjelaskan apa yang telah dipelajari dari interaksi dan pengalaman dirinya dalam lingkungan yang beragam.'),
(222, 8, 17, 3, '', 'Mengonfirmasi dan mengklarifikasi stereotip dan prasangka yang dimilikinya tentang orang atau kelompok di sekitarnya untuk mendapatkan pemahaman yang lebih baik serta mengidentifikasi pengaruhnya terhadap individu dan kelompok di lingkungan sekitarnya.'),
(223, 8, 18, 3, '', 'Menyelaraskan nilai budaya yang beragam untuk menyelesaikan permasalahan bersama.'),
(224, 9, 19, 3, '', 'Membandingkan beberapa tindakan dan praktik perbaikan lingkungan sekolah yang inklusif, adil, dan berkelanjutan, dengan mempertimbangkan dampaknya secara jangka panjang terhadap manusia, alam, dan masyarakat.'),
(225, 9, 20, 3, '', 'Berpartisipasi dalam menentukan kriteria yang disepakati bersama untuk menentukan pilihan dan keputusan untuk kepentingan bersama.'),
(226, 9, 25, 3, '', 'Memahami konsep hak dan kewajiban, serta implikasinya terhadap perilakunya. Menggunakan konsep ini untuk menjelaskan perilaku diri dan orang sekitarnya.'),
(227, 10, 26, 3, '', 'Menunjukkan ekspektasi (harapan) positif kepada orang lain dalam rangka mencapai tujuan kelompok di lingkungan sekitar (sekolah dan rumah).'),
(228, 10, 27, 3, '', 'Memahami informasi dari berbagai sumber dan menyampaikan pesan menggunakan berbagai simbol dan media secara efektif kepada orang lain untuk mencapai tujuan bersama.'),
(229, 10, 29, 3, '', 'Menyadari bahwa meskipun setiap orang memiliki otonominya masing-masing, setiap orang membutuhkan orang lain dalam memenuhi kebutuhannya.'),
(230, 10, 30, 3, '', 'Menyelaraskan tindakannya sesuai dengan perannya dan mempertimbangkan peran orang lain untuk mencapai tujuan bersama.'),
(231, 10, 31, 3, '', 'Menerima dan menghormati temannya yang berbeda mazhab atau agama, suku, dan ras'),
(232, 11, 32, 3, '', 'Tanggap terhadap lingkungan sosial sesuai dengan tuntutan peran sosialnya dan menjaga keselarasan dalam berelasi dengan orang lain.'),
(233, 11, 33, 3, '', 'Menerapkan pengetahuan mengenai berbagai reaksi orang lain dan penyebabnya dalam konteks keluarga, sekolah, serta pertemanan dengan sebaya.'),
(234, 12, 0, 3, '', 'Memberi dan menerima hal yang dianggap penting dan berharga kepada/dari orang-orang di lingkungan luas/masyarakat baik yang dikenal maupun tidak dikenal.'),
(235, 13, 34, 3, '', 'Menggambarkan pengaruh kualitas dirinya terhadap pelaksanaan dan hasil belajar; serta mengidentifikasi kemampuan yang ingin dikembangkan dengan mempertimbangkan tantangan yang dihadapinya dan umpan balik dari orang dewasa.'),
(236, 13, 35, 3, '', 'Melakukan refleksi untuk mengidentifikasi faktor-faktor di dalam maupun di luar dirinya yang dapat mendukung/menghambatnya dalam belajar dan mengembangkan diri; serta mengidentifikasi cara-cara untuk mengatasi kekurangannya.'),
(237, 14, 36, 3, '', 'Memahami perbedaan emosi yang dirasakan dan dampaknya terhadap proses belajar dan interaksinya dengan orang lain; serta mencoba cara-cara yang sesuai untuk mengelola emosi agar dapat menunjang aktivitas belajar dan interaksinya dengan orang lain.'),
(238, 14, 37, 3, '', 'Menilai faktor- faktor (kekuatan dan kelemahan) yang ada pada dirinya dalam upaya mencapai tujuan belajar, prestasi, dan pengembangan dirinya serta mencoba berbagai strategi untuk mencapainya.'),
(239, 14, 38, 3, '', 'Memahami arti penting bekerja secara mandiri serta inisiatif untuk melakukannya dalam menunjang pembelajaran dan pengembangan dirinya.'),
(240, 14, 39, 3, '', 'Mengidentifikasi faktor-faktor yang dapat mempengaruhi kemampuan dalam mengelola diri dalam pelaksanaan aktivitas belajar dan pengembangan dirinya.'),
(241, 14, 40, 3, '', 'Menyusun, menyesuaikan, dan mengujicobakan berbagai strategi dan cara kerjanya untuk membantu dirinya dalam penyelesaian tugas yang menantang.'),
(242, 15, 41, 3, '', 'Mengajukan pertanyaan untuk membandingkan berbagai informasi dan untuk menambah pengetahuan.'),
(243, 15, 42, 3, '', 'Mengumpulkan, mengklasifikasikan, membandingkan , dan memilih informasi dari berbagai sumber, serta memperjelas informasi.'),
(244, 16, 0, 3, '', 'Menjelaskan alasan yang relevan dan akurat dalam penyelesaian masalah dan pengambilan keputusan.'),
(245, 17, 0, 3, '', 'Memberikan alasan dari hal yang dipikirkan, serta menyadari kemungkinan adanya bias pada pemikirannya sendiri.'),
(246, 18, 0, 3, '', 'Mengembangkan gagasan yang ia miliki untuk membuat kombinasi hal yang baru dan imajinatif untuk mengekspresikan pikiran dan/atau perasaannya.'),
(247, 19, 0, 3, '', 'Mengeksplorasi dan mengekspresikan pikiran dan/atau perasaannya sesuai dengan minat dan kesukaannya dalam bentuk karya dan/atau tindakan serta mengapresiasi dan mengkritisi karya dan tindakan yang dihasilkan.'),
(248, 19, 44, 3, '', 'Mengekspresikan gagasan/ide baru dalam bentuk lisan, tulisan, atau karya.'),
(249, 20, 0, 3, '', 'Mengidentifikasi alternatif solusi saat pendekatan yang diambil tidak berhasil berdasarkan identifikasi terhadap situasi.'),
(250, 20, 45, 3, '', 'Menganalisis berbagai gagasan/ide dalam bentuk lisan, tulisan, atau karya dan umpan balik untuk menghadapi situasi dan permasalahan');

-- --------------------------------------------------------

--
-- Table structure for table `p_tema`
--

CREATE TABLE `p_tema` (
  `tema_id` int(11) NOT NULL,
  `tema_nama` varchar(255) DEFAULT NULL
) ENGINE=InnoDB DEFAULT CHARSET=utf8mb4 COLLATE=utf8mb4_general_ci;

--
-- Dumping data for table `p_tema`
--

INSERT INTO `p_tema` (`tema_id`, `tema_nama`) VALUES
(1, 'Hidup Berkelanjutan'),
(2, 'Kearifan Lokal'),
(3, 'Bhineka	Tunggal Ika'),
(4, 'Bangunlah Jiwa dan Raganya'),
(5, 'Demokrasi Pancasila'),
(6, 'Berekayasa dan Berteknologi untuk membangun NKRI'),
(7, 'Kewirausahaan'),
(8, 'Kebekerjaan'),
(9, 'Keberagamaan dalam keragaman'),
(10, 'Damai dalam persaudaraan'),
(11, 'Cinta tanah air bagian dari keimanan'),
(12, 'Lestari adat istiadat negeri');

--
-- Indexes for dumped tables
--

--
-- Indexes for table `e_absenwalas`
--
ALTER TABLE `e_absenwalas`
  ADD PRIMARY KEY (`absen_id`),
  ADD UNIQUE KEY `lembaga_id` (`lembaga_id`,`tahunajaran_id`,`semester_id`,`siswa_id`);

--
-- Indexes for table `e_ajar`
--
ALTER TABLE `e_ajar`
  ADD PRIMARY KEY (`ajar_id`),
  ADD UNIQUE KEY `tahunajaran_id` (`tahunajaran_id`,`semester_id`,`mapel_id`,`kelas_id`,`guru_id`);

--
-- Indexes for table `e_bahanajar`
--
ALTER TABLE `e_bahanajar`
  ADD PRIMARY KEY (`bahanajar_id`),
  ADD KEY `trkelas_id` (`tingkat_id`);

--
-- Indexes for table `e_bahankelas`
--
ALTER TABLE `e_bahankelas`
  ADD PRIMARY KEY (`bahankelas_id`),
  ADD KEY `tragenda_id` (`tragenda_id`),
  ADD KEY `trkelas_id` (`kelas_id`);

--
-- Indexes for table `e_binaekstra`
--
ALTER TABLE `e_binaekstra`
  ADD PRIMARY KEY (`binaekstra_id`),
  ADD KEY `school_id` (`lembaga_id`,`tahunajaran_id`,`semester_id`,`ekstrakurikuler_id`) USING BTREE;

--
-- Indexes for table `e_cetak`
--
ALTER TABLE `e_cetak`
  ADD PRIMARY KEY (`cetak_id`),
  ADD UNIQUE KEY `lembaga_id` (`lembaga_id`,`tahunajaran_id`,`semester_id`);

--
-- Indexes for table `e_ekstrakurikuler`
--
ALTER TABLE `e_ekstrakurikuler`
  ADD PRIMARY KEY (`ekstrakurikuler_id`),
  ADD KEY `school_id` (`lembaga_id`);

--
-- Indexes for table `e_extrapilihan`
--
ALTER TABLE `e_extrapilihan`
  ADD PRIMARY KEY (`extrapilihan_id`),
  ADD UNIQUE KEY `lembaga_id` (`lembaga_id`,`tahunajaran_id`,`semester_id`,`ekstrakurikuler_id`,`siswa_id`);

--
-- Indexes for table `e_extrasiswa`
--
ALTER TABLE `e_extrasiswa`
  ADD PRIMARY KEY (`extrasiswa_id`),
  ADD UNIQUE KEY `lembaga_id` (`lembaga_id`,`tahunajaran_id`,`semester_id`,`ekstrakurikuler_id`,`siswa_id`);

--
-- Indexes for table `e_history`
--
ALTER TABLE `e_history`
  ADD PRIMARY KEY (`log_id`);

--
-- Indexes for table `e_inputnilai`
--
ALTER TABLE `e_inputnilai`
  ADD PRIMARY KEY (`inputnilai_id`),
  ADD UNIQUE KEY `komponennilai_id_2` (`komponennilai_id`,`siswa_id`),
  ADD KEY `komponennilai_id` (`komponennilai_id`);

--
-- Indexes for table `e_jenisnilai`
--
ALTER TABLE `e_jenisnilai`
  ADD PRIMARY KEY (`jenisnilai_id`);

--
-- Indexes for table `e_jurusan`
--
ALTER TABLE `e_jurusan`
  ADD PRIMARY KEY (`jurusan_id`);

--
-- Indexes for table `e_kelas`
--
ALTER TABLE `e_kelas`
  ADD PRIMARY KEY (`kelas_id`),
  ADD UNIQUE KEY `lembaga_id` (`lembaga_id`,`tahunajaran_id`,`tingkat_id`,`kelas_nama`,`jurusan_id`,`semester_id`);

--
-- Indexes for table `e_kelaslock`
--
ALTER TABLE `e_kelaslock`
  ADD PRIMARY KEY (`kelaslock_id`),
  ADD UNIQUE KEY `lembaga_id` (`lembaga_id`,`tahunajaran_id`,`semester_id`,`kelas_id`);

--
-- Indexes for table `e_kkmgrade`
--
ALTER TABLE `e_kkmgrade`
  ADD PRIMARY KEY (`kkmgrade_id`),
  ADD UNIQUE KEY `kkmtingkat_id` (`kkmtingkat_id`,`kkmgrade_kode`);

--
-- Indexes for table `e_kkmtingkat`
--
ALTER TABLE `e_kkmtingkat`
  ADD PRIMARY KEY (`kkmtingkat_id`),
  ADD UNIQUE KEY `lembaga_id` (`lembaga_id`,`tahunajaran_id`,`semester_id`,`tingkat_id`);

--
-- Indexes for table `e_komponennilai`
--
ALTER TABLE `e_komponennilai`
  ADD PRIMARY KEY (`komponennilai_id`),
  ADD UNIQUE KEY `tahunajaran_id` (`tahunajaran_id`,`semester_id`,`mapel_id`,`kelas_id`,`jenisnilai_id`,`komponennilai_nama`);

--
-- Indexes for table `e_kota`
--
ALTER TABLE `e_kota`
  ADD PRIMARY KEY (`master_regency_id`) USING BTREE,
  ADD KEY `regencies_province_id_index` (`master_province_id`) USING BTREE;

--
-- Indexes for table `e_kurikulum`
--
ALTER TABLE `e_kurikulum`
  ADD PRIMARY KEY (`kurikulum_id`);

--
-- Indexes for table `e_lampiran`
--
ALTER TABLE `e_lampiran`
  ADD PRIMARY KEY (`lampiran_id`);

--
-- Indexes for table `e_lampiransiswa`
--
ALTER TABLE `e_lampiransiswa`
  ADD PRIMARY KEY (`lampiransiswa_id`),
  ADD UNIQUE KEY `lampiran_id` (`lampiran_id`,`siswa_id`);

--
-- Indexes for table `e_mapel`
--
ALTER TABLE `e_mapel`
  ADD PRIMARY KEY (`mapel_id`);

--
-- Indexes for table `e_mapelpilihan`
--
ALTER TABLE `e_mapelpilihan`
  ADD PRIMARY KEY (`mapelpilihan_id`),
  ADD UNIQUE KEY `lembaga_id` (`lembaga_id`,`tahunajaran_id`,`semester_id`,`mapel_id`,`siswa_id`);

--
-- Indexes for table `e_mdesa`
--
ALTER TABLE `e_mdesa`
  ADD PRIMARY KEY (`master_village_id`) USING BTREE,
  ADD KEY `villages_district_id_index` (`master_district_id`) USING BTREE;

--
-- Indexes for table `e_mkabupaten`
--
ALTER TABLE `e_mkabupaten`
  ADD PRIMARY KEY (`kab_id`) USING BTREE,
  ADD KEY `regencies_province_id_index` (`prov_id`) USING BTREE;

--
-- Indexes for table `e_mkecamatan`
--
ALTER TABLE `e_mkecamatan`
  ADD PRIMARY KEY (`kec_id`) USING BTREE,
  ADD KEY `districts_id_index` (`kab_id`) USING BTREE;

--
-- Indexes for table `e_mprovinsi`
--
ALTER TABLE `e_mprovinsi`
  ADD PRIMARY KEY (`prov_id`) USING BTREE;

--
-- Indexes for table `e_pimpinan`
--
ALTER TABLE `e_pimpinan`
  ADD PRIMARY KEY (`pimpinan_id`);

--
-- Indexes for table `e_prestasi`
--
ALTER TABLE `e_prestasi`
  ADD PRIMARY KEY (`prestasi_id`),
  ADD UNIQUE KEY `lembaga_id` (`lembaga_id`,`tahunajaran_id`,`semester_id`,`siswa_id`,`prestasi_nama`);

--
-- Indexes for table `e_rapor`
--
ALTER TABLE `e_rapor`
  ADD PRIMARY KEY (`rapor_id`),
  ADD UNIQUE KEY `lembaga_id` (`lembaga_id`,`tahunajaran_id`,`semester_id`,`tingkat_id`,`mapel_id`,`jenisnilai_id`,`siswa_id`);

--
-- Indexes for table `e_riwayatsiswa`
--
ALTER TABLE `e_riwayatsiswa`
  ADD PRIMARY KEY (`riwayat_id`),
  ADD UNIQUE KEY `siswa_id` (`siswa_id`,`tahunajaran_id`,`semester_id`) USING BTREE;

--
-- Indexes for table `e_semester`
--
ALTER TABLE `e_semester`
  ADD PRIMARY KEY (`semester_id`);

--
-- Indexes for table `e_settings`
--
ALTER TABLE `e_settings`
  ADD PRIMARY KEY (`settings_id`);

--
-- Indexes for table `e_tahunajaran`
--
ALTER TABLE `e_tahunajaran`
  ADD PRIMARY KEY (`tahunajaran_id`);

--
-- Indexes for table `e_tingkat`
--
ALTER TABLE `e_tingkat`
  ADD PRIMARY KEY (`tingkat_id`);

--
-- Indexes for table `e_walas`
--
ALTER TABLE `e_walas`
  ADD PRIMARY KEY (`walas_id`);

--
-- Indexes for table `p_catatan`
--
ALTER TABLE `p_catatan`
  ADD PRIMARY KEY (`catatan_id`);

--
-- Indexes for table `p_dimensi`
--
ALTER TABLE `p_dimensi`
  ADD PRIMARY KEY (`dimensi_id`);

--
-- Indexes for table `p_elemen`
--
ALTER TABLE `p_elemen`
  ADD PRIMARY KEY (`elemen_id`),
  ADD KEY `dimensi_id` (`dimensi_id`);

--
-- Indexes for table `p_nilai`
--
ALTER TABLE `p_nilai`
  ADD PRIMARY KEY (`nilai_id`),
  ADD UNIQUE KEY `target_id` (`target_id`,`siswa_id`),
  ADD KEY `target_id_2` (`target_id`);

--
-- Indexes for table `p_pembina`
--
ALTER TABLE `p_pembina`
  ADD PRIMARY KEY (`pembina_id`);

--
-- Indexes for table `p_proyek`
--
ALTER TABLE `p_proyek`
  ADD PRIMARY KEY (`proyek_id`);

--
-- Indexes for table `p_subelemen`
--
ALTER TABLE `p_subelemen`
  ADD PRIMARY KEY (`subelemen_id`),
  ADD KEY `elemen_id` (`elemen_id`);

--
-- Indexes for table `p_target`
--
ALTER TABLE `p_target`
  ADD PRIMARY KEY (`target_id`);

--
-- Indexes for table `p_targetelemen`
--
ALTER TABLE `p_targetelemen`
  ADD PRIMARY KEY (`targetelemen_id`),
  ADD KEY `elemen_id` (`elemen_id`),
  ADD KEY `subelemen_id` (`subelemen_id`);

--
-- Indexes for table `p_tema`
--
ALTER TABLE `p_tema`
  ADD PRIMARY KEY (`tema_id`);

--
-- AUTO_INCREMENT for dumped tables
--

--
-- AUTO_INCREMENT for table `e_absenwalas`
--
ALTER TABLE `e_absenwalas`
  MODIFY `absen_id` bigint(20) NOT NULL AUTO_INCREMENT, AUTO_INCREMENT=2024200000000000281;

--
-- AUTO_INCREMENT for table `e_ajar`
--
ALTER TABLE `e_ajar`
  MODIFY `ajar_id` bigint(20) NOT NULL AUTO_INCREMENT, AUTO_INCREMENT=2024200000000000136;

--
-- AUTO_INCREMENT for table `e_bahanajar`
--
ALTER TABLE `e_bahanajar`
  MODIFY `bahanajar_id` int(11) NOT NULL AUTO_INCREMENT;

--
-- AUTO_INCREMENT for table `e_bahankelas`
--
ALTER TABLE `e_bahankelas`
  MODIFY `bahankelas_id` int(11) NOT NULL AUTO_INCREMENT;

--
-- AUTO_INCREMENT for table `e_binaekstra`
--
ALTER TABLE `e_binaekstra`
  MODIFY `binaekstra_id` bigint(20) NOT NULL AUTO_INCREMENT, AUTO_INCREMENT=2024200000000000010;

--
-- AUTO_INCREMENT for table `e_cetak`
--
ALTER TABLE `e_cetak`
  MODIFY `cetak_id` bigint(20) NOT NULL AUTO_INCREMENT, AUTO_INCREMENT=2024200000000000002;

--
-- AUTO_INCREMENT for table `e_ekstrakurikuler`
--
ALTER TABLE `e_ekstrakurikuler`
  MODIFY `ekstrakurikuler_id` bigint(20) NOT NULL AUTO_INCREMENT, AUTO_INCREMENT=2024100000000000002;

--
-- AUTO_INCREMENT for table `e_extrapilihan`
--
ALTER TABLE `e_extrapilihan`
  MODIFY `extrapilihan_id` bigint(20) NOT NULL AUTO_INCREMENT, AUTO_INCREMENT=2024200000000000127;

--
-- AUTO_INCREMENT for table `e_extrasiswa`
--
ALTER TABLE `e_extrasiswa`
  MODIFY `extrasiswa_id` bigint(20) NOT NULL AUTO_INCREMENT, AUTO_INCREMENT=2024200000000000314;

--
-- AUTO_INCREMENT for table `e_history`
--
ALTER TABLE `e_history`
  MODIFY `log_id` bigint(20) NOT NULL AUTO_INCREMENT, AUTO_INCREMENT=1259;

--
-- AUTO_INCREMENT for table `e_inputnilai`
--
ALTER TABLE `e_inputnilai`
  MODIFY `inputnilai_id` bigint(20) NOT NULL AUTO_INCREMENT, AUTO_INCREMENT=2024200000000019191;

--
-- AUTO_INCREMENT for table `e_jenisnilai`
--
ALTER TABLE `e_jenisnilai`
  MODIFY `jenisnilai_id` int(11) NOT NULL AUTO_INCREMENT, AUTO_INCREMENT=21;

--
-- AUTO_INCREMENT for table `e_jurusan`
--
ALTER TABLE `e_jurusan`
  MODIFY `jurusan_id` int(11) NOT NULL AUTO_INCREMENT, AUTO_INCREMENT=5;

--
-- AUTO_INCREMENT for table `e_kelas`
--
ALTER TABLE `e_kelas`
  MODIFY `kelas_id` bigint(20) NOT NULL AUTO_INCREMENT, AUTO_INCREMENT=2024100000000000010;

--
-- AUTO_INCREMENT for table `e_kelaslock`
--
ALTER TABLE `e_kelaslock`
  MODIFY `kelaslock_id` bigint(20) NOT NULL AUTO_INCREMENT, AUTO_INCREMENT=2024200000000000006;

--
-- AUTO_INCREMENT for table `e_kkmgrade`
--
ALTER TABLE `e_kkmgrade`
  MODIFY `kkmgrade_id` bigint(20) NOT NULL AUTO_INCREMENT, AUTO_INCREMENT=2024200000000000005;

--
-- AUTO_INCREMENT for table `e_kkmtingkat`
--
ALTER TABLE `e_kkmtingkat`
  MODIFY `kkmtingkat_id` bigint(20) NOT NULL AUTO_INCREMENT, AUTO_INCREMENT=2024200000000000002;

--
-- AUTO_INCREMENT for table `e_komponennilai`
--
ALTER TABLE `e_komponennilai`
  MODIFY `komponennilai_id` bigint(20) NOT NULL AUTO_INCREMENT, AUTO_INCREMENT=2024200000000000623;

--
-- AUTO_INCREMENT for table `e_lampiran`
--
ALTER TABLE `e_lampiran`
  MODIFY `lampiran_id` int(11) NOT NULL AUTO_INCREMENT;

--
-- AUTO_INCREMENT for table `e_lampiransiswa`
--
ALTER TABLE `e_lampiransiswa`
  MODIFY `lampiransiswa_id` int(11) NOT NULL AUTO_INCREMENT;

--
-- AUTO_INCREMENT for table `e_mapel`
--
ALTER TABLE `e_mapel`
  MODIFY `mapel_id` bigint(13) NOT NULL AUTO_INCREMENT, AUTO_INCREMENT=3055640000135;

--
-- AUTO_INCREMENT for table `e_mapelpilihan`
--
ALTER TABLE `e_mapelpilihan`
  MODIFY `mapelpilihan_id` bigint(20) NOT NULL AUTO_INCREMENT;

--
-- AUTO_INCREMENT for table `e_pimpinan`
--
ALTER TABLE `e_pimpinan`
  MODIFY `pimpinan_id` bigint(20) NOT NULL AUTO_INCREMENT, AUTO_INCREMENT=2024100000000000002;

--
-- AUTO_INCREMENT for table `e_prestasi`
--
ALTER TABLE `e_prestasi`
  MODIFY `prestasi_id` bigint(20) NOT NULL AUTO_INCREMENT, AUTO_INCREMENT=2024200000000000009;

--
-- AUTO_INCREMENT for table `e_rapor`
--
ALTER TABLE `e_rapor`
  MODIFY `rapor_id` bigint(20) NOT NULL AUTO_INCREMENT, AUTO_INCREMENT=2024200000000006907;

--
-- AUTO_INCREMENT for table `e_riwayatsiswa`
--
ALTER TABLE `e_riwayatsiswa`
  MODIFY `riwayat_id` bigint(20) NOT NULL AUTO_INCREMENT, AUTO_INCREMENT=2023200000000000256;

--
-- AUTO_INCREMENT for table `e_semester`
--
ALTER TABLE `e_semester`
  MODIFY `semester_id` int(11) NOT NULL AUTO_INCREMENT, AUTO_INCREMENT=9;

--
-- AUTO_INCREMENT for table `e_settings`
--
ALTER TABLE `e_settings`
  MODIFY `settings_id` int(11) NOT NULL AUTO_INCREMENT, AUTO_INCREMENT=14;

--
-- AUTO_INCREMENT for table `e_tahunajaran`
--
ALTER TABLE `e_tahunajaran`
  MODIFY `tahunajaran_id` int(11) NOT NULL AUTO_INCREMENT, AUTO_INCREMENT=2026;

--
-- AUTO_INCREMENT for table `e_tingkat`
--
ALTER TABLE `e_tingkat`
  MODIFY `tingkat_id` int(11) NOT NULL AUTO_INCREMENT, AUTO_INCREMENT=15;

--
-- AUTO_INCREMENT for table `e_walas`
--
ALTER TABLE `e_walas`
  MODIFY `walas_id` int(11) NOT NULL AUTO_INCREMENT;

--
-- AUTO_INCREMENT for table `p_catatan`
--
ALTER TABLE `p_catatan`
  MODIFY `catatan_id` int(11) NOT NULL AUTO_INCREMENT, AUTO_INCREMENT=575;

--
-- AUTO_INCREMENT for table `p_dimensi`
--
ALTER TABLE `p_dimensi`
  MODIFY `dimensi_id` int(11) NOT NULL AUTO_INCREMENT, AUTO_INCREMENT=7;

--
-- AUTO_INCREMENT for table `p_elemen`
--
ALTER TABLE `p_elemen`
  MODIFY `elemen_id` int(11) NOT NULL AUTO_INCREMENT, AUTO_INCREMENT=25;

--
-- AUTO_INCREMENT for table `p_nilai`
--
ALTER TABLE `p_nilai`
  MODIFY `nilai_id` int(11) NOT NULL AUTO_INCREMENT, AUTO_INCREMENT=2937;

--
-- AUTO_INCREMENT for table `p_pembina`
--
ALTER TABLE `p_pembina`
  MODIFY `pembina_id` int(11) NOT NULL AUTO_INCREMENT, AUTO_INCREMENT=7;

--
-- AUTO_INCREMENT for table `p_proyek`
--
ALTER TABLE `p_proyek`
  MODIFY `proyek_id` int(11) NOT NULL AUTO_INCREMENT, AUTO_INCREMENT=19;

--
-- AUTO_INCREMENT for table `p_subelemen`
--
ALTER TABLE `p_subelemen`
  MODIFY `subelemen_id` int(11) NOT NULL AUTO_INCREMENT, AUTO_INCREMENT=46;

--
-- AUTO_INCREMENT for table `p_target`
--
ALTER TABLE `p_target`
  MODIFY `target_id` int(11) NOT NULL AUTO_INCREMENT, AUTO_INCREMENT=96;

--
-- AUTO_INCREMENT for table `p_targetelemen`
--
ALTER TABLE `p_targetelemen`
  MODIFY `targetelemen_id` int(11) NOT NULL AUTO_INCREMENT, AUTO_INCREMENT=251;

--
-- AUTO_INCREMENT for table `p_tema`
--
ALTER TABLE `p_tema`
  MODIFY `tema_id` int(11) NOT NULL AUTO_INCREMENT, AUTO_INCREMENT=13;

--
-- Constraints for dumped tables
--

--
-- Constraints for table `e_inputnilai`
--
ALTER TABLE `e_inputnilai`
  ADD CONSTRAINT `e_inputnilai_ibfk_1` FOREIGN KEY (`komponennilai_id`) REFERENCES `e_komponennilai` (`komponennilai_id`) ON DELETE CASCADE ON UPDATE CASCADE;
COMMIT;

